[INFO] cloning repository https://github.com/Sayandeep1013/DiscRec
[INFO] running `Command { std: "git" "-c" "credential.helper=" "-c" "credential.helper=/workspace/cargo-home/bin/git-credential-null" "clone" "--bare" "https://github.com/Sayandeep1013/DiscRec" "/workspace/cache/git-repos/https%3A%2F%2Fgithub.com%2FSayandeep1013%2FDiscRec", kill_on_drop: false }`
[INFO] [stderr] Cloning into bare repository '/workspace/cache/git-repos/https%3A%2F%2Fgithub.com%2FSayandeep1013%2FDiscRec'...
[INFO] running `Command { std: "git" "rev-parse" "HEAD", kill_on_drop: false }`
[INFO] [stdout] c76627c56b3f430c302fc750e6ecb1133fc53f2e
[INFO] checking Sayandeep1013/DiscRec against 3154cc1a3e6424e44f438a95007d043ed5ceaaf6+rustflags=-Znext-solver=coherence for pr-133502-30
[INFO] running `Command { std: "git" "clone" "/workspace/cache/git-repos/https%3A%2F%2Fgithub.com%2FSayandeep1013%2FDiscRec" "/workspace/builds/worker-3-tc1/source", kill_on_drop: false }`
[INFO] [stderr] Cloning into '/workspace/builds/worker-3-tc1/source'...
[INFO] [stderr] done.
[INFO] started tweaking git repo https://github.com/Sayandeep1013/DiscRec
[INFO] finished tweaking git repo https://github.com/Sayandeep1013/DiscRec
[INFO] tweaked toml for git repo https://github.com/Sayandeep1013/DiscRec written to /workspace/builds/worker-3-tc1/source/Cargo.toml
[INFO] validating manifest of git repo https://github.com/Sayandeep1013/DiscRec on toolchain 3154cc1a3e6424e44f438a95007d043ed5ceaaf6
[INFO] running `Command { std: CARGO_HOME="/workspace/cargo-home" RUSTUP_HOME="/workspace/rustup-home" "/workspace/cargo-home/bin/cargo" "+3154cc1a3e6424e44f438a95007d043ed5ceaaf6" "metadata" "--manifest-path" "Cargo.toml" "--no-deps", kill_on_drop: false }`
[INFO] crate git repo https://github.com/Sayandeep1013/DiscRec already has a lockfile, it will not be regenerated
[INFO] running `Command { std: CARGO_HOME="/workspace/cargo-home" RUSTUP_HOME="/workspace/rustup-home" "/workspace/cargo-home/bin/cargo" "+3154cc1a3e6424e44f438a95007d043ed5ceaaf6" "fetch" "--manifest-path" "Cargo.toml", kill_on_drop: false }`
[INFO] [stderr]     Blocking waiting for file lock on package cache
[INFO] [stderr]     Updating crates.io index
[INFO] [stderr]     Blocking waiting for file lock on package cache
[INFO] [stderr]  Downloading crates ...
[INFO] [stderr]   Downloaded opus v0.4.0
[INFO] [stderr]   Downloaded ogg v0.9.2
[INFO] [stderr]   Downloaded opusic-sys v0.7.5
[INFO] running `Command { std: "docker" "create" "-v" "/var/lib/crater-agent-workspace/builds/worker-3-tc1/source:/opt/rustwide/workdir:ro,Z" "-v" "/var/lib/crater-agent-workspace/builds/worker-3-tc1/target:/opt/rustwide/target:rw,Z" "-v" "/var/lib/crater-agent-workspace/cargo-home:/opt/rustwide/cargo-home:ro,Z" "-v" "/var/lib/crater-agent-workspace/rustup-home:/opt/rustwide/rustup-home:ro,Z" "-m" "1610612736" "--network" "none" "ghcr.io/rust-lang/crates-build-env/linux@sha256:77db811e55d90add9212f6832c23229e3de5f1c1f9905e8cb07319ea15df73ac" "sleep" "infinity", kill_on_drop: false }`
[INFO] [stdout] e8b407c6f96c20c168ee29b7c9df1dd6f79d3350ef74c978f2263c4e1bf2d284
[INFO] running `Command { std: "docker" "start" "e8b407c6f96c20c168ee29b7c9df1dd6f79d3350ef74c978f2263c4e1bf2d284", kill_on_drop: false }`
[INFO] running `Command { std: "docker" "inspect" "e8b407c6f96c20c168ee29b7c9df1dd6f79d3350ef74c978f2263c4e1bf2d284", kill_on_drop: false }`
[INFO] running `Command { std: "docker" "exec" "-e" "SOURCE_DIR=/opt/rustwide/workdir" "-e" "CARGO_HOME=/opt/rustwide/cargo-home" "-e" "RUSTUP_HOME=/opt/rustwide/rustup-home" "-e" "CARGO_TARGET_DIR=/opt/rustwide/target" "-w" "/opt/rustwide/workdir" "--user" "0:0" "e8b407c6f96c20c168ee29b7c9df1dd6f79d3350ef74c978f2263c4e1bf2d284" "/opt/rustwide/cargo-home/bin/cargo" "+3154cc1a3e6424e44f438a95007d043ed5ceaaf6" "metadata" "--no-deps" "--format-version=1", kill_on_drop: false }`
[INFO] running `Command { std: "docker" "inspect" "e8b407c6f96c20c168ee29b7c9df1dd6f79d3350ef74c978f2263c4e1bf2d284", kill_on_drop: false }`
[INFO] running `Command { std: "docker" "exec" "-e" "SOURCE_DIR=/opt/rustwide/workdir" "-e" "CARGO_HOME=/opt/rustwide/cargo-home" "-e" "RUSTUP_HOME=/opt/rustwide/rustup-home" "-e" "CARGO_TARGET_DIR=/opt/rustwide/target" "-e" "CARGO_INCREMENTAL=0" "-e" "RUST_BACKTRACE=full" "-e" "RUSTFLAGS=--cap-lints=forbid -Znext-solver=coherence" "-e" "RUSTDOCFLAGS=--cap-lints=forbid" "-w" "/opt/rustwide/workdir" "--user" "0:0" "e8b407c6f96c20c168ee29b7c9df1dd6f79d3350ef74c978f2263c4e1bf2d284" "/opt/rustwide/cargo-home/bin/cargo" "+3154cc1a3e6424e44f438a95007d043ed5ceaaf6" "check" "--frozen" "--all" "--all-targets" "--message-format=json", kill_on_drop: false }`
[INFO] [stderr]    Compiling find-msvc-tools v0.1.12
[INFO] [stderr]     Checking byteorder v1.5.0
[INFO] [stderr]     Checking hound v3.5.1
[INFO] [stderr]    Compiling cc v1.4.5
[INFO] [stderr]     Checking ogg v0.9.2
[INFO] [stderr]    Compiling cmake v0.1.58
[INFO] [stderr]    Compiling opusic-sys v0.7.5
[INFO] [stderr]     Checking opus v0.4.0
[INFO] [stderr]     Checking discrec v0.1.0 (/opt/rustwide/workdir)
[INFO] [stdout] error: DiscRec targets Windows and macOS only. See docs/02-constraints.md
[INFO] [stdout]   --> src/capture/mod.rs:15:1
[INFO] [stdout]    |
[INFO] [stdout] 15 | compile_error!("DiscRec targets Windows and macOS only. See docs/02-constraints.md");
[INFO] [stdout]    | ^^^^^^^^^^^^^^^^^^^^^^^^^^^^^^^^^^^^^^^^^^^^^^^^^^^^^^^^^^^^^^^^^^^^^^^^^^^^^^^^^^^^
[INFO] [stdout] 
[INFO] [stdout] 
[INFO] [stdout] error: DiscRec targets Windows and macOS only. See docs/02-constraints.md
[INFO] [stdout]   --> src/capture/mod.rs:15:1
[INFO] [stdout]    |
[INFO] [stdout] 15 | compile_error!("DiscRec targets Windows and macOS only. See docs/02-constraints.md");
[INFO] [stdout]    | ^^^^^^^^^^^^^^^^^^^^^^^^^^^^^^^^^^^^^^^^^^^^^^^^^^^^^^^^^^^^^^^^^^^^^^^^^^^^^^^^^^^^
[INFO] [stdout] 
[INFO] [stdout] 
[INFO] [stdout] error[E0425]: cannot find function `find` in module `discord`
[INFO] [stdout]    --> src/cli.rs:193:26
[INFO] [stdout]     |
[INFO] [stdout] 193 |         None => discord::find().map(|f| {
[INFO] [stdout]     |                          ^^^^ not found in `discord`
[INFO] [stdout]     |
[INFO] [stdout] note: found an item that was configured out
[INFO] [stdout]    --> src/discord.rs:32:8
[INFO] [stdout]     |
[INFO] [stdout]  31 | #[cfg(windows)]
[INFO] [stdout]     |       ------- the item is gated here
[INFO] [stdout]  32 | pub fn find() -> Option<Found> {
[INFO] [stdout]     |        ^^^^
[INFO] [stdout] note: found an item that was configured out
[INFO] [stdout]    --> src/discord.rs:89:8
[INFO] [stdout]     |
[INFO] [stdout]  88 | #[cfg(target_os = "macos")]
[INFO] [stdout]     |       ------------------- the item is gated behind the `macos` feature
[INFO] [stdout]  89 | pub fn find() -> Option<Found> {
[INFO] [stdout]     |        ^^^^
[INFO] [stdout] 
[INFO] [stdout] 
[INFO] [stdout] error[E0425]: cannot find value `DISCORD_PROCESSES` in this scope
[INFO] [stdout]    --> src/discord.rs:234:5
[INFO] [stdout]     |
[INFO] [stdout] 234 |     DISCORD_PROCESSES
[INFO] [stdout]     |     ^^^^^^^^^^^^^^^^^ not found in this scope
[INFO] [stdout] 
[INFO] [stdout] 
[INFO] [stdout] error[E0425]: cannot find function `find` in module `discord`
[INFO] [stdout]    --> src/cli.rs:193:26
[INFO] [stdout]     |
[INFO] [stdout] 193 |         None => discord::find().map(|f| {
[INFO] [stdout]     |                          ^^^^ not found in `discord`
[INFO] [stdout]     |
[INFO] [stdout] note: found an item that was configured out
[INFO] [stdout]    --> src/discord.rs:32:8
[INFO] [stdout]     |
[INFO] [stdout]  31 | #[cfg(windows)]
[INFO] [stdout]     |       ------- the item is gated here
[INFO] [stdout]  32 | pub fn find() -> Option<Found> {
[INFO] [stdout]     |        ^^^^
[INFO] [stdout] note: found an item that was configured out
[INFO] [stdout]    --> src/discord.rs:89:8
[INFO] [stdout]     |
[INFO] [stdout]  88 | #[cfg(target_os = "macos")]
[INFO] [stdout]     |       ------------------- the item is gated behind the `macos` feature
[INFO] [stdout]  89 | pub fn find() -> Option<Found> {
[INFO] [stdout]     |        ^^^^
[INFO] [stdout] 
[INFO] [stdout] 
[INFO] [stdout] error[E0425]: cannot find value `DISCORD_PROCESSES` in this scope
[INFO] [stdout]    --> src/discord.rs:234:5
[INFO] [stdout]     |
[INFO] [stdout] 234 |     DISCORD_PROCESSES
[INFO] [stdout]     |     ^^^^^^^^^^^^^^^^^ not found in this scope
[INFO] [stdout] 
[INFO] [stdout] 
[INFO] [stdout] For more information about this error, try `rustc --explain E0425`.
[INFO] [stdout] 
[INFO] [stderr] error: could not compile `discrec` (lib) due to 3 previous errors
[INFO] [stderr] warning: build failed, waiting for other jobs to finish...
[INFO] [stdout] For more information about this error, try `rustc --explain E0425`.
[INFO] [stdout] 
[INFO] [stderr] error: could not compile `discrec` (lib test) due to 3 previous errors
[INFO] running `Command { std: "docker" "inspect" "e8b407c6f96c20c168ee29b7c9df1dd6f79d3350ef74c978f2263c4e1bf2d284", kill_on_drop: false }`
[INFO] running `Command { std: "docker" "rm" "-f" "e8b407c6f96c20c168ee29b7c9df1dd6f79d3350ef74c978f2263c4e1bf2d284", kill_on_drop: false }`
[INFO] [stdout] e8b407c6f96c20c168ee29b7c9df1dd6f79d3350ef74c978f2263c4e1bf2d284
