[INFO] cloning repository https://github.com/Samwns/TBX-Translator
[INFO] running `Command { std: "git" "-c" "credential.helper=" "-c" "credential.helper=/workspace/cargo-home/bin/git-credential-null" "clone" "--bare" "https://github.com/Samwns/TBX-Translator" "/workspace/cache/git-repos/https%3A%2F%2Fgithub.com%2FSamwns%2FTBX-Translator", kill_on_drop: false }`
[INFO] [stderr] Cloning into bare repository '/workspace/cache/git-repos/https%3A%2F%2Fgithub.com%2FSamwns%2FTBX-Translator'...
[INFO] running `Command { std: "git" "rev-parse" "HEAD", kill_on_drop: false }`
[INFO] [stdout] d0ded7f4f4692e43f92a5d2ed779e588b2bfc4e3
[INFO] checking Samwns/TBX-Translator against 3154cc1a3e6424e44f438a95007d043ed5ceaaf6+rustflags=-Znext-solver=coherence for pr-133502-30
[INFO] running `Command { std: "git" "clone" "/workspace/cache/git-repos/https%3A%2F%2Fgithub.com%2FSamwns%2FTBX-Translator" "/workspace/builds/worker-0-tc1/source", kill_on_drop: false }`
[INFO] [stderr] Cloning into '/workspace/builds/worker-0-tc1/source'...
[INFO] [stderr] done.
[INFO] removed /workspace/builds/worker-0-tc1/source/.cargo/config.toml
[INFO] started tweaking git repo https://github.com/Samwns/TBX-Translator
[INFO] finished tweaking git repo https://github.com/Samwns/TBX-Translator
[INFO] tweaked toml for git repo https://github.com/Samwns/TBX-Translator written to /workspace/builds/worker-0-tc1/source/Cargo.toml
[INFO] validating manifest of git repo https://github.com/Samwns/TBX-Translator on toolchain 3154cc1a3e6424e44f438a95007d043ed5ceaaf6
[INFO] running `Command { std: CARGO_HOME="/workspace/cargo-home" RUSTUP_HOME="/workspace/rustup-home" "/workspace/cargo-home/bin/cargo" "+3154cc1a3e6424e44f438a95007d043ed5ceaaf6" "metadata" "--manifest-path" "Cargo.toml" "--no-deps", kill_on_drop: false }`
[INFO] crate git repo https://github.com/Samwns/TBX-Translator already has a lockfile, it will not be regenerated
[INFO] running `Command { std: CARGO_HOME="/workspace/cargo-home" RUSTUP_HOME="/workspace/rustup-home" "/workspace/cargo-home/bin/cargo" "+3154cc1a3e6424e44f438a95007d043ed5ceaaf6" "fetch" "--manifest-path" "Cargo.toml", kill_on_drop: false }`
[INFO] [stderr]     Updating crates.io index
[INFO] [stderr]  Downloading crates ...
[INFO] [stderr]   Downloaded usvg v0.37.0
[INFO] [stderr]   Downloaded usvg-tree v0.37.0
[INFO] [stderr]   Downloaded rctree v0.5.0
[INFO] [stderr]   Downloaded resvg v0.37.0
[INFO] [stderr]   Downloaded svgtypes v0.13.0
[INFO] [stderr]   Downloaded egui_extras v0.29.1
[INFO] [stderr]   Downloaded usvg-parser v0.37.0
[INFO] [stderr]   Downloaded kurbo v0.9.5
[INFO] [stderr]   Downloaded webbrowser v1.2.3
[INFO] running `Command { std: "docker" "create" "-v" "/var/lib/crater-agent-workspace/builds/worker-0-tc1/source:/opt/rustwide/workdir:ro,Z" "-v" "/var/lib/crater-agent-workspace/builds/worker-0-tc1/target:/opt/rustwide/target:rw,Z" "-v" "/var/lib/crater-agent-workspace/cargo-home:/opt/rustwide/cargo-home:ro,Z" "-v" "/var/lib/crater-agent-workspace/rustup-home:/opt/rustwide/rustup-home:ro,Z" "-m" "1610612736" "--network" "none" "ghcr.io/rust-lang/crates-build-env/linux@sha256:77db811e55d90add9212f6832c23229e3de5f1c1f9905e8cb07319ea15df73ac" "sleep" "infinity", kill_on_drop: false }`
[INFO] [stdout] 2911caa893e13247b61c711847de5578ffda7e8891f26bd2977d85fb16620a97
[INFO] running `Command { std: "docker" "start" "2911caa893e13247b61c711847de5578ffda7e8891f26bd2977d85fb16620a97", kill_on_drop: false }`
[INFO] running `Command { std: "docker" "inspect" "2911caa893e13247b61c711847de5578ffda7e8891f26bd2977d85fb16620a97", kill_on_drop: false }`
[INFO] running `Command { std: "docker" "exec" "-e" "SOURCE_DIR=/opt/rustwide/workdir" "-e" "CARGO_HOME=/opt/rustwide/cargo-home" "-e" "RUSTUP_HOME=/opt/rustwide/rustup-home" "-e" "CARGO_TARGET_DIR=/opt/rustwide/target" "-w" "/opt/rustwide/workdir" "--user" "0:0" "2911caa893e13247b61c711847de5578ffda7e8891f26bd2977d85fb16620a97" "/opt/rustwide/cargo-home/bin/cargo" "+3154cc1a3e6424e44f438a95007d043ed5ceaaf6" "metadata" "--no-deps" "--format-version=1", kill_on_drop: false }`
[INFO] running `Command { std: "docker" "inspect" "2911caa893e13247b61c711847de5578ffda7e8891f26bd2977d85fb16620a97", kill_on_drop: false }`
[INFO] running `Command { std: "docker" "exec" "-e" "SOURCE_DIR=/opt/rustwide/workdir" "-e" "CARGO_HOME=/opt/rustwide/cargo-home" "-e" "RUSTUP_HOME=/opt/rustwide/rustup-home" "-e" "CARGO_TARGET_DIR=/opt/rustwide/target" "-e" "CARGO_INCREMENTAL=0" "-e" "RUST_BACKTRACE=full" "-e" "RUSTFLAGS=--cap-lints=forbid -Znext-solver=coherence" "-e" "RUSTDOCFLAGS=--cap-lints=forbid" "-w" "/opt/rustwide/workdir" "--user" "0:0" "2911caa893e13247b61c711847de5578ffda7e8891f26bd2977d85fb16620a97" "/opt/rustwide/cargo-home/bin/cargo" "+3154cc1a3e6424e44f438a95007d043ed5ceaaf6" "check" "--frozen" "--all" "--all-targets" "--message-format=json", kill_on_drop: false }`
[INFO] [stderr]    Compiling proc-macro2 v1.0.107
[INFO] [stderr]    Compiling wayland-sys v0.31.11
[INFO] [stderr]    Compiling jobserver v0.1.35
[INFO] [stderr]     Checking getrandom v0.3.4
[INFO] [stderr]     Checking num-integer v0.1.46
[INFO] [stderr]    Compiling gl_generator v0.14.0
[INFO] [stderr]    Compiling proc-macro-crate v3.5.0
[INFO] [stderr]     Checking getrandom v0.2.17
[INFO] [stderr]     Checking http v0.2.12
[INFO] [stderr]     Checking x11-dl v2.21.0
[INFO] [stderr]     Checking syn v2.0.119
[INFO] [stderr]     Checking futures-channel v0.3.33
[INFO] [stderr]     Checking kurbo v0.9.5
[INFO] [stderr]    Compiling openssl v0.10.81
[INFO] [stderr]     Checking futures-sink v0.3.33
[INFO] [stderr]     Checking epaint_default_fonts v0.29.1
[INFO] [stderr]     Checking x11rb v0.13.2
[INFO] [stderr]    Compiling cc v1.4.0
[INFO] [stderr]    Compiling rustls v0.21.12
[INFO] [stderr]     Checking rctree v0.5.0
[INFO] [stderr]     Checking rand_core v0.9.5
[INFO] [stderr]     Checking xkbcommon-dl v0.4.2
[INFO] [stderr]    Compiling glutin v0.32.3
[INFO] [stderr]     Checking socket2 v0.5.10
[INFO] [stderr]     Checking simplecss v0.2.2
[INFO] [stderr]     Checking num-bigint v0.4.8
[INFO] [stderr]     Checking roxmltree v0.19.0
[INFO] [stderr]     Checking imagesize v0.12.0
[INFO] [stderr]     Checking fastrand v2.5.0
[INFO] [stderr]    Compiling glutin_glx_sys v0.6.1
[INFO] [stderr]    Compiling glutin_egl_sys v0.7.1
[INFO] [stderr]    Compiling quote v1.0.47
[INFO] [stderr]     Checking png v0.18.1
[INFO] [stderr]    Compiling glutin-winit v0.5.0
[INFO] [stderr]     Checking ordered-stream v0.2.0
[INFO] [stderr]     Checking svgtypes v0.13.0
[INFO] [stderr]     Checking futures-lite v2.6.1
[INFO] [stderr]     Checking uuid v1.24.0
[INFO] [stderr]    Compiling syn v3.0.3
[INFO] [stderr]    Compiling wayland-scanner v0.31.11
[INFO] [stderr]    Compiling simd_helpers v0.1.0
[INFO] [stderr]     Checking http-body v0.4.6
[INFO] [stderr]     Checking base64ct v1.8.3
[INFO] [stderr]     Checking rand_core v0.6.4
[INFO] [stderr]     Checking cipher v0.4.4
[INFO] [stderr]     Checking aho-corasick v1.1.4
[INFO] [stderr]     Checking ttf-parser v0.15.2
[INFO] [stderr]    Compiling rfd v0.15.4
[INFO] [stderr]     Checking glow v0.14.2
[INFO] [stderr]     Checking password-hash v0.4.2
[INFO] [stderr]     Checking aes v0.8.4
[INFO] [stderr]     Checking time v0.3.55
[INFO] [stderr]     Checking serde_json v1.0.151
[INFO] [stderr]     Checking sha1 v0.10.7
[INFO] [stderr]     Checking num-rational v0.4.2
[INFO] [stderr]     Checking pbkdf2 v0.11.0
[INFO] [stderr]     Checking ipnet v2.12.1
[INFO] [stderr]     Checking constant_time_eq v0.1.5
[INFO] [stderr]     Checking pollster v0.4.0
[INFO] [stderr]     Checking arboard v3.6.1
[INFO] [stderr]    Compiling wayland-backend v0.3.16
[INFO] [stderr]    Compiling openssl-sys v0.9.117
[INFO] [stderr]    Compiling ring v0.17.14
[INFO] [stderr]    Compiling zstd-sys v2.0.16+zstd.1.5.7
[INFO] [stderr]    Compiling bzip2-sys v0.1.13+1.0.8
[INFO] [stderr]     Checking regex-automata v0.4.16
[INFO] [stderr]     Checking bzip2 v0.4.4
[INFO] [stderr]    Compiling native-tls v0.2.18
[INFO] [stderr]     Checking owned_ttf_parser v0.15.2
[INFO] [stderr]     Checking rusttype v0.9.3
[INFO] [stderr]     Checking wayland-client v0.31.15
[INFO] [stderr]     Checking wayland-csd-frame v0.3.0
[INFO] [stderr]     Checking wayland-protocols v0.32.13
[INFO] [stderr]     Checking wayland-cursor v0.31.14
[INFO] [stderr]     Checking regex v1.13.1
[INFO] [stderr]    Compiling serde_derive v1.0.229
[INFO] [stderr]    Compiling displaydoc v0.2.7
[INFO] [stderr]    Compiling tokio-macros v2.7.2
[INFO] [stderr]    Compiling thiserror-impl v2.0.19
[INFO] [stderr]    Compiling serde_repr v0.1.21
[INFO] [stderr]    Compiling async-trait v0.1.91
[INFO] [stderr]     Checking tokio v1.53.1
[INFO] [stderr]    Compiling synstructure v0.13.2
[INFO] [stderr]     Checking sct v0.7.1
[INFO] [stderr]     Checking rustls-webpki v0.101.7
[INFO] [stderr]    Compiling bytemuck_derive v1.11.0
[INFO] [stderr]    Compiling zerofrom-derive v0.1.7
[INFO] [stderr]    Compiling yoke-derive v0.8.2
[INFO] [stderr]    Compiling zerovec-derive v0.11.3
[INFO] [stderr]    Compiling zerocopy-derive v0.8.55
[INFO] [stderr]    Compiling tracing-attributes v0.1.31
[INFO] [stderr]    Compiling equator-macro v0.4.2
[INFO] [stderr]    Compiling enumflags2_derive v0.7.12
[INFO] [stderr]    Compiling thiserror-impl v1.0.69
[INFO] [stderr]    Compiling futures-macro v0.3.33
[INFO] [stderr]     Checking thiserror v2.0.19
[INFO] [stderr]    Compiling arg_enum_proc_macro v0.3.4
[INFO] [stderr]    Compiling profiling-procmacros v1.0.18
[INFO] [stderr]     Checking equator v0.4.2
[INFO] [stderr]     Checking profiling v1.0.18
[INFO] [stderr]    Compiling num-derive v0.4.2
[INFO] [stderr]     Checking aligned-vec v0.6.4
[INFO] [stderr]    Compiling openssl-macros v0.1.1
[INFO] [stderr]    Compiling zstd-safe v5.0.2+zstd.1.5.2
[INFO] [stderr]     Checking v_frame v0.3.9
[INFO] [stderr]    Compiling async-recursion v1.1.1
[INFO] [stderr]     Checking tracing v0.1.44
[INFO] [stderr]     Checking futures-util v0.3.33
[INFO] [stderr]     Checking calloop v0.14.4
[INFO] [stderr]     Checking av-scenechange v0.14.1
[INFO] [stderr]     Checking av1-grain v0.2.5
[INFO] [stderr]     Checking zerofrom v0.1.8
[INFO] [stderr]     Checking thiserror v1.0.69
[INFO] [stderr]     Checking bytemuck v1.25.2
[INFO] [stderr]    Compiling enum-map-derive v0.17.0
[INFO] [stderr]     Checking calloop v0.13.0
[INFO] [stderr]     Checking zstd v0.11.2+zstd.1.5.2
[INFO] [stderr]     Checking yoke v0.8.3
[INFO] [stderr]     Checking zip v0.6.6
[INFO] [stderr]     Checking zerovec v0.11.6
[INFO] [stderr]     Checking zerotrie v0.2.4
[INFO] [stderr]     Checking emath v0.29.1
[INFO] [stderr]     Checking tiny-skia-path v0.11.4
[INFO] [stderr]     Checking rgb v0.8.53
[INFO] [stderr]     Checking calloop-wayland-source v0.3.0
[INFO] [stderr]     Checking num-complex v0.4.6
[INFO] [stderr]     Checking rav1e v0.8.1
[INFO] [stderr]     Checking zerocopy v0.8.55
[INFO] [stderr]     Checking ecolor v0.29.1
[INFO] [stderr]     Checking calloop-wayland-source v0.4.1
[INFO] [stderr]     Checking tinystr v0.8.3
[INFO] [stderr]     Checking icu_locale_core v2.2.0
[INFO] [stderr]     Checking potential_utf v0.1.5
[INFO] [stderr]     Checking qoi v0.4.1
[INFO] [stderr]     Checking icu_collections v2.2.0
[INFO] [stderr]    Compiling serde v1.0.229
[INFO] [stderr]     Checking pulp v0.22.3
[INFO] [stderr]     Checking usvg-tree v0.37.0
[INFO] [stderr]     Checking tiny-skia v0.11.4
[INFO] [stderr]     Checking icu_provider v2.2.0
[INFO] [stderr]     Checking usvg-parser v0.37.0
[INFO] [stderr]     Checking icu_properties v2.2.0
[INFO] [stderr]     Checking icu_normalizer v2.2.0
[INFO] [stderr]    Compiling zvariant_utils v3.5.0
[INFO] [stderr]    Compiling enumflags2 v0.7.12
[INFO] [stderr]    Compiling toml v0.5.11
[INFO] [stderr]     Checking enum-map v2.7.3
[INFO] [stderr]     Checking serde_urlencoded v0.7.1
[INFO] [stderr]    Compiling zvariant_derive v5.13.1
[INFO] [stderr]     Checking usvg v0.37.0
[INFO] [stderr]     Checking resvg v0.37.0
[INFO] [stderr]    Compiling winres v0.1.12
[INFO] [stderr]    Compiling zvariant v5.13.1
[INFO] [stderr]     Checking wayland-protocols-wlr v0.3.12
[INFO] [stderr]     Checking wayland-protocols-plasma v0.3.12
[INFO] [stderr]     Checking wayland-protocols-experimental v20250721.0.1
[INFO] [stderr]     Checking wayland-protocols-misc v0.3.12
[INFO] [stderr]     Checking idna_adapter v1.2.2
[INFO] [stderr]     Checking idna v1.1.0
[INFO] [stderr]    Compiling tbx-translator v0.0.3-alpha (/opt/rustwide/workdir)
[INFO] [stderr]     Checking url v2.5.8
[INFO] [stderr]     Checking tokio-util v0.7.19
[INFO] [stderr]     Checking tokio-rustls v0.24.1
[INFO] [stderr]     Checking tokio-native-tls v0.3.1
[INFO] [stderr]     Checking webbrowser v1.2.3
[INFO] [stderr]     Checking smithay-client-toolkit v0.19.2
[INFO] [stderr]     Checking smithay-client-toolkit v0.20.0
[INFO] [stderr]     Checking h2 v0.3.27
[INFO] [stderr]     Checking ravif v0.13.0
[INFO] [stderr]     Checking ahash v0.8.12
[INFO] [stderr]     Checking half v2.7.1
[INFO] [stderr]     Checking ppv-lite86 v0.2.21
[INFO] [stderr]     Checking epaint v0.29.1
[INFO] [stderr]     Checking winit v0.30.13
[INFO] [stderr]     Checking exr v1.74.2
[INFO] [stderr]     Checking tiff v0.11.3
[INFO] [stderr]     Checking rand_chacha v0.9.0
[INFO] [stderr]     Checking smithay-clipboard v0.7.3
[INFO] [stderr]     Checking rand v0.9.5
[INFO] [stderr]    Compiling zbus_names v4.3.4
[INFO] [stderr]     Checking egui v0.29.1
[INFO] [stderr]    Compiling zbus_macros v5.18.0
[INFO] [stderr]     Checking image v0.25.10
[INFO] [stderr]     Checking hyper v0.14.32
[INFO] [stderr]     Checking egui_glow v0.29.1
[INFO] [stderr]     Checking zbus v5.17.0
[INFO] [stderr]     Checking egui-winit v0.29.1
[INFO] [stderr]     Checking hyper-rustls v0.24.2
[INFO] [stderr]     Checking hyper-tls v0.5.0
[INFO] [stderr]     Checking reqwest v0.11.27
[INFO] [stderr]     Checking eframe v0.29.1
[INFO] [stderr]     Checking egui_extras v0.29.1
[INFO] [stderr]     Checking ashpd v0.11.1
[INFO] [stdout] warning: unused import: `walkdir::WalkDir`
[INFO] [stdout]   --> src/renpy_extractor.rs:14:5
[INFO] [stdout]    |
[INFO] [stdout] 14 | use walkdir::WalkDir;
[INFO] [stdout]    |     ^^^^^^^^^^^^^^^^
[INFO] [stdout]    |
[INFO] [stdout]    = note: `#[warn(unused_imports)]` (part of `#[warn(unused)]`) on by default
[INFO] [stdout] 
[INFO] [stdout] 
[INFO] [stdout] warning: unused import: `walkdir::WalkDir`
[INFO] [stdout]   --> src/renpy_extractor.rs:14:5
[INFO] [stdout]    |
[INFO] [stdout] 14 | use walkdir::WalkDir;
[INFO] [stdout]    |     ^^^^^^^^^^^^^^^^
[INFO] [stdout]    |
[INFO] [stdout]    = note: `#[warn(unused_imports)]` (part of `#[warn(unused)]`) on by default
[INFO] [stdout] 
[INFO] [stdout] 
[INFO] [stdout] warning: variable does not need to be mutable
[INFO] [stdout]    --> src/renpy_extractor.rs:286:9
[INFO] [stdout]     |
[INFO] [stdout] 286 |     let mut writers: HashMap<String, Vec<(String, String)>> = HashMap::new();
[INFO] [stdout]     |         ----^^^^^^^
[INFO] [stdout]     |         |
[INFO] [stdout]     |         help: remove this `mut`
[INFO] [stdout]     |
[INFO] [stdout]     = note: `#[warn(unused_mut)]` (part of `#[warn(unused)]`) on by default
[INFO] [stdout] 
[INFO] [stdout] 
[INFO] [stdout] warning: variable does not need to be mutable
[INFO] [stdout]    --> src/renpy_extractor.rs:286:9
[INFO] [stdout]     |
[INFO] [stdout] 286 |     let mut writers: HashMap<String, Vec<(String, String)>> = HashMap::new();
[INFO] [stdout]     |         ----^^^^^^^
[INFO] [stdout]     |         |
[INFO] [stdout]     |         help: remove this `mut`
[INFO] [stdout]     |
[INFO] [stdout]     = note: `#[warn(unused_mut)]` (part of `#[warn(unused)]`) on by default
[INFO] [stdout] 
[INFO] [stdout] 
[INFO] [stdout] warning: variable does not need to be mutable
[INFO] [stdout]    --> src/unity_extractor.rs:272:9
[INFO] [stdout]     |
[INFO] [stdout] 272 |     let mut translation_failures: Vec<String> = Vec::new();
[INFO] [stdout]     |         ----^^^^^^^^^^^^^^^^^^^^
[INFO] [stdout]     |         |
[INFO] [stdout]     |         help: remove this `mut`
[INFO] [stdout] 
[INFO] [stdout] 
[INFO] [stdout] warning: variable does not need to be mutable
[INFO] [stdout]    --> src/unity_extractor.rs:272:9
[INFO] [stdout]     |
[INFO] [stdout] 272 |     let mut translation_failures: Vec<String> = Vec::new();
[INFO] [stdout]     |         ----^^^^^^^^^^^^^^^^^^^^
[INFO] [stdout]     |         |
[INFO] [stdout]     |         help: remove this `mut`
[INFO] [stdout] 
[INFO] [stdout] 
[INFO] [stdout] error[E0425]: cannot find function `integrate_language_menu` in this scope
[INFO] [stdout]    --> src/renpy_extractor.rs:803:21
[INFO] [stdout]     |
[INFO] [stdout] 803 |         let first = integrate_language_menu(&directory, "portuguese", "Portuguese").unwrap();
[INFO] [stdout]     |                     ^^^^^^^^^^^^^^^^^^^^^^^ not found in this scope
[INFO] [stdout] 
[INFO] [stdout] 
[INFO] [stdout] error[E0425]: cannot find function `integrate_language_menu` in this scope
[INFO] [stdout]    --> src/renpy_extractor.rs:804:22
[INFO] [stdout]     |
[INFO] [stdout] 804 |         let second = integrate_language_menu(&directory, "portuguese", "Portuguese").unwrap();
[INFO] [stdout]     |                      ^^^^^^^^^^^^^^^^^^^^^^^ not found in this scope
[INFO] [stdout] 
[INFO] [stdout] 
[INFO] [stdout] error[E0425]: cannot find function `integrate_language_menu` in this scope
[INFO] [stdout]    --> src/renpy_extractor.rs:828:21
[INFO] [stdout]     |
[INFO] [stdout] 828 |         let first = integrate_language_menu(&directory, "portuguese", "Portuguese").unwrap();
[INFO] [stdout]     |                     ^^^^^^^^^^^^^^^^^^^^^^^ not found in this scope
[INFO] [stdout] 
[INFO] [stdout] 
[INFO] [stdout] error[E0425]: cannot find function `integrate_language_menu` in this scope
[INFO] [stdout]    --> src/renpy_extractor.rs:829:22
[INFO] [stdout]     |
[INFO] [stdout] 829 |         let second = integrate_language_menu(&directory, "portuguese", "Portuguese").unwrap();
[INFO] [stdout]     |                      ^^^^^^^^^^^^^^^^^^^^^^^ not found in this scope
[INFO] [stdout] 
[INFO] [stdout] 
[INFO] [stdout] warning: unused import: `tokio::io::AsyncBufReadExt`
[INFO] [stdout]   --> src/unity_extractor.rs:61:9
[INFO] [stdout]    |
[INFO] [stdout] 61 |     use tokio::io::AsyncBufReadExt;
[INFO] [stdout]    |         ^^^^^^^^^^^^^^^^^^^^^^^^^^
[INFO] [stdout] 
[INFO] [stdout] 
[INFO] [stdout] warning: unused variable: `writers`
[INFO] [stdout]    --> src/renpy_extractor.rs:286:9
[INFO] [stdout]     |
[INFO] [stdout] 286 |     let mut writers: HashMap<String, Vec<(String, String)>> = HashMap::new();
[INFO] [stdout]     |         ^^^^^^^^^^^ help: if this is intentional, prefix it with an underscore: `_writers`
[INFO] [stdout]     |
[INFO] [stdout]     = note: `#[warn(unused_variables)]` (part of `#[warn(unused)]`) on by default
[INFO] [stdout] 
[INFO] [stdout] 
[INFO] [stdout] warning: unused variable: `language_label_name`
[INFO] [stdout]    --> src/renpy_extractor.rs:438:9
[INFO] [stdout]     |
[INFO] [stdout] 438 |     let language_label_name = api::get_lang_name(api::get_lang_code(target_lang));
[INFO] [stdout]     |         ^^^^^^^^^^^^^^^^^^^ help: if this is intentional, prefix it with an underscore: `_language_label_name`
[INFO] [stdout] 
[INFO] [stdout] 
[INFO] [stdout] warning: unused variable: `cancelled`
[INFO] [stdout]   --> src/unity_extractor.rs:59:5
[INFO] [stdout]    |
[INFO] [stdout] 59 |     cancelled: std::sync::Arc<std::sync::atomic::AtomicBool>,
[INFO] [stdout]    |     ^^^^^^^^^ help: if this is intentional, prefix it with an underscore: `_cancelled`
[INFO] [stdout] 
[INFO] [stdout] 
[INFO] [stdout] warning: unused variable: `translation_failures`
[INFO] [stdout]    --> src/unity_extractor.rs:272:9
[INFO] [stdout]     |
[INFO] [stdout] 272 |     let mut translation_failures: Vec<String> = Vec::new();
[INFO] [stdout]     |         ^^^^^^^^^^^^^^^^^^^^^^^^ help: if this is intentional, prefix it with an underscore: `_translation_failures`
[INFO] [stdout] 
[INFO] [stdout] 
[INFO] [stdout] warning: unused import: `tokio::io::AsyncBufReadExt`
[INFO] [stdout]   --> src/unity_extractor.rs:61:9
[INFO] [stdout]    |
[INFO] [stdout] 61 |     use tokio::io::AsyncBufReadExt;
[INFO] [stdout]    |         ^^^^^^^^^^^^^^^^^^^^^^^^^^
[INFO] [stdout] 
[INFO] [stdout] 
[INFO] [stdout] warning: variable `total_modified` is assigned to, but never used
[INFO] [stdout]     --> src/godot_extractor.rs:1496:9
[INFO] [stdout]      |
[INFO] [stdout] 1496 |     let mut total_modified = 0;
[INFO] [stdout]      |         ^^^^^^^^^^^^^^^^^^
[INFO] [stdout]      |
[INFO] [stdout]      = note: consider using `_total_modified` instead
[INFO] [stdout] 
[INFO] [stdout] 
[INFO] [stdout] warning: value assigned to `total_modified` is never read
[INFO] [stdout]     --> src/godot_extractor.rs:1657:13
[INFO] [stdout]      |
[INFO] [stdout] 1556 |                 total_modified += 1;
[INFO] [stdout]      |                 ------------------- `total_modified` is overwritten here before the previous value is read
[INFO] [stdout] ...
[INFO] [stdout] 1657 |             total_modified += 1;
[INFO] [stdout]      |             ^^^^^^^^^^^^^^^^^^^ this value is reassigned later and never used
[INFO] [stdout]      |
[INFO] [stdout]      = note: `#[warn(unused_assignments)]` (part of `#[warn(unused)]`) on by default
[INFO] [stdout] 
[INFO] [stdout] 
[INFO] [stdout] warning: value assigned to `total_modified` is never read
[INFO] [stdout]     --> src/godot_extractor.rs:1556:17
[INFO] [stdout]      |
[INFO] [stdout] 1556 |                 total_modified += 1;
[INFO] [stdout]      |                 ^^^^^^^^^^^^^^^^^^^
[INFO] [stdout]      |
[INFO] [stdout]      = help: maybe it is overwritten before being read?
[INFO] [stdout] 
[INFO] [stdout] 
[INFO] [stdout] warning: unused variable: `writers`
[INFO] [stdout]    --> src/renpy_extractor.rs:286:9
[INFO] [stdout]     |
[INFO] [stdout] 286 |     let mut writers: HashMap<String, Vec<(String, String)>> = HashMap::new();
[INFO] [stdout]     |         ^^^^^^^^^^^ help: if this is intentional, prefix it with an underscore: `_writers`
[INFO] [stdout]     |
[INFO] [stdout]     = note: `#[warn(unused_variables)]` (part of `#[warn(unused)]`) on by default
[INFO] [stdout] 
[INFO] [stdout] 
[INFO] [stdout] warning: unused variable: `language_label_name`
[INFO] [stdout]    --> src/renpy_extractor.rs:438:9
[INFO] [stdout]     |
[INFO] [stdout] 438 |     let language_label_name = api::get_lang_name(api::get_lang_code(target_lang));
[INFO] [stdout]     |         ^^^^^^^^^^^^^^^^^^^ help: if this is intentional, prefix it with an underscore: `_language_label_name`
[INFO] [stdout] 
[INFO] [stdout] 
[INFO] [stdout] warning: unused variable: `cancelled`
[INFO] [stdout]   --> src/unity_extractor.rs:59:5
[INFO] [stdout]    |
[INFO] [stdout] 59 |     cancelled: std::sync::Arc<std::sync::atomic::AtomicBool>,
[INFO] [stdout]    |     ^^^^^^^^^ help: if this is intentional, prefix it with an underscore: `_cancelled`
[INFO] [stdout] 
[INFO] [stdout] 
[INFO] [stdout] warning: unused variable: `translation_failures`
[INFO] [stdout]    --> src/unity_extractor.rs:272:9
[INFO] [stdout]     |
[INFO] [stdout] 272 |     let mut translation_failures: Vec<String> = Vec::new();
[INFO] [stdout]     |         ^^^^^^^^^^^^^^^^^^^^^^^^ help: if this is intentional, prefix it with an underscore: `_translation_failures`
[INFO] [stdout] 
[INFO] [stdout] 
[INFO] [stdout] warning: variable `total_modified` is assigned to, but never used
[INFO] [stdout]     --> src/godot_extractor.rs:1496:9
[INFO] [stdout]      |
[INFO] [stdout] 1496 |     let mut total_modified = 0;
[INFO] [stdout]      |         ^^^^^^^^^^^^^^^^^^
[INFO] [stdout]      |
[INFO] [stdout]      = note: consider using `_total_modified` instead
[INFO] [stdout] 
[INFO] [stdout] 
[INFO] [stdout] warning: value assigned to `total_modified` is never read
[INFO] [stdout]     --> src/godot_extractor.rs:1657:13
[INFO] [stdout]      |
[INFO] [stdout] 1556 |                 total_modified += 1;
[INFO] [stdout]      |                 ------------------- `total_modified` is overwritten here before the previous value is read
[INFO] [stdout] ...
[INFO] [stdout] 1657 |             total_modified += 1;
[INFO] [stdout]      |             ^^^^^^^^^^^^^^^^^^^ this value is reassigned later and never used
[INFO] [stdout]      |
[INFO] [stdout]      = note: `#[warn(unused_assignments)]` (part of `#[warn(unused)]`) on by default
[INFO] [stdout] 
[INFO] [stdout] 
[INFO] [stdout] warning: value assigned to `total_modified` is never read
[INFO] [stdout]     --> src/godot_extractor.rs:1556:17
[INFO] [stdout]      |
[INFO] [stdout] 1556 |                 total_modified += 1;
[INFO] [stdout]      |                 ^^^^^^^^^^^^^^^^^^^
[INFO] [stdout]      |
[INFO] [stdout]      = help: maybe it is overwritten before being read?
[INFO] [stdout] 
[INFO] [stdout] 
[INFO] [stdout] warning: function `extract_local_zip` is never used
[INFO] [stdout]    --> src/unity_extractor.rs:396:8
[INFO] [stdout]     |
[INFO] [stdout] 396 | pub fn extract_local_zip(zip_path: &Path, target_dir: &Path) -> Result<(), String> {
[INFO] [stdout]     |        ^^^^^^^^^^^^^^^^^
[INFO] [stdout]     |
[INFO] [stdout]     = note: `#[warn(dead_code)]` (part of `#[warn(unused)]`) on by default
[INFO] [stdout] 
[INFO] [stdout] 
[INFO] [stdout] warning: function `detect_godot_version` is never used
[INFO] [stdout]     --> src/godot_extractor.rs:1036:4
[INFO] [stdout]      |
[INFO] [stdout] 1036 | fn detect_godot_version(exe_path: &Path, pck_archive: &godot_pck::PckArchive) -> u8 {
[INFO] [stdout]      |    ^^^^^^^^^^^^^^^^^^^^
[INFO] [stdout] 
[INFO] [stdout] 
[INFO] [stdout] warning: field `tags_padrao` is never read
[INFO] [stdout]    --> src/ui/mod.rs:208:9
[INFO] [stdout]     |
[INFO] [stdout] 169 | pub struct TbxApp {
[INFO] [stdout]     |            ------ field in this struct
[INFO] [stdout] ...
[INFO] [stdout] 208 |     pub tags_padrao: String,
[INFO] [stdout]     |         ^^^^^^^^^^^
[INFO] [stdout] 
[INFO] [stdout] 
[INFO] [stdout] For more information about this error, try `rustc --explain E0425`.
[INFO] [stdout] 
[INFO] [stderr] error: could not compile `tbx-translator` (bin "tbx-translator" test) due to 4 previous errors; 11 warnings emitted
[INFO] running `Command { std: "docker" "inspect" "2911caa893e13247b61c711847de5578ffda7e8891f26bd2977d85fb16620a97", kill_on_drop: false }`
[INFO] running `Command { std: "docker" "rm" "-f" "2911caa893e13247b61c711847de5578ffda7e8891f26bd2977d85fb16620a97", kill_on_drop: false }`
[INFO] [stdout] 2911caa893e13247b61c711847de5578ffda7e8891f26bd2977d85fb16620a97
