[INFO] cloning repository https://github.com/Sameds-Hospital/Sameds-Hospital-Backend
[INFO] running `Command { std: "git" "-c" "credential.helper=" "-c" "credential.helper=/workspace/cargo-home/bin/git-credential-null" "clone" "--bare" "https://github.com/Sameds-Hospital/Sameds-Hospital-Backend" "/workspace/cache/git-repos/https%3A%2F%2Fgithub.com%2FSameds-Hospital%2FSameds-Hospital-Backend", kill_on_drop: false }`
[INFO] [stderr] Cloning into bare repository '/workspace/cache/git-repos/https%3A%2F%2Fgithub.com%2FSameds-Hospital%2FSameds-Hospital-Backend'...
[INFO] running `Command { std: "git" "rev-parse" "HEAD", kill_on_drop: false }`
[INFO] [stdout] 66fa3a7f48ae237bcf934a62e7164b85e7ad01f2
[INFO] checking Sameds-Hospital/Sameds-Hospital-Backend against 3154cc1a3e6424e44f438a95007d043ed5ceaaf6+rustflags=-Znext-solver=coherence for pr-133502-30
[INFO] running `Command { std: "git" "clone" "/workspace/cache/git-repos/https%3A%2F%2Fgithub.com%2FSameds-Hospital%2FSameds-Hospital-Backend" "/workspace/builds/worker-2-tc1/source", kill_on_drop: false }`
[INFO] [stderr] Cloning into '/workspace/builds/worker-2-tc1/source'...
[INFO] [stderr] done.
[INFO] [stderr] Updating files:  77% (1002/1288)
Updating files:  78% (1005/1288)
Updating files:  79% (1018/1288)
Updating files:  80% (1031/1288)
Updating files:  81% (1044/1288)
Updating files:  82% (1057/1288)
Updating files:  83% (1070/1288)
Updating files:  84% (1082/1288)
Updating files:  85% (1095/1288)
Updating files:  86% (1108/1288)
Updating files:  86% (1112/1288)
Updating files:  87% (1121/1288)
Updating files:  88% (1134/1288)
Updating files:  89% (1147/1288)
Updating files:  90% (1160/1288)
Updating files:  90% (1165/1288)
Updating files:  91% (1173/1288)
Updating files:  92% (1185/1288)
Updating files:  93% (1198/1288)
Updating files:  94% (1211/1288)
Updating files:  95% (1224/1288)
Updating files:  96% (1237/1288)
Updating files:  97% (1250/1288)
Updating files:  98% (1263/1288)
Updating files:  99% (1276/1288)
Updating files: 100% (1288/1288)
Updating files: 100% (1288/1288), done.
[INFO] started tweaking git repo https://github.com/Sameds-Hospital/Sameds-Hospital-Backend
[INFO] finished tweaking git repo https://github.com/Sameds-Hospital/Sameds-Hospital-Backend
[INFO] tweaked toml for git repo https://github.com/Sameds-Hospital/Sameds-Hospital-Backend written to /workspace/builds/worker-2-tc1/source/Cargo.toml
[INFO] validating manifest of git repo https://github.com/Sameds-Hospital/Sameds-Hospital-Backend on toolchain 3154cc1a3e6424e44f438a95007d043ed5ceaaf6
[INFO] running `Command { std: CARGO_HOME="/workspace/cargo-home" RUSTUP_HOME="/workspace/rustup-home" "/workspace/cargo-home/bin/cargo" "+3154cc1a3e6424e44f438a95007d043ed5ceaaf6" "metadata" "--manifest-path" "Cargo.toml" "--no-deps", kill_on_drop: false }`
[INFO] crate git repo https://github.com/Sameds-Hospital/Sameds-Hospital-Backend already has a lockfile, it will not be regenerated
[INFO] running `Command { std: CARGO_HOME="/workspace/cargo-home" RUSTUP_HOME="/workspace/rustup-home" "/workspace/cargo-home/bin/cargo" "+3154cc1a3e6424e44f438a95007d043ed5ceaaf6" "fetch" "--manifest-path" "Cargo.toml", kill_on_drop: false }`
[INFO] running `Command { std: "docker" "create" "-v" "/var/lib/crater-agent-workspace/builds/worker-2-tc1/source:/opt/rustwide/workdir:ro,Z" "-v" "/var/lib/crater-agent-workspace/builds/worker-2-tc1/target:/opt/rustwide/target:rw,Z" "-v" "/var/lib/crater-agent-workspace/cargo-home:/opt/rustwide/cargo-home:ro,Z" "-v" "/var/lib/crater-agent-workspace/rustup-home:/opt/rustwide/rustup-home:ro,Z" "-m" "1610612736" "--network" "none" "ghcr.io/rust-lang/crates-build-env/linux@sha256:77db811e55d90add9212f6832c23229e3de5f1c1f9905e8cb07319ea15df73ac" "sleep" "infinity", kill_on_drop: false }`
[INFO] [stdout] c99781a8c3193ff579fa8f4931a77a541e5d9c94fb86c72f5e884f793bb0cf85
[INFO] running `Command { std: "docker" "start" "c99781a8c3193ff579fa8f4931a77a541e5d9c94fb86c72f5e884f793bb0cf85", kill_on_drop: false }`
[INFO] running `Command { std: "docker" "inspect" "c99781a8c3193ff579fa8f4931a77a541e5d9c94fb86c72f5e884f793bb0cf85", kill_on_drop: false }`
[INFO] running `Command { std: "docker" "exec" "-e" "SOURCE_DIR=/opt/rustwide/workdir" "-e" "CARGO_HOME=/opt/rustwide/cargo-home" "-e" "RUSTUP_HOME=/opt/rustwide/rustup-home" "-e" "CARGO_TARGET_DIR=/opt/rustwide/target" "-w" "/opt/rustwide/workdir" "--user" "0:0" "c99781a8c3193ff579fa8f4931a77a541e5d9c94fb86c72f5e884f793bb0cf85" "/opt/rustwide/cargo-home/bin/cargo" "+3154cc1a3e6424e44f438a95007d043ed5ceaaf6" "metadata" "--no-deps" "--format-version=1", kill_on_drop: false }`
[INFO] running `Command { std: "docker" "inspect" "c99781a8c3193ff579fa8f4931a77a541e5d9c94fb86c72f5e884f793bb0cf85", kill_on_drop: false }`
[INFO] running `Command { std: "docker" "exec" "-e" "SOURCE_DIR=/opt/rustwide/workdir" "-e" "CARGO_HOME=/opt/rustwide/cargo-home" "-e" "RUSTUP_HOME=/opt/rustwide/rustup-home" "-e" "CARGO_TARGET_DIR=/opt/rustwide/target" "-e" "CARGO_INCREMENTAL=0" "-e" "RUST_BACKTRACE=full" "-e" "RUSTFLAGS=--cap-lints=forbid -Znext-solver=coherence" "-e" "RUSTDOCFLAGS=--cap-lints=forbid" "-w" "/opt/rustwide/workdir" "--user" "0:0" "c99781a8c3193ff579fa8f4931a77a541e5d9c94fb86c72f5e884f793bb0cf85" "/opt/rustwide/cargo-home/bin/cargo" "+3154cc1a3e6424e44f438a95007d043ed5ceaaf6" "check" "--frozen" "--all" "--all-targets" "--message-format=json", kill_on_drop: false }`
[INFO] [stderr]    Compiling syn v3.0.3
[INFO] [stderr]    Compiling ring v0.17.14
[INFO] [stderr]     Checking futures-sink v0.3.34
[INFO] [stderr]    Compiling futures-core v0.3.33
[INFO] [stderr]    Compiling getrandom v0.3.4
[INFO] [stderr]    Compiling rustls v0.21.12
[INFO] [stderr]    Compiling serde_core v1.0.229
[INFO] [stderr]    Compiling thiserror-impl v1.0.69
[INFO] [stderr]    Compiling getrandom v0.2.17
[INFO] [stderr]    Compiling zerofrom v0.1.8
[INFO] [stderr]    Compiling libsqlite3-sys v0.27.0
[INFO] [stderr]    Compiling zerocopy v0.8.56
[INFO] [stderr]    Compiling mio v1.2.2
[INFO] [stderr]    Compiling socket2 v0.6.5
[INFO] [stderr]    Compiling futures-task v0.3.33
[INFO] [stderr]    Compiling yoke v0.8.3
[INFO] [stderr]    Compiling futures-io v0.3.34
[INFO] [stderr]    Compiling nom v7.1.3
[INFO] [stderr]     Checking futures-util v0.3.33
[INFO] [stderr]     Checking tracing v0.1.44
[INFO] [stderr]    Compiling form_urlencoded v1.2.2
[INFO] [stderr]     Checking futures-channel v0.3.33
[INFO] [stderr]    Compiling base64 v0.21.7
[INFO] [stderr]    Compiling rustix v1.1.4
[INFO] [stderr]     Checking ahash v0.8.12
[INFO] [stderr]    Compiling futures-intrusive v0.5.0
[INFO] [stderr]    Compiling rustls-pemfile v1.0.4
[INFO] [stderr]    Compiling tokio v1.53.1
[INFO] [stderr]    Compiling spin v0.9.9
[INFO] [stderr]     Checking parking_lot_core v0.9.12
[INFO] [stderr]    Compiling linux-raw-sys v0.12.1
[INFO] [stderr]    Compiling webpki-roots v0.25.4
[INFO] [stderr]    Compiling bitflags v2.13.1
[INFO] [stderr]     Checking hashbrown v0.14.5
[INFO] [stderr]    Compiling flume v0.11.1
[INFO] [stderr]     Checking parking_lot v0.12.5
[INFO] [stderr]    Compiling urlencoding v2.1.3
[INFO] [stderr]    Compiling fastrand v2.5.0
[INFO] [stderr]    Compiling heck v0.4.1
[INFO] [stderr]    Compiling thiserror v1.0.69
[INFO] [stderr]    Compiling syn v1.0.109
[INFO] [stderr]     Checking inout v0.1.4
[INFO] [stderr]     Checking hashlink v0.8.4
[INFO] [stderr]     Checking cipher v0.4.4
[INFO] [stderr]     Checking axum-core v0.5.6
[INFO] [stderr]     Checking blowfish v0.9.1
[INFO] [stderr]     Checking tower-http v0.5.2
[INFO] [stderr]     Checking bcrypt v0.17.1
[INFO] [stderr]    Compiling sqlformat v0.2.6
[INFO] [stderr]    Compiling serde_json v1.0.151
[INFO] [stderr]     Checking futures-executor v0.3.33
[INFO] [stderr]    Compiling tempfile v3.27.0
[INFO] [stderr]     Checking rustls-webpki v0.101.7
[INFO] [stderr]     Checking sct v0.7.1
[INFO] [stderr]    Compiling zerovec-derive v0.11.4
[INFO] [stderr]    Compiling displaydoc v0.2.7
[INFO] [stderr]    Compiling serde_derive v1.0.229
[INFO] [stderr]    Compiling tokio-macros v2.7.2
[INFO] [stderr]    Compiling zerotrie v0.2.5
[INFO] [stderr]    Compiling tokio-stream v0.1.19
[INFO] [stderr]    Compiling zerovec v0.11.7
[INFO] [stderr]    Compiling tinystr v0.8.4
[INFO] [stderr]    Compiling potential_utf v0.1.6
[INFO] [stderr]    Compiling icu_collections v2.3.0
[INFO] [stderr]    Compiling icu_locale_core v2.3.0
[INFO] [stderr]    Compiling icu_provider v2.3.0
[INFO] [stderr]     Checking serde v1.0.229
[INFO] [stderr]    Compiling icu_properties v2.3.0
[INFO] [stderr]    Compiling icu_normalizer v2.3.0
[INFO] [stderr]    Compiling either v1.17.0
[INFO] [stderr]     Checking serde_urlencoded v0.7.1
[INFO] [stderr]     Checking chrono v0.4.45
[INFO] [stderr]    Compiling idna_adapter v1.2.2
[INFO] [stderr]    Compiling idna v1.1.0
[INFO] [stderr]    Compiling url v2.5.8
[INFO] [stderr]     Checking hyper v1.11.0
[INFO] [stderr]     Checking tower v0.5.3
[INFO] [stderr]    Compiling sqlx-core v0.7.4
[INFO] [stderr]     Checking hyper-util v0.1.20
[INFO] [stderr]     Checking axum v0.8.9
[INFO] [stderr]     Checking sqlx-sqlite v0.7.4
[INFO] [stderr]    Compiling sqlx-macros-core v0.7.4
[INFO] [stderr]    Compiling sqlx-macros v0.7.4
[INFO] [stderr]     Checking sqlx v0.7.4
[INFO] [stderr]     Checking hms_backend v0.1.0 (/opt/rustwide/workdir)
[INFO] [stdout] error[E0382]: use of moved value: `escrow_id`
[INFO] [stdout]    --> src/main.rs:197:9
[INFO] [stdout]     |
[INFO] [stdout] 168 |     let escrow_id = format!("ESC-{}", payload.invoice_id.replace("INV-", ""));
[INFO] [stdout]     |         --------- move occurs because `escrow_id` has type `std::string::String`, which does not implement the `Copy` trait
[INFO] [stdout] ...
[INFO] [stdout] 179 |     .bind(escrow_id)
[INFO] [stdout]     |           --------- value moved here
[INFO] [stdout] ...
[INFO] [stdout] 197 |         escrow_id,
[INFO] [stdout]     |         ^^^^^^^^^ value used here after move
[INFO] [stdout]     |
[INFO] [stdout] help: consider borrowing `escrow_id`
[INFO] [stdout]     |
[INFO] [stdout] 179 |     .bind(&escrow_id)
[INFO] [stdout]     |           +
[INFO] [stdout] 
[INFO] [stdout] 
[INFO] [stdout] error[E0382]: borrow of moved value: `payload.invoice_id`
[INFO] [stdout]    --> src/main.rs:198:21
[INFO] [stdout]     |
[INFO] [stdout] 180 |     .bind(payload.invoice_id)
[INFO] [stdout]     |           ------------------ value moved here
[INFO] [stdout] ...
[INFO] [stdout] 198 |         invoice_id: payload.invoice_id.clone(),
[INFO] [stdout]     |                     ^^^^^^^^^^^^^^^^^^ value borrowed here after move
[INFO] [stdout]     |
[INFO] [stdout]     = note: move occurs because `payload.invoice_id` has type `std::string::String`, which does not implement the `Copy` trait
[INFO] [stdout] 
[INFO] [stdout] 
[INFO] [stdout] error[E0382]: borrow of moved value: `payload.patient_id`
[INFO] [stdout]    --> src/main.rs:199:21
[INFO] [stdout]     |
[INFO] [stdout] 181 |     .bind(payload.patient_id)
[INFO] [stdout]     |           ------------------ value moved here
[INFO] [stdout] ...
[INFO] [stdout] 199 |         patient_id: payload.patient_id.clone(),
[INFO] [stdout]     |                     ^^^^^^^^^^^^^^^^^^ value borrowed here after move
[INFO] [stdout]     |
[INFO] [stdout]     = note: move occurs because `payload.patient_id` has type `std::string::String`, which does not implement the `Copy` trait
[INFO] [stdout] 
[INFO] [stdout] 
[INFO] [stdout] error[E0382]: borrow of moved value: `payload.sender_address`
[INFO] [stdout]    --> src/main.rs:200:25
[INFO] [stdout]     |
[INFO] [stdout] 182 |     .bind(payload.sender_address)
[INFO] [stdout]     |           ---------------------- value moved here
[INFO] [stdout] ...
[INFO] [stdout] 200 |         sender_address: payload.sender_address.clone(),
[INFO] [stdout]     |                         ^^^^^^^^^^^^^^^^^^^^^^ value borrowed here after move
[INFO] [stdout]     |
[INFO] [stdout]     = note: move occurs because `payload.sender_address` has type `std::string::String`, which does not implement the `Copy` trait
[INFO] [stdout] 
[INFO] [stdout] 
[INFO] [stdout] error[E0382]: borrow of moved value: `payload.memo`
[INFO] [stdout]    --> src/main.rs:203:15
[INFO] [stdout]     |
[INFO] [stdout] 185 |     .bind(payload.memo)
[INFO] [stdout]     |           ------------ value moved here
[INFO] [stdout] ...
[INFO] [stdout] 203 |         memo: payload.memo.clone(),
[INFO] [stdout]     |               ^^^^^^^^^^^^ value borrowed here after move
[INFO] [stdout]     |
[INFO] [stdout]     = note: move occurs because `payload.memo` has type `std::string::String`, which does not implement the `Copy` trait
[INFO] [stdout] 
[INFO] [stdout] 
[INFO] [stdout] error[E0382]: borrow of moved value: `payload.network`
[INFO] [stdout]    --> src/main.rs:204:18
[INFO] [stdout]     |
[INFO] [stdout] 186 |     .bind(payload.network)
[INFO] [stdout]     |           --------------- value moved here
[INFO] [stdout] ...
[INFO] [stdout] 204 |         network: payload.network.clone(),
[INFO] [stdout]     |                  ^^^^^^^^^^^^^^^ value borrowed here after move
[INFO] [stdout]     |
[INFO] [stdout]     = note: move occurs because `payload.network` has type `std::string::String`, which does not implement the `Copy` trait
[INFO] [stdout] 
[INFO] [stdout] 
[INFO] [stdout] error[E0382]: use of moved value: `tx_hash`
[INFO] [stdout]    --> src/main.rs:207:27
[INFO] [stdout]     |
[INFO] [stdout] 169 |     let tx_hash = format!("{}{:x}", "escrow_", std::time::SystemTime::now().duration_since(std::time::UNIX_EPOCH).unwrap().as_secs());
[INFO] [stdout]     |         ------- move occurs because `tx_hash` has type `std::string::String`, which does not implement the `Copy` trait
[INFO] [stdout] ...
[INFO] [stdout] 188 |     .bind(tx_hash)
[INFO] [stdout]     |           ------- value moved here
[INFO] [stdout] ...
[INFO] [stdout] 207 |         transaction_hash: tx_hash,
[INFO] [stdout]     |                           ^^^^^^^ value used here after move
[INFO] [stdout]     |
[INFO] [stdout] help: consider borrowing `tx_hash`
[INFO] [stdout]     |
[INFO] [stdout] 188 |     .bind(&tx_hash)
[INFO] [stdout]     |           +
[INFO] [stdout] 
[INFO] [stdout] 
[INFO] [stdout] error[E0382]: use of moved value: `created_at`
[INFO] [stdout]    --> src/main.rs:208:9
[INFO] [stdout]     |
[INFO] [stdout] 171 |     let created_at = Utc::now().to_rfc3339();
[INFO] [stdout]     |         ---------- move occurs because `created_at` has type `std::string::String`, which does not implement the `Copy` trait
[INFO] [stdout] ...
[INFO] [stdout] 189 |     .bind(created_at)
[INFO] [stdout]     |           ---------- value moved here
[INFO] [stdout] ...
[INFO] [stdout] 208 |         created_at,
[INFO] [stdout]     |         ^^^^^^^^^^ value used here after move
[INFO] [stdout]     |
[INFO] [stdout] help: consider borrowing `created_at`
[INFO] [stdout]     |
[INFO] [stdout] 189 |     .bind(&created_at)
[INFO] [stdout]     |           +
[INFO] [stdout] 
[INFO] [stdout] 
[INFO] [stdout] error[E0382]: use of moved value: `escrow_id`
[INFO] [stdout]    --> src/main.rs:197:9
[INFO] [stdout]     |
[INFO] [stdout] 168 |     let escrow_id = format!("ESC-{}", payload.invoice_id.replace("INV-", ""));
[INFO] [stdout]     |         --------- move occurs because `escrow_id` has type `std::string::String`, which does not implement the `Copy` trait
[INFO] [stdout] ...
[INFO] [stdout] 179 |     .bind(escrow_id)
[INFO] [stdout]     |           --------- value moved here
[INFO] [stdout] ...
[INFO] [stdout] 197 |         escrow_id,
[INFO] [stdout]     |         ^^^^^^^^^ value used here after move
[INFO] [stdout]     |
[INFO] [stdout] help: consider borrowing `escrow_id`
[INFO] [stdout]     |
[INFO] [stdout] 179 |     .bind(&escrow_id)
[INFO] [stdout]     |           +
[INFO] [stdout] 
[INFO] [stdout] 
[INFO] [stdout] error[E0382]: borrow of moved value: `payload.invoice_id`
[INFO] [stdout]    --> src/main.rs:198:21
[INFO] [stdout]     |
[INFO] [stdout] 180 |     .bind(payload.invoice_id)
[INFO] [stdout]     |           ------------------ value moved here
[INFO] [stdout] ...
[INFO] [stdout] 198 |         invoice_id: payload.invoice_id.clone(),
[INFO] [stdout]     |                     ^^^^^^^^^^^^^^^^^^ value borrowed here after move
[INFO] [stdout]     |
[INFO] [stdout]     = note: move occurs because `payload.invoice_id` has type `std::string::String`, which does not implement the `Copy` trait
[INFO] [stdout] 
[INFO] [stdout] 
[INFO] [stdout] error[E0382]: borrow of moved value: `payload.patient_id`
[INFO] [stdout]    --> src/main.rs:199:21
[INFO] [stdout]     |
[INFO] [stdout] 181 |     .bind(payload.patient_id)
[INFO] [stdout]     |           ------------------ value moved here
[INFO] [stdout] ...
[INFO] [stdout] 199 |         patient_id: payload.patient_id.clone(),
[INFO] [stdout]     |                     ^^^^^^^^^^^^^^^^^^ value borrowed here after move
[INFO] [stdout]     |
[INFO] [stdout]     = note: move occurs because `payload.patient_id` has type `std::string::String`, which does not implement the `Copy` trait
[INFO] [stdout] 
[INFO] [stdout] 
[INFO] [stdout] error[E0382]: borrow of moved value: `payload.sender_address`
[INFO] [stdout]    --> src/main.rs:200:25
[INFO] [stdout]     |
[INFO] [stdout] 182 |     .bind(payload.sender_address)
[INFO] [stdout]     |           ---------------------- value moved here
[INFO] [stdout] ...
[INFO] [stdout] 200 |         sender_address: payload.sender_address.clone(),
[INFO] [stdout]     |                         ^^^^^^^^^^^^^^^^^^^^^^ value borrowed here after move
[INFO] [stdout]     |
[INFO] [stdout]     = note: move occurs because `payload.sender_address` has type `std::string::String`, which does not implement the `Copy` trait
[INFO] [stdout] 
[INFO] [stdout] 
[INFO] [stdout] error[E0382]: borrow of moved value: `payload.memo`
[INFO] [stdout]    --> src/main.rs:203:15
[INFO] [stdout]     |
[INFO] [stdout] 185 |     .bind(payload.memo)
[INFO] [stdout]     |           ------------ value moved here
[INFO] [stdout] ...
[INFO] [stdout] 203 |         memo: payload.memo.clone(),
[INFO] [stdout]     |               ^^^^^^^^^^^^ value borrowed here after move
[INFO] [stdout]     |
[INFO] [stdout]     = note: move occurs because `payload.memo` has type `std::string::String`, which does not implement the `Copy` trait
[INFO] [stdout] 
[INFO] [stdout] 
[INFO] [stdout] error[E0382]: borrow of moved value: `payload.network`
[INFO] [stdout]    --> src/main.rs:204:18
[INFO] [stdout]     |
[INFO] [stdout] 186 |     .bind(payload.network)
[INFO] [stdout]     |           --------------- value moved here
[INFO] [stdout] ...
[INFO] [stdout] 204 |         network: payload.network.clone(),
[INFO] [stdout]     |                  ^^^^^^^^^^^^^^^ value borrowed here after move
[INFO] [stdout]     |
[INFO] [stdout]     = note: move occurs because `payload.network` has type `std::string::String`, which does not implement the `Copy` trait
[INFO] [stdout] 
[INFO] [stdout] 
[INFO] [stdout] error[E0382]: use of moved value: `tx_hash`
[INFO] [stdout]    --> src/main.rs:207:27
[INFO] [stdout]     |
[INFO] [stdout] 169 |     let tx_hash = format!("{}{:x}", "escrow_", std::time::SystemTime::now().duration_since(std::time::UNIX_EPOCH).unwrap().as_secs());
[INFO] [stdout]     |         ------- move occurs because `tx_hash` has type `std::string::String`, which does not implement the `Copy` trait
[INFO] [stdout] ...
[INFO] [stdout] 188 |     .bind(tx_hash)
[INFO] [stdout]     |           ------- value moved here
[INFO] [stdout] ...
[INFO] [stdout] 207 |         transaction_hash: tx_hash,
[INFO] [stdout]     |                           ^^^^^^^ value used here after move
[INFO] [stdout]     |
[INFO] [stdout] help: consider borrowing `tx_hash`
[INFO] [stdout]     |
[INFO] [stdout] 188 |     .bind(&tx_hash)
[INFO] [stdout]     |           +
[INFO] [stdout] 
[INFO] [stdout] 
[INFO] [stdout] error[E0382]: use of moved value: `created_at`
[INFO] [stdout]    --> src/main.rs:208:9
[INFO] [stdout]     |
[INFO] [stdout] 171 |     let created_at = Utc::now().to_rfc3339();
[INFO] [stdout]     |         ---------- move occurs because `created_at` has type `std::string::String`, which does not implement the `Copy` trait
[INFO] [stdout] ...
[INFO] [stdout] 189 |     .bind(created_at)
[INFO] [stdout]     |           ---------- value moved here
[INFO] [stdout] ...
[INFO] [stdout] 208 |         created_at,
[INFO] [stdout]     |         ^^^^^^^^^^ value used here after move
[INFO] [stdout]     |
[INFO] [stdout] help: consider borrowing `created_at`
[INFO] [stdout]     |
[INFO] [stdout] 189 |     .bind(&created_at)
[INFO] [stdout]     |           +
[INFO] [stdout] 
[INFO] [stdout] 
[INFO] [stdout] For more information about this error, try `rustc --explain E0382`.
[INFO] [stdout] 
[INFO] [stderr] error: could not compile `hms_backend` (bin "hms_backend") due to 8 previous errors
[INFO] [stderr] warning: build failed, waiting for other jobs to finish...
[INFO] [stdout] For more information about this error, try `rustc --explain E0382`.
[INFO] [stdout] 
[INFO] [stderr] error: could not compile `hms_backend` (bin "hms_backend" test) due to 8 previous errors
[INFO] running `Command { std: "docker" "inspect" "c99781a8c3193ff579fa8f4931a77a541e5d9c94fb86c72f5e884f793bb0cf85", kill_on_drop: false }`
[INFO] running `Command { std: "docker" "rm" "-f" "c99781a8c3193ff579fa8f4931a77a541e5d9c94fb86c72f5e884f793bb0cf85", kill_on_drop: false }`
[INFO] [stdout] c99781a8c3193ff579fa8f4931a77a541e5d9c94fb86c72f5e884f793bb0cf85
