[INFO] cloning repository https://github.com/SamSunny4/ShareDash
[INFO] running `Command { std: "git" "-c" "credential.helper=" "-c" "credential.helper=/workspace/cargo-home/bin/git-credential-null" "clone" "--bare" "https://github.com/SamSunny4/ShareDash" "/workspace/cache/git-repos/https%3A%2F%2Fgithub.com%2FSamSunny4%2FShareDash", kill_on_drop: false }`
[INFO] [stderr] Cloning into bare repository '/workspace/cache/git-repos/https%3A%2F%2Fgithub.com%2FSamSunny4%2FShareDash'...
[INFO] running `Command { std: "git" "rev-parse" "HEAD", kill_on_drop: false }`
[INFO] [stdout] da3bf9c69db37b4cb177e98950b9bfc0ec7ec6c1
[INFO] checking SamSunny4/ShareDash against 3154cc1a3e6424e44f438a95007d043ed5ceaaf6 for pr-133502-30
[INFO] running `Command { std: "git" "clone" "/workspace/cache/git-repos/https%3A%2F%2Fgithub.com%2FSamSunny4%2FShareDash" "/workspace/builds/worker-7-tc2/source", kill_on_drop: false }`
[INFO] [stderr] Cloning into '/workspace/builds/worker-7-tc2/source'...
[INFO] [stderr] done.
[INFO] started tweaking git repo https://github.com/SamSunny4/ShareDash
[INFO] finished tweaking git repo https://github.com/SamSunny4/ShareDash
[INFO] tweaked toml for git repo https://github.com/SamSunny4/ShareDash written to /workspace/builds/worker-7-tc2/source/Cargo.toml
[INFO] validating manifest of git repo https://github.com/SamSunny4/ShareDash on toolchain 3154cc1a3e6424e44f438a95007d043ed5ceaaf6
[INFO] running `Command { std: CARGO_HOME="/workspace/cargo-home" RUSTUP_HOME="/workspace/rustup-home" "/workspace/cargo-home/bin/cargo" "+3154cc1a3e6424e44f438a95007d043ed5ceaaf6" "metadata" "--manifest-path" "Cargo.toml" "--no-deps", kill_on_drop: false }`
[INFO] crate git repo https://github.com/SamSunny4/ShareDash already has a lockfile, it will not be regenerated
[INFO] running `Command { std: CARGO_HOME="/workspace/cargo-home" RUSTUP_HOME="/workspace/rustup-home" "/workspace/cargo-home/bin/cargo" "+3154cc1a3e6424e44f438a95007d043ed5ceaaf6" "fetch" "--manifest-path" "Cargo.toml", kill_on_drop: false }`
[INFO] [stderr] warning: `package.homepage` is redundant with `package.repository`
[INFO] [stderr]   --> Cargo.toml:90:12
[INFO] [stderr]    |
[INFO] [stderr] 90 | homepage = "https://github.com/SamSunny4/ShareDash"
[INFO] [stderr]    |            ^^^^^^^^^^^^^^^^^^^^^^^^^^^^^^^^^^^^^^^^
[INFO] [stderr] ...
[INFO] [stderr] 95 | repository = "https://github.com/SamSunny4/ShareDash"
[INFO] [stderr]    |              ----------------------------------------
[INFO] [stderr]    |
[INFO] [stderr]    = note: `cargo::redundant_homepage` is set to `warn` by default
[INFO] [stderr] help: consider removing `package.homepage`
[INFO] [stderr] warning: `sharedash` (manifest) generated 1 warning
[INFO] running `Command { std: "docker" "create" "-v" "/var/lib/crater-agent-workspace/builds/worker-7-tc2/source:/opt/rustwide/workdir:ro,Z" "-v" "/var/lib/crater-agent-workspace/builds/worker-7-tc2/target:/opt/rustwide/target:rw,Z" "-v" "/var/lib/crater-agent-workspace/cargo-home:/opt/rustwide/cargo-home:ro,Z" "-v" "/var/lib/crater-agent-workspace/rustup-home:/opt/rustwide/rustup-home:ro,Z" "-m" "1610612736" "--network" "none" "ghcr.io/rust-lang/crates-build-env/linux@sha256:77db811e55d90add9212f6832c23229e3de5f1c1f9905e8cb07319ea15df73ac" "sleep" "infinity", kill_on_drop: false }`
[INFO] [stdout] 41776245badadb1473c99cb8b4ac63993e2c796d623f9588cbbdbc97cf50219a
[INFO] running `Command { std: "docker" "start" "41776245badadb1473c99cb8b4ac63993e2c796d623f9588cbbdbc97cf50219a", kill_on_drop: false }`
[INFO] running `Command { std: "docker" "inspect" "41776245badadb1473c99cb8b4ac63993e2c796d623f9588cbbdbc97cf50219a", kill_on_drop: false }`
[INFO] running `Command { std: "docker" "exec" "-e" "SOURCE_DIR=/opt/rustwide/workdir" "-e" "CARGO_HOME=/opt/rustwide/cargo-home" "-e" "RUSTUP_HOME=/opt/rustwide/rustup-home" "-e" "CARGO_TARGET_DIR=/opt/rustwide/target" "-w" "/opt/rustwide/workdir" "--user" "0:0" "41776245badadb1473c99cb8b4ac63993e2c796d623f9588cbbdbc97cf50219a" "/opt/rustwide/cargo-home/bin/cargo" "+3154cc1a3e6424e44f438a95007d043ed5ceaaf6" "metadata" "--no-deps" "--format-version=1", kill_on_drop: false }`
[INFO] running `Command { std: "docker" "inspect" "41776245badadb1473c99cb8b4ac63993e2c796d623f9588cbbdbc97cf50219a", kill_on_drop: false }`
[INFO] running `Command { std: "docker" "exec" "-e" "SOURCE_DIR=/opt/rustwide/workdir" "-e" "CARGO_HOME=/opt/rustwide/cargo-home" "-e" "RUSTUP_HOME=/opt/rustwide/rustup-home" "-e" "CARGO_TARGET_DIR=/opt/rustwide/target" "-e" "CARGO_INCREMENTAL=0" "-e" "RUST_BACKTRACE=full" "-e" "RUSTFLAGS=--cap-lints=forbid" "-e" "RUSTDOCFLAGS=--cap-lints=forbid" "-w" "/opt/rustwide/workdir" "--user" "0:0" "41776245badadb1473c99cb8b4ac63993e2c796d623f9588cbbdbc97cf50219a" "/opt/rustwide/cargo-home/bin/cargo" "+3154cc1a3e6424e44f438a95007d043ed5ceaaf6" "check" "--frozen" "--all" "--all-targets" "--message-format=json", kill_on_drop: false }`
[INFO] [stderr] warning: `package.homepage` is redundant with `package.repository`
[INFO] [stderr]   --> Cargo.toml:90:12
[INFO] [stderr]    |
[INFO] [stderr] 90 | homepage = "https://github.com/SamSunny4/ShareDash"
[INFO] [stderr]    |            ^^^^^^^^^^^^^^^^^^^^^^^^^^^^^^^^^^^^^^^^
[INFO] [stderr] ...
[INFO] [stderr] 95 | repository = "https://github.com/SamSunny4/ShareDash"
[INFO] [stderr]    |              ----------------------------------------
[INFO] [stderr]    |
[INFO] [stderr]    = note: `cargo::redundant_homepage` is set to `warn` by default
[INFO] [stderr] help: consider removing `package.homepage`
[INFO] [stderr] warning: `sharedash` (manifest) generated 1 warning
[INFO] [stderr]     Checking futures-sink v0.3.34
[INFO] [stderr]    Compiling syn v3.0.3
[INFO] [stderr]    Compiling syn v2.0.119
[INFO] [stderr]     Checking parking_lot_core v0.9.12
[INFO] [stderr]     Checking log v0.4.33
[INFO] [stderr]     Checking crypto-common v0.1.7
[INFO] [stderr]     Checking http-body v1.1.0
[INFO] [stderr]    Compiling ring v0.17.14
[INFO] [stderr]    Compiling ahash v0.8.12
[INFO] [stderr]     Checking futures-channel v0.3.34
[INFO] [stderr]     Checking inout v0.1.4
[INFO] [stderr]     Checking digest v0.10.7
[INFO] [stderr]     Checking cipher v0.4.4
[INFO] [stderr]     Checking parking_lot v0.12.5
[INFO] [stderr]     Checking universal-hash v0.5.1
[INFO] [stderr]    Compiling rustls v0.23.43
[INFO] [stderr]    Compiling mime_guess v2.0.5
[INFO] [stderr]     Checking hashbrown v0.14.5
[INFO] [stderr]     Checking http-body-util v0.1.5
[INFO] [stderr]    Compiling serde_json v1.0.151
[INFO] [stderr]    Compiling libsqlite3-sys v0.30.1
[INFO] [stderr]     Checking sha1 v0.10.7
[INFO] [stderr]     Checking rand v0.8.7
[INFO] [stderr]    Compiling multer v3.1.0
[INFO] [stderr]     Checking regex-syntax v0.8.11
[INFO] [stderr]    Compiling either v1.17.0
[INFO] [stderr]     Checking xml v1.4.0
[INFO] [stderr]     Checking moxcms v0.8.1
[INFO] [stderr]     Checking uuid v1.24.1
[INFO] [stderr]     Checking polyval v0.6.2
[INFO] [stderr]     Checking regex-automata v0.4.18
[INFO] [stderr]     Checking webpki-roots v1.0.9
[INFO] [stderr]     Checking windows-threading v0.2.1
[INFO] [stderr]     Checking aead v0.5.2
[INFO] [stderr]    Compiling blake3 v1.8.6
[INFO] [stderr]     Checking bytemuck v1.25.2
[INFO] [stderr]    Compiling zip v2.4.2
[INFO] [stderr]     Checking http-range-header v0.4.2
[INFO] [stderr]     Checking spin v0.9.9
[INFO] [stderr]     Checking zopfli v0.8.3
[INFO] [stderr]     Checking ghash v0.5.1
[INFO] [stderr]     Checking dashmap v6.2.1
[INFO] [stderr]     Checking hashlink v0.9.1
[INFO] [stderr]     Checking flate2 v1.1.10
[INFO] [stderr]     Checking ctr v0.9.2
[INFO] [stderr]     Checking chacha20 v0.9.1
[INFO] [stderr]     Checking aes v0.8.4
[INFO] [stderr]     Checking poly1305 v0.8.0
[INFO] [stderr]     Checking matchers v0.2.0
[INFO] [stderr]     Checking tracing-log v0.2.0
[INFO] [stderr]     Checking serde_path_to_error v0.1.20
[INFO] [stderr]     Checking thread_local v1.1.10
[INFO] [stderr]     Checking fallible-streaming-iterator v0.1.9
[INFO] [stderr]     Checking fallible-iterator v0.3.0
[INFO] [stderr]     Checking aes-gcm v0.10.3
[INFO] [stderr]     Checking chacha20poly1305 v0.10.1
[INFO] [stderr]     Checking sha2 v0.10.9
[INFO] [stderr]     Checking tempfile v3.27.0
[INFO] [stderr]     Checking image v0.25.10
[INFO] [stderr]     Checking rustls-webpki v0.103.14
[INFO] [stderr]    Compiling synstructure v0.13.2
[INFO] [stderr]    Compiling darling_core v0.20.11
[INFO] [stderr]    Compiling futures-macro v0.3.34
[INFO] [stderr]    Compiling tokio-macros v2.7.2
[INFO] [stderr]    Compiling zerovec-derive v0.11.4
[INFO] [stderr]    Compiling zerofrom-derive v0.1.7
[INFO] [stderr]     Checking tokio v1.53.1
[INFO] [stderr]     Checking futures-util v0.3.34
[INFO] [stderr]    Compiling yoke-derive v0.8.2
[INFO] [stderr]    Compiling displaydoc v0.2.7
[INFO] [stderr]     Checking zerofrom v0.1.8
[INFO] [stderr]    Compiling serde_derive v1.0.229
[INFO] [stderr]    Compiling tracing-attributes v0.1.31
[INFO] [stderr]     Checking yoke v0.8.3
[INFO] [stderr]     Checking zerovec v0.11.7
[INFO] [stderr]     Checking zerotrie v0.2.5
[INFO] [stderr]    Compiling darling_macro v0.20.11
[INFO] [stderr]    Compiling windows-interface v0.59.3
[INFO] [stderr]    Compiling darling v0.20.11
[INFO] [stderr]    Compiling windows-implement v0.60.2
[INFO] [stderr]     Checking tinystr v0.8.4
[INFO] [stderr]     Checking icu_locale_core v2.3.0
[INFO] [stderr]     Checking tracing v0.1.44
[INFO] [stderr]     Checking potential_utf v0.1.6
[INFO] [stderr]     Checking icu_collections v2.3.0
[INFO] [stderr]    Compiling thiserror-impl v2.0.20
[INFO] [stderr]     Checking windows-core v0.62.2
[INFO] [stderr]    Compiling derive_builder_core v0.20.2
[INFO] [stderr]    Compiling thiserror-impl v1.0.69
[INFO] [stderr]     Checking dbus v0.9.12
[INFO] [stderr]     Checking icu_provider v2.3.0
[INFO] [stderr]     Checking icu_properties v2.3.0
[INFO] [stderr]     Checking icu_normalizer v2.3.0
[INFO] [stderr]     Checking thiserror v2.0.20
[INFO] [stderr]    Compiling derive_builder_macro v0.20.2
[INFO] [stderr]     Checking thiserror v1.0.69
[INFO] [stderr]     Checking futures-executor v0.3.34
[INFO] [stderr]    Compiling async-trait v0.1.92
[INFO] [stderr]     Checking futures v0.3.34
[INFO] [stderr]     Checking derive_builder v0.20.2
[INFO] [stderr]     Checking tungstenite v0.24.0
[INFO] [stderr]    Compiling getset v0.1.7
[INFO] [stderr]     Checking idna_adapter v1.2.2
[INFO] [stderr]     Checking idna v1.1.0
[INFO] [stderr]     Checking url v2.5.8
[INFO] [stderr]     Checking serde v1.0.229
[INFO] [stderr]     Checking windows-collections v0.3.2
[INFO] [stderr]     Checking tokio-util v0.7.19
[INFO] [stderr]     Checking hyper v1.11.0
[INFO] [stderr]     Checking tower v0.5.3
[INFO] [stderr]     Checking serde_urlencoded v0.7.1
[INFO] [stderr]     Checking serde-xml-rs v0.8.2
[INFO] [stderr]     Checking tokio-rustls v0.26.4
[INFO] [stderr]    Compiling neli-proc-macros v0.2.2
[INFO] [stderr]     Checking tokio-stream v0.1.19
[INFO] [stderr]     Checking axum-core v0.4.5
[INFO] [stderr]     Checking dbus-tokio v0.7.6
[INFO] [stderr]     Checking bluez-generated v0.4.0
[INFO] [stderr]     Checking tower-http v0.6.11
[INFO] [stderr]     Checking tokio-tungstenite v0.24.0
[INFO] [stderr]     Checking windows-numerics v0.3.1
[INFO] [stderr]     Checking bluez-async v0.8.2
[INFO] [stderr]     Checking windows-future v0.3.2
[INFO] [stderr]    Compiling axum-macros v0.4.2
[INFO] [stderr]     Checking hyper-util v0.1.20
[INFO] [stderr]    Compiling clap_derive v4.6.4
[INFO] [stdout] error[E0425]: cannot find type `IMarshal` in module `windows_core::imp`
[INFO] [stdout]   --> /opt/rustwide/cargo-home/registry/src/index.crates.io-1949cf8c6b5b557f/windows-future-0.3.2/src/bindings.rs:87:51
[INFO] [stdout]    |
[INFO] [stdout] 87 |             } else if *iid == <windows_core::imp::IMarshal as windows_core::Interface>::IID {
[INFO] [stdout]    |                                                   ^^^^^^^^ not found in `windows_core::imp`
[INFO] [stdout] 
[INFO] [stdout] 
[INFO] [stdout] error[E0425]: cannot find function `marshaler` in module `windows_core::imp`
[INFO] [stdout]   --> /opt/rustwide/cargo-home/registry/src/index.crates.io-1949cf8c6b5b557f/windows-future-0.3.2/src/bindings.rs:89:43
[INFO] [stdout]    |
[INFO] [stdout] 89 |                 return windows_core::imp::marshaler(
[INFO] [stdout]    |                                           ^^^^^^^^^ not found in `windows_core::imp`
[INFO] [stdout] 
[INFO] [stdout] 
[INFO] [stdout] error[E0425]: cannot find type `IMarshal` in module `windows_core::imp`
[INFO] [stdout]    --> /opt/rustwide/cargo-home/registry/src/index.crates.io-1949cf8c6b5b557f/windows-future-0.3.2/src/bindings.rs:255:51
[INFO] [stdout]     |
[INFO] [stdout] 255 |             } else if *iid == <windows_core::imp::IMarshal as windows_core::Interface>::IID {
[INFO] [stdout]     |                                                   ^^^^^^^^ not found in `windows_core::imp`
[INFO] [stdout] 
[INFO] [stdout] 
[INFO] [stdout] error[E0425]: cannot find function `marshaler` in module `windows_core::imp`
[INFO] [stdout]    --> /opt/rustwide/cargo-home/registry/src/index.crates.io-1949cf8c6b5b557f/windows-future-0.3.2/src/bindings.rs:257:43
[INFO] [stdout]     |
[INFO] [stdout] 257 |                 return windows_core::imp::marshaler(
[INFO] [stdout]     |                                           ^^^^^^^^^ not found in `windows_core::imp`
[INFO] [stdout] 
[INFO] [stdout] 
[INFO] [stdout] error[E0425]: cannot find type `IMarshal` in module `windows_core::imp`
[INFO] [stdout]    --> /opt/rustwide/cargo-home/registry/src/index.crates.io-1949cf8c6b5b557f/windows-future-0.3.2/src/bindings.rs:422:364
[INFO] [stdout]     |
[INFO] [stdout] 422 | ... _ } else if * iid == < windows_core::imp::IMarshal as windows_core::Interface >::IID { ( * this ) . count . add_ref ( ) ; retur...
[INFO] [stdout]     |                                               ^^^^^^^^ not found in `windows_core::imp`
[INFO] [stdout] 
[INFO] [stdout] 
[INFO] [stdout] error[E0425]: cannot find function `marshaler` in module `windows_core::imp`
[INFO] [stdout]    --> /opt/rustwide/cargo-home/registry/src/index.crates.io-1949cf8c6b5b557f/windows-future-0.3.2/src/bindings.rs:422:470
[INFO] [stdout]     |
[INFO] [stdout] 422 | ... . add_ref ( ) ; return windows_core::imp::marshaler ( core::mem::transmute ( & mut ( * this ) . vtable as * mut _ as * mut core...
[INFO] [stdout]     |                                               ^^^^^^^^^ not found in `windows_core::imp`
[INFO] [stdout] 
[INFO] [stdout] 
[INFO] [stdout] error[E0425]: cannot find type `IMarshal` in module `windows_core::imp`
[INFO] [stdout]    --> /opt/rustwide/cargo-home/registry/src/index.crates.io-1949cf8c6b5b557f/windows-future-0.3.2/src/bindings.rs:572:51
[INFO] [stdout]     |
[INFO] [stdout] 572 |             } else if *iid == <windows_core::imp::IMarshal as windows_core::Interface>::IID {
[INFO] [stdout]     |                                                   ^^^^^^^^ not found in `windows_core::imp`
[INFO] [stdout] 
[INFO] [stdout] 
[INFO] [stdout] error[E0425]: cannot find function `marshaler` in module `windows_core::imp`
[INFO] [stdout]    --> /opt/rustwide/cargo-home/registry/src/index.crates.io-1949cf8c6b5b557f/windows-future-0.3.2/src/bindings.rs:574:43
[INFO] [stdout]     |
[INFO] [stdout] 574 |                 return windows_core::imp::marshaler(
[INFO] [stdout]     |                                           ^^^^^^^^^ not found in `windows_core::imp`
[INFO] [stdout] 
[INFO] [stdout] 
[INFO] [stdout] error[E0425]: cannot find type `IMarshal` in module `windows_core::imp`
[INFO] [stdout]    --> /opt/rustwide/cargo-home/registry/src/index.crates.io-1949cf8c6b5b557f/windows-future-0.3.2/src/bindings.rs:752:364
[INFO] [stdout]     |
[INFO] [stdout] 752 | ... _ } else if * iid == < windows_core::imp::IMarshal as windows_core::Interface >::IID { ( * this ) . count . add_ref ( ) ; retur...
[INFO] [stdout]     |                                               ^^^^^^^^ not found in `windows_core::imp`
[INFO] [stdout] 
[INFO] [stdout] 
[INFO] [stdout] error[E0425]: cannot find function `marshaler` in module `windows_core::imp`
[INFO] [stdout]    --> /opt/rustwide/cargo-home/registry/src/index.crates.io-1949cf8c6b5b557f/windows-future-0.3.2/src/bindings.rs:752:470
[INFO] [stdout]     |
[INFO] [stdout] 752 | ... . add_ref ( ) ; return windows_core::imp::marshaler ( core::mem::transmute ( & mut ( * this ) . vtable as * mut _ as * mut core...
[INFO] [stdout]     |                                               ^^^^^^^^^ not found in `windows_core::imp`
[INFO] [stdout] 
[INFO] [stdout] 
[INFO] [stdout] error[E0425]: cannot find type `IMarshal` in module `windows_core::imp`
[INFO] [stdout]    --> /opt/rustwide/cargo-home/registry/src/index.crates.io-1949cf8c6b5b557f/windows-future-0.3.2/src/bindings.rs:927:377
[INFO] [stdout]     |
[INFO] [stdout] 927 | ... _ } else if * iid == < windows_core::imp::IMarshal as windows_core::Interface >::IID { ( * this ) . count . add_ref ( ) ; retur...
[INFO] [stdout]     |                                               ^^^^^^^^ not found in `windows_core::imp`
[INFO] [stdout] 
[INFO] [stdout] 
[INFO] [stdout] error[E0425]: cannot find function `marshaler` in module `windows_core::imp`
[INFO] [stdout]    --> /opt/rustwide/cargo-home/registry/src/index.crates.io-1949cf8c6b5b557f/windows-future-0.3.2/src/bindings.rs:927:483
[INFO] [stdout]     |
[INFO] [stdout] 927 | ... . add_ref ( ) ; return windows_core::imp::marshaler ( core::mem::transmute ( & mut ( * this ) . vtable as * mut _ as * mut core...
[INFO] [stdout]     |                                               ^^^^^^^^^ not found in `windows_core::imp`
[INFO] [stdout] 
[INFO] [stdout] 
[INFO] [stdout] error[E0425]: cannot find function `submit` in crate `windows_threading`
[INFO] [stdout]    --> /opt/rustwide/cargo-home/registry/src/index.crates.io-1949cf8c6b5b557f/windows-future-0.3.2/src/async_spawn.rs:264:28
[INFO] [stdout]     |
[INFO] [stdout] 264 |         windows_threading::submit(move || {
[INFO] [stdout]     |                            ^^^^^^ not found in `windows_threading`
[INFO] [stdout] 
[INFO] [stdout] 
[INFO] [stdout] error[E0425]: cannot find function `submit` in crate `windows_threading`
[INFO] [stdout]    --> /opt/rustwide/cargo-home/registry/src/index.crates.io-1949cf8c6b5b557f/windows-future-0.3.2/src/async_spawn.rs:281:28
[INFO] [stdout]     |
[INFO] [stdout] 281 |         windows_threading::submit(move || {
[INFO] [stdout]     |                            ^^^^^^ not found in `windows_threading`
[INFO] [stdout] 
[INFO] [stdout] 
[INFO] [stdout] error[E0425]: cannot find function `submit` in crate `windows_threading`
[INFO] [stdout]    --> /opt/rustwide/cargo-home/registry/src/index.crates.io-1949cf8c6b5b557f/windows-future-0.3.2/src/async_spawn.rs:298:28
[INFO] [stdout]     |
[INFO] [stdout] 298 |         windows_threading::submit(move || {
[INFO] [stdout]     |                            ^^^^^^ not found in `windows_threading`
[INFO] [stdout] 
[INFO] [stdout] 
[INFO] [stdout] error[E0425]: cannot find function `submit` in crate `windows_threading`
[INFO] [stdout]    --> /opt/rustwide/cargo-home/registry/src/index.crates.io-1949cf8c6b5b557f/windows-future-0.3.2/src/async_spawn.rs:315:28
[INFO] [stdout]     |
[INFO] [stdout] 315 |         windows_threading::submit(move || {
[INFO] [stdout]     |                            ^^^^^^ not found in `windows_threading`
[INFO] [stdout] 
[INFO] [stdout] 
[INFO] [stderr]     Checking neli v0.7.4
[INFO] [stdout] For more information about this error, try `rustc --explain E0425`.
[INFO] [stdout] 
[INFO] [stderr] error: could not compile `windows-future` (lib) due to 16 previous errors
[INFO] [stderr] warning: build failed, waiting for other jobs to finish...
[INFO] running `Command { std: "docker" "inspect" "41776245badadb1473c99cb8b4ac63993e2c796d623f9588cbbdbc97cf50219a", kill_on_drop: false }`
[INFO] running `Command { std: "docker" "rm" "-f" "41776245badadb1473c99cb8b4ac63993e2c796d623f9588cbbdbc97cf50219a", kill_on_drop: false }`
[INFO] [stdout] 41776245badadb1473c99cb8b4ac63993e2c796d623f9588cbbdbc97cf50219a
