[INFO] cloning repository https://github.com/SakiikaVR/PhotoSFTP
[INFO] running `Command { std: "git" "-c" "credential.helper=" "-c" "credential.helper=/workspace/cargo-home/bin/git-credential-null" "clone" "--bare" "https://github.com/SakiikaVR/PhotoSFTP" "/workspace/cache/git-repos/https%3A%2F%2Fgithub.com%2FSakiikaVR%2FPhotoSFTP", kill_on_drop: false }`
[INFO] [stderr] Cloning into bare repository '/workspace/cache/git-repos/https%3A%2F%2Fgithub.com%2FSakiikaVR%2FPhotoSFTP'...
[INFO] running `Command { std: "git" "rev-parse" "HEAD", kill_on_drop: false }`
[INFO] [stdout] 07ad1e62d5dee12335299b4de8e730c51951cc67
[INFO] checking SakiikaVR/PhotoSFTP against 3154cc1a3e6424e44f438a95007d043ed5ceaaf6+rustflags=-Znext-solver=coherence for pr-133502-30
[INFO] running `Command { std: "git" "clone" "/workspace/cache/git-repos/https%3A%2F%2Fgithub.com%2FSakiikaVR%2FPhotoSFTP" "/workspace/builds/worker-3-tc1/source", kill_on_drop: false }`
[INFO] [stderr] Cloning into '/workspace/builds/worker-3-tc1/source'...
[INFO] [stderr] done.
[INFO] removed /workspace/builds/worker-3-tc1/source/.cargo/config.toml
[INFO] removed /workspace/builds/worker-3-tc1/source/rust-toolchain.toml
[INFO] started tweaking git repo https://github.com/SakiikaVR/PhotoSFTP
[INFO] finished tweaking git repo https://github.com/SakiikaVR/PhotoSFTP
[INFO] tweaked toml for git repo https://github.com/SakiikaVR/PhotoSFTP written to /workspace/builds/worker-3-tc1/source/Cargo.toml
[INFO] validating manifest of git repo https://github.com/SakiikaVR/PhotoSFTP on toolchain 3154cc1a3e6424e44f438a95007d043ed5ceaaf6
[INFO] running `Command { std: CARGO_HOME="/workspace/cargo-home" RUSTUP_HOME="/workspace/rustup-home" "/workspace/cargo-home/bin/cargo" "+3154cc1a3e6424e44f438a95007d043ed5ceaaf6" "metadata" "--manifest-path" "Cargo.toml" "--no-deps", kill_on_drop: false }`
[INFO] crate git repo https://github.com/SakiikaVR/PhotoSFTP already has a lockfile, it will not be regenerated
[INFO] running `Command { std: CARGO_HOME="/workspace/cargo-home" RUSTUP_HOME="/workspace/rustup-home" "/workspace/cargo-home/bin/cargo" "+3154cc1a3e6424e44f438a95007d043ed5ceaaf6" "fetch" "--manifest-path" "Cargo.toml", kill_on_drop: false }`
[INFO] [stderr]     Updating crates.io index
[INFO] [stderr]  Downloading crates ...
[INFO] [stderr]   Downloaded winio-ui-windows-common v0.6.0
[INFO] [stderr]   Downloaded winio-ui-winui v0.5.0
[INFO] [stderr]   Downloaded winio-primitive v0.2.0
[INFO] [stderr]   Downloaded winio-callback v0.1.2
[INFO] [stderr]   Downloaded sync-unsafe-cell v0.1.1
[INFO] [stderr]   Downloaded winio-pollable v0.4.0
[INFO] [stderr]   Downloaded winio-layout v0.2.0
[INFO] [stderr]   Downloaded thin-cell v0.1.2
[INFO] [stderr]   Downloaded winio-handle v0.6.0
[INFO] [stderr]   Downloaded compio-runtime v0.11.0
[INFO] [stderr]   Downloaded inherit-methods-macro v0.1.0
[INFO] [stderr]   Downloaded winio-elm v0.5.0
[INFO] [stderr]   Downloaded compio-log v0.1.0
[INFO] [stderr]   Downloaded compio v0.18.0
[INFO] [stderr]   Downloaded compio-buf v0.8.3
[INFO] [stderr]   Downloaded synchrony v0.1.9
[INFO] [stderr]   Downloaded oneshot v0.2.1
[INFO] [stderr]   Downloaded winio-ui-app-kit v0.5.0
[INFO] [stderr]   Downloaded local-sync v0.1.1
[INFO] [stderr]   Downloaded objc2-uniform-type-identifiers v0.3.2
[INFO] [stderr]   Downloaded compio-driver v0.11.4
[INFO] [stderr]   Downloaded winio v0.11.0
[INFO] [stderr]   Downloaded slim-detours-sys v0.4.0
[INFO] [stderr]   Downloaded russh v0.63.0
[INFO] [stderr]   Downloaded winio-winui3 v0.3.9
[INFO] [stderr]   Downloaded pageant v0.2.2
[INFO] [stderr]   Downloaded neli v0.7.4
[INFO] [stderr]   Downloaded neli-proc-macros v0.2.2
[INFO] [stderr]   Downloaded local-ip-address v0.6.13
[INFO] [stderr]   Downloaded keyring v4.1.6
[INFO] running `Command { std: "docker" "create" "-v" "/var/lib/crater-agent-workspace/builds/worker-3-tc1/source:/opt/rustwide/workdir:ro,Z" "-v" "/var/lib/crater-agent-workspace/builds/worker-3-tc1/target:/opt/rustwide/target:rw,Z" "-v" "/var/lib/crater-agent-workspace/cargo-home:/opt/rustwide/cargo-home:ro,Z" "-v" "/var/lib/crater-agent-workspace/rustup-home:/opt/rustwide/rustup-home:ro,Z" "-m" "1610612736" "--network" "none" "ghcr.io/rust-lang/crates-build-env/linux@sha256:77db811e55d90add9212f6832c23229e3de5f1c1f9905e8cb07319ea15df73ac" "sleep" "infinity", kill_on_drop: false }`
[INFO] [stdout] a23b88be08285345bc1f239a90b25674e723d9318a90bd16072a3c18685d4728
[INFO] running `Command { std: "docker" "start" "a23b88be08285345bc1f239a90b25674e723d9318a90bd16072a3c18685d4728", kill_on_drop: false }`
[INFO] running `Command { std: "docker" "inspect" "a23b88be08285345bc1f239a90b25674e723d9318a90bd16072a3c18685d4728", kill_on_drop: false }`
[INFO] running `Command { std: "docker" "exec" "-e" "SOURCE_DIR=/opt/rustwide/workdir" "-e" "CARGO_HOME=/opt/rustwide/cargo-home" "-e" "RUSTUP_HOME=/opt/rustwide/rustup-home" "-e" "CARGO_TARGET_DIR=/opt/rustwide/target" "-w" "/opt/rustwide/workdir" "--user" "0:0" "a23b88be08285345bc1f239a90b25674e723d9318a90bd16072a3c18685d4728" "/opt/rustwide/cargo-home/bin/cargo" "+3154cc1a3e6424e44f438a95007d043ed5ceaaf6" "metadata" "--no-deps" "--format-version=1", kill_on_drop: false }`
[INFO] running `Command { std: "docker" "inspect" "a23b88be08285345bc1f239a90b25674e723d9318a90bd16072a3c18685d4728", kill_on_drop: false }`
[INFO] running `Command { std: "docker" "exec" "-e" "SOURCE_DIR=/opt/rustwide/workdir" "-e" "CARGO_HOME=/opt/rustwide/cargo-home" "-e" "RUSTUP_HOME=/opt/rustwide/rustup-home" "-e" "CARGO_TARGET_DIR=/opt/rustwide/target" "-e" "CARGO_INCREMENTAL=0" "-e" "RUST_BACKTRACE=full" "-e" "RUSTFLAGS=--cap-lints=forbid -Znext-solver=coherence" "-e" "RUSTDOCFLAGS=--cap-lints=forbid" "-w" "/opt/rustwide/workdir" "--user" "0:0" "a23b88be08285345bc1f239a90b25674e723d9318a90bd16072a3c18685d4728" "/opt/rustwide/cargo-home/bin/cargo" "+3154cc1a3e6424e44f438a95007d043ed5ceaaf6" "check" "--frozen" "--all" "--all-targets" "--message-format=json", kill_on_drop: false }`
[INFO] [stderr]    Compiling libc v0.2.189
[INFO] [stderr]     Checking ctutils v0.4.2
[INFO] [stderr]    Compiling getrandom v0.4.3
[INFO] [stderr]    Compiling syn v3.0.3
[INFO] [stderr]    Compiling syn v2.0.119
[INFO] [stderr]     Checking pem-rfc7468 v1.0.0
[INFO] [stderr]    Compiling toml_datetime v1.1.1+spec-1.1.0
[INFO] [stderr]     Checking futures-channel v0.3.34
[INFO] [stderr]     Checking der v0.8.1
[INFO] [stderr]     Checking ff v0.14.0
[INFO] [stderr]     Checking hybrid-array v0.4.14
[INFO] [stderr]    Compiling toml_edit v0.25.13+spec-1.1.0
[INFO] [stderr]    Compiling rustix v1.1.4
[INFO] [stderr]     Checking group v0.14.0
[INFO] [stderr]     Checking num-integer v0.1.47
[INFO] [stderr]     Checking base16ct v1.0.0
[INFO] [stderr]     Checking smallvec v1.15.2
[INFO] [stderr]     Checking block-padding v0.3.3
[INFO] [stderr]     Checking inout v0.1.4
[INFO] [stderr]    Compiling proc-macro-crate v3.5.0
[INFO] [stderr]     Checking spki v0.8.0
[INFO] [stderr]     Checking block-buffer v0.12.1
[INFO] [stderr]     Checking block-padding v0.4.2
[INFO] [stderr]     Checking sec1 v0.8.1
[INFO] [stderr]     Checking inout v0.2.2
[INFO] [stderr]     Checking wnaf v0.14.0
[INFO] [stderr]     Checking digest v0.10.7
[INFO] [stderr]    Compiling syn v1.0.109
[INFO] [stderr]     Checking num-bigint v0.4.8
[INFO] [stderr]     Checking async-channel v2.5.0
[INFO] [stderr]     Checking cipher v0.4.4
[INFO] [stderr]    Compiling curve25519-dalek v5.0.0
[INFO] [stderr]    Compiling slotmap v1.1.1
[INFO] [stderr]     Checking blocking v1.6.2
[INFO] [stderr]     Checking rgb v0.8.53
[INFO] [stderr]     Checking socket2 v0.6.5
[INFO] [stderr]     Checking crypto-common v0.2.2
[INFO] [stderr]     Checking crypto-bigint v0.7.5
[INFO] [stderr]     Checking errno v0.3.14
[INFO] [stderr]     Checking signal-hook-registry v1.4.8
[INFO] [stderr]     Checking mio v1.2.2
[INFO] [stderr]     Checking parking_lot_core v0.9.12
[INFO] [stderr]     Checking digest v0.11.3
[INFO] [stderr]     Checking cipher v0.5.2
[INFO] [stderr]     Checking universal-hash v0.6.1
[INFO] [stderr]     Checking polyval v0.7.3
[INFO] [stderr]     Checking hmac v0.13.0
[INFO] [stderr]     Checking ctr v0.10.1
[INFO] [stderr]     Checking pbkdf2 v0.13.0
[INFO] [stderr]     Checking ghash v0.6.0
[INFO] [stderr]     Checking aes v0.9.2
[INFO] [stderr]     Checking sha2 v0.11.0
[INFO] [stderr]     Checking aead v0.6.1
[INFO] [stderr]     Checking salsa20 v0.11.0
[INFO] [stderr]     Checking cbc v0.2.1
[INFO] [stderr]     Checking hkdf v0.13.0
[INFO] [stderr]     Checking signature v3.0.0
[INFO] [stderr]     Checking aes-gcm v0.11.1
[INFO] [stderr]     Checking chacha20 v0.10.1
[INFO] [stderr]     Checking getrandom v0.2.17
[INFO] [stderr]     Checking ssh-encoding v0.3.0
[INFO] [stderr]     Checking num-rational v0.4.2
[INFO] [stderr]     Checking scrypt v0.12.0
[INFO] [stderr]     Checking hmac v0.12.1
[INFO] [stderr]    Compiling darling_core v0.20.11
[INFO] [stderr]     Checking pkcs5 v0.8.1
[INFO] [stderr]     Checking async-executor v1.14.0
[INFO] [stderr]     Checking num-iter v0.1.46
[INFO] [stderr]    Compiling compio-driver v0.11.4
[INFO] [stderr]     Checking pkcs8 v0.11.0
[INFO] [stderr]    Compiling nix v0.31.3
[INFO] [stderr]    Compiling serde_spanned v1.1.1
[INFO] [stderr]     Checking euclid v0.22.14
[INFO] [stderr]     Checking polling v3.11.0
[INFO] [stderr]     Checking async-io v2.6.0
[INFO] [stderr]    Compiling darling_core v0.13.4
[INFO] [stderr]     Checking async-signal v0.2.14
[INFO] [stderr]     Checking async-process v2.5.0
[INFO] [stderr]     Checking num-complex v0.4.6
[INFO] [stderr]     Checking elliptic-curve v0.14.1
[INFO] [stderr]     Checking primefield v0.14.0
[INFO] [stderr]     Checking rfc6979 v0.6.0
[INFO] [stderr]     Checking primeorder v0.14.0
[INFO] [stderr]     Checking ecdsa v0.17.0
[INFO] [stderr]    Compiling enumflags2_derive v0.7.12
[INFO] [stderr]    Compiling tracing-attributes v0.1.31
[INFO] [stderr]    Compiling curve25519-dalek-derive v0.1.1
[INFO] [stderr]    Compiling async-recursion v1.1.1
[INFO] [stderr]     Checking uuid v1.25.0
[INFO] [stderr]    Compiling serde_derive v1.0.229
[INFO] [stderr]    Compiling futures-macro v0.3.34
[INFO] [stderr]    Compiling tokio-macros v2.7.2
[INFO] [stderr]    Compiling thiserror-impl v2.0.20
[INFO] [stderr]    Compiling async-trait v0.1.92
[INFO] [stderr]     Checking tracing v0.1.44
[INFO] [stderr]    Compiling darling_macro v0.20.11
[INFO] [stderr]     Checking futures-util v0.3.34
[INFO] [stderr]    Compiling serde_repr v0.1.21
[INFO] [stderr]     Checking tokio v1.53.1
[INFO] [stderr]    Compiling darling v0.20.11
[INFO] [stderr]    Compiling derive_builder_core v0.20.2
[INFO] [stderr]    Compiling darling_macro v0.13.4
[INFO] [stderr]     Checking keccak v0.2.2
[INFO] [stderr]     Checking compio-log v0.1.0
[INFO] [stderr]     Checking num v0.4.3
[INFO] [stderr]    Compiling darling v0.13.4
[INFO] [stderr]    Compiling async-stream-impl v0.3.6
[INFO] [stderr]     Checking winio-primitive v0.2.0
[INFO] [stderr]    Compiling toml v1.1.4+spec-1.1.0
[INFO] [stderr]     Checking ed25519 v3.0.0
[INFO] [stderr]     Checking thiserror v2.0.20
[INFO] [stderr]     Checking flume v0.12.0
[INFO] [stderr]     Checking hkdf v0.12.4
[INFO] [stderr]     Checking blowfish v0.10.0
[INFO] [stderr]     Checking blake2 v0.11.0-rc.6
[INFO] [stderr]     Checking poly1305 v0.9.1
[INFO] [stderr]    Compiling derive_builder_macro v0.20.2
[INFO] [stderr]     Checking compio-buf v0.8.3
[INFO] [stderr]     Checking sha2 v0.10.9
[INFO] [stderr]     Checking aes v0.8.4
[INFO] [stderr]     Checking cbc v0.1.2
[INFO] [stderr]    Compiling either v1.18.0
[INFO] [stderr]     Checking thin-cell v0.1.2
[INFO] [stderr]     Checking grid v1.0.1
[INFO] [stderr]     Checking moxcms v0.8.1
[INFO] [stderr]     Checking derive_builder v0.20.2
[INFO] [stderr]     Checking ed25519-dalek v3.0.0
[INFO] [stderr]     Checking ssh-cipher v0.3.0
[INFO] [stderr]     Checking argon2 v0.6.0-rc.8
[INFO] [stderr]     Checking taffy v0.9.2
[INFO] [stderr]    Compiling winresource v0.1.31
[INFO] [stderr]     Checking bcrypt-pbkdf v0.11.0
[INFO] [stderr]     Checking async-stream v0.3.6
[INFO] [stderr]    Compiling inherit-methods-macro v0.1.0
[INFO] [stderr]     Checking sha3 v0.11.0
[INFO] [stderr]     Checking p521 v0.14.0
[INFO] [stderr]     Checking p384 v0.14.0
[INFO] [stderr]     Checking p256 v0.14.0
[INFO] [stderr]    Compiling getset v0.1.7
[INFO] [stderr]    Compiling serde v1.0.229
[INFO] [stderr]     Checking synchrony v0.1.9
[INFO] [stderr]    Compiling zvariant_utils v4.2.0
[INFO] [stderr]    Compiling enumflags2 v0.7.12
[INFO] [stderr]    Compiling zcheapstr v1.1.0
[INFO] [stderr]    Compiling neli-proc-macros v0.2.2
[INFO] [stderr]     Checking futures-executor v0.3.34
[INFO] [stderr]     Checking rand v0.10.2
[INFO] [stderr]     Checking sha1 v0.11.0
[INFO] [stderr]     Checking parking_lot v0.12.5
[INFO] [stderr]     Checking kem v0.3.0
[INFO] [stderr]     Checking module-lattice v0.2.3
[INFO] [stderr]     Checking keyring-core v1.0.0
[INFO] [stderr]    Compiling winio v0.11.0
[INFO] [stderr]     Checking winio-handle v0.6.0
[INFO] [stderr]     Checking tuplex v0.1.2
[INFO] [stderr]     Checking sponge-cursor v0.1.0
[INFO] [stderr]     Checking chrono v0.4.45
[INFO] [stderr]     Checking ml-kem v0.3.2
[INFO] [stderr]     Checking sha3 v0.12.0
[INFO] [stderr]    Compiling zvariant_derive v5.15.0
[INFO] [stderr]     Checking ring v0.17.14
[INFO] [stderr]    Compiling zvariant v5.15.0
[INFO] [stderr]     Checking winio-elm v0.5.0
[INFO] [stderr]     Checking image v0.25.10
[INFO] [stderr]    Compiling enum_dispatch v0.3.13
[INFO] [stderr]     Checking neli v0.7.4
[INFO] [stderr]     Checking dashmap v6.2.1
[INFO] [stderr]     Checking dirs-sys v0.5.0
[INFO] [stderr]     Checking internal-russh-num-bigint v0.5.0
[INFO] [stderr]     Checking russh-util v0.52.0
[INFO] [stderr]     Checking tokio-util v0.7.19
[INFO] [stderr]     Checking futures v0.3.34
[INFO] [stderr]     Checking compio v0.18.0
[INFO] [stderr]     Checking winio-layout v0.2.0
[INFO] [stderr]     Checking russh-cryptovec v0.62.0
[INFO] [stderr]     Checking generic-array v1.4.5
[INFO] [stderr]    Compiling photosftp v0.1.2 (/opt/rustwide/workdir)
[INFO] [stderr]    Compiling delegate v0.13.5
[INFO] [stderr]     Checking serde_bytes v0.11.19
[INFO] [stderr]     Checking hex-literal v1.1.0
[INFO] [stderr]     Checking md5 v0.8.1
[INFO] [stderr]     Checking russh-sftp v2.4.0
[INFO] [stderr]     Checking serde_json v1.0.151
[INFO] [stderr]     Checking zbus_names v4.3.4
[INFO] [stderr]     Checking directories v6.0.0
[INFO] [stderr]     Checking filetime v0.2.29
[INFO] [stderr]     Checking constant_time_eq v0.4.2
[INFO] [stderr]     Checking tempfile v3.27.0
[INFO] [stderr]     Checking ssh-key v0.7.0-rc.11
[INFO] [stderr]    Compiling zbus_macros v5.19.0
[INFO] [stderr]     Checking local-ip-address v0.6.13
[INFO] [stderr]     Checking russh v0.63.0
[INFO] [stderr]     Checking zbus v5.19.0
[INFO] [stderr]     Checking secret-service v5.1.0
[INFO] [stderr]     Checking zbus-secret-service-keyring-store v1.0.1
[INFO] [stderr]     Checking keyring v4.1.6
[INFO] [stdout] error[E0599]: no method named `set_icon_by_id` found for struct `winio::prelude::Child<winio::widgets::Window>` in the current scope
[INFO] [stdout]    --> src/ui.rs:141:16
[INFO] [stdout]     |
[INFO] [stdout] 141 |         window.set_icon_by_id(1)?;
[INFO] [stdout]     |                ^^^^^^^^^^^^^^ method not found in `winio::prelude::Child<winio::widgets::Window>`
[INFO] [stdout] 
[INFO] [stdout] 
[INFO] [stdout] error[E0599]: no method named `set_icon_by_id` found for struct `winio::prelude::Child<winio::widgets::Window>` in the current scope
[INFO] [stdout]    --> src/ui.rs:141:16
[INFO] [stdout]     |
[INFO] [stdout] 141 |         window.set_icon_by_id(1)?;
[INFO] [stdout]     |                ^^^^^^^^^^^^^^ method not found in `winio::prelude::Child<winio::widgets::Window>`
[INFO] [stdout] 
[INFO] [stdout] 
[INFO] [stdout] error[E0599]: no method named `set_backdrop` found for struct `winio::prelude::Child<winio::widgets::Window>` in the current scope
[INFO] [stdout]    --> src/ui.rs:142:24
[INFO] [stdout]     |
[INFO] [stdout] 142 |         let _ = window.set_backdrop(Backdrop::Mica);
[INFO] [stdout]     |                        ^^^^^^^^^^^^ method not found in `winio::prelude::Child<winio::widgets::Window>`
[INFO] [stdout] 
[INFO] [stdout] 
[INFO] [stdout] error[E0433]: cannot find type `Backdrop` in this scope
[INFO] [stdout]    --> src/ui.rs:142:37
[INFO] [stdout]     |
[INFO] [stdout] 142 |         let _ = window.set_backdrop(Backdrop::Mica);
[INFO] [stdout]     |                                     ^^^^^^^^ use of undeclared type `Backdrop`
[INFO] [stdout] 
[INFO] [stdout] 
[INFO] [stdout] error[E0599]: no method named `set_backdrop` found for struct `winio::prelude::Child<winio::widgets::Window>` in the current scope
[INFO] [stdout]    --> src/ui.rs:142:24
[INFO] [stdout]     |
[INFO] [stdout] 142 |         let _ = window.set_backdrop(Backdrop::Mica);
[INFO] [stdout]     |                        ^^^^^^^^^^^^ method not found in `winio::prelude::Child<winio::widgets::Window>`
[INFO] [stdout] 
[INFO] [stdout] 
[INFO] [stdout] error[E0433]: cannot find type `Backdrop` in this scope
[INFO] [stdout]    --> src/ui.rs:142:37
[INFO] [stdout]     |
[INFO] [stdout] 142 |         let _ = window.set_backdrop(Backdrop::Mica);
[INFO] [stdout]     |                                     ^^^^^^^^ use of undeclared type `Backdrop`
[INFO] [stdout] 
[INFO] [stdout] 
[INFO] [stdout] Some errors have detailed explanations: E0433, E0599.
[INFO] [stdout] 
[INFO] [stdout] For more information about an error, try `rustc --explain E0433`.
[INFO] [stdout] 
[INFO] [stdout] Some errors have detailed explanations: E0433, E0599.
[INFO] [stdout] 
[INFO] [stderr] error: could not compile `photosftp` (lib) due to 3 previous errors
[INFO] [stdout] For more information about an error, try `rustc --explain E0433`.
[INFO] [stdout] 
[INFO] [stderr] warning: build failed, waiting for other jobs to finish...
[INFO] [stderr] error: could not compile `photosftp` (lib test) due to 3 previous errors
[INFO] running `Command { std: "docker" "inspect" "a23b88be08285345bc1f239a90b25674e723d9318a90bd16072a3c18685d4728", kill_on_drop: false }`
[INFO] running `Command { std: "docker" "rm" "-f" "a23b88be08285345bc1f239a90b25674e723d9318a90bd16072a3c18685d4728", kill_on_drop: false }`
[INFO] [stdout] a23b88be08285345bc1f239a90b25674e723d9318a90bd16072a3c18685d4728
