[INFO] cloning repository https://github.com/SakaChan33/exi
[INFO] running `Command { std: "git" "-c" "credential.helper=" "-c" "credential.helper=/workspace/cargo-home/bin/git-credential-null" "clone" "--bare" "https://github.com/SakaChan33/exi" "/workspace/cache/git-repos/https%3A%2F%2Fgithub.com%2FSakaChan33%2Fexi", kill_on_drop: false }`
[INFO] [stderr] Cloning into bare repository '/workspace/cache/git-repos/https%3A%2F%2Fgithub.com%2FSakaChan33%2Fexi'...
[INFO] running `Command { std: "git" "rev-parse" "HEAD", kill_on_drop: false }`
[INFO] [stdout] 249beecafd1f4bd36c63ee2863e00e4dd13c6c95
[INFO] checking SakaChan33/exi against 3154cc1a3e6424e44f438a95007d043ed5ceaaf6+rustflags=-Znext-solver=coherence for pr-133502-30
[INFO] running `Command { std: "git" "clone" "/workspace/cache/git-repos/https%3A%2F%2Fgithub.com%2FSakaChan33%2Fexi" "/workspace/builds/worker-5-tc1/source", kill_on_drop: false }`
[INFO] [stderr] Cloning into '/workspace/builds/worker-5-tc1/source'...
[INFO] [stderr] done.
[INFO] started tweaking git repo https://github.com/SakaChan33/exi
[INFO] finished tweaking git repo https://github.com/SakaChan33/exi
[INFO] tweaked toml for git repo https://github.com/SakaChan33/exi written to /workspace/builds/worker-5-tc1/source/Cargo.toml
[INFO] validating manifest of git repo https://github.com/SakaChan33/exi on toolchain 3154cc1a3e6424e44f438a95007d043ed5ceaaf6
[INFO] running `Command { std: CARGO_HOME="/workspace/cargo-home" RUSTUP_HOME="/workspace/rustup-home" "/workspace/cargo-home/bin/cargo" "+3154cc1a3e6424e44f438a95007d043ed5ceaaf6" "metadata" "--manifest-path" "Cargo.toml" "--no-deps", kill_on_drop: false }`
[INFO] crate git repo https://github.com/SakaChan33/exi already has a lockfile, it will not be regenerated
[INFO] running `Command { std: CARGO_HOME="/workspace/cargo-home" RUSTUP_HOME="/workspace/rustup-home" "/workspace/cargo-home/bin/cargo" "+3154cc1a3e6424e44f438a95007d043ed5ceaaf6" "fetch" "--manifest-path" "Cargo.toml", kill_on_drop: false }`
[INFO] running `Command { std: "docker" "create" "-v" "/var/lib/crater-agent-workspace/builds/worker-5-tc1/source:/opt/rustwide/workdir:ro,Z" "-v" "/var/lib/crater-agent-workspace/builds/worker-5-tc1/target:/opt/rustwide/target:rw,Z" "-v" "/var/lib/crater-agent-workspace/cargo-home:/opt/rustwide/cargo-home:ro,Z" "-v" "/var/lib/crater-agent-workspace/rustup-home:/opt/rustwide/rustup-home:ro,Z" "-m" "1610612736" "--network" "none" "ghcr.io/rust-lang/crates-build-env/linux@sha256:77db811e55d90add9212f6832c23229e3de5f1c1f9905e8cb07319ea15df73ac" "sleep" "infinity", kill_on_drop: false }`
[INFO] [stdout] c09439420d46f294d7ad5bbcce6dd5efa16d278098bfe775c6e72c197d908458
[INFO] running `Command { std: "docker" "start" "c09439420d46f294d7ad5bbcce6dd5efa16d278098bfe775c6e72c197d908458", kill_on_drop: false }`
[INFO] running `Command { std: "docker" "inspect" "c09439420d46f294d7ad5bbcce6dd5efa16d278098bfe775c6e72c197d908458", kill_on_drop: false }`
[INFO] running `Command { std: "docker" "exec" "-e" "SOURCE_DIR=/opt/rustwide/workdir" "-e" "CARGO_HOME=/opt/rustwide/cargo-home" "-e" "RUSTUP_HOME=/opt/rustwide/rustup-home" "-e" "CARGO_TARGET_DIR=/opt/rustwide/target" "-w" "/opt/rustwide/workdir" "--user" "0:0" "c09439420d46f294d7ad5bbcce6dd5efa16d278098bfe775c6e72c197d908458" "/opt/rustwide/cargo-home/bin/cargo" "+3154cc1a3e6424e44f438a95007d043ed5ceaaf6" "metadata" "--no-deps" "--format-version=1", kill_on_drop: false }`
[INFO] running `Command { std: "docker" "inspect" "c09439420d46f294d7ad5bbcce6dd5efa16d278098bfe775c6e72c197d908458", kill_on_drop: false }`
[INFO] running `Command { std: "docker" "exec" "-e" "SOURCE_DIR=/opt/rustwide/workdir" "-e" "CARGO_HOME=/opt/rustwide/cargo-home" "-e" "RUSTUP_HOME=/opt/rustwide/rustup-home" "-e" "CARGO_TARGET_DIR=/opt/rustwide/target" "-e" "CARGO_INCREMENTAL=0" "-e" "RUST_BACKTRACE=full" "-e" "RUSTFLAGS=--cap-lints=forbid -Znext-solver=coherence" "-e" "RUSTDOCFLAGS=--cap-lints=forbid" "-w" "/opt/rustwide/workdir" "--user" "0:0" "c09439420d46f294d7ad5bbcce6dd5efa16d278098bfe775c6e72c197d908458" "/opt/rustwide/cargo-home/bin/cargo" "+3154cc1a3e6424e44f438a95007d043ed5ceaaf6" "check" "--frozen" "--all" "--all-targets" "--message-format=json", kill_on_drop: false }`
[INFO] [stderr]     Checking exi v0.1.0 (/opt/rustwide/workdir)
[INFO] [stdout] error[E0583]: file not found for module `reader_v2`
[INFO] [stdout]  --> src/lib.rs:9:1
[INFO] [stdout]   |
[INFO] [stdout] 9 | pub mod reader_v2;
[INFO] [stdout]   | ^^^^^^^^^^^^^^^^^^
[INFO] [stdout]   |
[INFO] [stdout]   = help: to create the module `reader_v2`, create file "src/reader_v2.rs" or "src/reader_v2/mod.rs"
[INFO] [stdout]   = note: if there is a `mod reader_v2` elsewhere in the crate already, import it with `use crate::...` instead
[INFO] [stdout] 
[INFO] [stdout] 
[INFO] [stdout] error[E0583]: file not found for module `binary_v2`
[INFO] [stdout]   --> src/lib.rs:26:1
[INFO] [stdout]    |
[INFO] [stdout] 26 | pub mod binary_v2;
[INFO] [stdout]    | ^^^^^^^^^^^^^^^^^^
[INFO] [stdout]    |
[INFO] [stdout]    = help: to create the module `binary_v2`, create file "src/binary_v2.rs" or "src/binary_v2/mod.rs"
[INFO] [stdout]    = note: if there is a `mod binary_v2` elsewhere in the crate already, import it with `use crate::...` instead
[INFO] [stdout] 
[INFO] [stdout] 
[INFO] [stdout] error[E0583]: file not found for module `reader_v2`
[INFO] [stdout]  --> src/lib.rs:9:1
[INFO] [stdout]   |
[INFO] [stdout] 9 | pub mod reader_v2;
[INFO] [stdout]   | ^^^^^^^^^^^^^^^^^^
[INFO] [stdout]   |
[INFO] [stdout]   = help: to create the module `reader_v2`, create file "src/reader_v2.rs" or "src/reader_v2/mod.rs"
[INFO] [stdout]   = note: if there is a `mod reader_v2` elsewhere in the crate already, import it with `use crate::...` instead
[INFO] [stdout] 
[INFO] [stdout] 
[INFO] [stdout] error[E0583]: file not found for module `binary_v2`
[INFO] [stdout]   --> src/lib.rs:26:1
[INFO] [stdout]    |
[INFO] [stdout] 26 | pub mod binary_v2;
[INFO] [stdout]    | ^^^^^^^^^^^^^^^^^^
[INFO] [stdout]    |
[INFO] [stdout]    = help: to create the module `binary_v2`, create file "src/binary_v2.rs" or "src/binary_v2/mod.rs"
[INFO] [stdout]    = note: if there is a `mod binary_v2` elsewhere in the crate already, import it with `use crate::...` instead
[INFO] [stdout] 
[INFO] [stdout] 
[INFO] [stdout] warning: unused imports: `Anomaly`, `Format`, `ParseError`, and `ParseResult`
[INFO] [stdout]  --> src/parse.rs:1:21
[INFO] [stdout]   |
[INFO] [stdout] 1 | use crate::errors::{Anomaly, Format, ParseError, ParseResult};
[INFO] [stdout]   |                     ^^^^^^^  ^^^^^^  ^^^^^^^^^^  ^^^^^^^^^^^
[INFO] [stdout]   |
[INFO] [stdout]   = note: `#[warn(unused_imports)]` (part of `#[warn(unused)]`) on by default
[INFO] [stdout] 
[INFO] [stdout] 
[INFO] [stdout] warning: unused import: `crate::reader::Bytes`
[INFO] [stdout]  --> src/parse.rs:2:5
[INFO] [stdout]   |
[INFO] [stdout] 2 | use crate::reader::Bytes;
[INFO] [stdout]   |     ^^^^^^^^^^^^^^^^^^^^
[INFO] [stdout] 
[INFO] [stdout] 
[INFO] [stdout] warning: unused import: `std::arch::x86_64`
[INFO] [stdout]  --> src/reader.rs:1:5
[INFO] [stdout]   |
[INFO] [stdout] 1 | use std::arch::x86_64;
[INFO] [stdout]   |     ^^^^^^^^^^^^^^^^^
[INFO] [stdout] 
[INFO] [stdout] 
[INFO] [stdout] warning: unused imports: `Binary`, `Format`, and `Section`
[INFO] [stdout]  --> src/windows/pe.rs:1:21
[INFO] [stdout]   |
[INFO] [stdout] 1 | use crate::binary::{Binary, Section, Format};
[INFO] [stdout]   |                     ^^^^^^  ^^^^^^^  ^^^^^^
[INFO] [stdout] 
[INFO] [stdout] 
[INFO] [stdout] warning: unused imports: `BTreeMap` and `BTreeSet`
[INFO] [stdout]  --> src/shared/functions.rs:3:24
[INFO] [stdout]   |
[INFO] [stdout] 3 | use std::collections::{BTreeMap, BTreeSet};
[INFO] [stdout]   |                        ^^^^^^^^  ^^^^^^^^
[INFO] [stdout] 
[INFO] [stdout] 
[INFO] [stdout] warning: unused import: `Section`
[INFO] [stdout]  --> src/shared/imports.rs:1:39
[INFO] [stdout]   |
[INFO] [stdout] 1 | use crate::binary::{Import, ImportFn, Section};
[INFO] [stdout]   |                                       ^^^^^^^
[INFO] [stdout] 
[INFO] [stdout] 
[INFO] [stdout] warning: unused import: `crate::reader::Bytes`
[INFO] [stdout]  --> src/shared/imports.rs:2:5
[INFO] [stdout]   |
[INFO] [stdout] 2 | use crate::reader::Bytes;
[INFO] [stdout]   |     ^^^^^^^^^^^^^^^^^^^^
[INFO] [stdout] 
[INFO] [stdout] 
[INFO] [stdout] warning: unused import: `std::collections::HashSet`
[INFO] [stdout]  --> src/shared/strings.rs:1:5
[INFO] [stdout]   |
[INFO] [stdout] 1 | use std::collections::HashSet;
[INFO] [stdout]   |     ^^^^^^^^^^^^^^^^^^^^^^^^^
[INFO] [stdout] 
[INFO] [stdout] 
[INFO] [stdout] warning: unused imports: `Format` and `self`
[INFO] [stdout]  --> src/report.rs:1:21
[INFO] [stdout]   |
[INFO] [stdout] 1 | use crate::binary::{self, Binary, Format, Section};
[INFO] [stdout]   |                     ^^^^          ^^^^^^
[INFO] [stdout] 
[INFO] [stdout] 
[INFO] [stdout] warning: unused imports: `Anomaly`, `Format`, `ParseError`, and `ParseResult`
[INFO] [stdout]  --> src/parse.rs:1:21
[INFO] [stdout]   |
[INFO] [stdout] 1 | use crate::errors::{Anomaly, Format, ParseError, ParseResult};
[INFO] [stdout]   |                     ^^^^^^^  ^^^^^^  ^^^^^^^^^^  ^^^^^^^^^^^
[INFO] [stdout]   |
[INFO] [stdout]   = note: `#[warn(unused_imports)]` (part of `#[warn(unused)]`) on by default
[INFO] [stdout] 
[INFO] [stdout] 
[INFO] [stdout] warning: unused import: `crate::reader::Bytes`
[INFO] [stdout]  --> src/parse.rs:2:5
[INFO] [stdout]   |
[INFO] [stdout] 2 | use crate::reader::Bytes;
[INFO] [stdout]   |     ^^^^^^^^^^^^^^^^^^^^
[INFO] [stdout] 
[INFO] [stdout] 
[INFO] [stdout] warning: unused import: `std::arch::x86_64`
[INFO] [stdout]  --> src/reader.rs:1:5
[INFO] [stdout]   |
[INFO] [stdout] 1 | use std::arch::x86_64;
[INFO] [stdout]   |     ^^^^^^^^^^^^^^^^^
[INFO] [stdout] 
[INFO] [stdout] 
[INFO] [stdout] warning: unused imports: `Binary`, `Format`, and `Section`
[INFO] [stdout]  --> src/windows/pe.rs:1:21
[INFO] [stdout]   |
[INFO] [stdout] 1 | use crate::binary::{Binary, Section, Format};
[INFO] [stdout]   |                     ^^^^^^  ^^^^^^^  ^^^^^^
[INFO] [stdout] 
[INFO] [stdout] 
[INFO] [stdout] warning: unused imports: `BTreeMap` and `BTreeSet`
[INFO] [stdout]  --> src/shared/functions.rs:3:24
[INFO] [stdout]   |
[INFO] [stdout] 3 | use std::collections::{BTreeMap, BTreeSet};
[INFO] [stdout]   |                        ^^^^^^^^  ^^^^^^^^
[INFO] [stdout] 
[INFO] [stdout] 
[INFO] [stdout] warning: unused import: `Section`
[INFO] [stdout]  --> src/shared/imports.rs:1:39
[INFO] [stdout]   |
[INFO] [stdout] 1 | use crate::binary::{Import, ImportFn, Section};
[INFO] [stdout]   |                                       ^^^^^^^
[INFO] [stdout] 
[INFO] [stdout] 
[INFO] [stdout] warning: unused import: `crate::reader::Bytes`
[INFO] [stdout]  --> src/shared/imports.rs:2:5
[INFO] [stdout]   |
[INFO] [stdout] 2 | use crate::reader::Bytes;
[INFO] [stdout]   |     ^^^^^^^^^^^^^^^^^^^^
[INFO] [stdout] 
[INFO] [stdout] 
[INFO] [stdout] warning: unused import: `std::collections::HashSet`
[INFO] [stdout]  --> src/shared/strings.rs:1:5
[INFO] [stdout]   |
[INFO] [stdout] 1 | use std::collections::HashSet;
[INFO] [stdout]   |     ^^^^^^^^^^^^^^^^^^^^^^^^^
[INFO] [stdout] 
[INFO] [stdout] 
[INFO] [stdout] warning: unused imports: `Format` and `self`
[INFO] [stdout]  --> src/report.rs:1:21
[INFO] [stdout]   |
[INFO] [stdout] 1 | use crate::binary::{self, Binary, Format, Section};
[INFO] [stdout]   |                     ^^^^          ^^^^^^
[INFO] [stdout] 
[INFO] [stdout] 
[INFO] [stdout] error[E0599]: no method named `readable` found for reference `&Section` in the current scope
[INFO] [stdout]   --> src/report.rs:24:14
[INFO] [stdout]    |
[INFO] [stdout] 24 |         if p.readable() { 'R' } else { '-' },
[INFO] [stdout]    |              ^^^^^^^^ method not found in `&Section`
[INFO] [stdout] 
[INFO] [stdout] 
[INFO] [stdout] error[E0599]: no method named `writeable` found for reference `&Section` in the current scope
[INFO] [stdout]   --> src/report.rs:25:14
[INFO] [stdout]    |
[INFO] [stdout] 25 |         if p.writeable() { 'W' } else { '-' },
[INFO] [stdout]    |              ^^^^^^^^^ method not found in `&Section`
[INFO] [stdout] 
[INFO] [stdout] 
[INFO] [stdout] error[E0599]: no method named `executable` found for reference `&Section` in the current scope
[INFO] [stdout]   --> src/report.rs:26:14
[INFO] [stdout]    |
[INFO] [stdout] 26 |         if p.executable() { 'X' } else { '-' },
[INFO] [stdout]    |              ^^^^^^^^^^ method not found in `&Section`
[INFO] [stdout] 
[INFO] [stdout] 
[INFO] [stdout] Some errors have detailed explanations: E0583, E0599.
[INFO] [stdout] 
[INFO] [stdout] For more information about an error, try `rustc --explain E0583`.
[INFO] [stdout] 
[INFO] [stderr] error: could not compile `exi` (lib) due to 5 previous errors; 9 warnings emitted
[INFO] [stderr] warning: build failed, waiting for other jobs to finish...
[INFO] [stdout] error[E0599]: no method named `readable` found for reference `&Section` in the current scope
[INFO] [stdout]   --> src/report.rs:24:14
[INFO] [stdout]    |
[INFO] [stdout] 24 |         if p.readable() { 'R' } else { '-' },
[INFO] [stdout]    |              ^^^^^^^^ method not found in `&Section`
[INFO] [stdout] 
[INFO] [stdout] 
[INFO] [stdout] error[E0599]: no method named `writeable` found for reference `&Section` in the current scope
[INFO] [stdout]   --> src/report.rs:25:14
[INFO] [stdout]    |
[INFO] [stdout] 25 |         if p.writeable() { 'W' } else { '-' },
[INFO] [stdout]    |              ^^^^^^^^^ method not found in `&Section`
[INFO] [stdout] 
[INFO] [stdout] 
[INFO] [stdout] error[E0599]: no method named `executable` found for reference `&Section` in the current scope
[INFO] [stdout]   --> src/report.rs:26:14
[INFO] [stdout]    |
[INFO] [stdout] 26 |         if p.executable() { 'X' } else { '-' },
[INFO] [stdout]    |              ^^^^^^^^^^ method not found in `&Section`
[INFO] [stdout] 
[INFO] [stdout] 
[INFO] [stdout] Some errors have detailed explanations: E0583, E0599.
[INFO] [stdout] 
[INFO] [stdout] For more information about an error, try `rustc --explain E0583`.
[INFO] [stdout] 
[INFO] [stderr] error: could not compile `exi` (lib test) due to 5 previous errors; 9 warnings emitted
[INFO] running `Command { std: "docker" "inspect" "c09439420d46f294d7ad5bbcce6dd5efa16d278098bfe775c6e72c197d908458", kill_on_drop: false }`
[INFO] running `Command { std: "docker" "rm" "-f" "c09439420d46f294d7ad5bbcce6dd5efa16d278098bfe775c6e72c197d908458", kill_on_drop: false }`
[INFO] [stdout] c09439420d46f294d7ad5bbcce6dd5efa16d278098bfe775c6e72c197d908458
