[INFO] cloning repository https://github.com/Sajjashemian/agtx
[INFO] running `Command { std: "git" "-c" "credential.helper=" "-c" "credential.helper=/workspace/cargo-home/bin/git-credential-null" "clone" "--bare" "https://github.com/Sajjashemian/agtx" "/workspace/cache/git-repos/https%3A%2F%2Fgithub.com%2FSajjashemian%2Fagtx", kill_on_drop: false }`
[INFO] [stderr] Cloning into bare repository '/workspace/cache/git-repos/https%3A%2F%2Fgithub.com%2FSajjashemian%2Fagtx'...
[INFO] running `Command { std: "git" "rev-parse" "HEAD", kill_on_drop: false }`
[INFO] [stdout] 51f379e7cc713c9befb50d1a8c73a394f058abb3
[INFO] checking Sajjashemian/agtx against 3154cc1a3e6424e44f438a95007d043ed5ceaaf6+rustflags=-Znext-solver=coherence for pr-133502-30
[INFO] running `Command { std: "git" "clone" "/workspace/cache/git-repos/https%3A%2F%2Fgithub.com%2FSajjashemian%2Fagtx" "/workspace/builds/worker-1-tc1/source", kill_on_drop: false }`
[INFO] [stderr] Cloning into '/workspace/builds/worker-1-tc1/source'...
[INFO] [stderr] done.
[INFO] started tweaking git repo https://github.com/Sajjashemian/agtx
[INFO] finished tweaking git repo https://github.com/Sajjashemian/agtx
[INFO] tweaked toml for git repo https://github.com/Sajjashemian/agtx written to /workspace/builds/worker-1-tc1/source/Cargo.toml
[INFO] validating manifest of git repo https://github.com/Sajjashemian/agtx on toolchain 3154cc1a3e6424e44f438a95007d043ed5ceaaf6
[INFO] running `Command { std: CARGO_HOME="/workspace/cargo-home" RUSTUP_HOME="/workspace/rustup-home" "/workspace/cargo-home/bin/cargo" "+3154cc1a3e6424e44f438a95007d043ed5ceaaf6" "metadata" "--manifest-path" "Cargo.toml" "--no-deps", kill_on_drop: false }`
[INFO] crate git repo https://github.com/Sajjashemian/agtx already has a lockfile, it will not be regenerated
[INFO] running `Command { std: CARGO_HOME="/workspace/cargo-home" RUSTUP_HOME="/workspace/rustup-home" "/workspace/cargo-home/bin/cargo" "+3154cc1a3e6424e44f438a95007d043ed5ceaaf6" "fetch" "--manifest-path" "Cargo.toml", kill_on_drop: false }`
[INFO] [stderr]  Downloading crates ...
[INFO] [stderr]   Downloaded zmij v1.0.19
[INFO] [stderr]   Downloaded rusqlite v0.34.0
[INFO] [stderr]   Downloaded libsqlite3-sys v0.32.0
[INFO] running `Command { std: "docker" "create" "-v" "/var/lib/crater-agent-workspace/builds/worker-1-tc1/source:/opt/rustwide/workdir:ro,Z" "-v" "/var/lib/crater-agent-workspace/builds/worker-1-tc1/target:/opt/rustwide/target:rw,Z" "-v" "/var/lib/crater-agent-workspace/cargo-home:/opt/rustwide/cargo-home:ro,Z" "-v" "/var/lib/crater-agent-workspace/rustup-home:/opt/rustwide/rustup-home:ro,Z" "-m" "1610612736" "--network" "none" "ghcr.io/rust-lang/crates-build-env/linux@sha256:77db811e55d90add9212f6832c23229e3de5f1c1f9905e8cb07319ea15df73ac" "sleep" "infinity", kill_on_drop: false }`
[INFO] [stdout] 6522077960e2d11c0511f93e8ea6a06d2594b0adce7b5e39c942711ca963cb37
[INFO] running `Command { std: "docker" "start" "6522077960e2d11c0511f93e8ea6a06d2594b0adce7b5e39c942711ca963cb37", kill_on_drop: false }`
[INFO] running `Command { std: "docker" "inspect" "6522077960e2d11c0511f93e8ea6a06d2594b0adce7b5e39c942711ca963cb37", kill_on_drop: false }`
[INFO] running `Command { std: "docker" "exec" "-e" "SOURCE_DIR=/opt/rustwide/workdir" "-e" "CARGO_HOME=/opt/rustwide/cargo-home" "-e" "RUSTUP_HOME=/opt/rustwide/rustup-home" "-e" "CARGO_TARGET_DIR=/opt/rustwide/target" "-w" "/opt/rustwide/workdir" "--user" "0:0" "6522077960e2d11c0511f93e8ea6a06d2594b0adce7b5e39c942711ca963cb37" "/opt/rustwide/cargo-home/bin/cargo" "+3154cc1a3e6424e44f438a95007d043ed5ceaaf6" "metadata" "--no-deps" "--format-version=1", kill_on_drop: false }`
[INFO] running `Command { std: "docker" "inspect" "6522077960e2d11c0511f93e8ea6a06d2594b0adce7b5e39c942711ca963cb37", kill_on_drop: false }`
[INFO] running `Command { std: "docker" "exec" "-e" "SOURCE_DIR=/opt/rustwide/workdir" "-e" "CARGO_HOME=/opt/rustwide/cargo-home" "-e" "RUSTUP_HOME=/opt/rustwide/rustup-home" "-e" "CARGO_TARGET_DIR=/opt/rustwide/target" "-e" "CARGO_INCREMENTAL=0" "-e" "RUST_BACKTRACE=full" "-e" "RUSTFLAGS=--cap-lints=forbid -Znext-solver=coherence" "-e" "RUSTDOCFLAGS=--cap-lints=forbid" "-w" "/opt/rustwide/workdir" "--user" "0:0" "6522077960e2d11c0511f93e8ea6a06d2594b0adce7b5e39c942711ca963cb37" "/opt/rustwide/cargo-home/bin/cargo" "+3154cc1a3e6424e44f438a95007d043ed5ceaaf6" "check" "--frozen" "--all" "--all-targets" "--message-format=json", kill_on_drop: false }`
[INFO] [stderr]    Compiling serde v1.0.228
[INFO] [stderr]     Checking smallvec v1.15.1
[INFO] [stderr]    Compiling zmij v1.0.19
[INFO] [stderr]    Compiling rustix v1.1.3
[INFO] [stderr]     Checking tracing-core v0.1.36
[INFO] [stderr]    Compiling syn v2.0.114
[INFO] [stderr]     Checking mio v1.1.1
[INFO] [stderr]     Checking itertools v0.14.0
[INFO] [stderr]    Compiling unicode-segmentation v1.12.0
[INFO] [stderr]    Compiling serde_json v1.0.149
[INFO] [stderr]    Compiling num-traits v0.2.19
[INFO] [stderr]     Checking compact_str v0.9.0
[INFO] [stderr]     Checking lru v0.16.3
[INFO] [stderr]     Checking num-conv v0.2.0
[INFO] [stderr]     Checking futures-channel v0.3.32
[INFO] [stderr]    Compiling ref-cast v1.0.25
[INFO] [stderr]     Checking time v0.3.47
[INFO] [stderr]     Checking regex-syntax v0.8.9
[INFO] [stderr]    Compiling libsqlite3-sys v0.32.0
[INFO] [stderr]     Checking parking_lot_core v0.9.12
[INFO] [stderr]     Checking line-clipping v0.3.5
[INFO] [stderr]    Compiling memchr v2.8.0
[INFO] [stderr]     Checking signal-hook-mio v0.2.5
[INFO] [stderr]    Compiling itoa v1.0.17
[INFO] [stderr]     Checking hashbrown v0.15.5
[INFO] [stderr]     Checking tracing-log v0.2.0
[INFO] [stderr]     Checking parking_lot v0.12.5
[INFO] [stderr]    Compiling convert_case v0.10.0
[INFO] [stderr]     Checking getrandom v0.3.4
[INFO] [stderr]     Checking indexmap v2.13.0
[INFO] [stderr]    Compiling rmcp v1.7.0
[INFO] [stderr]     Checking winnow v0.7.14
[INFO] [stderr]    Compiling anyhow v1.0.101
[INFO] [stderr]     Checking dirs-sys v0.5.0
[INFO] [stderr]     Checking crossbeam-channel v0.5.15
[INFO] [stderr]    Compiling pastey v0.2.1
[INFO] [stderr]     Checking predicates-core v1.0.10
[INFO] [stderr]    Compiling mockall_derive v0.13.1
[INFO] [stderr]     Checking env_home v0.1.0
[INFO] [stderr]     Checking directories v6.0.0
[INFO] [stderr]     Checking uuid v1.20.0
[INFO] [stderr]     Checking regex-automata v0.4.14
[INFO] [stderr]     Checking predicates-tree v1.0.13
[INFO] [stderr]     Checking predicates v3.1.4
[INFO] [stderr]     Checking fragile v2.0.1
[INFO] [stderr]     Checking hashlink v0.10.0
[INFO] [stderr]     Checking downcast v0.11.0
[INFO] [stderr]     Checking unicode-truncate v2.0.1
[INFO] [stderr]     Checking which v7.0.3
[INFO] [stderr]     Checking tempfile v3.24.0
[INFO] [stderr]     Checking matchers v0.2.0
[INFO] [stderr]    Compiling darling_core v0.23.0
[INFO] [stderr]    Compiling serde_derive_internals v0.29.1
[INFO] [stderr]    Compiling serde_derive v1.0.228
[INFO] [stderr]    Compiling thiserror-impl v2.0.18
[INFO] [stderr]    Compiling strum_macros v0.27.2
[INFO] [stderr]    Compiling tracing-attributes v0.1.31
[INFO] [stderr]    Compiling derive_more-impl v2.1.1
[INFO] [stderr]    Compiling futures-macro v0.3.32
[INFO] [stderr]    Compiling ref-cast-impl v1.0.25
[INFO] [stderr]    Compiling tokio-macros v2.6.0
[INFO] [stderr]    Compiling async-trait v0.1.89
[INFO] [stderr]    Compiling schemars_derive v1.2.1
[INFO] [stderr]     Checking tokio v1.49.0
[INFO] [stderr]     Checking futures-util v0.3.32
[INFO] [stderr]     Checking derive_more v2.1.1
[INFO] [stderr]     Checking crossterm v0.29.0
[INFO] [stderr]     Checking thiserror v2.0.18
[INFO] [stderr]     Checking kasuari v0.4.11
[INFO] [stderr]     Checking tracing v0.1.44
[INFO] [stderr]     Checking strum v0.27.2
[INFO] [stderr]     Checking ratatui-core v0.1.0
[INFO] [stderr]    Compiling darling_macro v0.23.0
[INFO] [stderr]    Compiling darling v0.23.0
[INFO] [stderr]    Compiling instability v0.3.11
[INFO] [stderr]    Compiling rmcp-macros v1.7.0
[INFO] [stderr]     Checking mockall v0.13.1
[INFO] [stderr]     Checking ratatui-widgets v0.3.0
[INFO] [stderr]     Checking ratatui-crossterm v0.1.0
[INFO] [stderr]     Checking serde_spanned v0.6.9
[INFO] [stderr]     Checking chrono v0.4.43
[INFO] [stderr]     Checking toml_datetime v0.6.11
[INFO] [stderr]     Checking tracing-serde v0.2.0
[INFO] [stderr]     Checking tracing-subscriber v0.3.23
[INFO] [stderr]     Checking toml_edit v0.22.27
[INFO] [stderr]     Checking futures-executor v0.3.32
[INFO] [stderr]     Checking futures v0.3.32
[INFO] [stderr]     Checking schemars v1.2.1
[INFO] [stderr]     Checking ratatui-macros v0.7.0
[INFO] [stderr]     Checking ratatui v0.30.0
[INFO] [stderr]     Checking tracing-appender v0.2.4
[INFO] [stderr]     Checking toml v0.8.23
[INFO] [stderr]     Checking tokio-util v0.7.18
[INFO] [stderr]     Checking rusqlite v0.34.0
[INFO] [stderr]     Checking agtx v0.1.0 (/opt/rustwide/workdir)
[INFO] [stdout] warning: unused import: `PluginCommands`
[INFO] [stdout]     --> src/tui/app_tests.rs:3178:25
[INFO] [stdout]      |
[INFO] [stdout] 3178 |     use crate::config::{PluginCommands, WorkflowPlugin};
[INFO] [stdout]      |                         ^^^^^^^^^^^^^^
[INFO] [stdout]      |
[INFO] [stdout]      = note: `#[warn(unused_imports)]` (part of `#[warn(unused)]`) on by default
[INFO] [stdout] 
[INFO] [stdout] 
[INFO] [stdout] warning: unused import: `PluginArtifacts`
[INFO] [stdout]     --> src/tui/app_tests.rs:3231:25
[INFO] [stdout]      |
[INFO] [stdout] 3231 |     use crate::config::{PluginArtifacts, WorkflowPlugin};
[INFO] [stdout]      |                         ^^^^^^^^^^^^^^^
[INFO] [stdout] 
[INFO] [stdout] 
[INFO] [stdout] warning: unused import: `crate::config::WorkflowPlugin`
[INFO] [stdout]     --> src/tui/app_tests.rs:9774:9
[INFO] [stdout]      |
[INFO] [stdout] 9774 |     use crate::config::WorkflowPlugin;
[INFO] [stdout]      |         ^^^^^^^^^^^^^^^^^^^^^^^^^^^^^
[INFO] [stdout] 
[INFO] [stdout] 
[INFO] [stdout] warning: unused variable: `content_width`
[INFO] [stdout]     --> src/tui/app.rs:1161:17
[INFO] [stdout]      |
[INFO] [stdout] 1161 |             let content_width = if needs_scrollbar {
[INFO] [stdout]      |                 ^^^^^^^^^^^^^ help: if this is intentional, prefix it with an underscore: `_content_width`
[INFO] [stdout]      |
[INFO] [stdout]      = note: `#[warn(unused_variables)]` (part of `#[warn(unused)]`) on by default
[INFO] [stdout] 
[INFO] [stdout] 
[INFO] [stdout] warning: variable does not need to be mutable
[INFO] [stdout]     --> src/tui/app.rs:3293:25
[INFO] [stdout]      |
[INFO] [stdout] 3293 |             if let Some(mut task) = db.get_task(task_id)? {
[INFO] [stdout]      |                         ----^^^^
[INFO] [stdout]      |                         |
[INFO] [stdout]      |                         help: remove this `mut`
[INFO] [stdout]      |
[INFO] [stdout]      = note: `#[warn(unused_mut)]` (part of `#[warn(unused)]`) on by default
[INFO] [stdout] 
[INFO] [stdout] 
[INFO] [stdout] warning: unused variable: `target`
[INFO] [stdout]     --> src/tui/app.rs:6474:25
[INFO] [stdout]      |
[INFO] [stdout] 6474 |                     let target = format!("{}:{}", self.state.tmux_project_name, window_name);
[INFO] [stdout]      |                         ^^^^^^ help: if this is intentional, prefix it with an underscore: `_target`
[INFO] [stdout] 
[INFO] [stdout] 
[INFO] [stdout] warning: variable does not need to be mutable
[INFO] [stdout]   --> src/tui/board.rs:39:13
[INFO] [stdout]    |
[INFO] [stdout] 39 |         let mut matching_indices: Vec<usize> = self
[INFO] [stdout]    |             ----^^^^^^^^^^^^^^^^
[INFO] [stdout]    |             |
[INFO] [stdout]    |             help: remove this `mut`
[INFO] [stdout] 
[INFO] [stdout] 
[INFO] [stdout] warning: field `stdout` is never read
[INFO] [stdout]    --> src/git/worktree.rs:111:9
[INFO] [stdout]     |
[INFO] [stdout] 109 | pub(crate) struct ScriptOutput {
[INFO] [stdout]     |                   ------------ field in this struct
[INFO] [stdout] 110 |     pub status: std::process::ExitStatus,
[INFO] [stdout] 111 |     pub stdout: String,
[INFO] [stdout]     |         ^^^^^^
[INFO] [stdout]     |
[INFO] [stdout]     = note: `ScriptOutput` has a derived impl for the trait `Debug`, but this is intentionally ignored during dead code analysis
[INFO] [stdout]     = note: `#[warn(dead_code)]` (part of `#[warn(unused)]`) on by default
[INFO] [stdout] 
[INFO] [stdout] 
[INFO] [stdout] warning: field `tool_router` is never read
[INFO] [stdout]    --> src/mcp/server.rs:398:5
[INFO] [stdout]     |
[INFO] [stdout] 396 | pub struct AgtxMcpServer {
[INFO] [stdout]     |            ------------- field in this struct
[INFO] [stdout] 397 |     mode: ServerMode,
[INFO] [stdout] 398 |     tool_router: ToolRouter<Self>,
[INFO] [stdout]     |     ^^^^^^^^^^^
[INFO] [stdout]     |
[INFO] [stdout]     = note: `AgtxMcpServer` has derived impls for the traits `Clone` and `Debug`, but these are intentionally ignored during dead code analysis
[INFO] [stdout] 
[INFO] [stdout] 
[INFO] [stdout] warning: method `open_project_db` is never used
[INFO] [stdout]    --> src/mcp/server.rs:438:8
[INFO] [stdout]     |
[INFO] [stdout] 401 | impl AgtxMcpServer {
[INFO] [stdout]     | ------------------ method in this implementation
[INFO] [stdout] ...
[INFO] [stdout] 438 |     fn open_project_db(&self) -> Result<Database, String> {
[INFO] [stdout]     |        ^^^^^^^^^^^^^^^
[INFO] [stdout] 
[INFO] [stdout] 
[INFO] [stdout] warning: field `review_to_running_task_id` is never read
[INFO] [stdout]    --> src/tui/app.rs:267:5
[INFO] [stdout]     |
[INFO] [stdout] 215 | struct AppState {
[INFO] [stdout]     |        -------- field in this struct
[INFO] [stdout] ...
[INFO] [stdout] 267 |     review_to_running_task_id: Option<String>,
[INFO] [stdout]     |     ^^^^^^^^^^^^^^^^^^^^^^^^^
[INFO] [stdout] 
[INFO] [stdout] 
[INFO] [stdout] warning: fields `task_id` and `to_status` are never read
[INFO] [stdout]    --> src/tui/app.rs:364:5
[INFO] [stdout]     |
[INFO] [stdout] 363 | struct MoveConfirmPopup {
[INFO] [stdout]     |        ---------------- fields in this struct
[INFO] [stdout] 364 |     task_id: String,
[INFO] [stdout]     |     ^^^^^^^
[INFO] [stdout] 365 |     from_status: TaskStatus,
[INFO] [stdout] 366 |     to_status: TaskStatus,
[INFO] [stdout]     |     ^^^^^^^^^
[INFO] [stdout]     |
[INFO] [stdout]     = note: `MoveConfirmPopup` has derived impls for the traits `Clone` and `Debug`, but these are intentionally ignored during dead code analysis
[INFO] [stdout] 
[INFO] [stdout] 
[INFO] [stdout] warning: field `trigger_char` is never read
[INFO] [stdout]    --> src/tui/app.rs:468:5
[INFO] [stdout]     |
[INFO] [stdout] 463 | struct FileSearchState {
[INFO] [stdout]     |        --------------- field in this struct
[INFO] [stdout] ...
[INFO] [stdout] 468 |     trigger_char: char, // The character that triggered the search (# or @)
[INFO] [stdout]     |     ^^^^^^^^^^^^
[INFO] [stdout]     |
[INFO] [stdout]     = note: `FileSearchState` has derived impls for the traits `Clone` and `Debug`, but these are intentionally ignored during dead code analysis
[INFO] [stdout] 
[INFO] [stdout] 
[INFO] [stdout] warning: function `cleanup_task_for_done` is never used
[INFO] [stdout]     --> src/tui/app.rs:7352:4
[INFO] [stdout]      |
[INFO] [stdout] 7352 | fn cleanup_task_for_done(
[INFO] [stdout]      |    ^^^^^^^^^^^^^^^^^^^^^
[INFO] [stdout] 
[INFO] [stdout] 
[INFO] [stdout] warning: unused variable: `content_width`
[INFO] [stdout]     --> src/tui/app.rs:1161:17
[INFO] [stdout]      |
[INFO] [stdout] 1161 |             let content_width = if needs_scrollbar {
[INFO] [stdout]      |                 ^^^^^^^^^^^^^ help: if this is intentional, prefix it with an underscore: `_content_width`
[INFO] [stdout]      |
[INFO] [stdout]      = note: `#[warn(unused_variables)]` (part of `#[warn(unused)]`) on by default
[INFO] [stdout] 
[INFO] [stdout] 
[INFO] [stdout] warning: unused import: `Notification`
[INFO] [stdout]  --> tests/db_tests.rs:1:26
[INFO] [stdout]   |
[INFO] [stdout] 1 | use agtx::db::{Database, Notification, Project, Task, TaskStatus, TransitionRequest};
[INFO] [stdout]   |                          ^^^^^^^^^^^^
[INFO] [stdout]   |
[INFO] [stdout]   = note: `#[warn(unused_imports)]` (part of `#[warn(unused)]`) on by default
[INFO] [stdout] 
[INFO] [stdout] 
[INFO] [stdout] warning: unused import: `std::path::Path`
[INFO] [stdout]    --> tests/db_tests.rs:480:5
[INFO] [stdout]     |
[INFO] [stdout] 480 | use std::path::Path;
[INFO] [stdout]     |     ^^^^^^^^^^^^^^^
[INFO] [stdout] 
[INFO] [stdout] 
[INFO] [stdout] warning: variable does not need to be mutable
[INFO] [stdout]     --> src/tui/app.rs:3293:25
[INFO] [stdout]      |
[INFO] [stdout] 3293 |             if let Some(mut task) = db.get_task(task_id)? {
[INFO] [stdout]      |                         ----^^^^
[INFO] [stdout]      |                         |
[INFO] [stdout]      |                         help: remove this `mut`
[INFO] [stdout]      |
[INFO] [stdout]      = note: `#[warn(unused_mut)]` (part of `#[warn(unused)]`) on by default
[INFO] [stdout] 
[INFO] [stdout] 
[INFO] [stdout] warning: unused imports: `Database`, `Notification`, `Project`, `TaskStatus`, and `Task`
[INFO] [stdout]  --> tests/mcp_tests.rs:1:16
[INFO] [stdout]   |
[INFO] [stdout] 1 | use agtx::db::{Database, Notification, Project, Task, TaskStatus, TransitionRequest};
[INFO] [stdout]   |                ^^^^^^^^  ^^^^^^^^^^^^  ^^^^^^^  ^^^^  ^^^^^^^^^^
[INFO] [stdout]   |
[INFO] [stdout]   = note: `#[warn(unused_imports)]` (part of `#[warn(unused)]`) on by default
[INFO] [stdout] 
[INFO] [stdout] 
[INFO] [stdout] warning: unused variable: `outside_dir`
[INFO] [stdout]    --> tests/git_tests.rs:638:9
[INFO] [stdout]     |
[INFO] [stdout] 638 |     let outside_dir = temp_dir.path().join("..");
[INFO] [stdout]     |         ^^^^^^^^^^^ help: if this is intentional, prefix it with an underscore: `_outside_dir`
[INFO] [stdout]     |
[INFO] [stdout]     = note: `#[warn(unused_variables)]` (part of `#[warn(unused)]`) on by default
[INFO] [stdout] 
[INFO] [stdout] 
[INFO] [stdout] error[E0599]: no associated function or constant named `open_in_memory_project` found for struct `Database` in the current scope
[INFO] [stdout]    --> tests/db_tests.rs:240:24
[INFO] [stdout]     |
[INFO] [stdout] 240 |     let db = Database::open_in_memory_project().unwrap();
[INFO] [stdout]     |                        ^^^^^^^^^^^^^^^^^^^^^^ associated function or constant not found in `Database`
[INFO] [stdout]     |
[INFO] [stdout] note: if you're trying to build a new `Database` consider using one of the following associated functions:
[INFO] [stdout]       Database::open_project
[INFO] [stdout]       Database::open_global
[INFO] [stdout]    --> src/db/schema.rs:14:5
[INFO] [stdout]     |
[INFO] [stdout]  14 |     pub fn open_project(project_path: &Path) -> Result<Self> {
[INFO] [stdout]     |     ^^^^^^^^^^^^^^^^^^^^^^^^^^^^^^^^^^^^^^^^^^^^^^^^^^^^^^^^
[INFO] [stdout] ...
[INFO] [stdout]  81 |     pub fn open_global() -> Result<Self> {
[INFO] [stdout]     |     ^^^^^^^^^^^^^^^^^^^^^^^^^^^^^^^^^^^^
[INFO] [stdout] help: there is an associated function `open_project` with a similar name
[INFO] [stdout]    --> src/db/schema.rs:14:5
[INFO] [stdout]     |
[INFO] [stdout]  14 |     pub fn open_project(project_path: &Path) -> Result<Self> {
[INFO] [stdout]     |     ^^^^^^^^^^^^^^^^^^^^^^^^^^^^^^^^^^^^^^^^^^^^^^^^^^^^^^^^
[INFO] [stdout] 
[INFO] [stdout] 
[INFO] [stdout] error[E0599]: no associated function or constant named `open_in_memory_project` found for struct `Database` in the current scope
[INFO] [stdout]    --> tests/db_tests.rs:248:24
[INFO] [stdout]     |
[INFO] [stdout] 248 |     let db = Database::open_in_memory_project().unwrap();
[INFO] [stdout]     |                        ^^^^^^^^^^^^^^^^^^^^^^ associated function or constant not found in `Database`
[INFO] [stdout]     |
[INFO] [stdout] note: if you're trying to build a new `Database` consider using one of the following associated functions:
[INFO] [stdout]       Database::open_project
[INFO] [stdout]       Database::open_global
[INFO] [stdout]    --> src/db/schema.rs:14:5
[INFO] [stdout]     |
[INFO] [stdout]  14 |     pub fn open_project(project_path: &Path) -> Result<Self> {
[INFO] [stdout]     |     ^^^^^^^^^^^^^^^^^^^^^^^^^^^^^^^^^^^^^^^^^^^^^^^^^^^^^^^^
[INFO] [stdout] ...
[INFO] [stdout]  81 |     pub fn open_global() -> Result<Self> {
[INFO] [stdout]     |     ^^^^^^^^^^^^^^^^^^^^^^^^^^^^^^^^^^^^
[INFO] [stdout] help: there is an associated function `open_project` with a similar name
[INFO] [stdout]    --> src/db/schema.rs:14:5
[INFO] [stdout]     |
[INFO] [stdout]  14 |     pub fn open_project(project_path: &Path) -> Result<Self> {
[INFO] [stdout]     |     ^^^^^^^^^^^^^^^^^^^^^^^^^^^^^^^^^^^^^^^^^^^^^^^^^^^^^^^^
[INFO] [stdout] 
[INFO] [stdout] 
[INFO] [stdout] warning: unused variable: `target`
[INFO] [stdout]     --> src/tui/app.rs:6474:25
[INFO] [stdout]      |
[INFO] [stdout] 6474 |                     let target = format!("{}:{}", self.state.tmux_project_name, window_name);
[INFO] [stdout]      |                         ^^^^^^ help: if this is intentional, prefix it with an underscore: `_target`
[INFO] [stdout] 
[INFO] [stdout] 
[INFO] [stdout] error[E0599]: no associated function or constant named `open_in_memory_project` found for struct `Database` in the current scope
[INFO] [stdout]    --> tests/db_tests.rs:267:24
[INFO] [stdout]     |
[INFO] [stdout] 267 |     let db = Database::open_in_memory_project().unwrap();
[INFO] [stdout]     |                        ^^^^^^^^^^^^^^^^^^^^^^ associated function or constant not found in `Database`
[INFO] [stdout]     |
[INFO] [stdout] note: if you're trying to build a new `Database` consider using one of the following associated functions:
[INFO] [stdout]       Database::open_project
[INFO] [stdout]       Database::open_global
[INFO] [stdout]    --> src/db/schema.rs:14:5
[INFO] [stdout]     |
[INFO] [stdout]  14 |     pub fn open_project(project_path: &Path) -> Result<Self> {
[INFO] [stdout]     |     ^^^^^^^^^^^^^^^^^^^^^^^^^^^^^^^^^^^^^^^^^^^^^^^^^^^^^^^^
[INFO] [stdout] ...
[INFO] [stdout]  81 |     pub fn open_global() -> Result<Self> {
[INFO] [stdout]     |     ^^^^^^^^^^^^^^^^^^^^^^^^^^^^^^^^^^^^
[INFO] [stdout] help: there is an associated function `open_project` with a similar name
[INFO] [stdout]    --> src/db/schema.rs:14:5
[INFO] [stdout]     |
[INFO] [stdout]  14 |     pub fn open_project(project_path: &Path) -> Result<Self> {
[INFO] [stdout]     |     ^^^^^^^^^^^^^^^^^^^^^^^^^^^^^^^^^^^^^^^^^^^^^^^^^^^^^^^^
[INFO] [stdout] 
[INFO] [stdout] 
[INFO] [stdout] error[E0599]: no associated function or constant named `open_in_memory_project` found for struct `Database` in the current scope
[INFO] [stdout]    --> tests/db_tests.rs:285:24
[INFO] [stdout]     |
[INFO] [stdout] 285 |     let db = Database::open_in_memory_project().unwrap();
[INFO] [stdout]     |                        ^^^^^^^^^^^^^^^^^^^^^^ associated function or constant not found in `Database`
[INFO] [stdout]     |
[INFO] [stdout] note: if you're trying to build a new `Database` consider using one of the following associated functions:
[INFO] [stdout]       Database::open_project
[INFO] [stdout]       Database::open_global
[INFO] [stdout]    --> src/db/schema.rs:14:5
[INFO] [stdout]     |
[INFO] [stdout]  14 |     pub fn open_project(project_path: &Path) -> Result<Self> {
[INFO] [stdout]     |     ^^^^^^^^^^^^^^^^^^^^^^^^^^^^^^^^^^^^^^^^^^^^^^^^^^^^^^^^
[INFO] [stdout] ...
[INFO] [stdout]  81 |     pub fn open_global() -> Result<Self> {
[INFO] [stdout]     |     ^^^^^^^^^^^^^^^^^^^^^^^^^^^^^^^^^^^^
[INFO] [stdout] help: there is an associated function `open_project` with a similar name
[INFO] [stdout]    --> src/db/schema.rs:14:5
[INFO] [stdout]     |
[INFO] [stdout]  14 |     pub fn open_project(project_path: &Path) -> Result<Self> {
[INFO] [stdout]     |     ^^^^^^^^^^^^^^^^^^^^^^^^^^^^^^^^^^^^^^^^^^^^^^^^^^^^^^^^
[INFO] [stdout] 
[INFO] [stdout] 
[INFO] [stdout] error[E0599]: no associated function or constant named `open_in_memory_project` found for struct `Database` in the current scope
[INFO] [stdout]    --> tests/db_tests.rs:297:24
[INFO] [stdout]     |
[INFO] [stdout] 297 |     let db = Database::open_in_memory_project().unwrap();
[INFO] [stdout]     |                        ^^^^^^^^^^^^^^^^^^^^^^ associated function or constant not found in `Database`
[INFO] [stdout]     |
[INFO] [stdout] note: if you're trying to build a new `Database` consider using one of the following associated functions:
[INFO] [stdout]       Database::open_project
[INFO] [stdout]       Database::open_global
[INFO] [stdout]    --> src/db/schema.rs:14:5
[INFO] [stdout]     |
[INFO] [stdout]  14 |     pub fn open_project(project_path: &Path) -> Result<Self> {
[INFO] [stdout]     |     ^^^^^^^^^^^^^^^^^^^^^^^^^^^^^^^^^^^^^^^^^^^^^^^^^^^^^^^^
[INFO] [stdout] ...
[INFO] [stdout]  81 |     pub fn open_global() -> Result<Self> {
[INFO] [stdout]     |     ^^^^^^^^^^^^^^^^^^^^^^^^^^^^^^^^^^^^
[INFO] [stdout] help: there is an associated function `open_project` with a similar name
[INFO] [stdout]    --> src/db/schema.rs:14:5
[INFO] [stdout]     |
[INFO] [stdout]  14 |     pub fn open_project(project_path: &Path) -> Result<Self> {
[INFO] [stdout]     |     ^^^^^^^^^^^^^^^^^^^^^^^^^^^^^^^^^^^^^^^^^^^^^^^^^^^^^^^^
[INFO] [stdout] 
[INFO] [stdout] 
[INFO] [stdout] error[E0599]: no associated function or constant named `open_in_memory_project` found for struct `Database` in the current scope
[INFO] [stdout]    --> tests/db_tests.rs:314:24
[INFO] [stdout]     |
[INFO] [stdout] 314 |     let db = Database::open_in_memory_project().unwrap();
[INFO] [stdout]     |                        ^^^^^^^^^^^^^^^^^^^^^^ associated function or constant not found in `Database`
[INFO] [stdout]     |
[INFO] [stdout] note: if you're trying to build a new `Database` consider using one of the following associated functions:
[INFO] [stdout]       Database::open_project
[INFO] [stdout]       Database::open_global
[INFO] [stdout]    --> src/db/schema.rs:14:5
[INFO] [stdout]     |
[INFO] [stdout]  14 |     pub fn open_project(project_path: &Path) -> Result<Self> {
[INFO] [stdout]     |     ^^^^^^^^^^^^^^^^^^^^^^^^^^^^^^^^^^^^^^^^^^^^^^^^^^^^^^^^
[INFO] [stdout] ...
[INFO] [stdout]  81 |     pub fn open_global() -> Result<Self> {
[INFO] [stdout]     |     ^^^^^^^^^^^^^^^^^^^^^^^^^^^^^^^^^^^^
[INFO] [stdout] help: there is an associated function `open_project` with a similar name
[INFO] [stdout]    --> src/db/schema.rs:14:5
[INFO] [stdout]     |
[INFO] [stdout]  14 |     pub fn open_project(project_path: &Path) -> Result<Self> {
[INFO] [stdout]     |     ^^^^^^^^^^^^^^^^^^^^^^^^^^^^^^^^^^^^^^^^^^^^^^^^^^^^^^^^
[INFO] [stdout] 
[INFO] [stdout] 
[INFO] [stdout] error[E0599]: no associated function or constant named `open_in_memory_project` found for struct `Database` in the current scope
[INFO] [stdout]    --> tests/db_tests.rs:325:24
[INFO] [stdout]     |
[INFO] [stdout] 325 |     let db = Database::open_in_memory_project().unwrap();
[INFO] [stdout]     |                        ^^^^^^^^^^^^^^^^^^^^^^ associated function or constant not found in `Database`
[INFO] [stdout]     |
[INFO] [stdout] note: if you're trying to build a new `Database` consider using one of the following associated functions:
[INFO] [stdout]       Database::open_project
[INFO] [stdout]       Database::open_global
[INFO] [stdout]    --> src/db/schema.rs:14:5
[INFO] [stdout]     |
[INFO] [stdout]  14 |     pub fn open_project(project_path: &Path) -> Result<Self> {
[INFO] [stdout]     |     ^^^^^^^^^^^^^^^^^^^^^^^^^^^^^^^^^^^^^^^^^^^^^^^^^^^^^^^^
[INFO] [stdout] ...
[INFO] [stdout]  81 |     pub fn open_global() -> Result<Self> {
[INFO] [stdout]     |     ^^^^^^^^^^^^^^^^^^^^^^^^^^^^^^^^^^^^
[INFO] [stdout] help: there is an associated function `open_project` with a similar name
[INFO] [stdout]    --> src/db/schema.rs:14:5
[INFO] [stdout]     |
[INFO] [stdout]  14 |     pub fn open_project(project_path: &Path) -> Result<Self> {
[INFO] [stdout]     |     ^^^^^^^^^^^^^^^^^^^^^^^^^^^^^^^^^^^^^^^^^^^^^^^^^^^^^^^^
[INFO] [stdout] 
[INFO] [stdout] 
[INFO] [stdout] error[E0599]: no associated function or constant named `open_in_memory_project` found for struct `Database` in the current scope
[INFO] [stdout]    --> tests/db_tests.rs:335:24
[INFO] [stdout]     |
[INFO] [stdout] 335 |     let db = Database::open_in_memory_project().unwrap();
[INFO] [stdout]     |                        ^^^^^^^^^^^^^^^^^^^^^^ associated function or constant not found in `Database`
[INFO] [stdout]     |
[INFO] [stdout] note: if you're trying to build a new `Database` consider using one of the following associated functions:
[INFO] [stdout]       Database::open_project
[INFO] [stdout]       Database::open_global
[INFO] [stdout]    --> src/db/schema.rs:14:5
[INFO] [stdout]     |
[INFO] [stdout]  14 |     pub fn open_project(project_path: &Path) -> Result<Self> {
[INFO] [stdout]     |     ^^^^^^^^^^^^^^^^^^^^^^^^^^^^^^^^^^^^^^^^^^^^^^^^^^^^^^^^
[INFO] [stdout] ...
[INFO] [stdout]  81 |     pub fn open_global() -> Result<Self> {
[INFO] [stdout]     |     ^^^^^^^^^^^^^^^^^^^^^^^^^^^^^^^^^^^^
[INFO] [stdout] help: there is an associated function `open_project` with a similar name
[INFO] [stdout]    --> src/db/schema.rs:14:5
[INFO] [stdout]     |
[INFO] [stdout]  14 |     pub fn open_project(project_path: &Path) -> Result<Self> {
[INFO] [stdout]     |     ^^^^^^^^^^^^^^^^^^^^^^^^^^^^^^^^^^^^^^^^^^^^^^^^^^^^^^^^
[INFO] [stdout] 
[INFO] [stdout] 
[INFO] [stdout] error[E0599]: no associated function or constant named `open_in_memory_project` found for struct `Database` in the current scope
[INFO] [stdout]    --> tests/db_tests.rs:341:24
[INFO] [stdout]     |
[INFO] [stdout] 341 |     let db = Database::open_in_memory_project().unwrap();
[INFO] [stdout]     |                        ^^^^^^^^^^^^^^^^^^^^^^ associated function or constant not found in `Database`
[INFO] [stdout]     |
[INFO] [stdout] note: if you're trying to build a new `Database` consider using one of the following associated functions:
[INFO] [stdout]       Database::open_project
[INFO] [stdout]       Database::open_global
[INFO] [stdout]    --> src/db/schema.rs:14:5
[INFO] [stdout]     |
[INFO] [stdout]  14 |     pub fn open_project(project_path: &Path) -> Result<Self> {
[INFO] [stdout]     |     ^^^^^^^^^^^^^^^^^^^^^^^^^^^^^^^^^^^^^^^^^^^^^^^^^^^^^^^^
[INFO] [stdout] ...
[INFO] [stdout]  81 |     pub fn open_global() -> Result<Self> {
[INFO] [stdout]     |     ^^^^^^^^^^^^^^^^^^^^^^^^^^^^^^^^^^^^
[INFO] [stdout] help: there is an associated function `open_project` with a similar name
[INFO] [stdout]    --> src/db/schema.rs:14:5
[INFO] [stdout]     |
[INFO] [stdout]  14 |     pub fn open_project(project_path: &Path) -> Result<Self> {
[INFO] [stdout]     |     ^^^^^^^^^^^^^^^^^^^^^^^^^^^^^^^^^^^^^^^^^^^^^^^^^^^^^^^^
[INFO] [stdout] 
[INFO] [stdout] 
[INFO] [stdout] error[E0599]: no associated function or constant named `open_in_memory_project` found for struct `Database` in the current scope
[INFO] [stdout]    --> tests/db_tests.rs:364:24
[INFO] [stdout]     |
[INFO] [stdout] 364 |     let db = Database::open_in_memory_project().unwrap();
[INFO] [stdout]     |                        ^^^^^^^^^^^^^^^^^^^^^^ associated function or constant not found in `Database`
[INFO] [stdout]     |
[INFO] [stdout] note: if you're trying to build a new `Database` consider using one of the following associated functions:
[INFO] [stdout]       Database::open_project
[INFO] [stdout]       Database::open_global
[INFO] [stdout]    --> src/db/schema.rs:14:5
[INFO] [stdout]     |
[INFO] [stdout]  14 |     pub fn open_project(project_path: &Path) -> Result<Self> {
[INFO] [stdout]     |     ^^^^^^^^^^^^^^^^^^^^^^^^^^^^^^^^^^^^^^^^^^^^^^^^^^^^^^^^
[INFO] [stdout] ...
[INFO] [stdout]  81 |     pub fn open_global() -> Result<Self> {
[INFO] [stdout]     |     ^^^^^^^^^^^^^^^^^^^^^^^^^^^^^^^^^^^^
[INFO] [stdout] help: there is an associated function `open_project` with a similar name
[INFO] [stdout]    --> src/db/schema.rs:14:5
[INFO] [stdout]     |
[INFO] [stdout]  14 |     pub fn open_project(project_path: &Path) -> Result<Self> {
[INFO] [stdout]     |     ^^^^^^^^^^^^^^^^^^^^^^^^^^^^^^^^^^^^^^^^^^^^^^^^^^^^^^^^
[INFO] [stdout] 
[INFO] [stdout] 
[INFO] [stdout] error[E0599]: no associated function or constant named `open_in_memory_project` found for struct `Database` in the current scope
[INFO] [stdout]    --> tests/db_tests.rs:571:24
[INFO] [stdout]     |
[INFO] [stdout] 571 |     let db = Database::open_in_memory_project().unwrap();
[INFO] [stdout]     |                        ^^^^^^^^^^^^^^^^^^^^^^ associated function or constant not found in `Database`
[INFO] [stdout]     |
[INFO] [stdout] note: if you're trying to build a new `Database` consider using one of the following associated functions:
[INFO] [stdout]       Database::open_project
[INFO] [stdout]       Database::open_global
[INFO] [stdout]    --> src/db/schema.rs:14:5
[INFO] [stdout]     |
[INFO] [stdout]  14 |     pub fn open_project(project_path: &Path) -> Result<Self> {
[INFO] [stdout]     |     ^^^^^^^^^^^^^^^^^^^^^^^^^^^^^^^^^^^^^^^^^^^^^^^^^^^^^^^^
[INFO] [stdout] ...
[INFO] [stdout]  81 |     pub fn open_global() -> Result<Self> {
[INFO] [stdout]     |     ^^^^^^^^^^^^^^^^^^^^^^^^^^^^^^^^^^^^
[INFO] [stdout] help: there is an associated function `open_project` with a similar name
[INFO] [stdout]    --> src/db/schema.rs:14:5
[INFO] [stdout]     |
[INFO] [stdout]  14 |     pub fn open_project(project_path: &Path) -> Result<Self> {
[INFO] [stdout]     |     ^^^^^^^^^^^^^^^^^^^^^^^^^^^^^^^^^^^^^^^^^^^^^^^^^^^^^^^^
[INFO] [stdout] 
[INFO] [stdout] 
[INFO] [stdout] error[E0599]: no associated function or constant named `open_in_memory_project` found for struct `Database` in the current scope
[INFO] [stdout]    --> tests/db_tests.rs:617:24
[INFO] [stdout]     |
[INFO] [stdout] 617 |     let db = Database::open_in_memory_project().unwrap();
[INFO] [stdout]     |                        ^^^^^^^^^^^^^^^^^^^^^^ associated function or constant not found in `Database`
[INFO] [stdout]     |
[INFO] [stdout] note: if you're trying to build a new `Database` consider using one of the following associated functions:
[INFO] [stdout]       Database::open_project
[INFO] [stdout]       Database::open_global
[INFO] [stdout]    --> src/db/schema.rs:14:5
[INFO] [stdout]     |
[INFO] [stdout]  14 |     pub fn open_project(project_path: &Path) -> Result<Self> {
[INFO] [stdout]     |     ^^^^^^^^^^^^^^^^^^^^^^^^^^^^^^^^^^^^^^^^^^^^^^^^^^^^^^^^
[INFO] [stdout] ...
[INFO] [stdout]  81 |     pub fn open_global() -> Result<Self> {
[INFO] [stdout]     |     ^^^^^^^^^^^^^^^^^^^^^^^^^^^^^^^^^^^^
[INFO] [stdout] help: there is an associated function `open_project` with a similar name
[INFO] [stdout]    --> src/db/schema.rs:14:5
[INFO] [stdout]     |
[INFO] [stdout]  14 |     pub fn open_project(project_path: &Path) -> Result<Self> {
[INFO] [stdout]     |     ^^^^^^^^^^^^^^^^^^^^^^^^^^^^^^^^^^^^^^^^^^^^^^^^^^^^^^^^
[INFO] [stdout] 
[INFO] [stdout] 
[INFO] [stdout] For more information about this error, try `rustc --explain E0599`.
[INFO] [stdout] 
[INFO] [stderr] error: could not compile `agtx` (test "db_tests") due to 12 previous errors; 2 warnings emitted
[INFO] [stderr] warning: build failed, waiting for other jobs to finish...
[INFO] [stdout] warning: variable does not need to be mutable
[INFO] [stdout]   --> src/tui/board.rs:39:13
[INFO] [stdout]    |
[INFO] [stdout] 39 |         let mut matching_indices: Vec<usize> = self
[INFO] [stdout]    |             ----^^^^^^^^^^^^^^^^
[INFO] [stdout]    |             |
[INFO] [stdout]    |             help: remove this `mut`
[INFO] [stdout] 
[INFO] [stdout] 
[INFO] [stdout] warning: field `tool_router` is never read
[INFO] [stdout]    --> src/mcp/server.rs:398:5
[INFO] [stdout]     |
[INFO] [stdout] 396 | pub struct AgtxMcpServer {
[INFO] [stdout]     |            ------------- field in this struct
[INFO] [stdout] 397 |     mode: ServerMode,
[INFO] [stdout] 398 |     tool_router: ToolRouter<Self>,
[INFO] [stdout]     |     ^^^^^^^^^^^
[INFO] [stdout]     |
[INFO] [stdout]     = note: `AgtxMcpServer` has derived impls for the traits `Clone` and `Debug`, but these are intentionally ignored during dead code analysis
[INFO] [stdout]     = note: `#[warn(dead_code)]` (part of `#[warn(unused)]`) on by default
[INFO] [stdout] 
[INFO] [stdout] 
[INFO] [stdout] warning: method `open_project_db` is never used
[INFO] [stdout]    --> src/mcp/server.rs:438:8
[INFO] [stdout]     |
[INFO] [stdout] 401 | impl AgtxMcpServer {
[INFO] [stdout]     | ------------------ method in this implementation
[INFO] [stdout] ...
[INFO] [stdout] 438 |     fn open_project_db(&self) -> Result<Database, String> {
[INFO] [stdout]     |        ^^^^^^^^^^^^^^^
[INFO] [stdout] 
[INFO] [stdout] 
[INFO] [stdout] warning: field `review_to_running_task_id` is never read
[INFO] [stdout]    --> src/tui/app.rs:267:5
[INFO] [stdout]     |
[INFO] [stdout] 215 | struct AppState {
[INFO] [stdout]     |        -------- field in this struct
[INFO] [stdout] ...
[INFO] [stdout] 267 |     review_to_running_task_id: Option<String>,
[INFO] [stdout]     |     ^^^^^^^^^^^^^^^^^^^^^^^^^
[INFO] [stdout] 
[INFO] [stdout] 
[INFO] [stdout] warning: fields `task_id` and `to_status` are never read
[INFO] [stdout]    --> src/tui/app.rs:364:5
[INFO] [stdout]     |
[INFO] [stdout] 363 | struct MoveConfirmPopup {
[INFO] [stdout]     |        ---------------- fields in this struct
[INFO] [stdout] 364 |     task_id: String,
[INFO] [stdout]     |     ^^^^^^^
[INFO] [stdout] 365 |     from_status: TaskStatus,
[INFO] [stdout] 366 |     to_status: TaskStatus,
[INFO] [stdout]     |     ^^^^^^^^^
[INFO] [stdout]     |
[INFO] [stdout]     = note: `MoveConfirmPopup` has derived impls for the traits `Clone` and `Debug`, but these are intentionally ignored during dead code analysis
[INFO] [stdout] 
[INFO] [stdout] 
[INFO] [stdout] warning: field `trigger_char` is never read
[INFO] [stdout]    --> src/tui/app.rs:468:5
[INFO] [stdout]     |
[INFO] [stdout] 463 | struct FileSearchState {
[INFO] [stdout]     |        --------------- field in this struct
[INFO] [stdout] ...
[INFO] [stdout] 468 |     trigger_char: char, // The character that triggered the search (# or @)
[INFO] [stdout]     |     ^^^^^^^^^^^^
[INFO] [stdout]     |
[INFO] [stdout]     = note: `FileSearchState` has derived impls for the traits `Clone` and `Debug`, but these are intentionally ignored during dead code analysis
[INFO] [stdout] 
[INFO] [stdout] 
[INFO] [stdout] warning: function `cleanup_task_for_done` is never used
[INFO] [stdout]     --> src/tui/app.rs:7352:4
[INFO] [stdout]      |
[INFO] [stdout] 7352 | fn cleanup_task_for_done(
[INFO] [stdout]      |    ^^^^^^^^^^^^^^^^^^^^^
[INFO] [stdout] 
[INFO] [stdout] 
[INFO] running `Command { std: "docker" "inspect" "6522077960e2d11c0511f93e8ea6a06d2594b0adce7b5e39c942711ca963cb37", kill_on_drop: false }`
[INFO] running `Command { std: "docker" "rm" "-f" "6522077960e2d11c0511f93e8ea6a06d2594b0adce7b5e39c942711ca963cb37", kill_on_drop: false }`
[INFO] [stdout] 6522077960e2d11c0511f93e8ea6a06d2594b0adce7b5e39c942711ca963cb37
