[INFO] cloning repository https://github.com/ST-48-1240162/faircamp
[INFO] running `Command { std: "git" "-c" "credential.helper=" "-c" "credential.helper=/workspace/cargo-home/bin/git-credential-null" "clone" "--bare" "https://github.com/ST-48-1240162/faircamp" "/workspace/cache/git-repos/https%3A%2F%2Fgithub.com%2FST-48-1240162%2Ffaircamp", kill_on_drop: false }`
[INFO] [stderr] Cloning into bare repository '/workspace/cache/git-repos/https%3A%2F%2Fgithub.com%2FST-48-1240162%2Ffaircamp'...
[INFO] running `Command { std: "git" "rev-parse" "HEAD", kill_on_drop: false }`
[INFO] [stdout] 54406285f54ee6e42c24b11e06c9aff7ac85f43c
[INFO] checking ST-48-1240162/faircamp against 3154cc1a3e6424e44f438a95007d043ed5ceaaf6+rustflags=-Znext-solver=coherence for pr-133502-30
[INFO] running `Command { std: "git" "clone" "/workspace/cache/git-repos/https%3A%2F%2Fgithub.com%2FST-48-1240162%2Ffaircamp" "/workspace/builds/worker-2-tc1/source", kill_on_drop: false }`
[INFO] [stderr] Cloning into '/workspace/builds/worker-2-tc1/source'...
[INFO] [stderr] done.
[INFO] started tweaking git repo https://github.com/ST-48-1240162/faircamp
[INFO] finished tweaking git repo https://github.com/ST-48-1240162/faircamp
[INFO] tweaked toml for git repo https://github.com/ST-48-1240162/faircamp written to /workspace/builds/worker-2-tc1/source/Cargo.toml
[INFO] validating manifest of git repo https://github.com/ST-48-1240162/faircamp on toolchain 3154cc1a3e6424e44f438a95007d043ed5ceaaf6
[INFO] running `Command { std: CARGO_HOME="/workspace/cargo-home" RUSTUP_HOME="/workspace/rustup-home" "/workspace/cargo-home/bin/cargo" "+3154cc1a3e6424e44f438a95007d043ed5ceaaf6" "metadata" "--manifest-path" "Cargo.toml" "--no-deps", kill_on_drop: false }`
[INFO] crate git repo https://github.com/ST-48-1240162/faircamp already has a lockfile, it will not be regenerated
[INFO] running `Command { std: CARGO_HOME="/workspace/cargo-home" RUSTUP_HOME="/workspace/rustup-home" "/workspace/cargo-home/bin/cargo" "+3154cc1a3e6424e44f438a95007d043ed5ceaaf6" "fetch" "--manifest-path" "Cargo.toml", kill_on_drop: false }`
[INFO] [stderr]     Updating crates.io index
[INFO] [stderr]     Updating git repository `https://codeberg.org/simonrepp/enolib-rs`
[INFO] [stderr]  Downloading crates ...
[INFO] [stderr]   Downloaded libbz2-rs-sys v0.2.1
[INFO] [stderr]   Downloaded liblzma v0.4.1
[INFO] [stderr]   Downloaded objc2-foundation v0.3.0
[INFO] [stderr]   Downloaded objc2 v0.6.0
[INFO] [stderr]   Downloaded bytemuck v1.20.0
[INFO] [stderr]   Downloaded png v0.17.15
[INFO] [stderr]   Downloaded rmp3 v0.3.1
[INFO] [stderr]   Downloaded zerocopy-derive v0.8.17
[INFO] [stderr]   Downloaded rand_core v0.9.0
[INFO] [stderr]   Downloaded pulldown-cmark v0.13.0
[INFO] [stderr]   Downloaded arbitrary-int v1.2.7
[INFO] [stderr]   Downloaded deunicode v1.6.0
[INFO] [stderr]   Downloaded zerocopy v0.8.17
[INFO] [stderr]   Downloaded fixed v1.27.0
[INFO] [stderr]   Downloaded ryu-js v1.0.2
[INFO] [stderr]   Downloaded oxc_traverse v0.62.0
[INFO] [stderr]   Downloaded pacmog v0.4.1
[INFO] [stderr]   Downloaded unicode-id-start v1.3.1
[INFO] [stderr]   Downloaded oxc_span v0.62.0
[INFO] [stderr]   Downloaded oxc_estree v0.62.0
[INFO] [stderr]   Downloaded oxc_allocator v0.62.0
[INFO] [stderr]   Downloaded oxc_syntax v0.62.0
[INFO] [stderr]   Downloaded thiserror-impl v2.0.4
[INFO] [stderr]   Downloaded oxc_transformer v0.62.0
[INFO] [stderr]   Downloaded oxc-miette-derive v2.1.2
[INFO] [stderr]   Downloaded oxc_index v3.0.0
[INFO] [stderr]   Downloaded oxc_ast_macros v0.62.0
[INFO] [stderr]   Downloaded oxc_data_structures v0.62.0
[INFO] [stderr]   Downloaded thiserror v2.0.4
[INFO] [stderr]   Downloaded oxc_regular_expression v0.62.0
[INFO] [stderr]   Downloaded ropey v1.6.1
[INFO] [stderr]   Downloaded oxc-miette v2.2.1
[INFO] [stderr]   Downloaded owo-colors v4.2.0
[INFO] [stderr]   Downloaded oxc_semantic v0.62.0
[INFO] [stderr]   Downloaded oxc_ecmascript v0.62.0
[INFO] [stderr]   Downloaded self_cell v1.1.0
[INFO] [stderr]   Downloaded oxc_cfg v0.62.0
[INFO] [stderr]   Downloaded oxc_mangler v0.62.0
[INFO] [stderr]   Downloaded oxc_sourcemap v3.0.0
[INFO] [stderr]   Downloaded opus v0.3.0
[INFO] [stderr]   Downloaded oxc_ast v0.62.0
[INFO] [stderr]   Downloaded oxc_diagnostics v0.62.0
[INFO] [stderr]   Downloaded oxc_ast_visit v0.62.0
[INFO] [stderr]   Downloaded oxc_codegen v0.62.0
[INFO] [stderr]   Downloaded opus_headers v0.1.2
[INFO] [stderr]   Downloaded ogg v0.9.2
[INFO] [stderr]   Downloaded oxc-browserslist v2.0.0
[INFO] [stderr]   Downloaded oxc_minifier v0.62.0
[INFO] [stderr]   Downloaded nanoid v0.4.0
[INFO] [stderr]   Downloaded mp4parse v0.17.0
[INFO] [stderr]   Downloaded oxc_parser v0.62.0
[INFO] [stderr]   Downloaded base64-simd v0.7.0
[INFO] [stderr]   Downloaded metaflac v0.2.8
[INFO] [stderr]   Downloaded parcel_sourcemap v2.1.1
[INFO] [stderr]   Downloaded bitreader v0.3.8
[INFO] [stderr]   Downloaded data-url v0.1.1
[INFO] [stderr]   Downloaded vlq v0.5.1
[INFO] [stderr]   Downloaded audiopus_sys v0.2.2
[INFO] [stderr]   Downloaded cssparser v0.33.0
[INFO] [stderr]   Downloaded simd-abstraction v0.7.1
[INFO] [stderr]   Downloaded outref v0.1.0
[INFO] [stderr]   Downloaded lightningcss-derive v1.0.0-alpha.43
[INFO] [stderr]   Downloaded const-str-proc-macro v0.3.2
[INFO] [stderr]   Downloaded const-str v0.3.2
[INFO] [stderr]   Downloaded cssparser-color v0.1.0
[INFO] [stderr]   Downloaded parcel_selectors v0.28.1
[INFO] [stderr]   Downloaded iso_currency v0.5.3
[INFO] [stderr]   Downloaded libvips v1.5.1
[INFO] [stderr]   Downloaded iso_country v0.1.4
[INFO] [stderr]   Downloaded profiling-procmacros v1.0.16
[INFO] [stderr]   Downloaded built v0.7.5
[INFO] [stderr]   Downloaded libfuzzer-sys v0.4.8
[INFO] [stderr]   Downloaded id3 v1.16.3
[INFO] [stderr]   Downloaded clap_derive v4.5.41
[INFO] [stderr]   Downloaded clap v4.5.41
[INFO] [stderr]   Downloaded clap_builder v4.5.41
[INFO] [stderr]   Downloaded lightningcss v1.0.0-alpha.65
[INFO] [stderr]   Downloaded mp4parse v0.10.1
[INFO] [stderr]   Downloaded alac v0.5.0
[INFO] running `Command { std: "docker" "create" "-v" "/var/lib/crater-agent-workspace/builds/worker-2-tc1/source:/opt/rustwide/workdir:ro,Z" "-v" "/var/lib/crater-agent-workspace/builds/worker-2-tc1/target:/opt/rustwide/target:rw,Z" "-v" "/var/lib/crater-agent-workspace/cargo-home:/opt/rustwide/cargo-home:ro,Z" "-v" "/var/lib/crater-agent-workspace/rustup-home:/opt/rustwide/rustup-home:ro,Z" "-m" "1610612736" "--network" "none" "ghcr.io/rust-lang/crates-build-env/linux@sha256:77db811e55d90add9212f6832c23229e3de5f1c1f9905e8cb07319ea15df73ac" "sleep" "infinity", kill_on_drop: false }`
[INFO] [stdout] a5a24556827bfc4e9371ac2bae4b279dc9416d8dff706094a2cacf13ed86a64d
[INFO] running `Command { std: "docker" "start" "a5a24556827bfc4e9371ac2bae4b279dc9416d8dff706094a2cacf13ed86a64d", kill_on_drop: false }`
[INFO] running `Command { std: "docker" "inspect" "a5a24556827bfc4e9371ac2bae4b279dc9416d8dff706094a2cacf13ed86a64d", kill_on_drop: false }`
[INFO] running `Command { std: "docker" "exec" "-e" "SOURCE_DIR=/opt/rustwide/workdir" "-e" "CARGO_HOME=/opt/rustwide/cargo-home" "-e" "RUSTUP_HOME=/opt/rustwide/rustup-home" "-e" "CARGO_TARGET_DIR=/opt/rustwide/target" "-w" "/opt/rustwide/workdir" "--user" "0:0" "a5a24556827bfc4e9371ac2bae4b279dc9416d8dff706094a2cacf13ed86a64d" "/opt/rustwide/cargo-home/bin/cargo" "+3154cc1a3e6424e44f438a95007d043ed5ceaaf6" "metadata" "--no-deps" "--format-version=1", kill_on_drop: false }`
[INFO] running `Command { std: "docker" "inspect" "a5a24556827bfc4e9371ac2bae4b279dc9416d8dff706094a2cacf13ed86a64d", kill_on_drop: false }`
[INFO] running `Command { std: "docker" "exec" "-e" "SOURCE_DIR=/opt/rustwide/workdir" "-e" "CARGO_HOME=/opt/rustwide/cargo-home" "-e" "RUSTUP_HOME=/opt/rustwide/rustup-home" "-e" "CARGO_TARGET_DIR=/opt/rustwide/target" "-e" "CARGO_INCREMENTAL=0" "-e" "RUST_BACKTRACE=full" "-e" "RUSTFLAGS=--cap-lints=forbid -Znext-solver=coherence" "-e" "RUSTDOCFLAGS=--cap-lints=forbid" "-w" "/opt/rustwide/workdir" "--user" "0:0" "a5a24556827bfc4e9371ac2bae4b279dc9416d8dff706094a2cacf13ed86a64d" "/opt/rustwide/cargo-home/bin/cargo" "+3154cc1a3e6424e44f438a95007d043ed5ceaaf6" "check" "--frozen" "--all" "--all-targets" "--message-format=json", kill_on_drop: false }`
[INFO] [stderr]    Compiling proc-macro2 v1.0.92
[INFO] [stderr]    Compiling libc v0.2.169
[INFO] [stderr]     Checking smallvec v1.13.2
[INFO] [stderr]     Checking pin-project-lite v0.2.15
[INFO] [stderr]    Compiling serde v1.0.219
[INFO] [stderr]    Compiling getrandom v0.3.1
[INFO] [stderr]     Checking zlib-rs v0.5.1
[INFO] [stderr]     Checking tracing-core v0.1.33
[INFO] [stderr]     Checking miniz_oxide v0.8.9
[INFO] [stderr]    Compiling zerocopy v0.8.17
[INFO] [stderr]    Compiling semver v1.0.23
[INFO] [stderr]     Checking digest v0.10.7
[INFO] [stderr]     Checking regex-syntax v0.8.5
[INFO] [stderr]     Checking local-waker v0.1.4
[INFO] [stderr]     Checking futures-task v0.3.31
[INFO] [stderr]     Checking bitflags v2.9.0
[INFO] [stderr]     Checking http v0.2.12
[INFO] [stderr]     Checking indexmap v2.7.0
[INFO] [stderr]    Compiling time-macros v0.2.19
[INFO] [stderr]    Compiling ahash v0.8.11
[INFO] [stderr]     Checking futures-util v0.3.31
[INFO] [stderr]    Compiling httparse v1.9.5
[INFO] [stderr]    Compiling bytes v1.9.0
[INFO] [stderr]     Checking sha1 v0.10.6
[INFO] [stderr]    Compiling rustc_version v0.4.1
[INFO] [stderr]     Checking actix-service v2.0.2
[INFO] [stderr]     Checking actix-utils v3.0.1
[INFO] [stderr]     Checking brotli-decompressor v5.0.0
[INFO] [stderr]     Checking bytestring v1.4.0
[INFO] [stderr]    Compiling tracing v0.1.41
[INFO] [stderr]    Compiling cookie v0.16.2
[INFO] [stderr]    Compiling quote v1.0.37
[INFO] [stderr]    Compiling jobserver v0.1.32
[INFO] [stderr]    Compiling regex-lite v0.1.6
[INFO] [stderr]    Compiling az v1.2.1
[INFO] [stderr]     Checking parking_lot_core v0.9.10
[INFO] [stderr]     Checking signal-hook-registry v1.4.2
[INFO] [stderr]     Checking mio v1.0.3
[INFO] [stderr]     Checking socket2 v0.5.8
[INFO] [stderr]    Compiling syn v2.0.90
[INFO] [stderr]    Compiling cc v1.2.3
[INFO] [stderr]     Checking parking_lot v0.12.3
[INFO] [stderr]     Checking getrandom v0.2.15
[INFO] [stderr]     Checking libz-rs-sys v0.5.1
[INFO] [stderr]    Compiling serde_json v1.0.133
[INFO] [stderr]    Compiling unicase v2.8.0
[INFO] [stderr]     Checking bytemuck v1.20.0
[INFO] [stderr]     Checking flate2 v1.1.2
[INFO] [stderr]     Checking rand_core v0.6.4
[INFO] [stderr]    Compiling mime_guess v2.0.5
[INFO] [stderr]     Checking anstyle-parse v0.2.5
[INFO] [stderr]    Compiling heapless v0.7.17
[INFO] [stderr]     Checking time v0.3.37
[INFO] [stderr]     Checking local-channel v0.1.5
[INFO] [stderr]     Checking inout v0.1.3
[INFO] [stderr]     Checking regex-automata v0.4.9
[INFO] [stderr]     Checking bitreader v0.3.8
[INFO] [stderr]     Checking foldhash v0.1.5
[INFO] [stderr]     Checking is_terminal_polyfill v1.70.1
[INFO] [stderr]    Compiling v_htmlescape v0.15.8
[INFO] [stderr]    Compiling anyhow v1.0.94
[INFO] [stderr]    Compiling fixed v1.27.0
[INFO] [stderr]     Checking anstyle-query v1.1.1
[INFO] [stderr]     Checking colorchoice v1.0.2
[INFO] [stderr]     Checking language-tags v0.3.2
[INFO] [stderr]     Checking cipher v0.4.4
[INFO] [stderr]     Checking anstream v0.6.15
[INFO] [stderr]    Compiling iso_currency v0.5.3
[INFO] [stderr]     Checking hmac v0.12.1
[INFO] [stderr]     Checking spin v0.9.8
[INFO] [stderr]     Checking half v2.4.1
[INFO] [stderr]     Checking libbz2-rs-sys v0.2.1
[INFO] [stderr]     Checking brotli v8.0.1
[INFO] [stderr]     Checking rand_core v0.9.0
[INFO] [stderr]     Checking bumpalo v3.17.0
[INFO] [stderr]     Checking impl-more v0.1.8
[INFO] [stderr]     Checking lockfree-object-pool v0.1.6
[INFO] [stderr]    Compiling pulldown-cmark v0.13.0
[INFO] [stderr]     Checking clap_lex v0.7.4
[INFO] [stderr]     Checking minimal-lexical v0.2.1
[INFO] [stderr]     Checking zopfli v0.8.1
[INFO] [stderr]     Checking iso_country v0.1.4
[INFO] [stderr]    Compiling cmake v0.1.51
[INFO] [stderr]     Checking clap_builder v4.5.41
[INFO] [stderr]     Checking bzip2 v0.6.0
[INFO] [stderr]     Checking nom v7.1.3
[INFO] [stderr]     Checking tiny-skia-path v0.11.4
[INFO] [stderr]    Compiling faircamp v1.6.0 (/opt/rustwide/workdir)
[INFO] [stderr]     Checking png v0.17.15
[INFO] [stderr]     Checking pbkdf2 v0.12.2
[INFO] [stderr]     Checking aes v0.8.4
[INFO] [stderr]     Checking mp4parse v0.10.1
[INFO] [stderr]    Compiling zstd-sys v2.0.13+zstd.1.5.6
[INFO] [stderr]    Compiling liblzma-sys v0.4.4
[INFO] [stderr]    Compiling audiopus_sys v0.2.2
[INFO] [stderr]     Checking serde_urlencoded v0.7.1
[INFO] [stderr]    Compiling rmp3 v0.3.1
[INFO] [stderr]     Checking ogg v0.8.0
[INFO] [stderr]    Compiling indoc v2.0.6
[INFO] [stderr]     Checking pulldown-cmark-escape v0.11.0
[INFO] [stderr]     Checking deflate64 v0.1.9
[INFO] [stderr]     Checking arbitrary-int v1.2.7
[INFO] [stderr]     Checking constant_time_eq v0.3.1
[INFO] [stderr]     Checking ppmd-rust v1.2.1
[INFO] [stderr]     Checking deunicode v1.6.0
[INFO] [stderr]     Checking liblzma v0.4.1
[INFO] [stderr]     Checking http-range v0.1.5
[INFO] [stderr]     Checking chrono v0.4.41
[INFO] [stderr]     Checking tiny-skia v0.11.4
[INFO] [stderr]     Checking translations v1.6.0 (/opt/rustwide/workdir/translations)
[INFO] [stderr]     Checking metaflac v0.2.8
[INFO] [stderr]     Checking slug v0.1.6
[INFO] [stderr]     Checking alac v0.5.0
[INFO] [stderr]     Checking regex v1.11.1
[INFO] [stderr]     Checking uuid v1.17.0
[INFO] [stderr]     Checking lewton v0.10.2
[INFO] [stderr]    Compiling actix-router v0.5.3
[INFO] [stderr]     Checking opus v0.3.0
[INFO] [stderr]     Checking bincode v1.3.3
[INFO] [stderr]     Checking id3 v1.16.3
[INFO] [stderr]     Checking sanitize-filename v0.6.0
[INFO] [stderr]     Checking ogg v0.9.2
[INFO] [stderr]     Checking claxon v0.4.3
[INFO] [stderr]     Checking enolib v0.5.0 (https://codeberg.org/simonrepp/enolib-rs?tag=0.5.0#011a9309)
[INFO] [stderr]     Checking opus_headers v0.1.2
[INFO] [stderr]     Checking hound v3.5.1
[INFO] [stderr]     Checking seahash v4.1.0
[INFO] [stderr]    Compiling synstructure v0.13.1
[INFO] [stderr]    Compiling zerofrom-derive v0.1.5
[INFO] [stderr]    Compiling yoke-derive v0.7.5
[INFO] [stderr]    Compiling zerovec-derive v0.10.3
[INFO] [stderr]    Compiling zerocopy-derive v0.7.35
[INFO] [stderr]    Compiling displaydoc v0.2.5
[INFO] [stderr]    Compiling icu_provider_macros v1.5.0
[INFO] [stderr]    Compiling tokio-macros v2.5.0
[INFO] [stderr]    Compiling tracing-attributes v0.1.28
[INFO] [stderr]    Compiling derive_more-impl v2.0.1
[INFO] [stderr]    Compiling zeroize_derive v1.4.2
[INFO] [stderr]    Compiling actix-macros v0.2.4
[INFO] [stderr]    Compiling actix-web-codegen v4.3.0
[INFO] [stderr]    Compiling clap_derive v4.5.41
[INFO] [stderr]    Compiling derive_more v0.99.18
[INFO] [stderr]     Checking zeroize v1.8.1
[INFO] [stderr]    Compiling serde_derive v1.0.219
[INFO] [stderr]     Checking tokio v1.46.1
[INFO] [stderr]     Checking zerocopy v0.7.35
[INFO] [stderr]     Checking zerofrom v0.1.5
[INFO] [stderr]     Checking yoke v0.7.5
[INFO] [stderr]     Checking zerovec v0.10.4
[INFO] [stderr]     Checking ppv-lite86 v0.2.20
[INFO] [stderr]     Checking rand_chacha v0.9.0
[INFO] [stderr]     Checking rand_chacha v0.3.1
[INFO] [stderr]     Checking hashbrown v0.13.2
[INFO] [stderr]     Checking rand v0.8.5
[INFO] [stderr]     Checking rand v0.9.2
[INFO] [stderr]     Checking derive_more v2.0.1
[INFO] [stderr]     Checking fallible_collections v0.4.9
[INFO] [stderr]     Checking nanoid v0.4.0
[INFO] [stderr]     Checking clap v4.5.41
[INFO] [stderr]     Checking mp4parse v0.17.0
[INFO] [stderr]     Checking tinystr v0.7.6
[INFO] [stderr]     Checking icu_collections v1.5.0
[INFO] [stderr]     Checking icu_locid v1.5.0
[INFO] [stderr]    Compiling zstd-safe v7.2.1
[INFO] [stderr]     Checking zstd v0.13.2
[INFO] [stderr]     Checking zip v4.3.0
[INFO] [stderr]     Checking icu_provider v1.5.0
[INFO] [stderr]     Checking icu_locid_transform v1.5.0
[INFO] [stderr]     Checking icu_properties v1.5.1
[INFO] [stderr]     Checking tokio-util v0.7.13
[INFO] [stderr]     Checking actix-rt v2.10.0
[INFO] [stderr]     Checking actix-server v2.6.0
[INFO] [stderr]     Checking h2 v0.3.26
[INFO] [stderr]     Checking actix-codec v0.5.2
[INFO] [stderr]     Checking icu_normalizer v1.5.0
[INFO] [stderr]     Checking idna_adapter v1.2.0
[INFO] [stderr]     Checking idna v1.0.3
[INFO] [stderr]     Checking url v2.5.4
[INFO] [stderr]     Checking pacmog v0.4.1
[INFO] [stderr]     Checking webbrowser v1.0.5
[INFO] [stderr]     Checking actix-http v3.11.0
[INFO] [stderr]     Checking actix-web v4.11.0
[INFO] [stderr]     Checking actix-files v0.6.6
[INFO] [stdout] error[E0583]: file not found for module `implementation`
[INFO] [stdout]   --> src/image/processor.rs:12:1
[INFO] [stdout]    |
[INFO] [stdout] 12 | mod implementation;
[INFO] [stdout]    | ^^^^^^^^^^^^^^^^^^^
[INFO] [stdout]    |
[INFO] [stdout]    = help: to create the module `implementation`, create file "src/image/processor/implementation.rs" or "src/image/processor/implementation/mod.rs"
[INFO] [stdout]    = note: if there is a `mod implementation` elsewhere in the crate already, import it with `use crate::...` instead
[INFO] [stdout] 
[INFO] [stdout] 
[INFO] [stdout] error[E0583]: file not found for module `implementation`
[INFO] [stdout]   --> src/image/processor.rs:12:1
[INFO] [stdout]    |
[INFO] [stdout] 12 | mod implementation;
[INFO] [stdout]    | ^^^^^^^^^^^^^^^^^^^
[INFO] [stdout]    |
[INFO] [stdout]    = help: to create the module `implementation`, create file "src/image/processor/implementation.rs" or "src/image/processor/implementation/mod.rs"
[INFO] [stdout]    = note: if there is a `mod implementation` elsewhere in the crate already, import it with `use crate::...` instead
[INFO] [stdout] 
[INFO] [stdout] 
[INFO] [stdout] error: An image processing feature needs to be enabled, re-run your last command with either "--features image" added (pick this if you're unsure which to pick) or "--features libvips" (pick this if you know exactly what you're doing)
[INFO] [stdout]  --> src/image/processor.rs:5:1
[INFO] [stdout]   |
[INFO] [stdout] 5 | compile_error!(r#"An image processing feature needs to be enabled, re-run your last command with either "--features image" added (pick this if you're unsure which to pick) or "--features libvips" (pick this if you know exactly what you're doing)"#);
[INFO] [stdout]   | ^^^^^^^^^^^^^^^^^^^^^^^^^^^^^^^^^^^^^^^^^^^^^^^^^^^^^^^^^^^^^^^^^^^^^^^^^^^^^^^^^^^^^^^^^^^^^^^^^^^^^^^^^^^^^^^^^^^^^^^^^^^^^^^^^^^^^^^^^^^^^^^^^^^^^^^^^^^^^^^^^^^^^^^^^^^^^^^^^^^^^^^^^^^^^^^^^^^^^^^^^^^^^^^^^^^^^^^^^^^^^^^^^^^^^^^^^^^^^^^^^^^^^^^^
[INFO] [stdout] 
[INFO] [stdout] 
[INFO] [stdout] error: An image processing feature needs to be enabled, re-run your last command with either "--features image" added (pick this if you're unsure which to pick) or "--features libvips" (pick this if you know exactly what you're doing)
[INFO] [stdout]  --> src/image/processor.rs:5:1
[INFO] [stdout]   |
[INFO] [stdout] 5 | compile_error!(r#"An image processing feature needs to be enabled, re-run your last command with either "--features image" added (pick this if you're unsure which to pick) or "--features libvips" (pick this if you know exactly what you're doing)"#);
[INFO] [stdout]   | ^^^^^^^^^^^^^^^^^^^^^^^^^^^^^^^^^^^^^^^^^^^^^^^^^^^^^^^^^^^^^^^^^^^^^^^^^^^^^^^^^^^^^^^^^^^^^^^^^^^^^^^^^^^^^^^^^^^^^^^^^^^^^^^^^^^^^^^^^^^^^^^^^^^^^^^^^^^^^^^^^^^^^^^^^^^^^^^^^^^^^^^^^^^^^^^^^^^^^^^^^^^^^^^^^^^^^^^^^^^^^^^^^^^^^^^^^^^^^^^^^^^^^^^^
[INFO] [stdout] 
[INFO] [stdout] 
[INFO] [stdout] error[E0432]: unresolved import `crate::ImageProcessor`
[INFO] [stdout]   --> src/build.rs:18:5
[INFO] [stdout]    |
[INFO] [stdout] 18 |     ImageProcessor,
[INFO] [stdout]    |     ^^^^^^^^^^^^^^ no `ImageProcessor` in the root
[INFO] [stdout]    |
[INFO] [stdout]    = note: unresolved item `crate::image::processor::ImageProcessor` exists but is inaccessible
[INFO] [stdout] 
[INFO] [stdout] 
[INFO] [stdout] error[E0432]: unresolved import `crate::ImageProcessor`
[INFO] [stdout]   --> src/build.rs:18:5
[INFO] [stdout]    |
[INFO] [stdout] 18 |     ImageProcessor,
[INFO] [stdout]    |     ^^^^^^^^^^^^^^ no `ImageProcessor` in the root
[INFO] [stdout]    |
[INFO] [stdout]    = note: unresolved item `crate::image::processor::ImageProcessor` exists but is inaccessible
[INFO] [stdout] 
[INFO] [stdout] 
[INFO] [stdout] Some errors have detailed explanations: E0432, E0583.
[INFO] [stdout] 
[INFO] [stdout] For more information about an error, try `rustc --explain E0432`.
[INFO] [stdout] 
[INFO] [stdout] Some errors have detailed explanations: E0432, E0583.
[INFO] [stdout] 
[INFO] [stdout] For more information about an error, try `rustc --explain E0432`.
[INFO] [stdout] 
[INFO] [stderr] error: could not compile `faircamp` (bin "faircamp" test) due to 3 previous errors
[INFO] [stderr] warning: build failed, waiting for other jobs to finish...
[INFO] [stderr] error: could not compile `faircamp` (bin "faircamp") due to 3 previous errors
[INFO] running `Command { std: "docker" "inspect" "a5a24556827bfc4e9371ac2bae4b279dc9416d8dff706094a2cacf13ed86a64d", kill_on_drop: false }`
[INFO] running `Command { std: "docker" "rm" "-f" "a5a24556827bfc4e9371ac2bae4b279dc9416d8dff706094a2cacf13ed86a64d", kill_on_drop: false }`
[INFO] [stdout] a5a24556827bfc4e9371ac2bae4b279dc9416d8dff706094a2cacf13ed86a64d
