[INFO] cloning repository https://github.com/SSL-ACTX/L.I.L.A.
[INFO] running `Command { std: "git" "-c" "credential.helper=" "-c" "credential.helper=/workspace/cargo-home/bin/git-credential-null" "clone" "--bare" "https://github.com/SSL-ACTX/L.I.L.A." "/workspace/cache/git-repos/https%3A%2F%2Fgithub.com%2FSSL-ACTX%2FL.I.L.A.", kill_on_drop: false }`
[INFO] [stderr] Cloning into bare repository '/workspace/cache/git-repos/https%3A%2F%2Fgithub.com%2FSSL-ACTX%2FL.I.L.A.'...
[INFO] running `Command { std: "git" "rev-parse" "HEAD", kill_on_drop: false }`
[INFO] [stdout] 5749c70edfab765630c84536f8231fddcf8a4de9
[INFO] checking SSL-ACTX/L.I.L.A. against 3154cc1a3e6424e44f438a95007d043ed5ceaaf6+rustflags=-Znext-solver=coherence for pr-133502-30
[INFO] running `Command { std: "git" "clone" "/workspace/cache/git-repos/https%3A%2F%2Fgithub.com%2FSSL-ACTX%2FL.I.L.A." "/workspace/builds/worker-5-tc1/source", kill_on_drop: false }`
[INFO] [stderr] Cloning into '/workspace/builds/worker-5-tc1/source'...
[INFO] [stderr] done.
[INFO] started tweaking git repo https://github.com/SSL-ACTX/L.I.L.A.
[INFO] finished tweaking git repo https://github.com/SSL-ACTX/L.I.L.A.
[INFO] tweaked toml for git repo https://github.com/SSL-ACTX/L.I.L.A. written to /workspace/builds/worker-5-tc1/source/Cargo.toml
[INFO] validating manifest of git repo https://github.com/SSL-ACTX/L.I.L.A. on toolchain 3154cc1a3e6424e44f438a95007d043ed5ceaaf6
[INFO] running `Command { std: CARGO_HOME="/workspace/cargo-home" RUSTUP_HOME="/workspace/rustup-home" "/workspace/cargo-home/bin/cargo" "+3154cc1a3e6424e44f438a95007d043ed5ceaaf6" "metadata" "--manifest-path" "Cargo.toml" "--no-deps", kill_on_drop: false }`
[INFO] crate git repo https://github.com/SSL-ACTX/L.I.L.A. already has a lockfile, it will not be regenerated
[INFO] running `Command { std: CARGO_HOME="/workspace/cargo-home" RUSTUP_HOME="/workspace/rustup-home" "/workspace/cargo-home/bin/cargo" "+3154cc1a3e6424e44f438a95007d043ed5ceaaf6" "fetch" "--manifest-path" "Cargo.toml", kill_on_drop: false }`
[INFO] [stderr] warning: `package.homepage` is redundant with `package.repository`
[INFO] [stderr]  --> crates/lirien-verify/Cargo.toml:8:1
[INFO] [stderr]   |
[INFO] [stderr] 7 | repository.workspace = true
[INFO] [stderr]   | ----------
[INFO] [stderr] 8 | homepage.workspace = true
[INFO] [stderr]   | ^^^^^^^^
[INFO] [stderr]   |
[INFO] [stderr]   = note: `cargo::redundant_homepage` is set to `warn` by default
[INFO] [stderr] help: consider removing `package.homepage`
[INFO] [stderr] warning: `lirien-verify` (manifest) generated 1 warning
[INFO] [stderr] warning: `package.homepage` is redundant with `package.repository`
[INFO] [stderr]  --> crates/lirien-bridge/Cargo.toml:8:1
[INFO] [stderr]   |
[INFO] [stderr] 7 | repository.workspace = true
[INFO] [stderr]   | ----------
[INFO] [stderr] 8 | homepage.workspace = true
[INFO] [stderr]   | ^^^^^^^^
[INFO] [stderr]   |
[INFO] [stderr]   = note: `cargo::redundant_homepage` is set to `warn` by default
[INFO] [stderr] help: consider removing `package.homepage`
[INFO] [stderr] warning: `lirien-bridge` (manifest) generated 1 warning
[INFO] [stderr] warning: `package.homepage` is redundant with `package.repository`
[INFO] [stderr]  --> crates/lirien-ir/Cargo.toml:8:1
[INFO] [stderr]   |
[INFO] [stderr] 7 | repository.workspace = true
[INFO] [stderr]   | ----------
[INFO] [stderr] 8 | homepage.workspace = true
[INFO] [stderr]   | ^^^^^^^^
[INFO] [stderr]   |
[INFO] [stderr]   = note: `cargo::redundant_homepage` is set to `warn` by default
[INFO] [stderr] help: consider removing `package.homepage`
[INFO] [stderr] warning: `lirien-ir` (manifest) generated 1 warning
[INFO] [stderr] warning: `package.homepage` is redundant with `package.repository`
[INFO] [stderr]  --> crates/lirien-backend/Cargo.toml:8:1
[INFO] [stderr]   |
[INFO] [stderr] 7 | repository.workspace = true
[INFO] [stderr]   | ----------
[INFO] [stderr] 8 | homepage.workspace = true
[INFO] [stderr]   | ^^^^^^^^
[INFO] [stderr]   |
[INFO] [stderr]   = note: `cargo::redundant_homepage` is set to `warn` by default
[INFO] [stderr] help: consider removing `package.homepage`
[INFO] [stderr] warning: `lirien-backend` (manifest) generated 1 warning
[INFO] [stderr]     Updating crates.io index
[INFO] [stderr]  Downloading crates ...
[INFO] [stderr]   Downloaded unicode_names2_generator v1.3.0
[INFO] [stderr]   Downloaded is-macro v0.3.8
[INFO] [stderr]   Downloaded drop_bomb v0.1.5
[INFO] [stderr]   Downloaded cranelift-bitset v0.133.3
[INFO] [stderr]   Downloaded collection_literals v1.0.3
[INFO] [stderr]   Downloaded get-size-derive2 v0.11.0
[INFO] [stderr]   Downloaded manyhow-macros v0.11.4
[INFO] [stderr]   Downloaded quote-use v0.8.4
[INFO] [stderr]   Downloaded ruff_source_file v0.0.16
[INFO] [stderr]   Downloaded cranelift v0.133.3
[INFO] [stderr]   Downloaded ruff_text_size v0.0.16
[INFO] [stderr]   Downloaded pyo3-macros v0.29.3
[INFO] [stderr]   Downloaded cranelift-native v0.133.3
[INFO] [stderr]   Downloaded attribute-derive-macro v0.10.5
[INFO] [stderr]   Downloaded quote-use-macros v0.8.4
[INFO] [stderr]   Downloaded embedded-io v0.4.0
[INFO] [stderr]   Downloaded cranelift-codegen-shared v0.133.3
[INFO] [stderr]   Downloaded wasmtime-internal-jit-icache-coherence v46.0.3
[INFO] [stderr]   Downloaded cranelift-control v0.133.3
[INFO] [stderr]   Downloaded cranelift-srcgen v0.133.3
[INFO] [stderr]   Downloaded manyhow v0.11.4
[INFO] [stderr]   Downloaded atomic-polyfill v1.0.3
[INFO] [stderr]   Downloaded proc-macro-utils v0.10.0
[INFO] [stderr]   Downloaded ruff_python_trivia v0.0.16
[INFO] [stderr]   Downloaded region v3.0.2
[INFO] [stderr]   Downloaded cranelift-entity v0.133.3
[INFO] [stderr]   Downloaded cranelift-bforest v0.133.3
[INFO] [stderr]   Downloaded cranelift-assembler-x64 v0.133.3
[INFO] [stderr]   Downloaded cranelift-module v0.133.3
[INFO] [stderr]   Downloaded cranelift-jit v0.133.3
[INFO] [stderr]   Downloaded memmap2 v0.2.3
[INFO] [stderr]   Downloaded thin-vec v0.2.20
[INFO] [stderr]   Downloaded get-size2 v0.11.0
[INFO] [stderr]   Downloaded smallvec v1.16.2
[INFO] [stderr]   Downloaded attribute-derive v0.10.5
[INFO] [stderr]   Downloaded pyo3-build-config v0.29.3
[INFO] [stderr]   Downloaded cranelift-assembler-x64-meta v0.133.3
[INFO] [stderr]   Downloaded cranelift-frontend v0.133.3
[INFO] [stderr]   Downloaded ordermap v1.2.2
[INFO] [stderr]   Downloaded derive-where v1.7.0
[INFO] [stderr]   Downloaded char_str v0.0.4
[INFO] [stderr]   Downloaded wasmtime-internal-core v46.0.3
[INFO] [stderr]   Downloaded heapless v0.7.17
[INFO] [stderr]   Downloaded cranelift-isle v0.133.3
[INFO] [stderr]   Downloaded z3-sys v0.11.0
[INFO] [stderr]   Downloaded cranelift-codegen-meta v0.133.3
[INFO] [stderr]   Downloaded pyo3-ffi v0.29.3
[INFO] [stderr]   Downloaded compact_str v0.10.0
[INFO] [stderr]   Downloaded pyo3-macros-backend v0.29.3
[INFO] [stderr]   Downloaded z3 v0.20.2
[INFO] [stderr]   Downloaded cc v1.6.0
[INFO] [stderr]   Downloaded syn v3.0.6
[INFO] [stderr]   Downloaded ruff_python_ast v0.0.16
[INFO] [stderr]   Downloaded zerocopy-derive v0.8.59
[INFO] [stderr]   Downloaded regalloc2 v0.15.2
[INFO] [stderr]   Downloaded zerocopy v0.8.59
[INFO] [stderr]   Downloaded unicode_names2 v1.3.0
[INFO] [stderr]   Downloaded gimli v0.33.0
[INFO] [stderr]   Downloaded ruff_python_parser v0.0.16
[INFO] [stderr]   Downloaded cranelift-codegen v0.133.3
[INFO] [stderr]   Downloaded pyo3 v0.29.3
[INFO] running `Command { std: "docker" "create" "-v" "/var/lib/crater-agent-workspace/builds/worker-5-tc1/source:/opt/rustwide/workdir:ro,Z" "-v" "/var/lib/crater-agent-workspace/builds/worker-5-tc1/target:/opt/rustwide/target:rw,Z" "-v" "/var/lib/crater-agent-workspace/cargo-home:/opt/rustwide/cargo-home:ro,Z" "-v" "/var/lib/crater-agent-workspace/rustup-home:/opt/rustwide/rustup-home:ro,Z" "-m" "1610612736" "--network" "none" "ghcr.io/rust-lang/crates-build-env/linux@sha256:77db811e55d90add9212f6832c23229e3de5f1c1f9905e8cb07319ea15df73ac" "sleep" "infinity", kill_on_drop: false }`
[INFO] [stdout] 99e9f97ab911b2b31efe9e33c8bd2499d9b1c4e5b3f436a8b39e77e241c2c9ee
[INFO] running `Command { std: "docker" "start" "99e9f97ab911b2b31efe9e33c8bd2499d9b1c4e5b3f436a8b39e77e241c2c9ee", kill_on_drop: false }`
[INFO] running `Command { std: "docker" "inspect" "99e9f97ab911b2b31efe9e33c8bd2499d9b1c4e5b3f436a8b39e77e241c2c9ee", kill_on_drop: false }`
[INFO] running `Command { std: "docker" "exec" "-e" "SOURCE_DIR=/opt/rustwide/workdir" "-e" "CARGO_HOME=/opt/rustwide/cargo-home" "-e" "RUSTUP_HOME=/opt/rustwide/rustup-home" "-e" "CARGO_TARGET_DIR=/opt/rustwide/target" "-w" "/opt/rustwide/workdir" "--user" "0:0" "99e9f97ab911b2b31efe9e33c8bd2499d9b1c4e5b3f436a8b39e77e241c2c9ee" "/opt/rustwide/cargo-home/bin/cargo" "+3154cc1a3e6424e44f438a95007d043ed5ceaaf6" "metadata" "--no-deps" "--format-version=1", kill_on_drop: false }`
[INFO] running `Command { std: "docker" "inspect" "99e9f97ab911b2b31efe9e33c8bd2499d9b1c4e5b3f436a8b39e77e241c2c9ee", kill_on_drop: false }`
[INFO] running `Command { std: "docker" "exec" "-e" "SOURCE_DIR=/opt/rustwide/workdir" "-e" "CARGO_HOME=/opt/rustwide/cargo-home" "-e" "RUSTUP_HOME=/opt/rustwide/rustup-home" "-e" "CARGO_TARGET_DIR=/opt/rustwide/target" "-e" "CARGO_INCREMENTAL=0" "-e" "RUST_BACKTRACE=full" "-e" "RUSTFLAGS=--cap-lints=forbid -Znext-solver=coherence" "-e" "RUSTDOCFLAGS=--cap-lints=forbid" "-w" "/opt/rustwide/workdir" "--user" "0:0" "99e9f97ab911b2b31efe9e33c8bd2499d9b1c4e5b3f436a8b39e77e241c2c9ee" "/opt/rustwide/cargo-home/bin/cargo" "+3154cc1a3e6424e44f438a95007d043ed5ceaaf6" "check" "--frozen" "--all" "--all-targets" "--message-format=json", kill_on_drop: false }`
[INFO] [stderr] warning: `package.homepage` is redundant with `package.repository`
[INFO] [stderr]  --> crates/lirien-backend/Cargo.toml:8:1
[INFO] [stderr]   |
[INFO] [stderr] 7 | repository.workspace = true
[INFO] [stderr]   | ----------
[INFO] [stderr] 8 | homepage.workspace = true
[INFO] [stderr]   | ^^^^^^^^
[INFO] [stderr]   |
[INFO] [stderr]   = note: `cargo::redundant_homepage` is set to `warn` by default
[INFO] [stderr] help: consider removing `package.homepage`
[INFO] [stderr] warning: `lirien-backend` (manifest) generated 1 warning
[INFO] [stderr] warning: `package.homepage` is redundant with `package.repository`
[INFO] [stderr]  --> crates/lirien-verify/Cargo.toml:8:1
[INFO] [stderr]   |
[INFO] [stderr] 7 | repository.workspace = true
[INFO] [stderr]   | ----------
[INFO] [stderr] 8 | homepage.workspace = true
[INFO] [stderr]   | ^^^^^^^^
[INFO] [stderr]   |
[INFO] [stderr]   = note: `cargo::redundant_homepage` is set to `warn` by default
[INFO] [stderr] help: consider removing `package.homepage`
[INFO] [stderr] warning: `lirien-verify` (manifest) generated 1 warning
[INFO] [stderr] warning: `package.homepage` is redundant with `package.repository`
[INFO] [stderr]  --> crates/lirien-bridge/Cargo.toml:8:1
[INFO] [stderr]   |
[INFO] [stderr] 7 | repository.workspace = true
[INFO] [stderr]   | ----------
[INFO] [stderr] 8 | homepage.workspace = true
[INFO] [stderr]   | ^^^^^^^^
[INFO] [stderr]   |
[INFO] [stderr]   = note: `cargo::redundant_homepage` is set to `warn` by default
[INFO] [stderr] help: consider removing `package.homepage`
[INFO] [stderr] warning: `lirien-bridge` (manifest) generated 1 warning
[INFO] [stderr] warning: `package.homepage` is redundant with `package.repository`
[INFO] [stderr]  --> crates/lirien-ir/Cargo.toml:8:1
[INFO] [stderr]   |
[INFO] [stderr] 7 | repository.workspace = true
[INFO] [stderr]   | ----------
[INFO] [stderr] 8 | homepage.workspace = true
[INFO] [stderr]   | ^^^^^^^^
[INFO] [stderr]   |
[INFO] [stderr]   = note: `cargo::redundant_homepage` is set to `warn` by default
[INFO] [stderr] help: consider removing `package.homepage`
[INFO] [stderr] warning: `lirien-ir` (manifest) generated 1 warning
[INFO] [stderr]    Compiling proc-macro2 v1.0.107
[INFO] [stderr]    Compiling quote v1.0.47
[INFO] [stderr]    Compiling unicode-ident v1.0.26
[INFO] [stderr]     Checking foldhash v0.2.0
[INFO] [stderr]     Checking smallvec v1.16.2
[INFO] [stderr]     Checking equivalent v1.0.2
[INFO] [stderr]     Checking cfg-if v1.0.5
[INFO] [stderr]    Compiling heck v0.5.0
[INFO] [stderr]     Checking hashbrown v0.17.1
[INFO] [stderr]    Compiling target-lexicon v0.13.5
[INFO] [stderr]    Compiling libc v0.2.190
[INFO] [stderr]    Compiling zerocopy v0.8.59
[INFO] [stderr]    Compiling rustversion v1.0.23
[INFO] [stderr]     Checking rustc-hash v2.1.3
[INFO] [stderr]    Compiling interpolator v0.5.0
[INFO] [stderr]     Checking log v0.4.34
[INFO] [stderr]    Compiling zmij v1.0.23
[INFO] [stderr]    Compiling collection_literals v1.0.3
[INFO] [stderr]    Compiling libm v0.2.16
[INFO] [stderr]    Compiling cranelift-srcgen v0.133.3
[INFO] [stderr]     Checking indexmap v2.14.2
[INFO] [stderr]    Compiling cranelift-assembler-x64-meta v0.133.3
[INFO] [stderr]     Checking castaway v0.2.4
[INFO] [stderr]    Compiling syn v2.0.119
[INFO] [stderr]    Compiling syn v3.0.6
[INFO] [stderr]    Compiling proc-macro-utils v0.10.0
[INFO] [stderr]    Compiling wasmtime-internal-core v46.0.3
[INFO] [stderr]    Compiling shlex v2.0.1
[INFO] [stderr]    Compiling siphasher v1.0.4
[INFO] [stderr]     Checking itoa v1.0.18
[INFO] [stderr]    Compiling object v0.39.1
[INFO] [stderr]     Checking static_assertions v1.1.0
[INFO] [stderr]    Compiling manyhow-macros v0.11.4
[INFO] [stderr]    Compiling find-msvc-tools v0.1.14
[INFO] [stderr]    Compiling getrandom v0.2.17
[INFO] [stderr]    Compiling cc v1.6.0
[INFO] [stderr]     Checking compact_str v0.10.0
[INFO] [stderr]    Compiling rand_core v0.6.4
[INFO] [stderr]    Compiling phf_shared v0.11.3
[INFO] [stderr]     Checking ordermap v1.2.2
[INFO] [stderr]     Checking thin-vec v0.2.20
[INFO] [stderr]     Checking once_cell v1.21.4
[INFO] [stderr]    Compiling memchr v2.8.3
[INFO] [stderr]    Compiling thiserror v2.0.21
[INFO] [stderr]    Compiling cranelift-isle v0.133.3
[INFO] [stderr]    Compiling unicode-width v0.2.2
[INFO] [stderr]     Checking tracing-core v0.1.36
[INFO] [stderr]    Compiling getopts v0.2.24
[INFO] [stderr]    Compiling cranelift-codegen-shared v0.133.3
[INFO] [stderr]    Compiling serde_core v1.0.229
[INFO] [stderr]     Checking cranelift-bitset v0.133.3
[INFO] [stderr]    Compiling cranelift-codegen-meta v0.133.3
[INFO] [stderr]    Compiling cranelift-assembler-x64 v0.133.3
[INFO] [stderr]     Checking either v1.18.0
[INFO] [stderr]     Checking allocator-api2 v0.2.21
[INFO] [stderr]    Compiling serde v1.0.229
[INFO] [stderr]     Checking lazy_static v1.5.1
[INFO] [stderr]     Checking pin-project-lite v0.2.17
[INFO] [stderr]     Checking tinyvec v1.13.3
[INFO] [stderr]     Checking bumpalo v3.20.3
[INFO] [stderr]     Checking itertools v0.15.0
[INFO] [stderr]     Checking unicode-normalization v0.1.25
[INFO] [stderr]    Compiling manyhow v0.11.4
[INFO] [stderr]    Compiling ppv-lite86 v0.2.21
[INFO] [stderr]    Compiling rand_chacha v0.3.1
[INFO] [stderr]    Compiling rand v0.8.8
[INFO] [stderr]     Checking cranelift-entity v0.133.3
[INFO] [stderr]    Compiling derive-where v1.7.0
[INFO] [stderr]    Compiling thiserror-impl v2.0.21
[INFO] [stderr]    Compiling serde_derive v1.0.229
[INFO] [stderr]    Compiling phf_generator v0.11.3
[INFO] [stderr]    Compiling cranelift-codegen v0.133.3
[INFO] [stderr]    Compiling phf_codegen v0.11.3
[INFO] [stderr]    Compiling quote-use-macros v0.8.4
[INFO] [stderr]    Compiling unicode_names2_generator v1.3.0
[INFO] [stderr]    Compiling tracing-attributes v0.1.31
[INFO] [stderr]    Compiling quote-use v0.8.4
[INFO] [stderr]    Compiling stacker v0.1.25
[INFO] [stderr]    Compiling attribute-derive-macro v0.10.5
[INFO] [stderr]     Checking ryu v1.0.23
[INFO] [stderr]     Checking arbitrary v1.4.2
[INFO] [stderr]    Compiling ar_archive_writer v0.5.3
[INFO] [stderr]     Checking fnv v1.0.7
[INFO] [stderr]    Compiling unicode_names2 v1.3.0
[INFO] [stderr]     Checking hashbrown v0.16.1
[INFO] [stderr]     Checking tracing v0.1.44
[INFO] [stderr]     Checking gimli v0.33.0
[INFO] [stderr]     Checking cranelift-control v0.133.3
[INFO] [stderr]    Compiling attribute-derive v0.10.5
[INFO] [stderr]    Compiling is-macro v0.3.8
[INFO] [stderr]     Checking cranelift-bforest v0.133.3
[INFO] [stderr]    Compiling psm v0.1.32
[INFO] [stderr]     Checking phf v0.11.3
[INFO] [stderr]     Checking regalloc2 v0.15.2
[INFO] [stderr]     Checking aho-corasick v1.1.5
[INFO] [stderr]    Compiling get-size-derive2 v0.11.0
[INFO] [stderr]     Checking get-size2 v0.11.0
[INFO] [stderr]     Checking ruff_text_size v0.0.16
[INFO] [stderr]     Checking ruff_source_file v0.0.16
[INFO] [stderr]     Checking char_str v0.0.4
[INFO] [stderr]     Checking ruff_python_trivia v0.0.16
[INFO] [stderr]     Checking arrayvec v0.7.8
[INFO] [stderr]     Checking bitflags v2.13.2
[INFO] [stderr]     Checking ruff_python_ast v0.0.16
[INFO] [stderr]    Compiling pyo3-build-config v0.29.3
[INFO] [stderr]     Checking bstr v1.13.1
[INFO] [stderr]     Checking drop_bomb v0.1.5
[INFO] [stderr]    Compiling anyhow v1.0.104
[INFO] [stderr]    Compiling pkg-config v0.3.34
[INFO] [stderr]     Checking regex-syntax v0.8.11
[INFO] [stderr]    Compiling pyo3-ffi v0.29.3
[INFO] [stderr]    Compiling semver v1.0.28
[INFO] [stderr]    Compiling z3-sys v0.11.0
[INFO] [stderr]    Compiling rustc_version v0.4.1
[INFO] [stderr]     Checking scopeguard v1.2.0
[INFO] [stderr]     Checking bitflags v1.3.2
[INFO] [stderr]    Compiling heapless v0.7.17
[INFO] [stderr]     Checking region v3.0.2
[INFO] [stderr]     Checking lock_api v0.4.14
[INFO] [stderr]    Compiling pyo3 v0.29.3
[INFO] [stderr]     Checking sharded-slab v0.1.7
[INFO] [stderr]     Checking regex-automata v0.4.18
[INFO] [stderr]     Checking tracing-log v0.2.0
[INFO] [stderr]     Checking wasmtime-internal-jit-icache-coherence v46.0.3
[INFO] [stderr]     Checking memmap2 v0.2.3
[INFO] [stderr]     Checking thread_local v1.1.10
[INFO] [stderr]     Checking nu-ansi-term v0.50.3
[INFO] [stderr]     Checking byteorder v1.5.0
[INFO] [stderr]     Checking spin v0.9.9
[INFO] [stderr]     Checking z3 v0.20.2
[INFO] [stderr]    Compiling pyo3-macros-backend v0.29.3
[INFO] [stderr]     Checking hash32 v0.2.1
[INFO] [stderr]     Checking stable_deref_trait v1.2.1
[INFO] [stderr]     Checking cobs v0.3.0
[INFO] [stderr]    Compiling lirien-bridge v0.1.1 (/opt/rustwide/workdir/crates/lirien-bridge)
[INFO] [stderr]     Checking postcard v1.1.3
[INFO] [stderr]     Checking seahash v4.1.0
[INFO] [stderr]     Checking matchers v0.2.0
[INFO] [stderr]     Checking tracing-subscriber v0.3.23
[INFO] [stderr]     Checking ruff_python_parser v0.0.16
[INFO] [stderr]     Checking lirien-core v0.1.1 (/opt/rustwide/workdir/crates/lirien-core)
[INFO] [stderr]     Checking lirien-ir v0.1.1 (/opt/rustwide/workdir/crates/lirien-ir)
[INFO] [stderr]    Compiling pyo3-macros v0.29.3
[INFO] [stdout] error[E0063]: missing field `node_index` in initializer of `ruff_python_ast::ExprName`
[INFO] [stdout]   --> crates/lirien-ir/src/builder/visitor_tests.rs:32:45
[INFO] [stdout]    |
[INFO] [stdout] 32 |             value: Box::new(ast::Expr::Name(ast::ExprName {
[INFO] [stdout]    |                                             ^^^^^^^^^^^^^ missing `node_index`
[INFO] [stdout] 
[INFO] [stdout] 
[INFO] [stdout] error[E0277]: the trait bound `ruff_python_ast::Identifier: std::convert::From<&str>` is not satisfied
[INFO] [stdout]   --> crates/lirien-ir/src/builder/visitor_tests.rs:37:23
[INFO] [stdout]    |
[INFO] [stdout] 37 |             attr: "t".into(),
[INFO] [stdout]    |                       ^^^^ the trait `std::convert::From<&str>` is not implemented for `ruff_python_ast::Identifier`
[INFO] [stdout]    |
[INFO] [stdout]    = note: required for `&str` to implement `Into<ruff_python_ast::Identifier>`
[INFO] [stdout] 
[INFO] [stdout] 
[INFO] [stdout] error[E0063]: missing field `node_index` in initializer of `ruff_python_ast::ExprAttribute`
[INFO] [stdout]   --> crates/lirien-ir/src/builder/visitor_tests.rs:31:41
[INFO] [stdout]    |
[INFO] [stdout] 31 |         let attr = ast::Expr::Attribute(ast::ExprAttribute {
[INFO] [stdout]    |                                         ^^^^^^^^^^^^^^^^^^ missing `node_index`
[INFO] [stdout] 
[INFO] [stdout] 
[INFO] [stdout] error[E0063]: missing field `node_index` in initializer of `ruff_python_ast::ExprName`
[INFO] [stdout]   --> crates/lirien-ir/src/builder/visitor_tests.rs:89:45
[INFO] [stdout]    |
[INFO] [stdout] 89 |             value: Box::new(ast::Expr::Name(ast::ExprName {
[INFO] [stdout]    |                                             ^^^^^^^^^^^^^ missing `node_index`
[INFO] [stdout] 
[INFO] [stdout] 
[INFO] [stdout] error[E0277]: the trait bound `ruff_python_ast::Identifier: std::convert::From<&str>` is not satisfied
[INFO] [stdout]   --> crates/lirien-ir/src/builder/visitor_tests.rs:94:23
[INFO] [stdout]    |
[INFO] [stdout] 94 |             attr: "t".into(),
[INFO] [stdout]    |                       ^^^^ the trait `std::convert::From<&str>` is not implemented for `ruff_python_ast::Identifier`
[INFO] [stdout]    |
[INFO] [stdout]    = note: required for `&str` to implement `Into<ruff_python_ast::Identifier>`
[INFO] [stdout] 
[INFO] [stdout] 
[INFO] [stdout] error[E0063]: missing field `node_index` in initializer of `ruff_python_ast::ExprAttribute`
[INFO] [stdout]   --> crates/lirien-ir/src/builder/visitor_tests.rs:88:41
[INFO] [stdout]    |
[INFO] [stdout] 88 |         let attr = ast::Expr::Attribute(ast::ExprAttribute {
[INFO] [stdout]    |                                         ^^^^^^^^^^^^^^^^^^ missing `node_index`
[INFO] [stdout] 
[INFO] [stdout] 
[INFO] [stdout] Some errors have detailed explanations: E0063, E0277.
[INFO] [stdout] 
[INFO] [stdout] For more information about an error, try `rustc --explain E0063`.
[INFO] [stdout] 
[INFO] [stderr] error: could not compile `lirien-ir` (lib test) due to 6 previous errors
[INFO] [stderr] warning: build failed, waiting for other jobs to finish...
[INFO] running `Command { std: "docker" "inspect" "99e9f97ab911b2b31efe9e33c8bd2499d9b1c4e5b3f436a8b39e77e241c2c9ee", kill_on_drop: false }`
[INFO] running `Command { std: "docker" "rm" "-f" "99e9f97ab911b2b31efe9e33c8bd2499d9b1c4e5b3f436a8b39e77e241c2c9ee", kill_on_drop: false }`
[INFO] [stdout] 99e9f97ab911b2b31efe9e33c8bd2499d9b1c4e5b3f436a8b39e77e241c2c9ee
