[INFO] cloning repository https://github.com/SKunAether/AetherOS
[INFO] running `Command { std: "git" "-c" "credential.helper=" "-c" "credential.helper=/workspace/cargo-home/bin/git-credential-null" "clone" "--bare" "https://github.com/SKunAether/AetherOS" "/workspace/cache/git-repos/https%3A%2F%2Fgithub.com%2FSKunAether%2FAetherOS", kill_on_drop: false }`
[INFO] [stderr] Cloning into bare repository '/workspace/cache/git-repos/https%3A%2F%2Fgithub.com%2FSKunAether%2FAetherOS'...
[INFO] running `Command { std: "git" "rev-parse" "HEAD", kill_on_drop: false }`
[INFO] [stdout] d8fbb5147ea520b4e36950856b8c08e1f6b1942f
[INFO] checking SKunAether/AetherOS against 3154cc1a3e6424e44f438a95007d043ed5ceaaf6+rustflags=-Znext-solver=coherence for pr-133502-30
[INFO] running `Command { std: "git" "clone" "/workspace/cache/git-repos/https%3A%2F%2Fgithub.com%2FSKunAether%2FAetherOS" "/workspace/builds/worker-3-tc1/source", kill_on_drop: false }`
[INFO] [stderr] Cloning into '/workspace/builds/worker-3-tc1/source'...
[INFO] [stderr] done.
[INFO] removed /workspace/builds/worker-3-tc1/source/.cargo/config.toml
[INFO] removed /workspace/builds/worker-3-tc1/source/rust-toolchain.toml
[INFO] started tweaking git repo https://github.com/SKunAether/AetherOS
[INFO] finished tweaking git repo https://github.com/SKunAether/AetherOS
[INFO] tweaked toml for git repo https://github.com/SKunAether/AetherOS written to /workspace/builds/worker-3-tc1/source/Cargo.toml
[INFO] validating manifest of git repo https://github.com/SKunAether/AetherOS on toolchain 3154cc1a3e6424e44f438a95007d043ed5ceaaf6
[INFO] running `Command { std: CARGO_HOME="/workspace/cargo-home" RUSTUP_HOME="/workspace/rustup-home" "/workspace/cargo-home/bin/cargo" "+3154cc1a3e6424e44f438a95007d043ed5ceaaf6" "metadata" "--manifest-path" "Cargo.toml" "--no-deps", kill_on_drop: false }`
[INFO] crate git repo https://github.com/SKunAether/AetherOS already has a lockfile, it will not be regenerated
[INFO] running `Command { std: CARGO_HOME="/workspace/cargo-home" RUSTUP_HOME="/workspace/rustup-home" "/workspace/cargo-home/bin/cargo" "+3154cc1a3e6424e44f438a95007d043ed5ceaaf6" "fetch" "--manifest-path" "Cargo.toml", kill_on_drop: false }`
[INFO] [stderr] warning: unused workspace dependency `aether-plugin-sdk`
[INFO] [stderr]   --> Cargo.toml:31:25
[INFO] [stderr]    |
[INFO] [stderr] 31 | [workspace.dependencies.aether-plugin-sdk]
[INFO] [stderr]    |                         ^^^^^^^^^^^^^^^^^
[INFO] [stderr]    |
[INFO] [stderr]    = note: `cargo::unused_workspace_dependencies` is set to `warn` by default
[INFO] [stderr] help: consider removing the workspace dependency `aether-plugin-sdk`
[INFO] [stderr] warning: unused workspace dependency `anyhow`
[INFO] [stderr]  --> Cargo.toml:6:1
[INFO] [stderr]   |
[INFO] [stderr] 6 | anyhow = "1"
[INFO] [stderr]   | ^^^^^^
[INFO] [stderr]   |
[INFO] [stderr] help: consider removing the workspace dependency `anyhow`
[INFO] [stderr] warning: unused workspace dependency `dashmap`
[INFO] [stderr]  --> Cargo.toml:9:1
[INFO] [stderr]   |
[INFO] [stderr] 9 | dashmap = "6"
[INFO] [stderr]   | ^^^^^^^
[INFO] [stderr]   |
[INFO] [stderr] help: consider removing the workspace dependency `dashmap`
[INFO] [stderr] warning: unused workspace dependency `futures`
[INFO] [stderr]   --> Cargo.toml:10:1
[INFO] [stderr]    |
[INFO] [stderr] 10 | futures = "0.3"
[INFO] [stderr]    | ^^^^^^^
[INFO] [stderr]    |
[INFO] [stderr] help: consider removing the workspace dependency `futures`
[INFO] [stderr] warning: workspace (manifest) generated 4 warnings
[INFO] [stderr]     Blocking waiting for file lock on package cache
[INFO] [stderr]     Updating crates.io index
[INFO] [stderr]     Blocking waiting for file lock on package cache
[INFO] [stderr]  Downloading crates ...
[INFO] [stderr]   Downloaded cc v1.4.0
[INFO] [stderr]   Downloaded windows-core v0.59.0
[INFO] [stderr]   Downloaded tauri-plugin-opener v2.5.4
[INFO] [stderr]   Downloaded ref-cast-impl v1.0.26
[INFO] [stderr]   Downloaded ref-cast v1.0.26
[INFO] [stderr]   Downloaded swift-rs v1.0.7
[INFO] [stderr]   Downloaded web_atoms v0.2.5
[INFO] [stderr]   Downloaded windows v0.59.0
[INFO] [stderr]   Downloaded cookie v0.18.1
[INFO] [stderr]   Downloaded open v5.4.0
[INFO] running `Command { std: "docker" "create" "-v" "/var/lib/crater-agent-workspace/builds/worker-3-tc1/source:/opt/rustwide/workdir:ro,Z" "-v" "/var/lib/crater-agent-workspace/builds/worker-3-tc1/target:/opt/rustwide/target:rw,Z" "-v" "/var/lib/crater-agent-workspace/cargo-home:/opt/rustwide/cargo-home:ro,Z" "-v" "/var/lib/crater-agent-workspace/rustup-home:/opt/rustwide/rustup-home:ro,Z" "-m" "1610612736" "--network" "none" "ghcr.io/rust-lang/crates-build-env/linux@sha256:77db811e55d90add9212f6832c23229e3de5f1c1f9905e8cb07319ea15df73ac" "sleep" "infinity", kill_on_drop: false }`
[INFO] [stdout] 642a0fdb59480b085b052c9f5412e2eeb119f83862ea015503dc07cd77a1f722
[INFO] running `Command { std: "docker" "start" "642a0fdb59480b085b052c9f5412e2eeb119f83862ea015503dc07cd77a1f722", kill_on_drop: false }`
[INFO] running `Command { std: "docker" "inspect" "642a0fdb59480b085b052c9f5412e2eeb119f83862ea015503dc07cd77a1f722", kill_on_drop: false }`
[INFO] running `Command { std: "docker" "exec" "-e" "SOURCE_DIR=/opt/rustwide/workdir" "-e" "CARGO_HOME=/opt/rustwide/cargo-home" "-e" "RUSTUP_HOME=/opt/rustwide/rustup-home" "-e" "CARGO_TARGET_DIR=/opt/rustwide/target" "-w" "/opt/rustwide/workdir" "--user" "0:0" "642a0fdb59480b085b052c9f5412e2eeb119f83862ea015503dc07cd77a1f722" "/opt/rustwide/cargo-home/bin/cargo" "+3154cc1a3e6424e44f438a95007d043ed5ceaaf6" "metadata" "--no-deps" "--format-version=1", kill_on_drop: false }`
[INFO] running `Command { std: "docker" "inspect" "642a0fdb59480b085b052c9f5412e2eeb119f83862ea015503dc07cd77a1f722", kill_on_drop: false }`
[INFO] running `Command { std: "docker" "exec" "-e" "SOURCE_DIR=/opt/rustwide/workdir" "-e" "CARGO_HOME=/opt/rustwide/cargo-home" "-e" "RUSTUP_HOME=/opt/rustwide/rustup-home" "-e" "CARGO_TARGET_DIR=/opt/rustwide/target" "-e" "CARGO_INCREMENTAL=0" "-e" "RUST_BACKTRACE=full" "-e" "RUSTFLAGS=--cap-lints=forbid -Znext-solver=coherence" "-e" "RUSTDOCFLAGS=--cap-lints=forbid" "-w" "/opt/rustwide/workdir" "--user" "0:0" "642a0fdb59480b085b052c9f5412e2eeb119f83862ea015503dc07cd77a1f722" "/opt/rustwide/cargo-home/bin/cargo" "+3154cc1a3e6424e44f438a95007d043ed5ceaaf6" "check" "--frozen" "--all" "--all-targets" "--message-format=json", kill_on_drop: false }`
[INFO] [stderr] warning: unused workspace dependency `aether-plugin-sdk`
[INFO] [stderr]   --> Cargo.toml:31:25
[INFO] [stderr]    |
[INFO] [stderr] 31 | [workspace.dependencies.aether-plugin-sdk]
[INFO] [stderr]    |                         ^^^^^^^^^^^^^^^^^
[INFO] [stderr]    |
[INFO] [stderr]    = note: `cargo::unused_workspace_dependencies` is set to `warn` by default
[INFO] [stderr] help: consider removing the workspace dependency `aether-plugin-sdk`
[INFO] [stderr] warning: unused workspace dependency `anyhow`
[INFO] [stderr]  --> Cargo.toml:6:1
[INFO] [stderr]   |
[INFO] [stderr] 6 | anyhow = "1"
[INFO] [stderr]   | ^^^^^^
[INFO] [stderr]   |
[INFO] [stderr] help: consider removing the workspace dependency `anyhow`
[INFO] [stderr] warning: unused workspace dependency `dashmap`
[INFO] [stderr]  --> Cargo.toml:9:1
[INFO] [stderr]   |
[INFO] [stderr] 9 | dashmap = "6"
[INFO] [stderr]   | ^^^^^^^
[INFO] [stderr]   |
[INFO] [stderr] help: consider removing the workspace dependency `dashmap`
[INFO] [stderr] warning: unused workspace dependency `futures`
[INFO] [stderr]   --> Cargo.toml:10:1
[INFO] [stderr]    |
[INFO] [stderr] 10 | futures = "0.3"
[INFO] [stderr]    | ^^^^^^^
[INFO] [stderr]    |
[INFO] [stderr] help: consider removing the workspace dependency `futures`
[INFO] [stderr] warning: workspace (manifest) generated 4 warnings
[INFO] [stderr]    Compiling serde_core v1.0.229
[INFO] [stderr]    Compiling serde v1.0.229
[INFO] [stderr]    Compiling libc v0.2.189
[INFO] [stderr]    Compiling indexmap v2.14.0
[INFO] [stderr]    Compiling smallvec v1.15.2
[INFO] [stderr]    Compiling pkg-config v0.3.33
[INFO] [stderr]    Compiling target-lexicon v0.12.16
[INFO] [stderr]    Compiling version-compare v0.2.1
[INFO] [stderr]     Checking futures-core v0.3.33
[INFO] [stderr]    Compiling syn v3.0.3
[INFO] [stderr]    Compiling syn v2.0.119
[INFO] [stderr]    Compiling thiserror v2.0.19
[INFO] [stderr]     Checking futures-task v0.3.33
[INFO] [stderr]    Compiling phf_shared v0.13.1
[INFO] [stderr]    Compiling icu_properties_data v2.2.0
[INFO] [stderr]    Compiling icu_normalizer_data v2.2.0
[INFO] [stderr]    Compiling fastrand v2.5.0
[INFO] [stderr]    Compiling stable_deref_trait v1.2.1
[INFO] [stderr]    Compiling serde_json v1.0.151
[INFO] [stderr]    Compiling proc-macro-error-attr v1.0.4
[INFO] [stderr]    Compiling syn v1.0.109
[INFO] [stderr]    Compiling proc-macro-error v1.0.4
[INFO] [stderr]     Checking futures-io v0.3.33
[INFO] [stderr]    Compiling phf_generator v0.13.1
[INFO] [stderr]    Compiling time-core v0.1.9
[INFO] [stderr]    Compiling num-conv v0.2.2
[INFO] [stderr]    Compiling heck v0.4.1
[INFO] [stderr]    Compiling phf_codegen v0.13.1
[INFO] [stderr]    Compiling litemap v0.8.2
[INFO] [stderr]    Compiling writeable v0.6.3
[INFO] [stderr]     Checking futures-channel v0.3.33
[INFO] [stderr]    Compiling erased-serde v0.4.10
[INFO] [stderr]     Checking bytes v1.12.1
[INFO] [stderr]    Compiling utf8_iter v1.0.4
[INFO] [stderr]     Checking aho-corasick v1.1.4
[INFO] [stderr]    Compiling lock_api v0.4.14
[INFO] [stderr]    Compiling string_cache_codegen v0.6.1
[INFO] [stderr]    Compiling num-traits v0.2.19
[INFO] [stderr]    Compiling cfg-expr v0.15.8
[INFO] [stderr]    Compiling ctor-proc-macro v0.0.7
[INFO] [stderr]    Compiling gio v0.18.4
[INFO] [stderr]    Compiling toml_writer v1.1.2+spec-1.1.0
[INFO] [stderr]    Compiling cc v1.4.0
[INFO] [stderr]    Compiling percent-encoding v2.3.2
[INFO] [stderr]    Compiling dtoa v1.0.11
[INFO] [stderr]    Compiling log v0.4.33
[INFO] [stderr]    Compiling web_atoms v0.2.5
[INFO] [stderr]    Compiling dtoa-short v0.3.5
[INFO] [stderr]    Compiling form_urlencoded v1.2.2
[INFO] [stderr]    Compiling tendril v0.5.1
[INFO] [stderr]    Compiling selectors v0.36.1
[INFO] [stderr]    Compiling indexmap v1.9.3
[INFO] [stderr]    Compiling unic-common v0.9.0
[INFO] [stderr]    Compiling alloc-no-stdlib v2.0.4
[INFO] [stderr]    Compiling camino v1.2.5
[INFO] [stderr]    Compiling unic-char-range v0.9.0
[INFO] [stderr]    Compiling alloc-stdlib v0.2.4
[INFO] [stderr]    Compiling unic-ucd-version v0.9.0
[INFO] [stderr]    Compiling unic-char-property v0.9.0
[INFO] [stderr]    Compiling servo_arc v0.4.3
[INFO] [stderr]    Compiling bitflags v2.13.1
[INFO] [stderr]    Compiling bit-vec v0.8.0
[INFO] [stderr]    Compiling rustc-hash v2.1.3
[INFO] [stderr]     Checking getrandom v0.4.3
[INFO] [stderr]    Compiling parking_lot_core v0.9.12
[INFO] [stderr]     Checking uuid v1.24.0
[INFO] [stderr]    Compiling deranged v0.5.8
[INFO] [stderr]    Compiling powerfmt v0.2.0
[INFO] [stderr]    Compiling hashbrown v0.12.3
[INFO] [stderr]    Compiling windows_x86_64_gnu v0.53.1
[INFO] [stderr]    Compiling parking_lot v0.12.5
[INFO] [stderr]    Compiling schemars v0.8.22
[INFO] [stderr]    Compiling brotli-decompressor v5.0.3
[INFO] [stderr]    Compiling unic-ucd-ident v0.9.0
[INFO] [stderr]     Checking regex-automata v0.4.16
[INFO] [stderr]    Compiling memoffset v0.9.1
[INFO] [stderr]    Compiling bit-set v0.8.0
[INFO] [stderr]    Compiling dunce v1.0.5
[INFO] [stderr]    Compiling base64 v0.22.1
[INFO] [stderr]    Compiling dyn-clone v1.0.20
[INFO] [stderr]     Checking windows-link v0.1.3
[INFO] [stderr]    Compiling string_cache v0.9.0
[INFO] [stderr]    Compiling foldhash v0.2.0
[INFO] [stderr]    Compiling ctor v0.8.0
[INFO] [stderr]    Compiling anyhow v1.0.104
[INFO] [stderr]    Compiling glob v0.3.4
[INFO] [stderr]    Compiling crc32fast v1.5.0
[INFO] [stderr]     Checking windows-targets v0.53.5
[INFO] [stderr]     Checking rayon-core v1.13.0
[INFO] [stderr]     Checking windows-result v0.3.4
[INFO] [stderr]     Checking windows-strings v0.3.1
[INFO] [stderr]    Compiling gtk v0.18.2
[INFO] [stderr]     Checking either v1.17.0
[INFO] [stderr]     Checking futures-sink v0.3.33
[INFO] [stderr]    Compiling winnow v0.7.15
[INFO] [stderr]    Compiling option-ext v0.2.0
[INFO] [stderr]    Compiling generic-array v0.14.7
[INFO] [stderr]    Compiling x11 v2.21.0
[INFO] [stderr]    Compiling dirs-sys v0.5.0
[INFO] [stderr]    Compiling time-macros v0.2.32
[INFO] [stderr]    Compiling brotli v8.0.4
[INFO] [stderr]    Compiling simd-adler32 v0.3.10
[INFO] [stderr]     Checking rayon v1.12.0
[INFO] [stderr]    Compiling typenum v1.20.1
[INFO] [stderr]    Compiling http v1.5.0
[INFO] [stderr]    Compiling dirs v6.0.0
[INFO] [stderr]    Compiling time v0.3.55
[INFO] [stderr]    Compiling adler2 v2.0.1
[INFO] [stderr]    Compiling rustix v1.1.4
[INFO] [stderr]    Compiling semver v1.0.28
[INFO] [stderr]    Compiling toml_datetime v1.1.1+spec-1.1.0
[INFO] [stderr]    Compiling serde_spanned v1.1.1
[INFO] [stderr]    Compiling rustc_version v0.4.1
[INFO] [stderr]    Compiling toml v1.1.4+spec-1.1.0
[INFO] [stderr]    Compiling cfb v0.7.3
[INFO] [stderr]    Compiling field-offset v0.3.6
[INFO] [stderr]    Compiling toml_datetime v0.7.5+spec-1.1.0
[INFO] [stderr]    Compiling toml_edit v0.25.13+spec-1.1.0
[INFO] [stderr]    Compiling serde-untagged v0.1.9
[INFO] [stderr]    Compiling miniz_oxide v0.8.9
[INFO] [stderr]    Compiling toml v0.9.12+spec-1.1.0
[INFO] [stderr]     Checking futures-lite v2.6.1
[INFO] [stderr]    Compiling infer v0.19.0
[INFO] [stderr]    Compiling embed-resource v3.0.11
[INFO] [stderr]    Compiling proc-macro-crate v3.5.0
[INFO] [stderr]     Checking regex v1.13.1
[INFO] [stderr]    Compiling serde_derive v1.0.229
[INFO] [stderr]    Compiling displaydoc v0.2.7
[INFO] [stderr]    Compiling thiserror-impl v2.0.19
[INFO] [stderr]    Compiling async-trait v0.1.91
[INFO] [stderr]    Compiling tokio-macros v2.7.2
[INFO] [stderr]    Compiling tauri-winres v0.3.6
[INFO] [stderr]    Compiling libdbus-sys v0.2.7
[INFO] [stderr]    Compiling x11-dl v2.21.0
[INFO] [stderr]    Compiling cookie v0.18.1
[INFO] [stderr]     Checking linux-raw-sys v0.12.1
[INFO] [stderr]     Checking tokio v1.53.1
[INFO] [stderr]    Compiling synstructure v0.13.2
[INFO] [stderr]    Compiling darling_core v0.23.0
[INFO] [stderr]    Compiling serde_derive_internals v0.29.1
[INFO] [stderr]    Compiling flate2 v1.1.9
[INFO] [stderr]    Compiling crypto-common v0.1.7
[INFO] [stderr]    Compiling block-buffer v0.10.4
[INFO] [stderr]    Compiling fdeflate v0.3.7
[INFO] [stderr]    Compiling ring v0.17.14
[INFO] [stderr]     Checking toml_parser v1.1.3+spec-1.1.0
[INFO] [stderr]     Checking crossbeam-channel v0.5.16
[INFO] [stderr]     Checking quick-xml v0.41.0
[INFO] [stderr]     Checking zeroize v1.9.0
[INFO] [stderr]     Checking same-file v1.0.6
[INFO] [stderr]    Compiling bitflags v1.3.2
[INFO] [stderr]    Compiling png v0.17.16
[INFO] [stderr]     Checking rustls-pki-types v1.15.1
[INFO] [stderr]     Checking walkdir v2.5.0
[INFO] [stderr]    Compiling digest v0.10.7
[INFO] [stderr]     Checking errno v0.3.14
[INFO] [stderr]     Checking libloading v0.7.4
[INFO] [stderr]    Compiling tauri-runtime v2.11.3
[INFO] [stderr]    Compiling wry v0.55.1
[INFO] [stderr]     Checking unicode-segmentation v1.13.3
[INFO] [stderr]    Compiling sha2 v0.10.9
[INFO] [stderr]     Checking signal-hook-registry v1.4.8
[INFO] [stderr]    Compiling ico v0.5.0
[INFO] [stderr]     Checking dbus v0.9.12
[INFO] [stderr]     Checking async-channel v2.5.0
[INFO] [stderr]     Checking getrandom v0.2.17
[INFO] [stderr]    Compiling zerofrom-derive v0.1.7
[INFO] [stderr]    Compiling yoke-derive v0.8.2
[INFO] [stderr]    Compiling zerovec-derive v0.11.3
[INFO] [stderr]    Compiling thiserror-impl v1.0.69
[INFO] [stderr]    Compiling futures-macro v0.3.33
[INFO] [stderr]    Compiling phf_macros v0.13.1
[INFO] [stderr]    Compiling cssparser-macros v0.6.1
[INFO] [stderr]    Compiling tracing-attributes v0.1.31
[INFO] [stderr]    Compiling derive_more-impl v2.1.1
[INFO] [stderr]     Checking futures-util v0.3.33
[INFO] [stderr]    Compiling schemars_derive v0.8.22
[INFO] [stderr]    Compiling phf v0.13.1
[INFO] [stderr]    Compiling zerofrom v0.1.8
[INFO] [stderr]     Checking thiserror v1.0.69
[INFO] [stderr]    Compiling yoke v0.8.3
[INFO] [stderr]    Compiling darling_macro v0.23.0
[INFO] [stderr]    Compiling zerovec v0.11.6
[INFO] [stderr]    Compiling zerotrie v0.2.4
[INFO] [stderr]    Compiling tinystr v0.8.3
[INFO] [stderr]    Compiling potential_utf v0.1.5
[INFO] [stderr]    Compiling icu_locale_core v2.2.0
[INFO] [stderr]    Compiling icu_collections v2.2.0
[INFO] [stderr]    Compiling darling v0.23.0
[INFO] [stderr]    Compiling serde_with_macros v3.21.0
[INFO] [stderr]    Compiling derive_more v2.1.1
[INFO] [stderr]     Checking tracing v0.1.44
[INFO] [stderr]    Compiling cssparser v0.36.0
[INFO] [stderr]    Compiling markup5ever v0.38.0
[INFO] [stderr]     Checking chrono v0.4.45
[INFO] [stderr]    Compiling windows-interface v0.59.3
[INFO] [stderr]    Compiling windows-implement v0.59.0
[INFO] [stderr]    Compiling html5ever v0.38.0
[INFO] [stderr]    Compiling toml_datetime v0.6.3
[INFO] [stderr]    Compiling serde_spanned v0.6.9
[INFO] [stderr]    Compiling cargo-platform v0.1.9
[INFO] [stderr]    Compiling jsonptr v0.6.3
[INFO] [stderr]    Compiling toml_edit v0.20.2
[INFO] [stderr]    Compiling cargo_metadata v0.19.2
[INFO] [stderr]    Compiling serde_with v3.21.0
[INFO] [stderr]    Compiling json-patch v3.0.1
[INFO] [stderr]    Compiling toml_edit v0.19.15
[INFO] [stderr]    Compiling icu_provider v2.2.0
[INFO] [stderr]    Compiling plist v1.10.0
[INFO] [stderr]     Checking windows-core v0.59.0
[INFO] [stderr]     Checking futures-executor v0.3.33
[INFO] [stderr]     Checking tokio-util v0.7.19
[INFO] [stderr]    Compiling enumflags2_derive v0.7.12
[INFO] [stderr]    Compiling zvariant_utils v3.5.0
[INFO] [stderr]    Compiling cargo_toml v0.22.3
[INFO] [stderr]    Compiling icu_normalizer v2.2.0
[INFO] [stderr]    Compiling icu_properties v2.2.0
[INFO] [stderr]     Checking aether-core v0.1.0 (/opt/rustwide/workdir/crates/aether-core)
[INFO] [stderr]     Checking windows v0.59.0
[INFO] [stderr]     Checking dpi v0.1.2
[INFO] [stderr]    Compiling dom_query v0.27.0
[INFO] [stderr]    Compiling zvariant_derive v5.13.1
[INFO] [stderr]    Compiling enumflags2 v0.7.12
[INFO] [stderr]     Checking polling v3.11.0
[INFO] [stderr]    Compiling dlopen2_derive v0.4.3
[INFO] [stderr]    Compiling toml v0.8.2
[INFO] [stderr]    Compiling proc-macro-crate v2.0.2
[INFO] [stderr]     Checking async-io v2.6.0
[INFO] [stderr]    Compiling system-deps v6.2.2
[INFO] [stderr]     Checking keyboard-types v0.7.0
[INFO] [stderr]     Checking dlopen2 v0.8.2
[INFO] [stderr]     Checking untrusted v0.9.0
[INFO] [stderr]    Compiling getrandom v0.3.4
[INFO] [stderr]    Compiling tauri-runtime-wry v2.11.4
[INFO] [stderr]     Checking piper v0.2.5
[INFO] [stderr]     Checking aether-runtime v0.1.0 (/opt/rustwide/workdir/crates/aether-runtime)
[INFO] [stderr]     Checking aether-system v0.1.0 (/opt/rustwide/workdir/crates/aether-system)
[INFO] [stderr]    Compiling idna_adapter v1.2.2
[INFO] [stdout] error[E0433]: cannot find `Win32` in `windows`
[INFO] [stdout]   --> crates/aether-system/src/filesystem/mod.rs:96:18
[INFO] [stdout]    |
[INFO] [stdout] 96 |     use windows::Win32::Storage::FileSystem::{
[INFO] [stdout]    |                  ^^^^^ could not find `Win32` in `windows`
[INFO] [stdout] 
[INFO] [stdout] 
[INFO] [stdout] error[E0432]: unresolved import `windows::core`
[INFO] [stdout]   --> crates/aether-system/src/filesystem/mod.rs:95:18
[INFO] [stdout]    |
[INFO] [stdout] 95 |     use windows::core::HSTRING;
[INFO] [stdout]    |                  ^^^^ could not find `core` in `windows`
[INFO] [stdout] 
[INFO] [stdout] 
[INFO] [stdout] error[E0433]: cannot find `Win32` in `windows`
[INFO] [stdout]    --> crates/aether-system/src/filesystem/mod.rs:136:18
[INFO] [stdout]     |
[INFO] [stdout] 136 |     use windows::Win32::Storage::FileSystem::{
[INFO] [stdout]     |                  ^^^^^ could not find `Win32` in `windows`
[INFO] [stdout] 
[INFO] [stdout] 
[INFO] [stdout] error[E0432]: unresolved import `windows::core`
[INFO] [stdout]    --> crates/aether-system/src/filesystem/mod.rs:135:18
[INFO] [stdout]     |
[INFO] [stdout] 135 |     use windows::core::HSTRING;
[INFO] [stdout]     |                  ^^^^ could not find `core` in `windows`
[INFO] [stdout] 
[INFO] [stdout] 
[INFO] [stdout] error[E0433]: cannot find `Win32` in `windows`
[INFO] [stdout]   --> crates/aether-system/src/hardware/mod.rs:59:18
[INFO] [stdout]    |
[INFO] [stdout] 59 |     use windows::Win32::System::WindowsProgramming::GetComputerNameW;
[INFO] [stdout]    |                  ^^^^^ could not find `Win32` in `windows`
[INFO] [stdout] 
[INFO] [stdout] 
[INFO] [stdout] error[E0433]: cannot find `Win32` in `windows`
[INFO] [stdout]   --> crates/aether-system/src/hardware/mod.rs:71:18
[INFO] [stdout]    |
[INFO] [stdout] 71 |     use windows::Win32::System::SystemInformation::{GetVersionExW, OSVERSIONINFOW};
[INFO] [stdout]    |                  ^^^^^ could not find `Win32` in `windows`
[INFO] [stdout] 
[INFO] [stdout] 
[INFO] [stdout] error[E0433]: cannot find `Win32` in `windows`
[INFO] [stdout]   --> crates/aether-system/src/hardware/mod.rs:91:18
[INFO] [stdout]    |
[INFO] [stdout] 91 |     use windows::Win32::System::SystemInformation::{GetNativeSystemInfo, SYSTEM_INFO};
[INFO] [stdout]    |                  ^^^^^ could not find `Win32` in `windows`
[INFO] [stdout] 
[INFO] [stdout] 
[INFO] [stdout] error[E0433]: cannot find `Win32` in `windows`
[INFO] [stdout]   --> crates/aether-system/src/hardware/mod.rs:99:18
[INFO] [stdout]    |
[INFO] [stdout] 99 |     use windows::Win32::System::SystemInformation::{GlobalMemoryStatusEx, MEMORYSTATUSEX};
[INFO] [stdout]    |                  ^^^^^ could not find `Win32` in `windows`
[INFO] [stdout] 
[INFO] [stdout] 
[INFO] [stdout] error[E0432]: unresolved import `windows::core`
[INFO] [stdout]   --> crates/aether-system/src/hardware/mod.rs:58:18
[INFO] [stdout]    |
[INFO] [stdout] 58 |     use windows::core::PWSTR;
[INFO] [stdout]    |                  ^^^^ could not find `core` in `windows`
[INFO] [stdout] 
[INFO] [stdout] 
[INFO] [stdout] error[E0433]: cannot find `Win32` in `windows`
[INFO] [stdout]    --> crates/aether-system/src/hardware/mod.rs:124:18
[INFO] [stdout]     |
[INFO] [stdout] 124 |     use windows::Win32::Storage::FileSystem::GetDiskFreeSpaceExW;
[INFO] [stdout]     |                  ^^^^^ could not find `Win32` in `windows`
[INFO] [stdout] 
[INFO] [stdout] 
[INFO] [stdout] error[E0433]: cannot find `Win32` in `windows`
[INFO] [stdout]    --> crates/aether-system/src/hardware/mod.rs:150:18
[INFO] [stdout]     |
[INFO] [stdout] 150 |     use windows::Win32::Foundation::HANDLE;
[INFO] [stdout]     |                  ^^^^^ could not find `Win32` in `windows`
[INFO] [stdout] 
[INFO] [stdout] 
[INFO] [stdout] error[E0433]: cannot find `Win32` in `windows`
[INFO] [stdout]    --> crates/aether-system/src/hardware/mod.rs:151:18
[INFO] [stdout]     |
[INFO] [stdout] 151 |     use windows::Win32::Security::{
[INFO] [stdout]     |                  ^^^^^ could not find `Win32` in `windows`
[INFO] [stdout] 
[INFO] [stdout] 
[INFO] [stdout] error[E0433]: cannot find `Win32` in `windows`
[INFO] [stdout]    --> crates/aether-system/src/hardware/mod.rs:154:18
[INFO] [stdout]     |
[INFO] [stdout] 154 |     use windows::Win32::System::Threading::{GetCurrentProcess, OpenProcessToken};
[INFO] [stdout]     |                  ^^^^^ could not find `Win32` in `windows`
[INFO] [stdout] 
[INFO] [stdout] 
[INFO] [stdout] error[E0432]: unresolved import `windows::core`
[INFO] [stdout]    --> crates/aether-system/src/hardware/mod.rs:123:18
[INFO] [stdout]     |
[INFO] [stdout] 123 |     use windows::core::{HSTRING, PCWSTR};
[INFO] [stdout]     |                  ^^^^ could not find `core` in `windows`
[INFO] [stdout] 
[INFO] [stdout] 
[INFO] [stdout] error[E0433]: cannot find `Win32` in `windows`
[INFO] [stdout]  --> crates/aether-system/src/registry/mod.rs:7:14
[INFO] [stdout]   |
[INFO] [stdout] 7 | use windows::Win32::System::Registry::{
[INFO] [stdout]   |              ^^^^^ could not find `Win32` in `windows`
[INFO] [stdout] 
[INFO] [stdout] 
[INFO] [stdout] error[E0432]: unresolved import `windows::core`
[INFO] [stdout]  --> crates/aether-system/src/registry/mod.rs:6:14
[INFO] [stdout]   |
[INFO] [stdout] 6 | use windows::core::{HSTRING, PCWSTR, PWSTR};
[INFO] [stdout]   |              ^^^^ could not find `core` in `windows`
[INFO] [stdout] 
[INFO] [stdout] 
[INFO] [stderr]    Compiling zvariant v5.13.1
[INFO] [stderr]    Compiling idna v1.1.0
[INFO] [stdout] error[E0433]: cannot find `core` in `windows`
[INFO] [stdout]    --> crates/aether-system/src/filesystem/mod.rs:102:37
[INFO] [stdout]     |
[INFO] [stdout] 102 |         GetFileAttributesW(windows::core::PCWSTR(
[INFO] [stdout]     |                                     ^^^^ could not find `core` in `windows`
[INFO] [stdout] 
[INFO] [stdout] 
[INFO] [stdout] error[E0433]: cannot find `core` in `windows`
[INFO] [stdout]    --> crates/aether-system/src/filesystem/mod.rs:142:24
[INFO] [stdout]     |
[INFO] [stdout] 142 |     let ptr = windows::core::PCWSTR(HSTRING::from(path_str.as_ref()).as_ptr());
[INFO] [stdout]     |                        ^^^^ could not find `core` in `windows`
[INFO] [stdout] 
[INFO] [stdout] 
[INFO] [stdout] error[E0433]: cannot find `Win32` in `windows`
[INFO] [stdout]    --> crates/aether-system/src/hardware/mod.rs:145:14
[INFO] [stdout]     |
[INFO] [stdout] 145 |     windows::Win32::System::SystemInformation::GetTickCount64()
[INFO] [stdout]     |              ^^^^^ could not find `Win32` in `windows`
[INFO] [stdout] 
[INFO] [stdout] 
[INFO] [stdout] Some errors have detailed explanations: E0432, E0433.
[INFO] [stdout] 
[INFO] [stdout] For more information about an error, try `rustc --explain E0432`.
[INFO] [stdout] 
[INFO] [stderr] error: could not compile `aether-system` (lib) due to 19 previous errors
[INFO] [stderr] warning: build failed, waiting for other jobs to finish...
[INFO] running `Command { std: "docker" "inspect" "642a0fdb59480b085b052c9f5412e2eeb119f83862ea015503dc07cd77a1f722", kill_on_drop: false }`
[INFO] running `Command { std: "docker" "rm" "-f" "642a0fdb59480b085b052c9f5412e2eeb119f83862ea015503dc07cd77a1f722", kill_on_drop: false }`
[INFO] [stdout] 642a0fdb59480b085b052c9f5412e2eeb119f83862ea015503dc07cd77a1f722
