[INFO] cloning repository https://github.com/SKY123C/My_Wry
[INFO] running `Command { std: "git" "-c" "credential.helper=" "-c" "credential.helper=/workspace/cargo-home/bin/git-credential-null" "clone" "--bare" "https://github.com/SKY123C/My_Wry" "/workspace/cache/git-repos/https%3A%2F%2Fgithub.com%2FSKY123C%2FMy_Wry", kill_on_drop: false }`
[INFO] [stderr] Cloning into bare repository '/workspace/cache/git-repos/https%3A%2F%2Fgithub.com%2FSKY123C%2FMy_Wry'...
[INFO] running `Command { std: "git" "rev-parse" "HEAD", kill_on_drop: false }`
[INFO] [stdout] 8be3d5df4eac9f371c337991477cd696a2fd0a64
[INFO] checking SKY123C/My_Wry against 3154cc1a3e6424e44f438a95007d043ed5ceaaf6+rustflags=-Znext-solver=coherence for pr-133502-30
[INFO] running `Command { std: "git" "clone" "/workspace/cache/git-repos/https%3A%2F%2Fgithub.com%2FSKY123C%2FMy_Wry" "/workspace/builds/worker-3-tc1/source", kill_on_drop: false }`
[INFO] [stderr] Cloning into '/workspace/builds/worker-3-tc1/source'...
[INFO] [stderr] done.
[INFO] started tweaking git repo https://github.com/SKY123C/My_Wry
[INFO] finished tweaking git repo https://github.com/SKY123C/My_Wry
[INFO] tweaked toml for git repo https://github.com/SKY123C/My_Wry written to /workspace/builds/worker-3-tc1/source/Cargo.toml
[INFO] validating manifest of git repo https://github.com/SKY123C/My_Wry on toolchain 3154cc1a3e6424e44f438a95007d043ed5ceaaf6
[INFO] running `Command { std: CARGO_HOME="/workspace/cargo-home" RUSTUP_HOME="/workspace/rustup-home" "/workspace/cargo-home/bin/cargo" "+3154cc1a3e6424e44f438a95007d043ed5ceaaf6" "metadata" "--manifest-path" "Cargo.toml" "--no-deps", kill_on_drop: false }`
[INFO] crate git repo https://github.com/SKY123C/My_Wry already has a lockfile, it will not be regenerated
[INFO] running `Command { std: CARGO_HOME="/workspace/cargo-home" RUSTUP_HOME="/workspace/rustup-home" "/workspace/cargo-home/bin/cargo" "+3154cc1a3e6424e44f438a95007d043ed5ceaaf6" "fetch" "--manifest-path" "Cargo.toml", kill_on_drop: false }`
[INFO] [stderr]     Updating crates.io index
[INFO] [stderr]  Downloading crates ...
[INFO] [stderr]   Downloaded webview2-com v0.39.1
[INFO] [stderr]   Downloaded wry v0.57.0
[INFO] [stderr]   Downloaded dom_query v0.28.0
[INFO] [stderr]   Downloaded cssparser-macros v0.7.1
[INFO] [stderr]   Downloaded markup5ever v0.39.0
[INFO] [stderr]   Downloaded dirs v7.0.0
[INFO] [stderr]   Downloaded cssparser v0.37.0
[INFO] [stderr]   Downloaded selectors v0.38.0
[INFO] [stderr]   Downloaded html5ever v0.39.0
[INFO] [stderr]   Downloaded target-lexicon v0.13.5
[INFO] [stderr]   Downloaded pyo3-macros v0.28.3
[INFO] [stderr]   Downloaded pyo3-build-config v0.28.3
[INFO] [stderr]   Downloaded pyo3-ffi v0.28.3
[INFO] [stderr]   Downloaded pyo3-macros-backend v0.28.3
[INFO] [stderr]   Downloaded tao v0.37.0
[INFO] [stderr]   Downloaded pyo3 v0.28.3
[INFO] [stderr]   Downloaded webview2-com-sys v0.39.1
[INFO] running `Command { std: "docker" "create" "-v" "/var/lib/crater-agent-workspace/builds/worker-3-tc1/source:/opt/rustwide/workdir:ro,Z" "-v" "/var/lib/crater-agent-workspace/builds/worker-3-tc1/target:/opt/rustwide/target:rw,Z" "-v" "/var/lib/crater-agent-workspace/cargo-home:/opt/rustwide/cargo-home:ro,Z" "-v" "/var/lib/crater-agent-workspace/rustup-home:/opt/rustwide/rustup-home:ro,Z" "-m" "1610612736" "--network" "none" "ghcr.io/rust-lang/crates-build-env/linux@sha256:77db811e55d90add9212f6832c23229e3de5f1c1f9905e8cb07319ea15df73ac" "sleep" "infinity", kill_on_drop: false }`
[INFO] [stdout] fe2d99565d5845d516b4581f8cd8e84a8e705a363f673d57bf26fb026bb0793a
[INFO] running `Command { std: "docker" "start" "fe2d99565d5845d516b4581f8cd8e84a8e705a363f673d57bf26fb026bb0793a", kill_on_drop: false }`
[INFO] running `Command { std: "docker" "inspect" "fe2d99565d5845d516b4581f8cd8e84a8e705a363f673d57bf26fb026bb0793a", kill_on_drop: false }`
[INFO] running `Command { std: "docker" "exec" "-e" "SOURCE_DIR=/opt/rustwide/workdir" "-e" "CARGO_HOME=/opt/rustwide/cargo-home" "-e" "RUSTUP_HOME=/opt/rustwide/rustup-home" "-e" "CARGO_TARGET_DIR=/opt/rustwide/target" "-w" "/opt/rustwide/workdir" "--user" "0:0" "fe2d99565d5845d516b4581f8cd8e84a8e705a363f673d57bf26fb026bb0793a" "/opt/rustwide/cargo-home/bin/cargo" "+3154cc1a3e6424e44f438a95007d043ed5ceaaf6" "metadata" "--no-deps" "--format-version=1", kill_on_drop: false }`
[INFO] running `Command { std: "docker" "inspect" "fe2d99565d5845d516b4581f8cd8e84a8e705a363f673d57bf26fb026bb0793a", kill_on_drop: false }`
[INFO] running `Command { std: "docker" "exec" "-e" "SOURCE_DIR=/opt/rustwide/workdir" "-e" "CARGO_HOME=/opt/rustwide/cargo-home" "-e" "RUSTUP_HOME=/opt/rustwide/rustup-home" "-e" "CARGO_TARGET_DIR=/opt/rustwide/target" "-e" "CARGO_INCREMENTAL=0" "-e" "RUST_BACKTRACE=full" "-e" "RUSTFLAGS=--cap-lints=forbid -Znext-solver=coherence" "-e" "RUSTDOCFLAGS=--cap-lints=forbid" "-w" "/opt/rustwide/workdir" "--user" "0:0" "fe2d99565d5845d516b4581f8cd8e84a8e705a363f673d57bf26fb026bb0793a" "/opt/rustwide/cargo-home/bin/cargo" "+3154cc1a3e6424e44f438a95007d043ed5ceaaf6" "check" "--frozen" "--all" "--all-targets" "--message-format=json", kill_on_drop: false }`
[INFO] [stderr]    Compiling serde_core v1.0.229
[INFO] [stderr]    Compiling serde v1.0.229
[INFO] [stderr]    Compiling hashbrown v0.17.1
[INFO] [stderr]    Compiling equivalent v1.0.2
[INFO] [stderr]    Compiling winnow v0.5.40
[INFO] [stderr]    Compiling target-lexicon v0.12.16
[INFO] [stderr]    Compiling smallvec v1.16.0
[INFO] [stderr]    Compiling version-compare v0.2.1
[INFO] [stderr]    Compiling proc-macro-error-attr v1.0.4
[INFO] [stderr]    Compiling syn v1.0.109
[INFO] [stderr]    Compiling proc-macro-error v1.0.4
[INFO] [stderr]     Checking futures-core v0.3.34
[INFO] [stderr]    Compiling syn v2.0.119
[INFO] [stderr]    Compiling syn v3.0.5
[INFO] [stderr]    Compiling thiserror v1.0.69
[INFO] [stderr]     Checking bitflags v2.13.1
[INFO] [stderr]    Compiling target-lexicon v0.13.5
[INFO] [stderr]    Compiling heck v0.4.1
[INFO] [stderr]     Checking futures-channel v0.3.34
[INFO] [stderr]     Checking stable_deref_trait v1.2.1
[INFO] [stderr]    Compiling autocfg v1.5.1
[INFO] [stderr]    Compiling gio v0.18.4
[INFO] [stderr]     Checking futures-io v0.3.34
[INFO] [stderr]    Compiling semver v1.0.28
[INFO] [stderr]     Checking litemap v0.8.3
[INFO] [stderr]     Checking writeable v0.6.4
[INFO] [stderr]     Checking utf8_iter v1.0.4
[INFO] [stderr]    Compiling icu_properties_data v2.3.0
[INFO] [stderr]    Compiling icu_normalizer_data v2.3.0
[INFO] [stderr]    Compiling x11 v2.21.0
[INFO] [stderr]     Checking simd-adler32 v0.3.10
[INFO] [stderr]    Compiling once_cell v1.21.4
[INFO] [stderr]    Compiling gtk v0.18.2
[INFO] [stderr]    Compiling crc32fast v1.5.1
[INFO] [stderr]     Checking adler2 v2.0.1
[INFO] [stderr]    Compiling x11-dl v2.21.0
[INFO] [stderr]    Compiling rustc_version v0.4.1
[INFO] [stderr]    Compiling libdbus-sys v0.2.7
[INFO] [stderr]    Compiling time-core v0.1.9
[INFO] [stderr]    Compiling parking_lot_core v0.9.12
[INFO] [stderr]     Checking bitflags v1.3.2
[INFO] [stderr]    Compiling num-conv v0.2.2
[INFO] [stderr]    Compiling crossbeam-utils v0.8.23
[INFO] [stderr]     Checking miniz_oxide v0.9.1
[INFO] [stderr]    Compiling indexmap v2.14.2
[INFO] [stderr]    Compiling memoffset v0.9.1
[INFO] [stderr]    Compiling cfg-expr v0.15.8
[INFO] [stderr]    Compiling num-traits v0.2.19
[INFO] [stderr]    Compiling time-macros v0.2.32
[INFO] [stderr]    Compiling cookie v0.18.2
[INFO] [stderr]     Checking scopeguard v1.2.0
[INFO] [stderr]    Compiling field-offset v0.3.6
[INFO] [stderr]     Checking powerfmt v0.2.0
[INFO] [stderr]     Checking option-ext v0.2.0
[INFO] [stderr]     Checking deranged v0.5.8
[INFO] [stderr]     Checking dirs-sys v0.5.0
[INFO] [stderr]    Compiling pyo3-build-config v0.28.3
[INFO] [stderr]     Checking lock_api v0.4.14
[INFO] [stderr]     Checking flate2 v1.1.10
[INFO] [stderr]     Checking form_urlencoded v1.2.2
[INFO] [stderr]     Checking miniz_oxide v0.8.9
[INFO] [stderr]     Checking fdeflate v0.3.7
[INFO] [stderr]    Compiling wry v0.57.0
[INFO] [stderr]     Checking pxfm v0.1.30
[INFO] [stderr]     Checking raw-window-handle v0.6.2
[INFO] [stderr]     Checking dpi v0.1.2
[INFO] [stderr]    Compiling serde_json v1.0.151
[INFO] [stderr]     Checking crossbeam-channel v0.5.17
[INFO] [stderr]     Checking parking_lot v0.12.5
[INFO] [stderr]     Checking dbus v0.9.12
[INFO] [stderr]     Checking dirs v7.0.0
[INFO] [stderr]     Checking bytemuck v1.25.2
[INFO] [stderr]     Checking log v0.4.34
[INFO] [stderr]     Checking byteorder-lite v0.1.0
[INFO] [stderr]     Checking png v0.18.1
[INFO] [stderr]     Checking time v0.3.55
[INFO] [stderr]    Compiling pyo3-macros-backend v0.28.3
[INFO] [stderr]    Compiling pyo3-ffi v0.28.3
[INFO] [stderr]    Compiling pyo3 v0.28.3
[INFO] [stderr]    Compiling toml_datetime v0.6.3
[INFO] [stderr]    Compiling serde_spanned v0.6.9
[INFO] [stderr]    Compiling toml_edit v0.20.2
[INFO] [stderr]    Compiling toml_edit v0.19.15
[INFO] [stderr]     Checking moxcms v0.8.1
[INFO] [stderr]    Compiling futures-macro v0.3.34
[INFO] [stderr]    Compiling zerovec-derive v0.11.6
[INFO] [stderr]    Compiling displaydoc v0.2.7
[INFO] [stderr]    Compiling thiserror-impl v2.0.20
[INFO] [stderr]    Compiling serde_derive v1.0.229
[INFO] [stderr]    Compiling synstructure v0.13.2
[INFO] [stderr]     Checking futures-util v0.3.34
[INFO] [stderr]    Compiling zerofrom-derive v0.1.7
[INFO] [stderr]    Compiling thiserror-impl v1.0.69
[INFO] [stderr]    Compiling yoke-derive v0.8.2
[INFO] [stderr]    Compiling dlopen2_derive v0.4.3
[INFO] [stderr]     Checking thiserror v2.0.20
[INFO] [stderr]     Checking dlopen2 v0.8.2
[INFO] [stderr]     Checking zerofrom v0.1.8
[INFO] [stderr]     Checking yoke v0.8.3
[INFO] [stderr]     Checking zerovec v0.11.8
[INFO] [stderr]     Checking zerotrie v0.2.5
[INFO] [stderr]    Compiling toml v0.8.2
[INFO] [stderr]    Compiling proc-macro-crate v2.0.2
[INFO] [stderr]    Compiling proc-macro-crate v1.3.1
[INFO] [stderr]    Compiling system-deps v6.2.2
[INFO] [stderr]    Compiling gtk3-macros v0.18.2
[INFO] [stderr]    Compiling glib-macros v0.18.5
[INFO] [stderr]     Checking tinystr v0.8.4
[INFO] [stderr]     Checking potential_utf v0.1.6
[INFO] [stderr]     Checking icu_collections v2.3.0
[INFO] [stderr]     Checking icu_locale_core v2.3.0
[INFO] [stderr]    Compiling glib-sys v0.18.1
[INFO] [stderr]    Compiling gobject-sys v0.18.0
[INFO] [stderr]    Compiling gio-sys v0.18.1
[INFO] [stderr]    Compiling gdk-sys v0.18.2
[INFO] [stderr]    Compiling gdk-pixbuf-sys v0.18.0
[INFO] [stderr]    Compiling cairo-sys-rs v0.18.2
[INFO] [stderr]    Compiling pango-sys v0.18.0
[INFO] [stderr]    Compiling atk-sys v0.18.2
[INFO] [stderr]    Compiling gtk-sys v0.18.2
[INFO] [stderr]    Compiling soup3-sys v0.5.0
[INFO] [stderr]    Compiling javascriptcore-rs-sys v1.1.1
[INFO] [stderr]    Compiling gdkx11-sys v0.18.2
[INFO] [stderr]    Compiling webkit2gtk-sys v2.0.2
[INFO] [stderr]     Checking futures-executor v0.3.34
[INFO] [stderr]     Checking icu_provider v2.3.1
[INFO] [stderr]     Checking icu_properties v2.3.0
[INFO] [stderr]     Checking icu_normalizer v2.3.0
[INFO] [stderr]     Checking image v0.25.10
[INFO] [stderr]    Compiling pyo3-macros v0.28.3
[INFO] [stderr]     Checking gdkwayland-sys v0.18.2
[INFO] [stderr]     Checking glib v0.18.5
[INFO] [stderr]     Checking idna_adapter v1.2.2
[INFO] [stderr]     Checking idna v1.1.0
[INFO] [stderr]     Checking url v2.5.8
[INFO] [stderr]     Checking cairo-rs v0.18.5
[INFO] [stderr]     Checking atk v0.18.2
[INFO] [stderr]     Checking javascriptcore-rs v1.1.2
[INFO] [stderr]     Checking pango v0.18.3
[INFO] [stderr]     Checking gdk-pixbuf v0.18.5
[INFO] [stderr]     Checking soup3 v0.5.0
[INFO] [stderr]     Checking gdk v0.18.2
[INFO] [stderr]     Checking gdkx11 v0.18.2
[INFO] [stderr]     Checking webkit2gtk v2.0.2
[INFO] [stderr]     Checking tao v0.37.0
[INFO] [stderr]     Checking my_wry v0.1.0 (/opt/rustwide/workdir)
[INFO] [stdout] error[E0432]: unresolved import `tao::platform::windows`
[INFO] [stdout]   --> src/app.rs:16:51
[INFO] [stdout]    |
[INFO] [stdout] 16 |     platform::{run_return::EventLoopExtRunReturn, windows::EventLoopBuilderExtWindows},
[INFO] [stdout]    |                                                   ^^^^^^^ could not find `windows` in `platform`
[INFO] [stdout]    |
[INFO] [stdout] note: found an item that was configured out
[INFO] [stdout]   --> /opt/rustwide/cargo-home/registry/src/index.crates.io-1949cf8c6b5b557f/tao-0.37.0/src/platform/mod.rs:28:9
[INFO] [stdout]    |
[INFO] [stdout] 28 | pub mod windows;
[INFO] [stdout]    |         ^^^^^^^
[INFO] [stdout]    |
[INFO] [stdout]   ::: /opt/rustwide/cargo-home/registry/src/index.crates.io-1949cf8c6b5b557f/tao-0.37.0/src/platform/windows.rs:5:8
[INFO] [stdout]    |
[INFO] [stdout]  5 | #![cfg(target_os = "windows")]
[INFO] [stdout]    |        --------------------- the item is gated behind the `windows` feature
[INFO] [stdout] 
[INFO] [stdout] 
[INFO] [stdout] error[E0432]: unresolved import `tao::platform::windows`
[INFO] [stdout]   --> src/app.rs:16:51
[INFO] [stdout]    |
[INFO] [stdout] 16 |     platform::{run_return::EventLoopExtRunReturn, windows::EventLoopBuilderExtWindows},
[INFO] [stdout]    |                                                   ^^^^^^^ could not find `windows` in `platform`
[INFO] [stdout]    |
[INFO] [stdout] note: found an item that was configured out
[INFO] [stdout]   --> /opt/rustwide/cargo-home/registry/src/index.crates.io-1949cf8c6b5b557f/tao-0.37.0/src/platform/mod.rs:28:9
[INFO] [stdout]    |
[INFO] [stdout] 28 | pub mod windows;
[INFO] [stdout]    |         ^^^^^^^
[INFO] [stdout]    |
[INFO] [stdout]   ::: /opt/rustwide/cargo-home/registry/src/index.crates.io-1949cf8c6b5b557f/tao-0.37.0/src/platform/windows.rs:5:8
[INFO] [stdout]    |
[INFO] [stdout]  5 | #![cfg(target_os = "windows")]
[INFO] [stdout]    |        --------------------- the item is gated behind the `windows` feature
[INFO] [stdout] 
[INFO] [stdout] 
[INFO] [stdout] error[E0599]: no method named `with_any_thread` found for struct `EventLoopBuilder<T>` in the current scope
[INFO] [stdout]    --> src/app.rs:321:13
[INFO] [stdout]     |
[INFO] [stdout] 321 |     builder.with_any_thread(true);
[INFO] [stdout]     |             ^^^^^^^^^^^^^^^
[INFO] [stdout]     |
[INFO] [stdout]    ::: /opt/rustwide/cargo-home/registry/src/index.crates.io-1949cf8c6b5b557f/tao-0.37.0/src/platform/unix.rs:47:6
[INFO] [stdout]     |
[INFO] [stdout]  47 |   fn with_any_thread(&mut self, any_thread: bool) -> &mut Self;
[INFO] [stdout]     |      --------------- the method is available for `EventLoopBuilder<RuntimeEvent>` here
[INFO] [stdout]     |
[INFO] [stdout]     = help: items from traits can only be used if the trait is in scope
[INFO] [stdout] help: trait `EventLoopBuilderExtUnix` which provides `with_any_thread` is implemented but not in scope; perhaps you want to import it
[INFO] [stdout]     |
[INFO] [stdout]   1 + use tao::platform::unix::EventLoopBuilderExtUnix;
[INFO] [stdout]     |
[INFO] [stdout] help: there is a method `with_app_id` with a similar name
[INFO] [stdout]     |
[INFO] [stdout] 321 -     builder.with_any_thread(true);
[INFO] [stdout] 321 +     builder.with_app_id(true);
[INFO] [stdout]     |
[INFO] [stdout] 
[INFO] [stdout] 
[INFO] [stdout] error[E0599]: no method named `with_any_thread` found for struct `EventLoopBuilder<T>` in the current scope
[INFO] [stdout]    --> src/app.rs:321:13
[INFO] [stdout]     |
[INFO] [stdout] 321 |     builder.with_any_thread(true);
[INFO] [stdout]     |             ^^^^^^^^^^^^^^^
[INFO] [stdout]     |
[INFO] [stdout]    ::: /opt/rustwide/cargo-home/registry/src/index.crates.io-1949cf8c6b5b557f/tao-0.37.0/src/platform/unix.rs:47:6
[INFO] [stdout]     |
[INFO] [stdout]  47 |   fn with_any_thread(&mut self, any_thread: bool) -> &mut Self;
[INFO] [stdout]     |      --------------- the method is available for `EventLoopBuilder<RuntimeEvent>` here
[INFO] [stdout]     |
[INFO] [stdout]     = help: items from traits can only be used if the trait is in scope
[INFO] [stdout] help: trait `EventLoopBuilderExtUnix` which provides `with_any_thread` is implemented but not in scope; perhaps you want to import it
[INFO] [stdout]     |
[INFO] [stdout]   1 + use tao::platform::unix::EventLoopBuilderExtUnix;
[INFO] [stdout]     |
[INFO] [stdout] help: there is a method `with_app_id` with a similar name
[INFO] [stdout]     |
[INFO] [stdout] 321 -     builder.with_any_thread(true);
[INFO] [stdout] 321 +     builder.with_app_id(true);
[INFO] [stdout]     |
[INFO] [stdout] 
[INFO] [stdout] 
[INFO] [stdout] Some errors have detailed explanations: E0432, E0599.
[INFO] [stdout] 
[INFO] [stdout] For more information about an error, try `rustc --explain E0432`.
[INFO] [stdout] 
[INFO] [stderr] error: could not compile `my_wry` (lib) due to 2 previous errors
[INFO] [stderr] warning: build failed, waiting for other jobs to finish...
[INFO] [stdout] Some errors have detailed explanations: E0432, E0599.
[INFO] [stdout] 
[INFO] [stdout] For more information about an error, try `rustc --explain E0432`.
[INFO] [stdout] 
[INFO] [stderr] error: could not compile `my_wry` (lib test) due to 2 previous errors
[INFO] running `Command { std: "docker" "inspect" "fe2d99565d5845d516b4581f8cd8e84a8e705a363f673d57bf26fb026bb0793a", kill_on_drop: false }`
[INFO] running `Command { std: "docker" "rm" "-f" "fe2d99565d5845d516b4581f8cd8e84a8e705a363f673d57bf26fb026bb0793a", kill_on_drop: false }`
[INFO] [stdout] fe2d99565d5845d516b4581f8cd8e84a8e705a363f673d57bf26fb026bb0793a
