[INFO] cloning repository https://github.com/Rohithdgrr/REEK-uninstaller
[INFO] running `Command { std: "git" "-c" "credential.helper=" "-c" "credential.helper=/workspace/cargo-home/bin/git-credential-null" "clone" "--bare" "https://github.com/Rohithdgrr/REEK-uninstaller" "/workspace/cache/git-repos/https%3A%2F%2Fgithub.com%2FRohithdgrr%2FREEK-uninstaller", kill_on_drop: false }`
[INFO] [stderr] Cloning into bare repository '/workspace/cache/git-repos/https%3A%2F%2Fgithub.com%2FRohithdgrr%2FREEK-uninstaller'...
[INFO] running `Command { std: "git" "rev-parse" "HEAD", kill_on_drop: false }`
[INFO] [stdout] 8e71c5123732f3e179da96c060a3646cb8b2a930
[INFO] checking Rohithdgrr/REEK-uninstaller against 3154cc1a3e6424e44f438a95007d043ed5ceaaf6+rustflags=-Znext-solver=coherence for pr-133502-30
[INFO] running `Command { std: "git" "clone" "/workspace/cache/git-repos/https%3A%2F%2Fgithub.com%2FRohithdgrr%2FREEK-uninstaller" "/workspace/builds/worker-4-tc1/source", kill_on_drop: false }`
[INFO] [stderr] Cloning into '/workspace/builds/worker-4-tc1/source'...
[INFO] [stderr] done.
[INFO] started tweaking git repo https://github.com/Rohithdgrr/REEK-uninstaller
[INFO] finished tweaking git repo https://github.com/Rohithdgrr/REEK-uninstaller
[INFO] tweaked toml for git repo https://github.com/Rohithdgrr/REEK-uninstaller written to /workspace/builds/worker-4-tc1/source/Cargo.toml
[INFO] validating manifest of git repo https://github.com/Rohithdgrr/REEK-uninstaller on toolchain 3154cc1a3e6424e44f438a95007d043ed5ceaaf6
[INFO] running `Command { std: CARGO_HOME="/workspace/cargo-home" RUSTUP_HOME="/workspace/rustup-home" "/workspace/cargo-home/bin/cargo" "+3154cc1a3e6424e44f438a95007d043ed5ceaaf6" "metadata" "--manifest-path" "Cargo.toml" "--no-deps", kill_on_drop: false }`
[INFO] crate git repo https://github.com/Rohithdgrr/REEK-uninstaller already has a lockfile, it will not be regenerated
[INFO] running `Command { std: CARGO_HOME="/workspace/cargo-home" RUSTUP_HOME="/workspace/rustup-home" "/workspace/cargo-home/bin/cargo" "+3154cc1a3e6424e44f438a95007d043ed5ceaaf6" "fetch" "--manifest-path" "Cargo.toml", kill_on_drop: false }`
[INFO] [stderr] warning: unused workspace dependency `criterion`
[INFO] [stderr]   --> Cargo.toml:35:25
[INFO] [stderr]    |
[INFO] [stderr] 35 | [workspace.dependencies.criterion]
[INFO] [stderr]    |                         ^^^^^^^^^
[INFO] [stderr]    |
[INFO] [stderr]    = note: `cargo::unused_workspace_dependencies` is set to `warn` by default
[INFO] [stderr] help: consider removing the workspace dependency `criterion`
[INFO] [stderr] warning: unused workspace dependency `futures`
[INFO] [stderr]   --> Cargo.toml:21:1
[INFO] [stderr]    |
[INFO] [stderr] 21 | futures = "0.3.30"
[INFO] [stderr]    | ^^^^^^^
[INFO] [stderr]    |
[INFO] [stderr] help: consider removing the workspace dependency `futures`
[INFO] [stderr] warning: unused field `authors` in `workspace.package`
[INFO] [stderr]   --> Cargo.toml:56:1
[INFO] [stderr]    |
[INFO] [stderr] 56 | authors = ["Greek Team <team@greek.io>"]
[INFO] [stderr]    | ^^^^^^^
[INFO] [stderr]    |
[INFO] [stderr]    = note: `cargo::unused_workspace_package_fields` is set to `warn` by default
[INFO] [stderr] help: consider removing the field `workspace.package.authors`
[INFO] [stderr] warning: unused field `edition` in `workspace.package`
[INFO] [stderr]   --> Cargo.toml:57:1
[INFO] [stderr]    |
[INFO] [stderr] 57 | edition = "2021"
[INFO] [stderr]    | ^^^^^^^
[INFO] [stderr]    |
[INFO] [stderr] help: consider removing the field `workspace.package.edition`
[INFO] [stderr] warning: unused field `license` in `workspace.package`
[INFO] [stderr]   --> Cargo.toml:58:1
[INFO] [stderr]    |
[INFO] [stderr] 58 | license = "MIT OR Apache-2.0"
[INFO] [stderr]    | ^^^^^^^
[INFO] [stderr]    |
[INFO] [stderr] help: consider removing the field `workspace.package.license`
[INFO] [stderr] warning: unused field `repository` in `workspace.package`
[INFO] [stderr]   --> Cargo.toml:59:1
[INFO] [stderr]    |
[INFO] [stderr] 59 | repository = "https://github.com/Rohithdgrr/REEK-uninstaller"
[INFO] [stderr]    | ^^^^^^^^^^
[INFO] [stderr]    |
[INFO] [stderr] help: consider removing the field `workspace.package.repository`
[INFO] [stderr] warning: unused field `rust-version` in `workspace.package`
[INFO] [stderr]   --> Cargo.toml:60:1
[INFO] [stderr]    |
[INFO] [stderr] 60 | rust-version = "1.88.0"
[INFO] [stderr]    | ^^^^^^^^^^^^
[INFO] [stderr]    |
[INFO] [stderr] help: consider removing the field `workspace.package.rust-version`
[INFO] [stderr] warning: unused field `version` in `workspace.package`
[INFO] [stderr]   --> Cargo.toml:61:1
[INFO] [stderr]    |
[INFO] [stderr] 61 | version = "0.1.0"
[INFO] [stderr]    | ^^^^^^^
[INFO] [stderr]    |
[INFO] [stderr] help: consider removing the field `workspace.package.version`
[INFO] [stderr] warning: workspace (manifest) generated 8 warnings
[INFO] [stderr]     Updating crates.io index
[INFO] [stderr]  Downloading crates ...
[INFO] [stderr]   Downloaded powershell_script v1.1.0
[INFO] [stderr]   Downloaded runas v1.2.0
[INFO] [stderr]   Downloaded wmi v0.14.5
[INFO] [stderr]   Downloaded fragile v2.1.0
[INFO] [stderr]   Downloaded darling v0.24.0
[INFO] [stderr]   Downloaded darling_core v0.24.0
[INFO] [stderr]   Downloaded instability v0.3.13
[INFO] [stderr]   Downloaded darling_macro v0.24.0
[INFO] running `Command { std: "docker" "create" "-v" "/var/lib/crater-agent-workspace/builds/worker-4-tc1/source:/opt/rustwide/workdir:ro,Z" "-v" "/var/lib/crater-agent-workspace/builds/worker-4-tc1/target:/opt/rustwide/target:rw,Z" "-v" "/var/lib/crater-agent-workspace/cargo-home:/opt/rustwide/cargo-home:ro,Z" "-v" "/var/lib/crater-agent-workspace/rustup-home:/opt/rustwide/rustup-home:ro,Z" "-m" "1610612736" "--network" "none" "ghcr.io/rust-lang/crates-build-env/linux@sha256:77db811e55d90add9212f6832c23229e3de5f1c1f9905e8cb07319ea15df73ac" "sleep" "infinity", kill_on_drop: false }`
[INFO] [stdout] fcb16e5ed2441d0cd77e7fd72e3a2c9af1b38fde3b0385eefde2d54a9015a1a5
[INFO] running `Command { std: "docker" "start" "fcb16e5ed2441d0cd77e7fd72e3a2c9af1b38fde3b0385eefde2d54a9015a1a5", kill_on_drop: false }`
[INFO] running `Command { std: "docker" "inspect" "fcb16e5ed2441d0cd77e7fd72e3a2c9af1b38fde3b0385eefde2d54a9015a1a5", kill_on_drop: false }`
[INFO] running `Command { std: "docker" "exec" "-e" "SOURCE_DIR=/opt/rustwide/workdir" "-e" "CARGO_HOME=/opt/rustwide/cargo-home" "-e" "RUSTUP_HOME=/opt/rustwide/rustup-home" "-e" "CARGO_TARGET_DIR=/opt/rustwide/target" "-w" "/opt/rustwide/workdir" "--user" "0:0" "fcb16e5ed2441d0cd77e7fd72e3a2c9af1b38fde3b0385eefde2d54a9015a1a5" "/opt/rustwide/cargo-home/bin/cargo" "+3154cc1a3e6424e44f438a95007d043ed5ceaaf6" "metadata" "--no-deps" "--format-version=1", kill_on_drop: false }`
[INFO] running `Command { std: "docker" "inspect" "fcb16e5ed2441d0cd77e7fd72e3a2c9af1b38fde3b0385eefde2d54a9015a1a5", kill_on_drop: false }`
[INFO] running `Command { std: "docker" "exec" "-e" "SOURCE_DIR=/opt/rustwide/workdir" "-e" "CARGO_HOME=/opt/rustwide/cargo-home" "-e" "RUSTUP_HOME=/opt/rustwide/rustup-home" "-e" "CARGO_TARGET_DIR=/opt/rustwide/target" "-e" "CARGO_INCREMENTAL=0" "-e" "RUST_BACKTRACE=full" "-e" "RUSTFLAGS=--cap-lints=forbid -Znext-solver=coherence" "-e" "RUSTDOCFLAGS=--cap-lints=forbid" "-w" "/opt/rustwide/workdir" "--user" "0:0" "fcb16e5ed2441d0cd77e7fd72e3a2c9af1b38fde3b0385eefde2d54a9015a1a5" "/opt/rustwide/cargo-home/bin/cargo" "+3154cc1a3e6424e44f438a95007d043ed5ceaaf6" "check" "--frozen" "--all" "--all-targets" "--message-format=json", kill_on_drop: false }`
[INFO] [stderr] warning: unused workspace dependency `criterion`
[INFO] [stderr]   --> Cargo.toml:35:25
[INFO] [stderr]    |
[INFO] [stderr] 35 | [workspace.dependencies.criterion]
[INFO] [stderr]    |                         ^^^^^^^^^
[INFO] [stderr]    |
[INFO] [stderr]    = note: `cargo::unused_workspace_dependencies` is set to `warn` by default
[INFO] [stderr] help: consider removing the workspace dependency `criterion`
[INFO] [stderr] warning: unused workspace dependency `futures`
[INFO] [stderr]   --> Cargo.toml:21:1
[INFO] [stderr]    |
[INFO] [stderr] 21 | futures = "0.3.30"
[INFO] [stderr]    | ^^^^^^^
[INFO] [stderr]    |
[INFO] [stderr] help: consider removing the workspace dependency `futures`
[INFO] [stderr] warning: unused field `authors` in `workspace.package`
[INFO] [stderr]   --> Cargo.toml:56:1
[INFO] [stderr]    |
[INFO] [stderr] 56 | authors = ["Greek Team <team@greek.io>"]
[INFO] [stderr]    | ^^^^^^^
[INFO] [stderr]    |
[INFO] [stderr]    = note: `cargo::unused_workspace_package_fields` is set to `warn` by default
[INFO] [stderr] help: consider removing the field `workspace.package.authors`
[INFO] [stderr] warning: unused field `edition` in `workspace.package`
[INFO] [stderr]   --> Cargo.toml:57:1
[INFO] [stderr]    |
[INFO] [stderr] 57 | edition = "2021"
[INFO] [stderr]    | ^^^^^^^
[INFO] [stderr]    |
[INFO] [stderr] help: consider removing the field `workspace.package.edition`
[INFO] [stderr] warning: unused field `license` in `workspace.package`
[INFO] [stderr]   --> Cargo.toml:58:1
[INFO] [stderr]    |
[INFO] [stderr] 58 | license = "MIT OR Apache-2.0"
[INFO] [stderr]    | ^^^^^^^
[INFO] [stderr]    |
[INFO] [stderr] help: consider removing the field `workspace.package.license`
[INFO] [stderr] warning: unused field `repository` in `workspace.package`
[INFO] [stderr]   --> Cargo.toml:59:1
[INFO] [stderr]    |
[INFO] [stderr] 59 | repository = "https://github.com/Rohithdgrr/REEK-uninstaller"
[INFO] [stderr]    | ^^^^^^^^^^
[INFO] [stderr]    |
[INFO] [stderr] help: consider removing the field `workspace.package.repository`
[INFO] [stderr] warning: unused field `rust-version` in `workspace.package`
[INFO] [stderr]   --> Cargo.toml:60:1
[INFO] [stderr]    |
[INFO] [stderr] 60 | rust-version = "1.88.0"
[INFO] [stderr]    | ^^^^^^^^^^^^
[INFO] [stderr]    |
[INFO] [stderr] help: consider removing the field `workspace.package.rust-version`
[INFO] [stderr] warning: unused field `version` in `workspace.package`
[INFO] [stderr]   --> Cargo.toml:61:1
[INFO] [stderr]    |
[INFO] [stderr] 61 | version = "0.1.0"
[INFO] [stderr]    | ^^^^^^^
[INFO] [stderr]    |
[INFO] [stderr] help: consider removing the field `workspace.package.version`
[INFO] [stderr] warning: workspace (manifest) generated 8 warnings
[INFO] [stderr]     Checking smallvec v1.15.2
[INFO] [stderr]     Checking aho-corasick v1.1.5
[INFO] [stderr]    Compiling syn v3.0.3
[INFO] [stderr]     Checking serde_json v1.0.151
[INFO] [stderr]     Checking mio v1.2.2
[INFO] [stderr]    Compiling owo-colors v4.3.0
[INFO] [stderr]    Compiling object v0.37.3
[INFO] [stderr]    Compiling num-traits v0.2.19
[INFO] [stderr]    Compiling color-spantrace v0.3.0
[INFO] [stderr]     Checking gimli v0.32.3
[INFO] [stderr]     Checking miniz_oxide v0.8.9
[INFO] [stderr]     Checking parking_lot_core v0.9.12
[INFO] [stderr]     Checking parking_lot v0.12.5
[INFO] [stderr]     Checking toml_write v0.1.2
[INFO] [stderr]     Checking winnow v0.7.15
[INFO] [stderr]     Checking rustc-demangle v0.1.28
[INFO] [stderr]     Checking dirs-sys v0.4.1
[INFO] [stderr]     Checking time v0.3.55
[INFO] [stderr]     Checking regex-automata v0.4.18
[INFO] [stderr]     Checking either v1.17.0
[INFO] [stderr]     Checking humansize v2.1.3
[INFO] [stderr]     Checking directories v5.0.1
[INFO] [stderr]     Checking uuid v1.24.0
[INFO] [stderr]     Checking atty v0.2.14
[INFO] [stderr]     Checking rayon-core v1.13.0
[INFO] [stderr]    Compiling rustix v0.38.44
[INFO] [stderr]     Checking rayon v1.12.0
[INFO] [stderr]     Checking crossbeam-queue v0.3.13
[INFO] [stderr]     Checking bstr v1.13.1
[INFO] [stderr]     Checking addr2line v0.25.1
[INFO] [stderr]     Checking crossbeam v0.8.4
[INFO] [stderr]     Checking digest v0.10.7
[INFO] [stderr]     Checking home v0.5.12
[INFO] [stderr]     Checking shell-words v1.1.1
[INFO] [stderr]     Checking dashmap v6.2.1
[INFO] [stderr]     Checking sha2 v0.10.9
[INFO] [stderr]    Compiling rustversion v1.0.23
[INFO] [stderr]     Checking fuzzy-matcher v0.3.7
[INFO] [stderr]     Checking pathdiff v0.2.3
[INFO] [stderr]     Checking glob v0.3.4
[INFO] [stderr]     Checking humantime v2.4.0
[INFO] [stderr]     Checking tempfile v3.27.0
[INFO] [stderr]     Checking signal-hook v0.3.18
[INFO] [stderr]    Compiling darling_core v0.24.0
[INFO] [stderr]    Compiling instability v0.3.13
[INFO] [stderr]     Checking hashbrown v0.15.5
[INFO] [stderr]    Compiling strum_macros v0.26.4
[INFO] [stderr]     Checking sysinfo v0.31.4
[INFO] [stderr]     Checking matchers v0.2.0
[INFO] [stderr]     Checking globset v0.4.20
[INFO] [stderr]     Checking which v6.0.3
[INFO] [stderr]     Checking backtrace v0.3.76
[INFO] [stderr]     Checking regex v1.13.1
[INFO] [stderr]     Checking ignore v0.4.33
[INFO] [stderr]     Checking jwalk v0.8.1
[INFO] [stderr]     Checking castaway v0.2.4
[INFO] [stderr]     Checking signal-hook-mio v0.2.5
[INFO] [stderr]     Checking itertools v0.13.0
[INFO] [stderr]     Checking compact_str v0.8.2
[INFO] [stderr]     Checking crossterm v0.28.1
[INFO] [stderr]     Checking lru v0.12.5
[INFO] [stderr]    Compiling portable-atomic v1.15.0
[INFO] [stderr]     Checking cassowary v0.3.0
[INFO] [stderr]     Checking clap_builder v4.6.6
[INFO] [stderr]     Checking console v0.15.11
[INFO] [stderr]    Compiling mockall_derive v0.13.1
[INFO] [stderr]     Checking crossterm v0.29.0
[INFO] [stderr]     Checking termtree v0.5.1
[INFO] [stderr]     Checking number_prefix v0.4.0
[INFO] [stderr]     Checking predicates-tree v1.0.13
[INFO] [stderr]     Checking dialoguer v0.11.0
[INFO] [stderr]    Compiling serde_derive v1.0.229
[INFO] [stderr]    Compiling tokio-macros v2.7.2
[INFO] [stderr]    Compiling thiserror-impl v2.0.20
[INFO] [stderr]    Compiling async-trait v0.1.92
[INFO] [stderr]     Checking unicode-truncate v1.1.0
[INFO] [stderr]     Checking strum v0.26.3
[INFO] [stderr]    Compiling clap_derive v4.6.4
[INFO] [stderr]     Checking tokio v1.53.1
[INFO] [stderr]     Checking indicatif v0.17.11
[INFO] [stderr]     Checking comfy-table v7.2.2
[INFO] [stderr]     Checking thiserror v2.0.20
[INFO] [stderr]     Checking predicates v3.1.4
[INFO] [stderr]     Checking fragile v2.1.0
[INFO] [stderr]     Checking colored v2.2.0
[INFO] [stderr]     Checking downcast v0.11.0
[INFO] [stderr]    Compiling darling_macro v0.24.0
[INFO] [stderr]    Compiling darling v0.24.0
[INFO] [stderr]     Checking clap v4.6.6
[INFO] [stderr]     Checking clap_complete v4.6.9
[INFO] [stderr]     Checking ratatui v0.28.1
[INFO] [stderr]     Checking mockall v0.13.1
[INFO] [stderr]     Checking serde v1.0.229
[INFO] [stderr]     Checking tracing-serde v0.2.0
[INFO] [stderr]     Checking serde_spanned v0.6.9
[INFO] [stderr]     Checking toml_datetime v0.6.11
[INFO] [stderr]     Checking chrono v0.4.45
[INFO] [stderr]     Checking tracing-subscriber v0.3.23
[INFO] [stderr]     Checking toml_edit v0.22.27
[INFO] [stderr]     Checking tracing-error v0.2.1
[INFO] [stderr]     Checking tracing-appender v0.2.5
[INFO] [stderr]     Checking color-eyre v0.6.5
[INFO] [stderr]     Checking toml v0.8.23
[INFO] [stderr]     Checking tokio-util v0.7.19
[INFO] [stderr]     Checking greek-common v0.1.0 (/opt/rustwide/workdir/crates/greek-common)
[INFO] [stderr]     Checking greek-platform v0.1.0 (/opt/rustwide/workdir/crates/greek-platform)
[INFO] [stderr]     Checking greek-windows v0.1.0 (/opt/rustwide/workdir/crates/greek-windows)
[INFO] [stderr]     Checking greek-core v0.1.0 (/opt/rustwide/workdir/crates/greek-core)
[INFO] [stdout] error[E0425]: cannot find value `_home` in this scope
[INFO] [stdout]   --> crates/greek-core/src/browser_extensions.rs:99:40
[INFO] [stdout]    |
[INFO] [stdout] 99 |                         PathBuf::from(&_home)
[INFO] [stdout]    |                                        ^^^^^ not found in this scope
[INFO] [stdout] 
[INFO] [stdout] 
[INFO] [stdout] error[E0425]: cannot find value `_home` in this scope
[INFO] [stdout]    --> crates/greek-core/src/browser_extensions.rs:135:41
[INFO] [stdout]     |
[INFO] [stdout] 135 |                     Some(PathBuf::from(&_home).join(".mozilla").join("firefox"))
[INFO] [stdout]     |                                         ^^^^^ not found in this scope
[INFO] [stdout] 
[INFO] [stdout] 
[INFO] [stdout] error[E0425]: cannot find value `_home` in this scope
[INFO] [stdout]    --> crates/greek-core/src/browser_extensions.rs:167:40
[INFO] [stdout]     |
[INFO] [stdout] 167 |                         PathBuf::from(&_home)
[INFO] [stdout]     |                                        ^^^^^ not found in this scope
[INFO] [stdout] 
[INFO] [stdout] 
[INFO] [stdout] error[E0425]: cannot find value `_home` in this scope
[INFO] [stdout]    --> crates/greek-core/src/browser_extensions.rs:203:40
[INFO] [stdout]     |
[INFO] [stdout] 203 |                         PathBuf::from(&_home)
[INFO] [stdout]     |                                        ^^^^^ not found in this scope
[INFO] [stdout] 
[INFO] [stdout] 
[INFO] [stdout] warning: unused imports: `GreekError` and `RegistryHive`
[INFO] [stdout]    --> crates/greek-core/src/utils.rs:309:24
[INFO] [stdout]     |
[INFO] [stdout] 309 |     use greek_common::{GreekError, RegistryHive};
[INFO] [stdout]     |                        ^^^^^^^^^^  ^^^^^^^^^^^^
[INFO] [stdout]     |
[INFO] [stdout]     = note: `#[warn(unused_imports)]` (part of `#[warn(unused)]`) on by default
[INFO] [stdout] 
[INFO] [stdout] 
[INFO] [stdout] error[E0425]: cannot find value `_home` in this scope
[INFO] [stdout]   --> crates/greek-core/src/browser_extensions.rs:99:40
[INFO] [stdout]    |
[INFO] [stdout] 99 |                         PathBuf::from(&_home)
[INFO] [stdout]    |                                        ^^^^^ not found in this scope
[INFO] [stdout] 
[INFO] [stdout] 
[INFO] [stdout] error[E0425]: cannot find value `_home` in this scope
[INFO] [stdout]    --> crates/greek-core/src/browser_extensions.rs:135:41
[INFO] [stdout]     |
[INFO] [stdout] 135 |                     Some(PathBuf::from(&_home).join(".mozilla").join("firefox"))
[INFO] [stdout]     |                                         ^^^^^ not found in this scope
[INFO] [stdout] 
[INFO] [stdout] 
[INFO] [stdout] error[E0425]: cannot find value `_home` in this scope
[INFO] [stdout]    --> crates/greek-core/src/browser_extensions.rs:167:40
[INFO] [stdout]     |
[INFO] [stdout] 167 |                         PathBuf::from(&_home)
[INFO] [stdout]     |                                        ^^^^^ not found in this scope
[INFO] [stdout] 
[INFO] [stdout] 
[INFO] [stdout] error[E0425]: cannot find value `_home` in this scope
[INFO] [stdout]    --> crates/greek-core/src/browser_extensions.rs:203:40
[INFO] [stdout]     |
[INFO] [stdout] 203 |                         PathBuf::from(&_home)
[INFO] [stdout]     |                                        ^^^^^ not found in this scope
[INFO] [stdout] 
[INFO] [stdout] 
[INFO] [stdout] warning: unused imports: `GreekError` and `RegistryHive`
[INFO] [stdout]    --> crates/greek-core/src/utils.rs:309:24
[INFO] [stdout]     |
[INFO] [stdout] 309 |     use greek_common::{GreekError, RegistryHive};
[INFO] [stdout]     |                        ^^^^^^^^^^  ^^^^^^^^^^^^
[INFO] [stdout]     |
[INFO] [stdout]     = note: `#[warn(unused_imports)]` (part of `#[warn(unused)]`) on by default
[INFO] [stdout] 
[INFO] [stdout] 
[INFO] [stdout] For more information about this error, try `rustc --explain E0425`.
[INFO] [stdout] 
[INFO] [stderr] error: could not compile `greek-core` (lib) due to 4 previous errors; 1 warning emitted
[INFO] [stderr] warning: build failed, waiting for other jobs to finish...
[INFO] [stdout] For more information about this error, try `rustc --explain E0425`.
[INFO] [stdout] 
[INFO] [stderr] error: could not compile `greek-core` (lib test) due to 4 previous errors; 1 warning emitted
[INFO] [stderr] warning: unused dependency `color-eyre`
[INFO] [stderr]   --> crates/greek-common/Cargo.toml:19:1
[INFO] [stderr]    |
[INFO] [stderr] 19 | color-eyre = { workspace = true }
[INFO] [stderr]    | ^^^^^^^^^^^^^^^^^^^^^^^^^^^^^^^^^
[INFO] [stderr]    |
[INFO] [stderr]    = note: `cargo::unused_dependencies` is set to `warn` by default
[INFO] [stderr] help: consider removing the dependency on `color-eyre`
[INFO] [stderr] warning: unused dependency `tokio`
[INFO] [stderr]   --> crates/greek-common/Cargo.toml:25:1
[INFO] [stderr]    |
[INFO] [stderr] 25 | tokio = { workspace = true, features = ["rt-multi-thread", "macros"] }
[INFO] [stderr]    | ^^^^^^^^^^^^^^^^^^^^^^^^^^^^^^^^^^^^^^^^^^^^^^^^^^^^^^^^^^^^^^^^^^^^^^
[INFO] [stderr]    |
[INFO] [stderr] help: consider removing the dependency on `tokio`
[INFO] [stderr] warning: `greek-common` (manifest) generated 2 warnings
[INFO] [stderr] warning: unused dependency `dashmap`
[INFO] [stderr]   --> crates/greek-core/Cargo.toml:53:1
[INFO] [stderr]    |
[INFO] [stderr] 53 | dashmap = { workspace = true }
[INFO] [stderr]    | ^^^^^^^^^^^^^^^^^^^^^^^^^^^^^^
[INFO] [stderr]    |
[INFO] [stderr]    = note: `cargo::unused_dependencies` is set to `warn` by default
[INFO] [stderr] help: consider removing the dependency on `dashmap`
[INFO] [stderr] warning: unused dependency `fuzzy-matcher`
[INFO] [stderr]   --> crates/greek-core/Cargo.toml:47:1
[INFO] [stderr]    |
[INFO] [stderr] 47 | fuzzy-matcher = "0.3.7"
[INFO] [stderr]    | ^^^^^^^^^^^^^^^^^^^^^^^
[INFO] [stderr]    |
[INFO] [stderr] help: consider removing the dependency on `fuzzy-matcher`
[INFO] [stderr] warning: unused dependency `glob`
[INFO] [stderr]   --> crates/greek-core/Cargo.toml:45:1
[INFO] [stderr]    |
[INFO] [stderr] 45 | glob = "0.3.1"
[INFO] [stderr]    | ^^^^^^^^^^^^^^
[INFO] [stderr]    |
[INFO] [stderr] help: consider removing the dependency on `glob`
[INFO] [stderr] warning: unused dependency `greek-windows`
[INFO] [stderr]   --> crates/greek-core/Cargo.toml:15:1
[INFO] [stderr]    |
[INFO] [stderr] 15 | greek-windows = { path = "../greek-windows", version = "0.1.0", optional = true }
[INFO] [stderr]    | ^^^^^^^^^^^^^^^^^^^^^^^^^^^^^^^^^^^^^^^^^^^^^^^^^^^^^^^^^^^^^^^^^^^^^^^^^^^^^^^^^
[INFO] [stderr]    |
[INFO] [stderr] help: consider removing the dependency on `greek-windows`
[INFO] [stderr] warning: unused dependency `hex`
[INFO] [stderr]   --> crates/greek-core/Cargo.toml:62:1
[INFO] [stderr]    |
[INFO] [stderr] 62 | hex = "0.4.3"
[INFO] [stderr]    | ^^^^^^^^^^^^^
[INFO] [stderr]    |
[INFO] [stderr] help: consider removing the dependency on `hex`
[INFO] [stderr] warning: unused dependency `humantime`
[INFO] [stderr]   --> crates/greek-core/Cargo.toml:58:1
[INFO] [stderr]    |
[INFO] [stderr] 58 | humantime = "2.1.0"
[INFO] [stderr]    | ^^^^^^^^^^^^^^^^^^^
[INFO] [stderr]    |
[INFO] [stderr] help: consider removing the dependency on `humantime`
[INFO] [stderr] warning: unused dependency `ignore`
[INFO] [stderr]   --> crates/greek-core/Cargo.toml:40:1
[INFO] [stderr]    |
[INFO] [stderr] 40 | ignore = "0.4.22"
[INFO] [stderr]    | ^^^^^^^^^^^^^^^^^
[INFO] [stderr]    |
[INFO] [stderr] help: consider removing the dependency on `ignore`
[INFO] [stderr] warning: unused dependency `jwalk`
[INFO] [stderr]   --> crates/greek-core/Cargo.toml:41:1
[INFO] [stderr]    |
[INFO] [stderr] 41 | jwalk = "0.8.1"
[INFO] [stderr]    | ^^^^^^^^^^^^^^^
[INFO] [stderr]    |
[INFO] [stderr] help: consider removing the dependency on `jwalk`
[INFO] [stderr] warning: unused dependency `pathdiff`
[INFO] [stderr]   --> crates/greek-core/Cargo.toml:42:1
[INFO] [stderr]    |
[INFO] [stderr] 42 | pathdiff = "0.2.1"
[INFO] [stderr]    | ^^^^^^^^^^^^^^^^^^
[INFO] [stderr]    |
[INFO] [stderr] help: consider removing the dependency on `pathdiff`
[INFO] [stderr] warning: unused dependency `tokio-util`
[INFO] [stderr]   --> crates/greek-core/Cargo.toml:24:1
[INFO] [stderr]    |
[INFO] [stderr] 24 | tokio-util = "0.7.11"
[INFO] [stderr]    | ^^^^^^^^^^^^^^^^^^^^^
[INFO] [stderr]    |
[INFO] [stderr] help: consider removing the dependency on `tokio-util`
[INFO] [stderr] warning: unused dependency `which`
[INFO] [stderr]   --> crates/greek-core/Cargo.toml:29:1
[INFO] [stderr]    |
[INFO] [stderr] 29 | which = "6.0.3"
[INFO] [stderr]    | ^^^^^^^^^^^^^^^
[INFO] [stderr]    |
[INFO] [stderr] help: consider removing the dependency on `which`
[INFO] [stderr] warning: `greek-core` (manifest) generated 11 warnings
[INFO] [stderr] warning: unused dependency `base64`
[INFO] [stderr]   --> crates/greek-windows/Cargo.toml:18:1
[INFO] [stderr]    |
[INFO] [stderr] 18 | base64 = "0.22"
[INFO] [stderr]    | ^^^^^^^^^^^^^^^
[INFO] [stderr]    |
[INFO] [stderr]    = note: `cargo::unused_dependencies` is set to `warn` by default
[INFO] [stderr] help: consider removing the dependency on `base64`
[INFO] [stderr] warning: unused dependency `sysinfo`
[INFO] [stderr]   --> crates/greek-windows/Cargo.toml:15:1
[INFO] [stderr]    |
[INFO] [stderr] 15 | sysinfo = "0.31.0"
[INFO] [stderr]    | ^^^^^^^^^^^^^^^^^^
[INFO] [stderr]    |
[INFO] [stderr] help: consider removing the dependency on `sysinfo`
[INFO] [stderr] warning: `greek-windows` (manifest) generated 2 warnings
[INFO] running `Command { std: "docker" "inspect" "fcb16e5ed2441d0cd77e7fd72e3a2c9af1b38fde3b0385eefde2d54a9015a1a5", kill_on_drop: false }`
[INFO] running `Command { std: "docker" "rm" "-f" "fcb16e5ed2441d0cd77e7fd72e3a2c9af1b38fde3b0385eefde2d54a9015a1a5", kill_on_drop: false }`
[INFO] [stdout] fcb16e5ed2441d0cd77e7fd72e3a2c9af1b38fde3b0385eefde2d54a9015a1a5
