[INFO] cloning repository https://github.com/RoaniPires/sussurro
[INFO] running `Command { std: "git" "-c" "credential.helper=" "-c" "credential.helper=/workspace/cargo-home/bin/git-credential-null" "clone" "--bare" "https://github.com/RoaniPires/sussurro" "/workspace/cache/git-repos/https%3A%2F%2Fgithub.com%2FRoaniPires%2Fsussurro", kill_on_drop: false }`
[INFO] [stderr] Cloning into bare repository '/workspace/cache/git-repos/https%3A%2F%2Fgithub.com%2FRoaniPires%2Fsussurro'...
[INFO] running `Command { std: "git" "rev-parse" "HEAD", kill_on_drop: false }`
[INFO] [stdout] 4fc9bae60b3e95191db68a54ca1b8f555b0e8e8e
[INFO] checking RoaniPires/sussurro against 3154cc1a3e6424e44f438a95007d043ed5ceaaf6+rustflags=-Znext-solver=coherence for pr-133502-30
[INFO] running `Command { std: "git" "clone" "/workspace/cache/git-repos/https%3A%2F%2Fgithub.com%2FRoaniPires%2Fsussurro" "/workspace/builds/worker-0-tc1/source", kill_on_drop: false }`
[INFO] [stderr] Cloning into '/workspace/builds/worker-0-tc1/source'...
[INFO] [stderr] done.
[INFO] removed /workspace/builds/worker-0-tc1/source/rust-toolchain.toml
[INFO] started tweaking git repo https://github.com/RoaniPires/sussurro
[INFO] finished tweaking git repo https://github.com/RoaniPires/sussurro
[INFO] tweaked toml for git repo https://github.com/RoaniPires/sussurro written to /workspace/builds/worker-0-tc1/source/Cargo.toml
[INFO] validating manifest of git repo https://github.com/RoaniPires/sussurro on toolchain 3154cc1a3e6424e44f438a95007d043ed5ceaaf6
[INFO] running `Command { std: CARGO_HOME="/workspace/cargo-home" RUSTUP_HOME="/workspace/rustup-home" "/workspace/cargo-home/bin/cargo" "+3154cc1a3e6424e44f438a95007d043ed5ceaaf6" "metadata" "--manifest-path" "Cargo.toml" "--no-deps", kill_on_drop: false }`
[INFO] crate git repo https://github.com/RoaniPires/sussurro already has a lockfile, it will not be regenerated
[INFO] running `Command { std: CARGO_HOME="/workspace/cargo-home" RUSTUP_HOME="/workspace/rustup-home" "/workspace/cargo-home/bin/cargo" "+3154cc1a3e6424e44f438a95007d043ed5ceaaf6" "fetch" "--manifest-path" "Cargo.toml", kill_on_drop: false }`
[INFO] [stderr]     Updating crates.io index
[INFO] [stderr]  Downloading crates ...
[INFO] [stderr]   Downloaded ureq v3.4.0
[INFO] [stderr]   Downloaded windowfunctions v0.1.1
[INFO] [stderr]   Downloaded whisper-rs v0.16.0
[INFO] [stderr]   Downloaded symphonia-codec-pcm v0.6.1
[INFO] [stderr]   Downloaded uwl v0.6.0
[INFO] [stderr]   Downloaded typesize-derive v0.1.11
[INFO] [stderr]   Downloaded secrecy v0.8.0
[INFO] [stderr]   Downloaded symphonia v0.6.1
[INFO] [stderr]   Downloaded symphonia-common v0.6.1
[INFO] [stderr]   Downloaded symphonia-codec-vorbis v0.6.1
[INFO] [stderr]   Downloaded audio-codec-algorithms v0.8.1
[INFO] [stderr]   Downloaded audioadapter-sample v5.2.0
[INFO] [stderr]   Downloaded symphonia-format-riff v0.6.1
[INFO] [stderr]   Downloaded symphonia-bundle-flac v0.6.1
[INFO] [stderr]   Downloaded typesize v0.1.15
[INFO] [stderr]   Downloaded symphonia-format-ogg v0.6.1
[INFO] [stderr]   Downloaded audiopus v0.2.0
[INFO] [stderr]   Downloaded skeptic v0.13.7
[INFO] [stderr]   Downloaded error-chain v0.12.4
[INFO] [stderr]   Downloaded cargo_metadata v0.14.2
[INFO] [stderr]   Downloaded typemap_rev v0.3.0
[INFO] [stderr]   Downloaded symphonia-codec-aac v0.6.1
[INFO] [stderr]   Downloaded audioadapter-buffers v5.2.0
[INFO] [stderr]   Downloaded audioadapter v5.0.0
[INFO] [stderr]   Downloaded ureq-proto v0.6.1
[INFO] [stderr]   Downloaded symphonia-format-isomp4 v0.6.1
[INFO] [stderr]   Downloaded symphonia-metadata v0.6.1
[INFO] [stderr]   Downloaded symphonia-bundle-mp3 v0.6.1
[INFO] [stderr]   Downloaded mini-moka v0.10.3
[INFO] [stderr]   Downloaded tokio-tungstenite v0.21.0
[INFO] [stderr]   Downloaded serde_cow v0.1.2
[INFO] [stderr]   Downloaded tungstenite v0.21.0
[INFO] [stderr]   Downloaded rubato v5.0.0
[INFO] [stderr]   Downloaded pulldown-cmark v0.9.6
[INFO] [stderr]   Downloaded symphonia-core v0.6.1
[INFO] [stderr]   Downloaded tokio-rustls v0.25.0
[INFO] [stderr]   Downloaded rustls v0.22.4
[INFO] [stderr]   Downloaded serenity v0.12.5
[INFO] [stderr]   Downloaded levenshtein v1.0.5
[INFO] [stderr]   Downloaded command_attr v0.5.4
[INFO] [stderr]   Downloaded whisper-rs-sys v0.15.0
[INFO] [stderr]   Downloaded takecell v0.1.2
[INFO] [stderr]   Downloaded teloxide v0.17.0
[INFO] [stderr]   Downloaded teloxide-core v0.13.0
[INFO] [stderr]   Downloaded audiopus_sys v0.1.8
[INFO] [stderr]   Downloaded derive_more v1.0.0
[INFO] [stderr]   Downloaded derive_more-impl v1.0.0
[INFO] running `Command { std: "docker" "create" "-v" "/var/lib/crater-agent-workspace/builds/worker-0-tc1/source:/opt/rustwide/workdir:ro,Z" "-v" "/var/lib/crater-agent-workspace/builds/worker-0-tc1/target:/opt/rustwide/target:rw,Z" "-v" "/var/lib/crater-agent-workspace/cargo-home:/opt/rustwide/cargo-home:ro,Z" "-v" "/var/lib/crater-agent-workspace/rustup-home:/opt/rustwide/rustup-home:ro,Z" "-m" "1610612736" "--network" "none" "ghcr.io/rust-lang/crates-build-env/linux@sha256:77db811e55d90add9212f6832c23229e3de5f1c1f9905e8cb07319ea15df73ac" "sleep" "infinity", kill_on_drop: false }`
[INFO] [stdout] 7ffd6b54ae2fe857e7ee7520c2709277dcda177e1f3ec2461b9e89a2a51a1616
[INFO] running `Command { std: "docker" "start" "7ffd6b54ae2fe857e7ee7520c2709277dcda177e1f3ec2461b9e89a2a51a1616", kill_on_drop: false }`
[INFO] running `Command { std: "docker" "inspect" "7ffd6b54ae2fe857e7ee7520c2709277dcda177e1f3ec2461b9e89a2a51a1616", kill_on_drop: false }`
[INFO] running `Command { std: "docker" "exec" "-e" "SOURCE_DIR=/opt/rustwide/workdir" "-e" "CARGO_HOME=/opt/rustwide/cargo-home" "-e" "RUSTUP_HOME=/opt/rustwide/rustup-home" "-e" "CARGO_TARGET_DIR=/opt/rustwide/target" "-w" "/opt/rustwide/workdir" "--user" "0:0" "7ffd6b54ae2fe857e7ee7520c2709277dcda177e1f3ec2461b9e89a2a51a1616" "/opt/rustwide/cargo-home/bin/cargo" "+3154cc1a3e6424e44f438a95007d043ed5ceaaf6" "metadata" "--no-deps" "--format-version=1", kill_on_drop: false }`
[INFO] running `Command { std: "docker" "inspect" "7ffd6b54ae2fe857e7ee7520c2709277dcda177e1f3ec2461b9e89a2a51a1616", kill_on_drop: false }`
[INFO] running `Command { std: "docker" "exec" "-e" "SOURCE_DIR=/opt/rustwide/workdir" "-e" "CARGO_HOME=/opt/rustwide/cargo-home" "-e" "RUSTUP_HOME=/opt/rustwide/rustup-home" "-e" "CARGO_TARGET_DIR=/opt/rustwide/target" "-e" "CARGO_INCREMENTAL=0" "-e" "RUST_BACKTRACE=full" "-e" "RUSTFLAGS=--cap-lints=forbid -Znext-solver=coherence" "-e" "RUSTDOCFLAGS=--cap-lints=forbid" "-w" "/opt/rustwide/workdir" "--user" "0:0" "7ffd6b54ae2fe857e7ee7520c2709277dcda177e1f3ec2461b9e89a2a51a1616" "/opt/rustwide/cargo-home/bin/cargo" "+3154cc1a3e6424e44f438a95007d043ed5ceaaf6" "check" "--frozen" "--all" "--all-targets" "--message-format=json", kill_on_drop: false }`
[INFO] [stderr]     Checking smallvec v1.15.2
[INFO] [stderr]     Checking bitflags v2.13.1
[INFO] [stderr]    Compiling memchr v2.8.3
[INFO] [stderr]     Checking bytemuck v1.25.2
[INFO] [stderr]    Compiling either v1.18.0
[INFO] [stderr]    Compiling syn v3.0.3
[INFO] [stderr]    Compiling syn v2.0.119
[INFO] [stderr]     Checking getrandom v0.2.17
[INFO] [stderr]    Compiling clang-sys v1.9.1
[INFO] [stderr]     Checking regex-lite v0.1.9
[INFO] [stderr]    Compiling cc v1.4.4
[INFO] [stderr]     Checking num-complex v0.4.6
[INFO] [stderr]    Compiling aws-lc-rs v1.18.0
[INFO] [stderr]    Compiling regex-syntax v0.8.11
[INFO] [stderr]    Compiling bindgen v0.72.1
[INFO] [stderr]    Compiling rustls v0.23.43
[INFO] [stderr]     Checking num-integer v0.1.47
[INFO] [stderr]    Compiling semver v1.0.28
[INFO] [stderr]     Checking webpki-roots v1.0.9
[INFO] [stderr]    Compiling itertools v0.13.0
[INFO] [stderr]    Compiling audiopus_sys v0.1.8
[INFO] [stderr]     Checking audio-codec-algorithms v0.8.1
[INFO] [stderr]    Compiling whisper-rs v0.16.0
[INFO] [stderr]     Checking extended v0.1.0
[INFO] [stderr]     Checking audioadapter v5.0.0
[INFO] [stderr]     Checking transpose v0.2.3
[INFO] [stderr]     Checking primal-check v0.3.4
[INFO] [stderr]     Checking windowfunctions v0.1.1
[INFO] [stderr]     Checking audioadapter-sample v5.2.0
[INFO] [stderr]     Checking mio v1.2.2
[INFO] [stderr]     Checking hybrid-array v0.4.14
[INFO] [stderr]     Checking simd-adler32 v0.3.10
[INFO] [stderr]     Checking futures-io v0.3.34
[INFO] [stderr]     Checking audiopus v0.2.0
[INFO] [stderr]     Checking base64 v0.23.1
[INFO] [stderr]     Checking symphonia-core v0.6.1
[INFO] [stderr]     Checking rustfft v6.4.1
[INFO] [stderr]    Compiling nom v7.1.3
[INFO] [stderr]     Checking miniz_oxide v0.8.9
[INFO] [stderr]     Checking audioadapter-buffers v5.2.0
[INFO] [stderr]     Checking utf8-zero v0.8.1
[INFO] [stderr]    Compiling openssl v0.10.81
[INFO] [stderr]     Checking ipnet v2.12.1
[INFO] [stderr]    Compiling mime_guess v2.0.5
[INFO] [stderr]     Checking ureq-proto v0.6.1
[INFO] [stderr]     Checking unicase v2.9.0
[INFO] [stderr]    Compiling object v0.39.1
[INFO] [stderr]    Compiling rustix v1.1.4
[INFO] [stderr]     Checking flate2 v1.1.9
[INFO] [stderr]    Compiling zerocopy v0.8.56
[INFO] [stderr]    Compiling cmake v0.1.58
[INFO] [stderr]     Checking crypto-common v0.2.2
[INFO] [stderr]     Checking block-buffer v0.12.1
[INFO] [stderr]     Checking linux-raw-sys v0.12.1
[INFO] [stderr]     Checking generic-array v0.14.7
[INFO] [stderr]    Compiling regex-automata v0.4.18
[INFO] [stderr]     Checking digest v0.11.3
[INFO] [stderr]     Checking tracing-log v0.2.0
[INFO] [stderr]     Checking sha2 v0.11.0
[INFO] [stderr]    Compiling portable-atomic v1.15.0
[INFO] [stderr]    Compiling ring v0.17.14
[INFO] [stderr]    Compiling aws-lc-sys v0.44.0
[INFO] [stderr]    Compiling openssl-sys v0.9.117
[INFO] [stderr]    Compiling rustls v0.22.4
[INFO] [stderr]     Checking winnow v1.0.4
[INFO] [stderr]     Checking symphonia-metadata v0.6.1
[INFO] [stderr]     Checking symphonia-bundle-mp3 v0.6.1
[INFO] [stderr]     Checking symphonia-codec-pcm v0.6.1
[INFO] [stderr]     Checking symphonia-common v0.6.1
[INFO] [stderr]    Compiling cexpr v0.6.0
[INFO] [stderr]     Checking symphonia-codec-vorbis v0.6.1
[INFO] [stderr]     Checking symphonia-format-ogg v0.6.1
[INFO] [stderr]     Checking symphonia-bundle-flac v0.6.1
[INFO] [stderr]     Checking symphonia-codec-aac v0.6.1
[INFO] [stderr]    Compiling regex v1.13.1
[INFO] [stderr]     Checking symphonia-format-isomp4 v0.6.1
[INFO] [stderr]     Checking symphonia-format-riff v0.6.1
[INFO] [stderr]    Compiling native-tls v0.2.18
[INFO] [stderr]     Checking tracing-subscriber v0.3.23
[INFO] [stderr]     Checking tempfile v3.27.0
[INFO] [stderr]     Checking toml_parser v1.1.3+spec-1.1.0
[INFO] [stderr]     Checking crypto-common v0.1.7
[INFO] [stderr]     Checking block-buffer v0.10.4
[INFO] [stderr]     Checking rand_core v0.6.4
[INFO] [stderr]    Compiling erasable v1.3.0
[INFO] [stderr]     Checking dotenvy v0.15.7
[INFO] [stderr]     Checking symphonia v0.6.1
[INFO] [stderr]     Checking console v0.16.4
[INFO] [stderr]     Checking digest v0.10.7
[INFO] [stderr]     Checking toml v1.1.4+spec-1.1.0
[INFO] [stderr]    Compiling stacker v0.1.25
[INFO] [stderr]     Checking float-cmp v0.10.0
[INFO] [stderr]     Checking unit-prefix v0.5.2
[INFO] [stderr]    Compiling syn v1.0.109
[INFO] [stderr]    Compiling unicode-xid v0.2.6
[INFO] [stderr]     Checking sha1 v0.10.7
[INFO] [stderr]     Checking indicatif v0.18.6
[INFO] [stderr]     Checking parking_lot_core v0.9.12
[INFO] [stderr]    Compiling include_dir_macros v0.7.4
[INFO] [stderr]    Compiling proc-macro-error-attr2 v2.0.0
[INFO] [stderr]     Checking utf-8 v0.7.6
[INFO] [stderr]     Checking bstr v1.13.1
[INFO] [stderr]    Compiling proc-macro-error2 v2.0.1
[INFO] [stderr]     Checking rc-box v1.3.0
[INFO] [stderr]    Compiling include_dir v0.7.4
[INFO] [stderr]     Checking uuid v1.25.0
[INFO] [stderr]     Checking webpki-roots v0.26.11
[INFO] [stderr]     Checking rgb v0.8.53
[INFO] [stderr]    Compiling itertools v0.10.5
[INFO] [stderr]     Checking deranged v0.5.8
[INFO] [stderr]     Checking predicates v3.1.4
[INFO] [stderr]    Compiling serenity v0.12.5
[INFO] [stderr]     Checking colored v3.1.1
[INFO] [stderr]     Checking take_mut v0.2.2
[INFO] [stderr]     Checking takecell v0.1.2
[INFO] [stderr]     Checking parking_lot v0.12.5
[INFO] [stderr]     Checking typemap_rev v0.3.0
[INFO] [stderr]     Checking levenshtein v1.0.5
[INFO] [stderr]     Checking uwl v0.6.0
[INFO] [stderr]     Checking tiny_http v0.12.0
[INFO] [stderr]    Compiling ar_archive_writer v0.5.3
[INFO] [stderr]     Checking assert_cmd v2.2.2
[INFO] [stderr]    Compiling prettyplease v0.2.37
[INFO] [stderr]    Compiling synstructure v0.13.2
[INFO] [stderr]    Compiling darling_core v0.23.0
[INFO] [stderr]    Compiling thiserror-impl v2.0.20
[INFO] [stderr]    Compiling tokio-macros v2.7.2
[INFO] [stderr]    Compiling zerovec-derive v0.11.6
[INFO] [stderr]    Compiling displaydoc v0.2.7
[INFO] [stderr]     Checking tokio v1.53.1
[INFO] [stderr]    Compiling serde_derive v1.0.229
[INFO] [stderr]    Compiling futures-macro v0.3.34
[INFO] [stderr]    Compiling psm v0.1.32
[INFO] [stderr]    Compiling clap_derive v4.6.4
[INFO] [stderr]     Checking realfft v3.5.0
[INFO] [stderr]     Checking time v0.3.55
[INFO] [stderr]     Checking ppv-lite86 v0.2.21
[INFO] [stderr]    Compiling async-trait v0.1.92
[INFO] [stderr]     Checking futures-util v0.3.34
[INFO] [stderr]    Compiling zerofrom-derive v0.1.7
[INFO] [stderr]    Compiling yoke-derive v0.8.2
[INFO] [stderr]     Checking thiserror v2.0.20
[INFO] [stderr]    Compiling visibility v0.1.1
[INFO] [stderr]     Checking rubato v5.0.0
[INFO] [stderr]    Compiling tracing-attributes v0.1.31
[INFO] [stderr]    Compiling openssl-macros v0.1.1
[INFO] [stderr]     Checking rustls-webpki v0.102.8
[INFO] [stderr]     Checking rand_chacha v0.3.1
[INFO] [stderr]    Compiling thiserror-impl v1.0.69
[INFO] [stderr]     Checking rand v0.8.7
[INFO] [stderr]    Compiling pin-project-internal v1.1.13
[INFO] [stderr]     Checking tracing v0.1.44
[INFO] [stderr]     Checking clap v4.6.6
[INFO] [stderr]    Compiling derive_more-impl v1.0.0
[INFO] [stderr]    Compiling aquamarine v0.6.0
[INFO] [stderr]    Compiling darling_macro v0.23.0
[INFO] [stderr]     Checking zerofrom v0.1.8
[INFO] [stderr]    Compiling darling v0.23.0
[INFO] [stderr]     Checking yoke v0.8.3
[INFO] [stderr]    Compiling serde_with_macros v3.22.0
[INFO] [stderr]     Checking thiserror v1.0.69
[INFO] [stderr]     Checking zerovec v0.11.8
[INFO] [stderr]     Checking zerotrie v0.2.5
[INFO] [stderr]     Checking pin-project v1.1.13
[INFO] [stderr]     Checking serde v1.0.229
[INFO] [stderr]    Compiling command_attr v0.5.4
[INFO] [stderr]     Checking serde_with v3.22.0
[INFO] [stderr]     Checking tinystr v0.8.4
[INFO] [stderr]     Checking potential_utf v0.1.6
[INFO] [stderr]     Checking serde_urlencoded v0.7.1
[INFO] [stderr]     Checking chrono v0.4.45
[INFO] [stderr]     Checking secrecy v0.8.0
[INFO] [stderr]     Checking arrayvec v0.7.8
[INFO] [stderr]     Checking icu_collections v2.3.0
[INFO] [stderr]     Checking icu_locale_core v2.3.0
[INFO] [stderr]     Checking dashmap v5.5.3
[INFO] [stderr]     Checking serde_cow v0.1.2
[INFO] [stderr]     Checking derive_more v1.0.0
[INFO] [stderr]     Checking futures-executor v0.3.34
[INFO] [stderr]     Checking futures v0.3.34
[INFO] [stderr]     Checking dptree v0.5.1
[INFO] [stderr]     Checking tokio-util v0.7.19
[INFO] [stderr]     Checking tower v0.5.3
[INFO] [stderr]     Checking tokio-native-tls v0.3.1
[INFO] [stderr]     Checking tokio-rustls v0.25.0
[INFO] [stderr]     Checking tokio-stream v0.1.19
[INFO] [stderr]     Checking icu_provider v2.3.1
[INFO] [stderr]     Checking icu_normalizer v2.3.0
[INFO] [stderr]     Checking icu_properties v2.3.0
[INFO] [stderr]     Checking h2 v0.4.19
[INFO] [stderr]    Compiling whisper-rs-sys v0.15.0
[INFO] [stderr]     Checking idna_adapter v1.2.2
[INFO] [stderr]     Checking idna v1.1.0
[INFO] [stderr]     Checking url v2.5.8
[INFO] [stderr]     Checking tower-http v0.6.11
[INFO] [stderr]     Checking tungstenite v0.21.0
[INFO] [stderr]     Checking tokio-tungstenite v0.21.0
[INFO] [stderr]     Checking hyper v1.11.0
[INFO] [stderr]     Checking hyper-util v0.1.20
[INFO] [stderr]     Checking hyper-tls v0.6.0
[INFO] [stderr]     Checking rustls-webpki v0.103.15
[INFO] [stderr]     Checking ureq v3.4.0
[INFO] [stderr]     Checking tokio-rustls v0.26.4
[INFO] [stderr]     Checking rustls-platform-verifier v0.7.0
[INFO] [stderr]     Checking hyper-rustls v0.27.9
[INFO] [stderr]     Checking reqwest v0.12.28
[INFO] [stderr]     Checking reqwest v0.13.4
[INFO] [stderr]     Checking sussurro-model-fetch v0.1.0 (/opt/rustwide/workdir/crates/model-fetch)
[INFO] [stderr] error: could not compile `reqwest` (lib)
[INFO] [stderr] 
[INFO] [stderr] Caused by:
[INFO] [stderr]   process didn't exit successfully: `/opt/rustwide/rustup-home/toolchains/3154cc1a3e6424e44f438a95007d043ed5ceaaf6/bin/rustc --crate-name reqwest --edition=2021 /opt/rustwide/cargo-home/registry/src/index.crates.io-1949cf8c6b5b557f/reqwest-0.12.28/src/lib.rs --error-format=json --json=diagnostic-rendered-ansi,artifacts,future-incompat,unused-externs-silent --crate-type lib --emit=dep-info,metadata -C embed-bitcode=no -C debuginfo=2 --cfg 'feature="__rustls"' --cfg 'feature="__rustls-ring"' --cfg 'feature="__tls"' --cfg 'feature="default-tls"' --cfg 'feature="json"' --cfg 'feature="multipart"' --cfg 'feature="native-tls"' --cfg 'feature="rustls-tls"' --cfg 'feature="rustls-tls-webpki-roots"' --cfg 'feature="rustls-tls-webpki-roots-no-provider"' --cfg 'feature="stream"' --check-cfg 'cfg(docsrs,test)' --check-cfg 'cfg(feature, values("__rustls", "__rustls-ring", "__tls", "blocking", "brotli", "charset", "cookies", "default", "default-tls", "deflate", "gzip", "h2", "hickory-dns", "http2", "http3", "json", "macos-system-configuration", "multipart", "native-tls", "native-tls-alpn", "native-tls-vendored", "rustls-tls", "rustls-tls-manual-roots", "rustls-tls-manual-roots-no-provider", "rustls-tls-native-roots", "rustls-tls-native-roots-no-provider", "rustls-tls-no-provider", "rustls-tls-webpki-roots", "rustls-tls-webpki-roots-no-provider", "socks", "stream", "system-proxy", "trust-dns", "zstd"))' -C metadata=7f554f4dd0c931e3 -C extra-filename=-e45e86e89e0950cf --out-dir /opt/rustwide/target/debug/build/reqwest/e45e86e89e0950cf/out -L dependency=/opt/rustwide/target/debug/build/atomic-waker/da9535de70c6dc9f/out -L dependency=/opt/rustwide/target/debug/build/aws-lc-rs/307b1cba8a0fab37/out -L dependency=/opt/rustwide/target/debug/build/aws-lc-sys/c1a91f960f48f260/out -L dependency=/opt/rustwide/target/debug/build/base64/1197ac9fab90ee7e/out -L dependency=/opt/rustwide/target/debug/build/bitflags/cac3c35dac4bb677/out -L dependency=/opt/rustwide/target/debug/build/bytes/0a99efe9a33d2eab/out -L dependency=/opt/rustwide/target/debug/build/cfg-if/455a21b2886a1534/out -L dependency=/opt/rustwide/target/debug/build/displaydoc/6ba1ae7ca980ec9f/out -L dependency=/opt/rustwide/target/debug/build/equivalent/53277b141c879f87/out -L dependency=/opt/rustwide/target/debug/build/errno/75e95ad699f80dda/out -L dependency=/opt/rustwide/target/debug/build/fnv/65440ab31d1f3d7a/out -L dependency=/opt/rustwide/target/debug/build/foreign-types-shared/4fcba5b27a3984cc/out -L dependency=/opt/rustwide/target/debug/build/foreign-types/712cae99568caf59/out -L dependency=/opt/rustwide/target/debug/build/form_urlencoded/8558270de8c5e9db/out -L dependency=/opt/rustwide/target/debug/build/futures-channel/7fbd05cccead0f33/out -L dependency=/opt/rustwide/target/debug/build/futures-core/89a52963e41357f6/out -L dependency=/opt/rustwide/target/debug/build/futures-io/df650da5fa8afecd/out -L dependency=/opt/rustwide/target/debug/build/futures-macro/5fa041413f7ea76a/out -L dependency=/opt/rustwide/target/debug/build/futures-sink/95b5bfb79dc476dc/out -L dependency=/opt/rustwide/target/debug/build/futures-task/d1ebca5e6911b813/out -L dependency=/opt/rustwide/target/debug/build/futures-util/02495f65404708b5/out -L dependency=/opt/rustwide/target/debug/build/getrandom/814bac3ea3747155/out -L dependency=/opt/rustwide/target/debug/build/h2/c36eaca2544a5744/out -L dependency=/opt/rustwide/target/debug/build/hashbrown/88ed4e4aff25222b/out -L dependency=/opt/rustwide/target/debug/build/http-body-util/ab0b5f8c4ef2956d/out -L dependency=/opt/rustwide/target/debug/build/http-body/95b8f62f3ce65260/out -L dependency=/opt/rustwide/target/debug/build/http/27bb2c76016546af/out -L dependency=/opt/rustwide/target/debug/build/httparse/76e96eecfa617739/out -L dependency=/opt/rustwide/target/debug/build/hyper-util/a4e2d6745b857f64/out -L dependency=/opt/rustwide/target/debug/build/hyper/db694a43ac1da4cf/out -L dependency=/opt/rustwide/target/debug/build/icu_collections/461b3a9f22d17594/out -L dependency=/opt/rustwide/target/debug/build/icu_locale_core/1cf897644dfe547c/out -L dependency=/opt/rustwide/target/debug/build/icu_normalizer/82960e316089a9d1/out -L dependency=/opt/rustwide/target/debug/build/icu_normalizer_data/6d8d8ee2a678262c/out -L dependency=/opt/rustwide/target/debug/build/icu_properties/99ff5b4e8e5e5adf/out -L dependency=/opt/rustwide/target/debug/build/icu_properties_data/1608f962d6c95250/out -L dependency=/opt/rustwide/target/debug/build/icu_provider/8caa371241c38195/out -L dependency=/opt/rustwide/target/debug/build/idna/580a45c6910dcac4/out -L dependency=/opt/rustwide/target/debug/build/idna_adapter/db123129d99e3368/out -L dependency=/opt/rustwide/target/debug/build/indexmap/8d538040b6b677a4/out -L dependency=/opt/rustwide/target/debug/build/ipnet/9d8dfe7b433a656e/out -L dependency=/opt/rustwide/target/debug/build/itoa/9757112bd9972718/out -L dependency=/opt/rustwide/target/debug/build/libc/6c469ea5525a8374/out -L dependency=/opt/rustwide/target/debug/build/litemap/1d56a444480118ad/out -L dependency=/opt/rustwide/target/debug/build/log/b577a85bc909ef1e/out -L dependency=/opt/rustwide/target/debug/build/memchr/1dee75255e878028/out -L dependency=/opt/rustwide/target/debug/build/mime/ee7da7d8bd74decc/out -L dependency=/opt/rustwide/target/debug/build/mio/44114065b4e0a3f4/out -L dependency=/opt/rustwide/target/debug/build/native-tls/7f8789062a26500b/out -L dependency=/opt/rustwide/target/debug/build/once_cell/c3517054d55a7dff/out -L dependency=/opt/rustwide/target/debug/build/openssl-macros/8c046228f5255703/out -L dependency=/opt/rustwide/target/debug/build/openssl-probe/a5326edbaaf90049/out -L dependency=/opt/rustwide/target/debug/build/openssl-sys/df5e935657976435/out -L dependency=/opt/rustwide/target/debug/build/openssl/2d7bd6d430f7201c/out -L dependency=/opt/rustwide/target/debug/build/percent-encoding/528721a9f54dc4b1/out -L dependency=/opt/rustwide/target/debug/build/pin-project-lite/bc36f7de3f04be06/out -L dependency=/opt/rustwide/target/debug/build/potential_utf/850e455048afcc63/out -L dependency=/opt/rustwide/target/debug/build/ring/d96224b9653c9233/out -L dependency=/opt/rustwide/target/debug/build/rustls-pki-types/f292a830a5fafa44/out -L dependency=/opt/rustwide/target/debug/build/rustls-webpki/43484ca9537ea4e0/out -L dependency=/opt/rustwide/target/debug/build/rustls/363431f28c1f110f/out -L dependency=/opt/rustwide/target/debug/build/ryu/659b25542bb7dde0/out -L dependency=/opt/rustwide/target/debug/build/serde/0d12dfbd7379511e/out -L dependency=/opt/rustwide/target/debug/build/serde_core/ae61b85b9f07edfc/out -L dependency=/opt/rustwide/target/debug/build/serde_derive/be0ba5618e64b2d0/out -L dependency=/opt/rustwide/target/debug/build/signal-hook-registry/e2158083d87b31df/out -L dependency=/opt/rustwide/target/debug/build/slab/99d98220a54c26d9/out -L dependency=/opt/rustwide/target/debug/build/smallvec/6a297f3c50a8ac22/out -L dependency=/opt/rustwide/target/debug/build/socket2/16cafadec737d477/out -L dependency=/opt/rustwide/target/debug/build/stable_deref_trait/5d0e5045ac141f4e/out -L dependency=/opt/rustwide/target/debug/build/subtle/8f505b5194b43595/out -L dependency=/opt/rustwide/target/debug/build/sync_wrapper/fe254f3e09df14bf/out -L dependency=/opt/rustwide/target/debug/build/tinystr/6872ed6152177e9c/out -L dependency=/opt/rustwide/target/debug/build/tokio-macros/aacded9d9d88a1d8/out -L dependency=/opt/rustwide/target/debug/build/tokio-native-tls/41612988daf37b5c/out -L dependency=/opt/rustwide/target/debug/build/tokio-rustls/258360c06f292ea8/out -L dependency=/opt/rustwide/target/debug/build/tokio-util/8cf0b6fa17ccf41d/out -L dependency=/opt/rustwide/target/debug/build/tokio/eb8dd011ec23d981/out -L dependency=/opt/rustwide/target/debug/build/tower-layer/18253f72d6097d72/out -L dependency=/opt/rustwide/target/debug/build/tower-service/f067f85429613f02/out -L dependency=/opt/rustwide/target/debug/build/tower/323fecd0b074397e/out -L dependency=/opt/rustwide/target/debug/build/tracing-attributes/4d29400370cb5ead/out -L dependency=/opt/rustwide/target/debug/build/tracing-core/f96a330ff2c13dd7/out -L dependency=/opt/rustwide/target/debug/build/tracing/836489a73504b6e2/out -L dependency=/opt/rustwide/target/debug/build/try-lock/2456ef037cb93cd8/out -L dependency=/opt/rustwide/target/debug/build/unicase/a72f21564edb58b5/out -L dependency=/opt/rustwide/target/debug/build/untrusted/6fab01473f7c0eb0/out -L dependency=/opt/rustwide/target/debug/build/url/1e52f56bbaaa780c/out -L dependency=/opt/rustwide/target/debug/build/utf8_iter/2a9a14295c98e961/out -L dependency=/opt/rustwide/target/debug/build/want/02f6f2e86f12f8db/out -L dependency=/opt/rustwide/target/debug/build/webpki-roots/ddba7ade0beb5d5a/out -L dependency=/opt/rustwide/target/debug/build/writeable/8526e47e60eb96b2/out -L dependency=/opt/rustwide/target/debug/build/yoke-derive/ed299dff8dbcbdca/out -L dependency=/opt/rustwide/target/debug/build/yoke/0fd5bff53c36b48d/out -L dependency=/opt/rustwide/target/debug/build/zerofrom-derive/4d70ba0cb5f5b711/out -L dependency=/opt/rustwide/target/debug/build/zerofrom/4161cef4c47d4d97/out -L dependency=/opt/rustwide/target/debug/build/zeroize/3eac6d5ae8ba8e2f/out -L dependency=/opt/rustwide/target/debug/build/zerotrie/4f6518b02f8c5282/out -L dependency=/opt/rustwide/target/debug/build/zerovec-derive/034a51437e959bf7/out -L dependency=/opt/rustwide/target/debug/build/zerovec/bfdf87c0dc8cbbc3/out -L dependency=/opt/rustwide/target/debug/build/zmij/7db290db90de1c50/out --extern base64=/opt/rustwide/target/debug/build/base64/1197ac9fab90ee7e/out/libbase64-1197ac9fab90ee7e.rmeta --extern bytes=/opt/rustwide/target/debug/build/bytes/0a99efe9a33d2eab/out/libbytes-0a99efe9a33d2eab.rmeta --extern futures_core=/opt/rustwide/target/debug/build/futures-core/89a52963e41357f6/out/libfutures_core-89a52963e41357f6.rmeta --extern futures_util=/opt/rustwide/target/debug/build/futures-util/02495f65404708b5/out/libfutures_util-02495f65404708b5.rmeta --extern http=/opt/rustwide/target/debug/build/http/27bb2c76016546af/out/libhttp-27bb2c76016546af.rmeta --extern http_body=/opt/rustwide/target/debug/build/http-body/95b8f62f3ce65260/out/libhttp_body-95b8f62f3ce65260.rmeta --extern http_body_util=/opt/rustwide/target/debug/build/http-body-util/ab0b5f8c4ef2956d/out/libhttp_body_util-ab0b5f8c4ef2956d.rmeta --extern hyper=/opt/rustwide/target/debug/build/hyper/db694a43ac1da4cf/out/libhyper-db694a43ac1da4cf.rmeta --extern hyper_rustls=/opt/rustwide/target/debug/build/hyper-rustls/cd0d3d0ff1701cfc/out/libhyper_rustls-cd0d3d0ff1701cfc.rmeta --extern hyper_tls=/opt/rustwide/target/debug/build/hyper-tls/b6b847cdbcc1feab/out/libhyper_tls-b6b847cdbcc1feab.rmeta --extern hyper_util=/opt/rustwide/target/debug/build/hyper-util/a4e2d6745b857f64/out/libhyper_util-a4e2d6745b857f64.rmeta --extern log=/opt/rustwide/target/debug/build/log/b577a85bc909ef1e/out/liblog-b577a85bc909ef1e.rmeta --extern mime_guess=/opt/rustwide/target/debug/build/mime_guess/06d270fc52905a5b/out/libmime_guess-06d270fc52905a5b.rmeta --extern native_tls_crate=/opt/rustwide/target/debug/build/native-tls/7f8789062a26500b/out/libnative_tls-7f8789062a26500b.rmeta --extern percent_encoding=/opt/rustwide/target/debug/build/percent-encoding/528721a9f54dc4b1/out/libpercent_encoding-528721a9f54dc4b1.rmeta --extern pin_project_lite=/opt/rustwide/target/debug/build/pin-project-lite/bc36f7de3f04be06/out/libpin_project_lite-bc36f7de3f04be06.rmeta --extern rustls=/opt/rustwide/target/debug/build/rustls/363431f28c1f110f/out/librustls-363431f28c1f110f.rmeta --extern rustls_pki_types=/opt/rustwide/target/debug/build/rustls-pki-types/f292a830a5fafa44/out/librustls_pki_types-f292a830a5fafa44.rmeta --extern serde=/opt/rustwide/target/debug/build/serde/0d12dfbd7379511e/out/libserde-0d12dfbd7379511e.rmeta --extern serde_json=/opt/rustwide/target/debug/build/serde_json/7a6212f05d4313e0/out/libserde_json-7a6212f05d4313e0.rmeta --extern serde_urlencoded=/opt/rustwide/target/debug/build/serde_urlencoded/ddd7409b5c306ef4/out/libserde_urlencoded-ddd7409b5c306ef4.rmeta --extern sync_wrapper=/opt/rustwide/target/debug/build/sync_wrapper/fe254f3e09df14bf/out/libsync_wrapper-fe254f3e09df14bf.rmeta --extern tokio=/opt/rustwide/target/debug/build/tokio/eb8dd011ec23d981/out/libtokio-eb8dd011ec23d981.rmeta --extern tokio_native_tls=/opt/rustwide/target/debug/build/tokio-native-tls/41612988daf37b5c/out/libtokio_native_tls-41612988daf37b5c.rmeta --extern tokio_rustls=/opt/rustwide/target/debug/build/tokio-rustls/258360c06f292ea8/out/libtokio_rustls-258360c06f292ea8.rmeta --extern tokio_util=/opt/rustwide/target/debug/build/tokio-util/8cf0b6fa17ccf41d/out/libtokio_util-8cf0b6fa17ccf41d.rmeta --extern tower=/opt/rustwide/target/debug/build/tower/323fecd0b074397e/out/libtower-323fecd0b074397e.rmeta --extern tower_http=/opt/rustwide/target/debug/build/tower-http/187dfbda538ceb5e/out/libtower_http-187dfbda538ceb5e.rmeta --extern tower_service=/opt/rustwide/target/debug/build/tower-service/f067f85429613f02/out/libtower_service-f067f85429613f02.rmeta --extern url=/opt/rustwide/target/debug/build/url/1e52f56bbaaa780c/out/liburl-1e52f56bbaaa780c.rmeta --extern webpki_roots=/opt/rustwide/target/debug/build/webpki-roots/ddba7ade0beb5d5a/out/libwebpki_roots-ddba7ade0beb5d5a.rmeta --cap-lints allow --cap-lints=forbid -Znext-solver=coherence --force-warn=unused_crate_dependencies -L native=/opt/rustwide/target/debug/build/aws-lc-sys/52a2dfc20d2a2ca2/out -L native=/opt/rustwide/target/debug/build/ring/df431e3f53260f7a/out` (signal: 9, SIGKILL: kill)
[INFO] [stderr] warning: build failed, waiting for other jobs to finish...
[INFO] [stderr] error: could not compile `reqwest` (lib)
[INFO] [stderr] 
[INFO] [stderr] Caused by:
[INFO] [stderr]   process didn't exit successfully: `/opt/rustwide/rustup-home/toolchains/3154cc1a3e6424e44f438a95007d043ed5ceaaf6/bin/rustc --crate-name reqwest --edition=2021 /opt/rustwide/cargo-home/registry/src/index.crates.io-1949cf8c6b5b557f/reqwest-0.13.4/src/lib.rs --error-format=json --json=diagnostic-rendered-ansi,artifacts,future-incompat,unused-externs-silent --crate-type lib --emit=dep-info,metadata -C embed-bitcode=no -C debuginfo=2 --cfg 'feature="__rustls"' --cfg 'feature="__rustls-aws-lc-rs"' --cfg 'feature="__tls"' --cfg 'feature="charset"' --cfg 'feature="default"' --cfg 'feature="default-tls"' --cfg 'feature="http2"' --cfg 'feature="rustls"' --cfg 'feature="system-proxy"' --check-cfg 'cfg(docsrs,test)' --check-cfg 'cfg(feature, values("__native-tls", "__native-tls-alpn", "__rustls", "__rustls-aws-lc-rs", "__tls", "blocking", "brotli", "charset", "cookies", "default", "default-tls", "deflate", "form", "gzip", "hickory-dns", "http2", "http3", "json", "multipart", "native-tls", "native-tls-no-alpn", "native-tls-vendored", "native-tls-vendored-no-alpn", "query", "rustls", "rustls-no-provider", "socks", "stream", "system-proxy", "zstd"))' -C metadata=95c058addaac145b -C extra-filename=-d844a3c61e72f1a4 --out-dir /opt/rustwide/target/debug/build/reqwest/d844a3c61e72f1a4/out -L dependency=/opt/rustwide/target/debug/build/atomic-waker/da9535de70c6dc9f/out -L dependency=/opt/rustwide/target/debug/build/aws-lc-rs/307b1cba8a0fab37/out -L dependency=/opt/rustwide/target/debug/build/aws-lc-sys/c1a91f960f48f260/out -L dependency=/opt/rustwide/target/debug/build/base64/1197ac9fab90ee7e/out -L dependency=/opt/rustwide/target/debug/build/bitflags/cac3c35dac4bb677/out -L dependency=/opt/rustwide/target/debug/build/bytes/0a99efe9a33d2eab/out -L dependency=/opt/rustwide/target/debug/build/cfg-if/455a21b2886a1534/out -L dependency=/opt/rustwide/target/debug/build/displaydoc/6ba1ae7ca980ec9f/out -L dependency=/opt/rustwide/target/debug/build/equivalent/53277b141c879f87/out -L dependency=/opt/rustwide/target/debug/build/errno/75e95ad699f80dda/out -L dependency=/opt/rustwide/target/debug/build/fnv/65440ab31d1f3d7a/out -L dependency=/opt/rustwide/target/debug/build/form_urlencoded/8558270de8c5e9db/out -L dependency=/opt/rustwide/target/debug/build/futures-channel/7fbd05cccead0f33/out -L dependency=/opt/rustwide/target/debug/build/futures-core/89a52963e41357f6/out -L dependency=/opt/rustwide/target/debug/build/futures-io/df650da5fa8afecd/out -L dependency=/opt/rustwide/target/debug/build/futures-macro/5fa041413f7ea76a/out -L dependency=/opt/rustwide/target/debug/build/futures-sink/95b5bfb79dc476dc/out -L dependency=/opt/rustwide/target/debug/build/futures-task/d1ebca5e6911b813/out -L dependency=/opt/rustwide/target/debug/build/futures-util/02495f65404708b5/out -L dependency=/opt/rustwide/target/debug/build/getrandom/814bac3ea3747155/out -L dependency=/opt/rustwide/target/debug/build/h2/c36eaca2544a5744/out -L dependency=/opt/rustwide/target/debug/build/hashbrown/88ed4e4aff25222b/out -L dependency=/opt/rustwide/target/debug/build/http-body/95b8f62f3ce65260/out -L dependency=/opt/rustwide/target/debug/build/http/27bb2c76016546af/out -L dependency=/opt/rustwide/target/debug/build/httparse/76e96eecfa617739/out -L dependency=/opt/rustwide/target/debug/build/hyper-util/a4e2d6745b857f64/out -L dependency=/opt/rustwide/target/debug/build/hyper/db694a43ac1da4cf/out -L dependency=/opt/rustwide/target/debug/build/icu_collections/461b3a9f22d17594/out -L dependency=/opt/rustwide/target/debug/build/icu_locale_core/1cf897644dfe547c/out -L dependency=/opt/rustwide/target/debug/build/icu_normalizer/82960e316089a9d1/out -L dependency=/opt/rustwide/target/debug/build/icu_normalizer_data/6d8d8ee2a678262c/out -L dependency=/opt/rustwide/target/debug/build/icu_properties/99ff5b4e8e5e5adf/out -L dependency=/opt/rustwide/target/debug/build/icu_properties_data/1608f962d6c95250/out -L dependency=/opt/rustwide/target/debug/build/icu_provider/8caa371241c38195/out -L dependency=/opt/rustwide/target/debug/build/idna/580a45c6910dcac4/out -L dependency=/opt/rustwide/target/debug/build/idna_adapter/db123129d99e3368/out -L dependency=/opt/rustwide/target/debug/build/indexmap/8d538040b6b677a4/out -L dependency=/opt/rustwide/target/debug/build/ipnet/9d8dfe7b433a656e/out -L dependency=/opt/rustwide/target/debug/build/itoa/9757112bd9972718/out -L dependency=/opt/rustwide/target/debug/build/libc/6c469ea5525a8374/out -L dependency=/opt/rustwide/target/debug/build/litemap/1d56a444480118ad/out -L dependency=/opt/rustwide/target/debug/build/log/b577a85bc909ef1e/out -L dependency=/opt/rustwide/target/debug/build/memchr/1dee75255e878028/out -L dependency=/opt/rustwide/target/debug/build/mio/44114065b4e0a3f4/out -L dependency=/opt/rustwide/target/debug/build/once_cell/c3517054d55a7dff/out -L dependency=/opt/rustwide/target/debug/build/openssl-probe/a5326edbaaf90049/out -L dependency=/opt/rustwide/target/debug/build/percent-encoding/528721a9f54dc4b1/out -L dependency=/opt/rustwide/target/debug/build/pin-project-lite/bc36f7de3f04be06/out -L dependency=/opt/rustwide/target/debug/build/potential_utf/850e455048afcc63/out -L dependency=/opt/rustwide/target/debug/build/ring/d96224b9653c9233/out -L dependency=/opt/rustwide/target/debug/build/rustls-native-certs/b87c08608fb0844a/out -L dependency=/opt/rustwide/target/debug/build/rustls-pki-types/f292a830a5fafa44/out -L dependency=/opt/rustwide/target/debug/build/rustls-webpki/43484ca9537ea4e0/out -L dependency=/opt/rustwide/target/debug/build/rustls/363431f28c1f110f/out -L dependency=/opt/rustwide/target/debug/build/serde/0d12dfbd7379511e/out -L dependency=/opt/rustwide/target/debug/build/serde_core/ae61b85b9f07edfc/out -L dependency=/opt/rustwide/target/debug/build/serde_derive/be0ba5618e64b2d0/out -L dependency=/opt/rustwide/target/debug/build/signal-hook-registry/e2158083d87b31df/out -L dependency=/opt/rustwide/target/debug/build/slab/99d98220a54c26d9/out -L dependency=/opt/rustwide/target/debug/build/smallvec/6a297f3c50a8ac22/out -L dependency=/opt/rustwide/target/debug/build/socket2/16cafadec737d477/out -L dependency=/opt/rustwide/target/debug/build/stable_deref_trait/5d0e5045ac141f4e/out -L dependency=/opt/rustwide/target/debug/build/subtle/8f505b5194b43595/out -L dependency=/opt/rustwide/target/debug/build/sync_wrapper/fe254f3e09df14bf/out -L dependency=/opt/rustwide/target/debug/build/tinystr/6872ed6152177e9c/out -L dependency=/opt/rustwide/target/debug/build/tokio-macros/aacded9d9d88a1d8/out -L dependency=/opt/rustwide/target/debug/build/tokio-rustls/258360c06f292ea8/out -L dependency=/opt/rustwide/target/debug/build/tokio-util/8cf0b6fa17ccf41d/out -L dependency=/opt/rustwide/target/debug/build/tokio/eb8dd011ec23d981/out -L dependency=/opt/rustwide/target/debug/build/tower-layer/18253f72d6097d72/out -L dependency=/opt/rustwide/target/debug/build/tower-service/f067f85429613f02/out -L dependency=/opt/rustwide/target/debug/build/tower/323fecd0b074397e/out -L dependency=/opt/rustwide/target/debug/build/tracing-attributes/4d29400370cb5ead/out -L dependency=/opt/rustwide/target/debug/build/tracing-core/f96a330ff2c13dd7/out -L dependency=/opt/rustwide/target/debug/build/tracing/836489a73504b6e2/out -L dependency=/opt/rustwide/target/debug/build/try-lock/2456ef037cb93cd8/out -L dependency=/opt/rustwide/target/debug/build/untrusted/6fab01473f7c0eb0/out -L dependency=/opt/rustwide/target/debug/build/url/1e52f56bbaaa780c/out -L dependency=/opt/rustwide/target/debug/build/utf8_iter/2a9a14295c98e961/out -L dependency=/opt/rustwide/target/debug/build/want/02f6f2e86f12f8db/out -L dependency=/opt/rustwide/target/debug/build/webpki-roots/ddba7ade0beb5d5a/out -L dependency=/opt/rustwide/target/debug/build/writeable/8526e47e60eb96b2/out -L dependency=/opt/rustwide/target/debug/build/yoke-derive/ed299dff8dbcbdca/out -L dependency=/opt/rustwide/target/debug/build/yoke/0fd5bff53c36b48d/out -L dependency=/opt/rustwide/target/debug/build/zerofrom-derive/4d70ba0cb5f5b711/out -L dependency=/opt/rustwide/target/debug/build/zerofrom/4161cef4c47d4d97/out -L dependency=/opt/rustwide/target/debug/build/zeroize/3eac6d5ae8ba8e2f/out -L dependency=/opt/rustwide/target/debug/build/zerotrie/4f6518b02f8c5282/out -L dependency=/opt/rustwide/target/debug/build/zerovec-derive/034a51437e959bf7/out -L dependency=/opt/rustwide/target/debug/build/zerovec/bfdf87c0dc8cbbc3/out --extern base64=/opt/rustwide/target/debug/build/base64/1197ac9fab90ee7e/out/libbase64-1197ac9fab90ee7e.rmeta --extern bytes=/opt/rustwide/target/debug/build/bytes/0a99efe9a33d2eab/out/libbytes-0a99efe9a33d2eab.rmeta --extern encoding_rs=/opt/rustwide/target/debug/build/encoding_rs/2d47d0f786b9d762/out/libencoding_rs-2d47d0f786b9d762.rmeta --extern futures_core=/opt/rustwide/target/debug/build/futures-core/89a52963e41357f6/out/libfutures_core-89a52963e41357f6.rmeta --extern h2=/opt/rustwide/target/debug/build/h2/c36eaca2544a5744/out/libh2-c36eaca2544a5744.rmeta --extern http=/opt/rustwide/target/debug/build/http/27bb2c76016546af/out/libhttp-27bb2c76016546af.rmeta --extern http_body=/opt/rustwide/target/debug/build/http-body/95b8f62f3ce65260/out/libhttp_body-95b8f62f3ce65260.rmeta --extern http_body_util=/opt/rustwide/target/debug/build/http-body-util/ab0b5f8c4ef2956d/out/libhttp_body_util-ab0b5f8c4ef2956d.rmeta --extern hyper=/opt/rustwide/target/debug/build/hyper/db694a43ac1da4cf/out/libhyper-db694a43ac1da4cf.rmeta --extern hyper_rustls=/opt/rustwide/target/debug/build/hyper-rustls/cd0d3d0ff1701cfc/out/libhyper_rustls-cd0d3d0ff1701cfc.rmeta --extern hyper_util=/opt/rustwide/target/debug/build/hyper-util/a4e2d6745b857f64/out/libhyper_util-a4e2d6745b857f64.rmeta --extern log=/opt/rustwide/target/debug/build/log/b577a85bc909ef1e/out/liblog-b577a85bc909ef1e.rmeta --extern mime=/opt/rustwide/target/debug/build/mime/ee7da7d8bd74decc/out/libmime-ee7da7d8bd74decc.rmeta --extern percent_encoding=/opt/rustwide/target/debug/build/percent-encoding/528721a9f54dc4b1/out/libpercent_encoding-528721a9f54dc4b1.rmeta --extern pin_project_lite=/opt/rustwide/target/debug/build/pin-project-lite/bc36f7de3f04be06/out/libpin_project_lite-bc36f7de3f04be06.rmeta --extern rustls=/opt/rustwide/target/debug/build/rustls/363431f28c1f110f/out/librustls-363431f28c1f110f.rmeta --extern rustls_pki_types=/opt/rustwide/target/debug/build/rustls-pki-types/f292a830a5fafa44/out/librustls_pki_types-f292a830a5fafa44.rmeta --extern rustls_platform_verifier=/opt/rustwide/target/debug/build/rustls-platform-verifier/1f50148da43e71e5/out/librustls_platform_verifier-1f50148da43e71e5.rmeta --extern sync_wrapper=/opt/rustwide/target/debug/build/sync_wrapper/fe254f3e09df14bf/out/libsync_wrapper-fe254f3e09df14bf.rmeta --extern tokio=/opt/rustwide/target/debug/build/tokio/eb8dd011ec23d981/out/libtokio-eb8dd011ec23d981.rmeta --extern tokio_rustls=/opt/rustwide/target/debug/build/tokio-rustls/258360c06f292ea8/out/libtokio_rustls-258360c06f292ea8.rmeta --extern tower=/opt/rustwide/target/debug/build/tower/323fecd0b074397e/out/libtower-323fecd0b074397e.rmeta --extern tower_http=/opt/rustwide/target/debug/build/tower-http/187dfbda538ceb5e/out/libtower_http-187dfbda538ceb5e.rmeta --extern tower_service=/opt/rustwide/target/debug/build/tower-service/f067f85429613f02/out/libtower_service-f067f85429613f02.rmeta --extern url=/opt/rustwide/target/debug/build/url/1e52f56bbaaa780c/out/liburl-1e52f56bbaaa780c.rmeta --cap-lints allow --cap-lints=forbid -Znext-solver=coherence --force-warn=unused_crate_dependencies -L native=/opt/rustwide/target/debug/build/aws-lc-sys/52a2dfc20d2a2ca2/out -L native=/opt/rustwide/target/debug/build/ring/df431e3f53260f7a/out` (signal: 9, SIGKILL: kill)
[INFO] [stderr] error: failed to run custom build command for `whisper-rs-sys v0.15.0`
[INFO] [stderr] note: To improve backtraces for build dependencies, set the CARGO_PROFILE_DEV_BUILD_OVERRIDE_DEBUG=true environment variable to enable debug information generation.
[INFO] [stderr] 
[INFO] [stderr] Caused by:
[INFO] [stderr]   process didn't exit successfully: `/opt/rustwide/target/debug/build/whisper-rs-sys/5d21c84a68a67cad/out/build_script_build` (exit status: 101)
[INFO] [stderr]   --- stdout
[INFO] [stderr]   cargo:rustc-link-lib=dylib=stdc++
[INFO] [stderr]   cargo:rerun-if-changed=wrapper.h
[INFO] [stderr]   cargo:rerun-if-env-changed=TARGET
[INFO] [stderr]   cargo:rerun-if-env-changed=BINDGEN_EXTRA_CLANG_ARGS_x86_64-unknown-linux-gnu
[INFO] [stderr]   cargo:rerun-if-env-changed=BINDGEN_EXTRA_CLANG_ARGS_x86_64_unknown_linux_gnu
[INFO] [stderr]   cargo:rerun-if-env-changed=BINDGEN_EXTRA_CLANG_ARGS
[INFO] [stderr]   cargo:rerun-if-changed=wrapper.h
[INFO] [stderr]   cargo:rerun-if-changed=./whisper.cpp/include/whisper.h
[INFO] [stderr]   cargo:rerun-if-changed=./whisper.cpp/ggml/include/ggml.h
[INFO] [stderr]   cargo:rerun-if-changed=/usr/lib/llvm-21/lib/clang/21/include/stdbool.h
[INFO] [stderr]   cargo:rerun-if-changed=/usr/lib/llvm-21/lib/clang/21/include/stddef.h
[INFO] [stderr]   cargo:rerun-if-changed=/usr/lib/llvm-21/lib/clang/21/include/__stddef_header_macro.h
[INFO] [stderr]   cargo:rerun-if-changed=/usr/lib/llvm-21/lib/clang/21/include/__stddef_ptrdiff_t.h
[INFO] [stderr]   cargo:rerun-if-changed=/usr/lib/llvm-21/lib/clang/21/include/__stddef_size_t.h
[INFO] [stderr]   cargo:rerun-if-changed=/usr/lib/llvm-21/lib/clang/21/include/__stddef_wchar_t.h
[INFO] [stderr]   cargo:rerun-if-changed=/usr/lib/llvm-21/lib/clang/21/include/__stddef_null.h
[INFO] [stderr]   cargo:rerun-if-changed=/usr/lib/llvm-21/lib/clang/21/include/__stddef_max_align_t.h
[INFO] [stderr]   cargo:rerun-if-changed=/usr/lib/llvm-21/lib/clang/21/include/__stddef_offsetof.h
[INFO] [stderr]   cargo:rerun-if-changed=/usr/lib/llvm-21/lib/clang/21/include/stdint.h
[INFO] [stderr]   cargo:rerun-if-changed=/usr/include/stdint.h
[INFO] [stderr]   cargo:rerun-if-changed=/usr/include/x86_64-linux-gnu/bits/libc-header-start.h
[INFO] [stderr]   cargo:rerun-if-changed=/usr/include/features.h
[INFO] [stderr]   cargo:rerun-if-changed=/usr/include/features-time64.h
[INFO] [stderr]   cargo:rerun-if-changed=/usr/include/x86_64-linux-gnu/bits/wordsize.h
[INFO] [stderr]   cargo:rerun-if-changed=/usr/include/x86_64-linux-gnu/bits/timesize.h
[INFO] [stderr]   cargo:rerun-if-changed=/usr/include/x86_64-linux-gnu/bits/wordsize.h
[INFO] [stderr]   cargo:rerun-if-changed=/usr/include/stdc-predef.h
[INFO] [stderr]   cargo:rerun-if-changed=/usr/include/x86_64-linux-gnu/sys/cdefs.h
[INFO] [stderr]   cargo:rerun-if-changed=/usr/include/x86_64-linux-gnu/bits/wordsize.h
[INFO] [stderr]   cargo:rerun-if-changed=/usr/include/x86_64-linux-gnu/bits/long-double.h
[INFO] [stderr]   cargo:rerun-if-changed=/usr/include/x86_64-linux-gnu/gnu/stubs.h
[INFO] [stderr]   cargo:rerun-if-changed=/usr/include/x86_64-linux-gnu/gnu/stubs-64.h
[INFO] [stderr]   cargo:rerun-if-changed=/usr/include/x86_64-linux-gnu/bits/types.h
[INFO] [stderr]   cargo:rerun-if-changed=/usr/include/features.h
[INFO] [stderr]   cargo:rerun-if-changed=/usr/include/x86_64-linux-gnu/bits/wordsize.h
[INFO] [stderr]   cargo:rerun-if-changed=/usr/include/x86_64-linux-gnu/bits/timesize.h
[INFO] [stderr]   cargo:rerun-if-changed=/usr/include/x86_64-linux-gnu/bits/wordsize.h
[INFO] [stderr]   cargo:rerun-if-changed=/usr/include/x86_64-linux-gnu/bits/typesizes.h
[INFO] [stderr]   cargo:rerun-if-changed=/usr/include/x86_64-linux-gnu/bits/time64.h
[INFO] [stderr]   cargo:rerun-if-changed=/usr/include/x86_64-linux-gnu/bits/wchar.h
[INFO] [stderr]   cargo:rerun-if-changed=/usr/include/x86_64-linux-gnu/bits/wordsize.h
[INFO] [stderr]   cargo:rerun-if-changed=/usr/include/x86_64-linux-gnu/bits/stdint-intn.h
[INFO] [stderr]   cargo:rerun-if-changed=/usr/include/x86_64-linux-gnu/bits/types.h
[INFO] [stderr]   cargo:rerun-if-changed=/usr/include/x86_64-linux-gnu/bits/stdint-uintn.h
[INFO] [stderr]   cargo:rerun-if-changed=/usr/include/x86_64-linux-gnu/bits/types.h
[INFO] [stderr]   cargo:rerun-if-changed=/usr/include/x86_64-linux-gnu/bits/stdint-least.h
[INFO] [stderr]   cargo:rerun-if-changed=/usr/include/x86_64-linux-gnu/bits/types.h
[INFO] [stderr]   cargo:rerun-if-changed=/usr/include/stdio.h
[INFO] [stderr]   cargo:rerun-if-changed=/usr/include/x86_64-linux-gnu/bits/libc-header-start.h
[INFO] [stderr]   cargo:rerun-if-changed=/usr/include/features.h
[INFO] [stderr]   cargo:rerun-if-changed=/usr/lib/llvm-21/lib/clang/21/include/stddef.h
[INFO] [stderr]   cargo:rerun-if-changed=/usr/lib/llvm-21/lib/clang/21/include/__stddef_size_t.h
[INFO] [stderr]   cargo:rerun-if-changed=/usr/lib/llvm-21/lib/clang/21/include/__stddef_null.h
[INFO] [stderr]   cargo:rerun-if-changed=/usr/lib/llvm-21/lib/clang/21/include/stdarg.h
[INFO] [stderr]   cargo:rerun-if-changed=/usr/lib/llvm-21/lib/clang/21/include/__stdarg___gnuc_va_list.h
[INFO] [stderr]   cargo:rerun-if-changed=/usr/include/x86_64-linux-gnu/bits/types.h
[INFO] [stderr]   cargo:rerun-if-changed=/usr/include/x86_64-linux-gnu/bits/types/__fpos_t.h
[INFO] [stderr]   cargo:rerun-if-changed=/usr/include/x86_64-linux-gnu/bits/types.h
[INFO] [stderr]   cargo:rerun-if-changed=/usr/include/x86_64-linux-gnu/bits/types/__mbstate_t.h
[INFO] [stderr]   cargo:rerun-if-changed=/usr/include/x86_64-linux-gnu/bits/types/__fpos64_t.h
[INFO] [stderr]   cargo:rerun-if-changed=/usr/include/x86_64-linux-gnu/bits/types.h
[INFO] [stderr]   cargo:rerun-if-changed=/usr/include/x86_64-linux-gnu/bits/types/__mbstate_t.h
[INFO] [stderr]   cargo:rerun-if-changed=/usr/include/x86_64-linux-gnu/bits/types/__FILE.h
[INFO] [stderr]   cargo:rerun-if-changed=/usr/include/x86_64-linux-gnu/bits/types/FILE.h
[INFO] [stderr]   cargo:rerun-if-changed=/usr/include/x86_64-linux-gnu/bits/types/struct_FILE.h
[INFO] [stderr]   cargo:rerun-if-changed=/usr/include/x86_64-linux-gnu/bits/types.h
[INFO] [stderr]   cargo:rerun-if-changed=/usr/include/x86_64-linux-gnu/bits/wordsize.h
[INFO] [stderr]   cargo:rerun-if-changed=/usr/include/x86_64-linux-gnu/bits/types/cookie_io_functions_t.h
[INFO] [stderr]   cargo:rerun-if-changed=/usr/include/x86_64-linux-gnu/bits/types.h
[INFO] [stderr]   cargo:rerun-if-changed=/usr/include/x86_64-linux-gnu/bits/stdio_lim.h
[INFO] [stderr]   cargo:rerun-if-changed=/usr/include/x86_64-linux-gnu/bits/floatn.h
[INFO] [stderr]   cargo:rerun-if-changed=/usr/include/features.h
[INFO] [stderr]   cargo:rerun-if-changed=/usr/include/x86_64-linux-gnu/bits/floatn-common.h
[INFO] [stderr]   cargo:rerun-if-changed=/usr/include/features.h
[INFO] [stderr]   cargo:rerun-if-changed=/usr/include/x86_64-linux-gnu/bits/long-double.h
[INFO] [stderr]   cargo:rerun-if-changed=./whisper.cpp/ggml/include/ggml-cpu.h
[INFO] [stderr]   cargo:rerun-if-changed=./whisper.cpp/ggml/include/ggml.h
[INFO] [stderr]   cargo:rerun-if-changed=./whisper.cpp/ggml/include/ggml-backend.h
[INFO] [stderr]   cargo:rerun-if-changed=./whisper.cpp/ggml/include/ggml.h
[INFO] [stderr]   cargo:rerun-if-changed=./whisper.cpp/ggml/include/ggml-alloc.h
[INFO] [stderr]   cargo:rerun-if-changed=./whisper.cpp/ggml/include/ggml.h
[INFO] [stderr]   cargo:rerun-if-changed=/usr/lib/llvm-21/lib/clang/21/include/stddef.h
[INFO] [stderr]   cargo:rerun-if-changed=/usr/lib/llvm-21/lib/clang/21/include/__stddef_header_macro.h
[INFO] [stderr]   cargo:rerun-if-changed=/usr/lib/llvm-21/lib/clang/21/include/__stddef_ptrdiff_t.h
[INFO] [stderr]   cargo:rerun-if-changed=/usr/lib/llvm-21/lib/clang/21/include/__stddef_size_t.h
[INFO] [stderr]   cargo:rerun-if-changed=/usr/lib/llvm-21/lib/clang/21/include/__stddef_wchar_t.h
[INFO] [stderr]   cargo:rerun-if-changed=/usr/lib/llvm-21/lib/clang/21/include/__stddef_max_align_t.h
[INFO] [stderr]   cargo:rerun-if-changed=/usr/lib/llvm-21/lib/clang/21/include/__stddef_offsetof.h
[INFO] [stderr]   cargo:rerun-if-changed=/usr/lib/llvm-21/lib/clang/21/include/stdint.h
[INFO] [stderr]   cargo:rerun-if-changed=/usr/lib/llvm-21/lib/clang/21/include/stdbool.h
[INFO] [stderr]   cargo:rerun-if-changed=./whisper.cpp/ggml/include/ggml.h
[INFO] [stderr]   CMAKE_TOOLCHAIN_FILE_x86_64-unknown-linux-gnu = None
[INFO] [stderr]   CMAKE_TOOLCHAIN_FILE_x86_64_unknown_linux_gnu = None
[INFO] [stderr]   HOST_CMAKE_TOOLCHAIN_FILE = None
[INFO] [stderr]   CMAKE_TOOLCHAIN_FILE = None
[INFO] [stderr]   CMAKE_GENERATOR_x86_64-unknown-linux-gnu = None
[INFO] [stderr]   CMAKE_GENERATOR_x86_64_unknown_linux_gnu = None
[INFO] [stderr]   HOST_CMAKE_GENERATOR = None
[INFO] [stderr]   CMAKE_GENERATOR = None
[INFO] [stderr]   CMAKE_PREFIX_PATH_x86_64-unknown-linux-gnu = None
[INFO] [stderr]   CMAKE_PREFIX_PATH_x86_64_unknown_linux_gnu = None
[INFO] [stderr]   HOST_CMAKE_PREFIX_PATH = None
[INFO] [stderr]   CMAKE_PREFIX_PATH = None
[INFO] [stderr]   CMAKE_x86_64-unknown-linux-gnu = None
[INFO] [stderr]   CMAKE_x86_64_unknown_linux_gnu = None
[INFO] [stderr]   HOST_CMAKE = None
[INFO] [stderr]   CMAKE = None
[INFO] [stderr]   Running with debug output on.
[INFO] [stderr]   -- The C compiler identification is GNU 15.2.0
[INFO] [stderr]      Called from: [3]	/opt/rustwide/target/debug/build/whisper-rs-sys/ebf4f7ae8e7d7d59/out/whisper.cpp/CMakeLists.txt
[INFO] [stderr]                   [2]	/usr/share/cmake-4.2/Modules/CMakeDetermineCCompiler.cmake
[INFO] [stderr]                   [1]	/usr/share/cmake-4.2/Modules/CMakeDetermineCompilerId.cmake
[INFO] [stderr]   -- The CXX compiler identification is GNU 15.2.0
[INFO] [stderr]      Called from: [3]	/opt/rustwide/target/debug/build/whisper-rs-sys/ebf4f7ae8e7d7d59/out/whisper.cpp/CMakeLists.txt
[INFO] [stderr]                   [2]	/usr/share/cmake-4.2/Modules/CMakeDetermineCXXCompiler.cmake
[INFO] [stderr]                   [1]	/usr/share/cmake-4.2/Modules/CMakeDetermineCompilerId.cmake
[INFO] [stderr]   -- Detecting C compiler ABI info
[INFO] [stderr]      Called from: [3]	/opt/rustwide/target/debug/build/whisper-rs-sys/ebf4f7ae8e7d7d59/out/whisper.cpp/CMakeLists.txt
[INFO] [stderr]                   [2]	/usr/share/cmake-4.2/Modules/CMakeTestCCompiler.cmake
[INFO] [stderr]                   [1]	/usr/share/cmake-4.2/Modules/CMakeDetermineCompilerABI.cmake
[INFO] [stderr]   -- Detecting C compiler ABI info - done
[INFO] [stderr]      Called from: [3]	/opt/rustwide/target/debug/build/whisper-rs-sys/ebf4f7ae8e7d7d59/out/whisper.cpp/CMakeLists.txt
[INFO] [stderr]                   [2]	/usr/share/cmake-4.2/Modules/CMakeTestCCompiler.cmake
[INFO] [stderr]                   [1]	/usr/share/cmake-4.2/Modules/CMakeDetermineCompilerABI.cmake
[INFO] [stderr]   -- Check for working C compiler: /usr/bin/cc - skipped
[INFO] [stderr]      Called from: [2]	/opt/rustwide/target/debug/build/whisper-rs-sys/ebf4f7ae8e7d7d59/out/whisper.cpp/CMakeLists.txt
[INFO] [stderr]                   [1]	/usr/share/cmake-4.2/Modules/CMakeTestCCompiler.cmake
[INFO] [stderr]   -- Detecting C compile features
[INFO] [stderr]      Called from: [3]	/opt/rustwide/target/debug/build/whisper-rs-sys/ebf4f7ae8e7d7d59/out/whisper.cpp/CMakeLists.txt
[INFO] [stderr]                   [2]	/usr/share/cmake-4.2/Modules/CMakeTestCCompiler.cmake
[INFO] [stderr]                   [1]	/usr/share/cmake-4.2/Modules/CMakeDetermineCompilerSupport.cmake
[INFO] [stderr]   -- Detecting C compile features - done
[INFO] [stderr]      Called from: [3]	/opt/rustwide/target/debug/build/whisper-rs-sys/ebf4f7ae8e7d7d59/out/whisper.cpp/CMakeLists.txt
[INFO] [stderr]                   [2]	/usr/share/cmake-4.2/Modules/CMakeTestCCompiler.cmake
[INFO] [stderr]                   [1]	/usr/share/cmake-4.2/Modules/CMakeDetermineCompilerSupport.cmake
[INFO] [stderr]   -- Detecting CXX compiler ABI info
[INFO] [stderr]      Called from: [3]	/opt/rustwide/target/debug/build/whisper-rs-sys/ebf4f7ae8e7d7d59/out/whisper.cpp/CMakeLists.txt
[INFO] [stderr]                   [2]	/usr/share/cmake-4.2/Modules/CMakeTestCXXCompiler.cmake
[INFO] [stderr]                   [1]	/usr/share/cmake-4.2/Modules/CMakeDetermineCompilerABI.cmake
[INFO] [stderr]   -- Detecting CXX compiler ABI info - done
[INFO] [stderr]      Called from: [3]	/opt/rustwide/target/debug/build/whisper-rs-sys/ebf4f7ae8e7d7d59/out/whisper.cpp/CMakeLists.txt
[INFO] [stderr]                   [2]	/usr/share/cmake-4.2/Modules/CMakeTestCXXCompiler.cmake
[INFO] [stderr]                   [1]	/usr/share/cmake-4.2/Modules/CMakeDetermineCompilerABI.cmake
[INFO] [stderr]   -- Check for working CXX compiler: /usr/bin/c++ - skipped
[INFO] [stderr]      Called from: [2]	/opt/rustwide/target/debug/build/whisper-rs-sys/ebf4f7ae8e7d7d59/out/whisper.cpp/CMakeLists.txt
[INFO] [stderr]                   [1]	/usr/share/cmake-4.2/Modules/CMakeTestCXXCompiler.cmake
[INFO] [stderr]   -- Detecting CXX compile features
[INFO] [stderr]      Called from: [3]	/opt/rustwide/target/debug/build/whisper-rs-sys/ebf4f7ae8e7d7d59/out/whisper.cpp/CMakeLists.txt
[INFO] [stderr]                   [2]	/usr/share/cmake-4.2/Modules/CMakeTestCXXCompiler.cmake
[INFO] [stderr]                   [1]	/usr/share/cmake-4.2/Modules/CMakeDetermineCompilerSupport.cmake
[INFO] [stderr]   -- Detecting CXX compile features - done
[INFO] [stderr]      Called from: [3]	/opt/rustwide/target/debug/build/whisper-rs-sys/ebf4f7ae8e7d7d59/out/whisper.cpp/CMakeLists.txt
[INFO] [stderr]                   [2]	/usr/share/cmake-4.2/Modules/CMakeTestCXXCompiler.cmake
[INFO] [stderr]                   [1]	/usr/share/cmake-4.2/Modules/CMakeDetermineCompilerSupport.cmake
[INFO] [stderr]   -- Found Git: /usr/bin/git (found version "2.53.0")
[INFO] [stderr]      Called from: [5]	/opt/rustwide/target/debug/build/whisper-rs-sys/ebf4f7ae8e7d7d59/out/whisper.cpp/CMakeLists.txt
[INFO] [stderr]                   [4]	/opt/rustwide/target/debug/build/whisper-rs-sys/ebf4f7ae8e7d7d59/out/whisper.cpp/cmake/git-vars.cmake
[INFO] [stderr]                   [3]	/usr/share/cmake-4.2/Modules/FindGit.cmake
[INFO] [stderr]                   [2]	/usr/share/cmake-4.2/Modules/FindPackageHandleStandardArgs.cmake
[INFO] [stderr]                   [1]	/usr/share/cmake-4.2/Modules/FindPackageMessage.cmake
[INFO] [stderr]   -- The ASM compiler identification is GNU
[INFO] [stderr]      Called from: [2]	/opt/rustwide/target/debug/build/whisper-rs-sys/ebf4f7ae8e7d7d59/out/whisper.cpp/ggml/CMakeLists.txt
[INFO] [stderr]                   [1]	/usr/share/cmake-4.2/Modules/CMakeDetermineASMCompiler.cmake
[INFO] [stderr]   -- Found assembler: /usr/bin/cc
[INFO] [stderr]      Called from: [2]	/opt/rustwide/target/debug/build/whisper-rs-sys/ebf4f7ae8e7d7d59/out/whisper.cpp/ggml/CMakeLists.txt
[INFO] [stderr]                   [1]	/usr/share/cmake-4.2/Modules/CMakeDetermineASMCompiler.cmake
[INFO] [stderr]   -- Performing Test CMAKE_HAVE_LIBC_PTHREAD
[INFO] [stderr]      Called from: [5]	/opt/rustwide/target/debug/build/whisper-rs-sys/ebf4f7ae8e7d7d59/out/whisper.cpp/ggml/CMakeLists.txt
[INFO] [stderr]                   [4]	/usr/share/cmake-4.2/Modules/FindThreads.cmake
[INFO] [stderr]                   [3]	/usr/share/cmake-4.2/Modules/FindThreads.cmake
[INFO] [stderr]                   [2]	/usr/share/cmake-4.2/Modules/CheckCSourceCompiles.cmake
[INFO] [stderr]                   [1]	/usr/share/cmake-4.2/Modules/Internal/CheckSourceCompiles.cmake
[INFO] [stderr]   -- Performing Test CMAKE_HAVE_LIBC_PTHREAD - Success
[INFO] [stderr]      Called from: [5]	/opt/rustwide/target/debug/build/whisper-rs-sys/ebf4f7ae8e7d7d59/out/whisper.cpp/ggml/CMakeLists.txt
[INFO] [stderr]                   [4]	/usr/share/cmake-4.2/Modules/FindThreads.cmake
[INFO] [stderr]                   [3]	/usr/share/cmake-4.2/Modules/FindThreads.cmake
[INFO] [stderr]                   [2]	/usr/share/cmake-4.2/Modules/CheckCSourceCompiles.cmake
[INFO] [stderr]                   [1]	/usr/share/cmake-4.2/Modules/Internal/CheckSourceCompiles.cmake
[INFO] [stderr]   -- Found Threads: TRUE
[INFO] [stderr]      Called from: [4]	/opt/rustwide/target/debug/build/whisper-rs-sys/ebf4f7ae8e7d7d59/out/whisper.cpp/ggml/CMakeLists.txt
[INFO] [stderr]                   [3]	/usr/share/cmake-4.2/Modules/FindThreads.cmake
[INFO] [stderr]                   [2]	/usr/share/cmake-4.2/Modules/FindPackageHandleStandardArgs.cmake
[INFO] [stderr]                   [1]	/usr/share/cmake-4.2/Modules/FindPackageMessage.cmake
[INFO] [stderr]   -- Warning: ccache not found - consider installing it for faster compilation or disable this warning with GGML_CCACHE=OFF
[INFO] [stderr]      Called from: [1]	/opt/rustwide/target/debug/build/whisper-rs-sys/ebf4f7ae8e7d7d59/out/whisper.cpp/ggml/src/CMakeLists.txt
[INFO] [stderr]   -- CMAKE_SYSTEM_PROCESSOR: x86_64
[INFO] [stderr]      Called from: [1]	/opt/rustwide/target/debug/build/whisper-rs-sys/ebf4f7ae8e7d7d59/out/whisper.cpp/ggml/src/CMakeLists.txt
[INFO] [stderr]   -- GGML_SYSTEM_ARCH: x86
[INFO] [stderr]      Called from: [1]	/opt/rustwide/target/debug/build/whisper-rs-sys/ebf4f7ae8e7d7d59/out/whisper.cpp/ggml/src/CMakeLists.txt
[INFO] [stderr]   -- Including CPU backend
[INFO] [stderr]      Called from: [2]	/opt/rustwide/target/debug/build/whisper-rs-sys/ebf4f7ae8e7d7d59/out/whisper.cpp/ggml/src/CMakeLists.txt
[INFO] [stderr]                   [1]	/opt/rustwide/target/debug/build/whisper-rs-sys/ebf4f7ae8e7d7d59/out/whisper.cpp/ggml/src/CMakeLists.txt
[INFO] [stderr]   -- x86 detected
[INFO] [stderr]      Called from: [2]	/opt/rustwide/target/debug/build/whisper-rs-sys/ebf4f7ae8e7d7d59/out/whisper.cpp/ggml/src/CMakeLists.txt
[INFO] [stderr]                   [1]	/opt/rustwide/target/debug/build/whisper-rs-sys/ebf4f7ae8e7d7d59/out/whisper.cpp/ggml/src/ggml-cpu/CMakeLists.txt
[INFO] [stderr]   -- Adding CPU backend variant ggml-cpu: -march=native 
[INFO] [stderr]      Called from: [2]	/opt/rustwide/target/debug/build/whisper-rs-sys/ebf4f7ae8e7d7d59/out/whisper.cpp/ggml/src/CMakeLists.txt
[INFO] [stderr]                   [1]	/opt/rustwide/target/debug/build/whisper-rs-sys/ebf4f7ae8e7d7d59/out/whisper.cpp/ggml/src/ggml-cpu/CMakeLists.txt
[INFO] [stderr]   -- ggml version: 0.9.5
[INFO] [stderr]      Called from: [1]	/opt/rustwide/target/debug/build/whisper-rs-sys/ebf4f7ae8e7d7d59/out/whisper.cpp/ggml/CMakeLists.txt
[INFO] [stderr]   -- ggml commit:  unknown
[INFO] [stderr]      Called from: [1]	/opt/rustwide/target/debug/build/whisper-rs-sys/ebf4f7ae8e7d7d59/out/whisper.cpp/ggml/CMakeLists.txt
[INFO] [stderr]   -- Configuring done (1.8s)
[INFO] [stderr]   -- Generating /opt/rustwide/target/debug/build/whisper-rs-sys/ebf4f7ae8e7d7d59/out/build
[INFO] [stderr]      Called from: [1]	/opt/rustwide/target/debug/build/whisper-rs-sys/ebf4f7ae8e7d7d59/out/whisper.cpp/CMakeLists.txt
[INFO] [stderr]   -- Generating /opt/rustwide/target/debug/build/whisper-rs-sys/ebf4f7ae8e7d7d59/out/build/ggml
[INFO] [stderr]      Called from: [1]	/opt/rustwide/target/debug/build/whisper-rs-sys/ebf4f7ae8e7d7d59/out/whisper.cpp/ggml/CMakeLists.txt
[INFO] [stderr]   -- Generating /opt/rustwide/target/debug/build/whisper-rs-sys/ebf4f7ae8e7d7d59/out/build/ggml/src
[INFO] [stderr]      Called from: [1]	/opt/rustwide/target/debug/build/whisper-rs-sys/ebf4f7ae8e7d7d59/out/whisper.cpp/ggml/src/CMakeLists.txt
[INFO] [stderr]   -- Generating /opt/rustwide/target/debug/build/whisper-rs-sys/ebf4f7ae8e7d7d59/out/build/ggml/src/ggml-cpu
[INFO] [stderr]      Called from: [1]	/opt/rustwide/target/debug/build/whisper-rs-sys/ebf4f7ae8e7d7d59/out/whisper.cpp/ggml/src/ggml-cpu/CMakeLists.txt
[INFO] [stderr]   -- Generating /opt/rustwide/target/debug/build/whisper-rs-sys/ebf4f7ae8e7d7d59/out/build/src
[INFO] [stderr]      Called from: [1]	/opt/rustwide/target/debug/build/whisper-rs-sys/ebf4f7ae8e7d7d59/out/whisper.cpp/src/CMakeLists.txt
[INFO] [stderr]   -- Generating done (0.0s)
[INFO] [stderr]   -- Build files have been written to: /opt/rustwide/target/debug/build/whisper-rs-sys/ebf4f7ae8e7d7d59/out/build
[INFO] [stderr]   Change Dir: '/opt/rustwide/target/debug/build/whisper-rs-sys/ebf4f7ae8e7d7d59/out/build'
[INFO] [stderr] 
[INFO] [stderr]   Run Build Command(s): /usr/bin/cmake -E env VERBOSE=1 /usr/bin/gmake -f Makefile install
[INFO] [stderr]   /usr/bin/cmake -S/opt/rustwide/target/debug/build/whisper-rs-sys/ebf4f7ae8e7d7d59/out/whisper.cpp -B/opt/rustwide/target/debug/build/whisper-rs-sys/ebf4f7ae8e7d7d59/out/build --check-build-system CMakeFiles/Makefile.cmake 0
[INFO] [stderr]   /usr/bin/cmake -E cmake_progress_start /opt/rustwide/target/debug/build/whisper-rs-sys/ebf4f7ae8e7d7d59/out/build/CMakeFiles /opt/rustwide/target/debug/build/whisper-rs-sys/ebf4f7ae8e7d7d59/out/build//CMakeFiles/progress.marks
[INFO] [stderr]   /usr/bin/gmake  -f CMakeFiles/Makefile2 all
[INFO] [stderr]   gmake[1]: Entering directory '/opt/rustwide/target/debug/build/whisper-rs-sys/ebf4f7ae8e7d7d59/out/build'
[INFO] [stderr]   /usr/bin/gmake  -f ggml/src/CMakeFiles/ggml-base.dir/build.make ggml/src/CMakeFiles/ggml-base.dir/depend
[INFO] [stderr]   gmake[2]: Entering directory '/opt/rustwide/target/debug/build/whisper-rs-sys/ebf4f7ae8e7d7d59/out/build'
[INFO] [stderr]   cd /opt/rustwide/target/debug/build/whisper-rs-sys/ebf4f7ae8e7d7d59/out/build && /usr/bin/cmake -E cmake_depends "Unix Makefiles" /opt/rustwide/target/debug/build/whisper-rs-sys/ebf4f7ae8e7d7d59/out/whisper.cpp /opt/rustwide/target/debug/build/whisper-rs-sys/ebf4f7ae8e7d7d59/out/whisper.cpp/ggml/src /opt/rustwide/target/debug/build/whisper-rs-sys/ebf4f7ae8e7d7d59/out/build /opt/rustwide/target/debug/build/whisper-rs-sys/ebf4f7ae8e7d7d59/out/build/ggml/src /opt/rustwide/target/debug/build/whisper-rs-sys/ebf4f7ae8e7d7d59/out/build/ggml/src/CMakeFiles/ggml-base.dir/DependInfo.cmake "--color=" ggml-base
[INFO] [stderr]   gmake[2]: Leaving directory '/opt/rustwide/target/debug/build/whisper-rs-sys/ebf4f7ae8e7d7d59/out/build'
[INFO] [stderr]   /usr/bin/gmake  -f ggml/src/CMakeFiles/ggml-base.dir/build.make ggml/src/CMakeFiles/ggml-base.dir/build
[INFO] [stderr]   gmake[2]: Entering directory '/opt/rustwide/target/debug/build/whisper-rs-sys/ebf4f7ae8e7d7d59/out/build'
[INFO] [stderr]   [  3%] Building C object ggml/src/CMakeFiles/ggml-base.dir/ggml.c.o
[INFO] [stderr]   [  7%] Building C object ggml/src/CMakeFiles/ggml-base.dir/ggml-alloc.c.o
[INFO] [stderr]   [ 10%] Building CXX object ggml/src/CMakeFiles/ggml-base.dir/ggml-backend.cpp.o
[INFO] [stderr]   cd /opt/rustwide/target/debug/build/whisper-rs-sys/ebf4f7ae8e7d7d59/out/build/ggml/src && /usr/bin/cc -DGGML_COMMIT=\"unknown\" -DGGML_SCHED_MAX_COPIES=4 -DGGML_VERSION=\"0.9.5\" -D_GNU_SOURCE -D_XOPEN_SOURCE=600 -I/opt/rustwide/target/debug/build/whisper-rs-sys/ebf4f7ae8e7d7d59/out/whisper.cpp/ggml/src/. -I/opt/rustwide/target/debug/build/whisper-rs-sys/ebf4f7ae8e7d7d59/out/whisper.cpp/ggml/src/../include -ffunction-sections -fdata-sections -fPIC -m64 -w -O2 -g -DNDEBUG -std=gnu11 -MD -MT ggml/src/CMakeFiles/ggml-base.dir/ggml-alloc.c.o -MF CMakeFiles/ggml-base.dir/ggml-alloc.c.o.d -o CMakeFiles/ggml-base.dir/ggml-alloc.c.o -c /opt/rustwide/target/debug/build/whisper-rs-sys/ebf4f7ae8e7d7d59/out/whisper.cpp/ggml/src/ggml-alloc.c
[INFO] [stderr]   cd /opt/rustwide/target/debug/build/whisper-rs-sys/ebf4f7ae8e7d7d59/out/build/ggml/src && /usr/bin/c++ -DGGML_COMMIT=\"unknown\" -DGGML_SCHED_MAX_COPIES=4 -DGGML_VERSION=\"0.9.5\" -D_GNU_SOURCE -D_XOPEN_SOURCE=600 -I/opt/rustwide/target/debug/build/whisper-rs-sys/ebf4f7ae8e7d7d59/out/whisper.cpp/ggml/src/. -I/opt/rustwide/target/debug/build/whisper-rs-sys/ebf4f7ae8e7d7d59/out/whisper.cpp/ggml/src/../include -DWHISPER_DEBUG -ffunction-sections -fdata-sections -fPIC -m64 -w -O2 -g -DNDEBUG -std=gnu++17 -MD -MT ggml/src/CMakeFiles/ggml-base.dir/ggml-backend.cpp.o -MF CMakeFiles/ggml-base.dir/ggml-backend.cpp.o.d -o CMakeFiles/ggml-base.dir/ggml-backend.cpp.o -c /opt/rustwide/target/debug/build/whisper-rs-sys/ebf4f7ae8e7d7d59/out/whisper.cpp/ggml/src/ggml-backend.cpp
[INFO] [stderr]   [ 14%] Building C object ggml/src/CMakeFiles/ggml-base.dir/ggml-quants.c.o
[INFO] [stderr]   cd /opt/rustwide/target/debug/build/whisper-rs-sys/ebf4f7ae8e7d7d59/out/build/ggml/src && /usr/bin/cc -DGGML_COMMIT=\"unknown\" -DGGML_SCHED_MAX_COPIES=4 -DGGML_VERSION=\"0.9.5\" -D_GNU_SOURCE -D_XOPEN_SOURCE=600 -I/opt/rustwide/target/debug/build/whisper-rs-sys/ebf4f7ae8e7d7d59/out/whisper.cpp/ggml/src/. -I/opt/rustwide/target/debug/build/whisper-rs-sys/ebf4f7ae8e7d7d59/out/whisper.cpp/ggml/src/../include -ffunction-sections -fdata-sections -fPIC -m64 -w -O2 -g -DNDEBUG -std=gnu11 -MD -MT ggml/src/CMakeFiles/ggml-base.dir/ggml-quants.c.o -MF CMakeFiles/ggml-base.dir/ggml-quants.c.o.d -o CMakeFiles/ggml-base.dir/ggml-quants.c.o -c /opt/rustwide/target/debug/build/whisper-rs-sys/ebf4f7ae8e7d7d59/out/whisper.cpp/ggml/src/ggml-quants.c
[INFO] [stderr]   cd /opt/rustwide/target/debug/build/whisper-rs-sys/ebf4f7ae8e7d7d59/out/build/ggml/src && /usr/bin/cc -DGGML_COMMIT=\"unknown\" -DGGML_SCHED_MAX_COPIES=4 -DGGML_VERSION=\"0.9.5\" -D_GNU_SOURCE -D_XOPEN_SOURCE=600 -I/opt/rustwide/target/debug/build/whisper-rs-sys/ebf4f7ae8e7d7d59/out/whisper.cpp/ggml/src/. -I/opt/rustwide/target/debug/build/whisper-rs-sys/ebf4f7ae8e7d7d59/out/whisper.cpp/ggml/src/../include -ffunction-sections -fdata-sections -fPIC -m64 -w -O2 -g -DNDEBUG -std=gnu11 -MD -MT ggml/src/CMakeFiles/ggml-base.dir/ggml.c.o -MF CMakeFiles/ggml-base.dir/ggml.c.o.d -o CMakeFiles/ggml-base.dir/ggml.c.o -c /opt/rustwide/target/debug/build/whisper-rs-sys/ebf4f7ae8e7d7d59/out/whisper.cpp/ggml/src/ggml.c
[INFO] [stderr]   [ 17%] Building CXX object ggml/src/CMakeFiles/ggml-base.dir/gguf.cpp.o
[INFO] [stderr]   cd /opt/rustwide/target/debug/build/whisper-rs-sys/ebf4f7ae8e7d7d59/out/build/ggml/src && /usr/bin/c++ -DGGML_COMMIT=\"unknown\" -DGGML_SCHED_MAX_COPIES=4 -DGGML_VERSION=\"0.9.5\" -D_GNU_SOURCE -D_XOPEN_SOURCE=600 -I/opt/rustwide/target/debug/build/whisper-rs-sys/ebf4f7ae8e7d7d59/out/whisper.cpp/ggml/src/. -I/opt/rustwide/target/debug/build/whisper-rs-sys/ebf4f7ae8e7d7d59/out/whisper.cpp/ggml/src/../include -DWHISPER_DEBUG -ffunction-sections -fdata-sections -fPIC -m64 -w -O2 -g -DNDEBUG -std=gnu++17 -MD -MT ggml/src/CMakeFiles/ggml-base.dir/gguf.cpp.o -MF CMakeFiles/ggml-base.dir/gguf.cpp.o.d -o CMakeFiles/ggml-base.dir/gguf.cpp.o -c /opt/rustwide/target/debug/build/whisper-rs-sys/ebf4f7ae8e7d7d59/out/whisper.cpp/ggml/src/gguf.cpp
[INFO] [stderr]   [ 21%] Building CXX object ggml/src/CMakeFiles/ggml-base.dir/ggml-threading.cpp.o
[INFO] [stderr]   [ 25%] Building CXX object ggml/src/CMakeFiles/ggml-base.dir/ggml.cpp.o
[INFO] [stderr]   cd /opt/rustwide/target/debug/build/whisper-rs-sys/ebf4f7ae8e7d7d59/out/build/ggml/src && /usr/bin/c++ -DGGML_COMMIT=\"unknown\" -DGGML_SCHED_MAX_COPIES=4 -DGGML_VERSION=\"0.9.5\" -D_GNU_SOURCE -D_XOPEN_SOURCE=600 -I/opt/rustwide/target/debug/build/whisper-rs-sys/ebf4f7ae8e7d7d59/out/whisper.cpp/ggml/src/. -I/opt/rustwide/target/debug/build/whisper-rs-sys/ebf4f7ae8e7d7d59/out/whisper.cpp/ggml/src/../include -DWHISPER_DEBUG -ffunction-sections -fdata-sections -fPIC -m64 -w -O2 -g -DNDEBUG -std=gnu++17 -MD -MT ggml/src/CMakeFiles/ggml-base.dir/ggml-threading.cpp.o -MF CMakeFiles/ggml-base.dir/ggml-threading.cpp.o.d -o CMakeFiles/ggml-base.dir/ggml-threading.cpp.o -c /opt/rustwide/target/debug/build/whisper-rs-sys/ebf4f7ae8e7d7d59/out/whisper.cpp/ggml/src/ggml-threading.cpp
[INFO] [stderr]   cd /opt/rustwide/target/debug/build/whisper-rs-sys/ebf4f7ae8e7d7d59/out/build/ggml/src && /usr/bin/c++ -DGGML_COMMIT=\"unknown\" -DGGML_SCHED_MAX_COPIES=4 -DGGML_VERSION=\"0.9.5\" -D_GNU_SOURCE -D_XOPEN_SOURCE=600 -I/opt/rustwide/target/debug/build/whisper-rs-sys/ebf4f7ae8e7d7d59/out/whisper.cpp/ggml/src/. -I/opt/rustwide/target/debug/build/whisper-rs-sys/ebf4f7ae8e7d7d59/out/whisper.cpp/ggml/src/../include -DWHISPER_DEBUG -ffunction-sections -fdata-sections -fPIC -m64 -w -O2 -g -DNDEBUG -std=gnu++17 -MD -MT ggml/src/CMakeFiles/ggml-base.dir/ggml.cpp.o -MF CMakeFiles/ggml-base.dir/ggml.cpp.o.d -o CMakeFiles/ggml-base.dir/ggml.cpp.o -c /opt/rustwide/target/debug/build/whisper-rs-sys/ebf4f7ae8e7d7d59/out/whisper.cpp/ggml/src/ggml.cpp
[INFO] [stderr]   [ 28%] Building CXX object ggml/src/CMakeFiles/ggml-base.dir/ggml-opt.cpp.o
[INFO] [stderr]   cd /opt/rustwide/target/debug/build/whisper-rs-sys/ebf4f7ae8e7d7d59/out/build/ggml/src && /usr/bin/c++ -DGGML_COMMIT=\"unknown\" -DGGML_SCHED_MAX_COPIES=4 -DGGML_VERSION=\"0.9.5\" -D_GNU_SOURCE -D_XOPEN_SOURCE=600 -I/opt/rustwide/target/debug/build/whisper-rs-sys/ebf4f7ae8e7d7d59/out/whisper.cpp/ggml/src/. -I/opt/rustwide/target/debug/build/whisper-rs-sys/ebf4f7ae8e7d7d59/out/whisper.cpp/ggml/src/../include -DWHISPER_DEBUG -ffunction-sections -fdata-sections -fPIC -m64 -w -O2 -g -DNDEBUG -std=gnu++17 -MD -MT ggml/src/CMakeFiles/ggml-base.dir/ggml-opt.cpp.o -MF CMakeFiles/ggml-base.dir/ggml-opt.cpp.o.d -o CMakeFiles/ggml-base.dir/ggml-opt.cpp.o -c /opt/rustwide/target/debug/build/whisper-rs-sys/ebf4f7ae8e7d7d59/out/whisper.cpp/ggml/src/ggml-opt.cpp
[INFO] [stderr]   [ 32%] Linking CXX static library libggml-base.a
[INFO] [stderr]   cd /opt/rustwide/target/debug/build/whisper-rs-sys/ebf4f7ae8e7d7d59/out/build/ggml/src && /usr/bin/cmake -P CMakeFiles/ggml-base.dir/cmake_clean_target.cmake
[INFO] [stderr]   cd /opt/rustwide/target/debug/build/whisper-rs-sys/ebf4f7ae8e7d7d59/out/build/ggml/src && /usr/bin/cmake -E cmake_link_script CMakeFiles/ggml-base.dir/link.txt --verbose=1
[INFO] [stderr]   /usr/bin/ar qc libggml-base.a "CMakeFiles/ggml-base.dir/ggml.c.o" "CMakeFiles/ggml-base.dir/ggml.cpp.o" "CMakeFiles/ggml-base.dir/ggml-alloc.c.o" "CMakeFiles/ggml-base.dir/ggml-backend.cpp.o" "CMakeFiles/ggml-base.dir/ggml-opt.cpp.o" "CMakeFiles/ggml-base.dir/ggml-threading.cpp.o" "CMakeFiles/ggml-base.dir/ggml-quants.c.o" "CMakeFiles/ggml-base.dir/gguf.cpp.o"
[INFO] [stderr]   /usr/bin/ranlib libggml-base.a
[INFO] [stderr]   gmake[2]: Leaving directory '/opt/rustwide/target/debug/build/whisper-rs-sys/ebf4f7ae8e7d7d59/out/build'
[INFO] [stderr]   [ 32%] Built target ggml-base
[INFO] [stderr]   /usr/bin/gmake  -f ggml/src/CMakeFiles/ggml-cpu.dir/build.make ggml/src/CMakeFiles/ggml-cpu.dir/depend
[INFO] [stderr]   gmake[2]: Entering directory '/opt/rustwide/target/debug/build/whisper-rs-sys/ebf4f7ae8e7d7d59/out/build'
[INFO] [stderr]   cd /opt/rustwide/target/debug/build/whisper-rs-sys/ebf4f7ae8e7d7d59/out/build && /usr/bin/cmake -E cmake_depends "Unix Makefiles" /opt/rustwide/target/debug/build/whisper-rs-sys/ebf4f7ae8e7d7d59/out/whisper.cpp /opt/rustwide/target/debug/build/whisper-rs-sys/ebf4f7ae8e7d7d59/out/whisper.cpp/ggml/src /opt/rustwide/target/debug/build/whisper-rs-sys/ebf4f7ae8e7d7d59/out/build /opt/rustwide/target/debug/build/whisper-rs-sys/ebf4f7ae8e7d7d59/out/build/ggml/src /opt/rustwide/target/debug/build/whisper-rs-sys/ebf4f7ae8e7d7d59/out/build/ggml/src/CMakeFiles/ggml-cpu.dir/DependInfo.cmake "--color=" ggml-cpu
[INFO] [stderr]   gmake[2]: Leaving directory '/opt/rustwide/target/debug/build/whisper-rs-sys/ebf4f7ae8e7d7d59/out/build'
[INFO] [stderr]   /usr/bin/gmake  -f ggml/src/CMakeFiles/ggml-cpu.dir/build.make ggml/src/CMakeFiles/ggml-cpu.dir/build
[INFO] [stderr]   gmake[2]: Entering directory '/opt/rustwide/target/debug/build/whisper-rs-sys/ebf4f7ae8e7d7d59/out/build'
[INFO] [stderr]   [ 35%] Building CXX object ggml/src/CMakeFiles/ggml-cpu.dir/ggml-cpu/ggml-cpu.cpp.o
[INFO] [stderr]   [ 39%] Building C object ggml/src/CMakeFiles/ggml-cpu.dir/ggml-cpu/ggml-cpu.c.o
[INFO] [stderr]   [ 42%] Building CXX object ggml/src/CMakeFiles/ggml-cpu.dir/ggml-cpu/repack.cpp.o
[INFO] [stderr]   cd /opt/rustwide/target/debug/build/whisper-rs-sys/ebf4f7ae8e7d7d59/out/build/ggml/src && /usr/bin/cc -DGGML_SCHED_MAX_COPIES=4 -DGGML_USE_CPU_REPACK -D_GNU_SOURCE -D_XOPEN_SOURCE=600 -I/opt/rustwide/target/debug/build/whisper-rs-sys/ebf4f7ae8e7d7d59/out/whisper.cpp/ggml/src/.. -I/opt/rustwide/target/debug/build/whisper-rs-sys/ebf4f7ae8e7d7d59/out/whisper.cpp/ggml/src/. -I/opt/rustwide/target/debug/build/whisper-rs-sys/ebf4f7ae8e7d7d59/out/whisper.cpp/ggml/src/ggml-cpu -I/opt/rustwide/target/debug/build/whisper-rs-sys/ebf4f7ae8e7d7d59/out/whisper.cpp/ggml/src/../include -ffunction-sections -fdata-sections -fPIC -m64 -w -O2 -g -DNDEBUG -std=gnu11 -march=native -MD -MT ggml/src/CMakeFiles/ggml-cpu.dir/ggml-cpu/ggml-cpu.c.o -MF CMakeFiles/ggml-cpu.dir/ggml-cpu/ggml-cpu.c.o.d -o CMakeFiles/ggml-cpu.dir/ggml-cpu/ggml-cpu.c.o -c /opt/rustwide/target/debug/build/whisper-rs-sys/ebf4f7ae8e7d7d59/out/whisper.cpp/ggml/src/ggml-cpu/ggml-cpu.c
[INFO] [stderr]   cd /opt/rustwide/target/debug/build/whisper-rs-sys/ebf4f7ae8e7d7d59/out/build/ggml/src && /usr/bin/c++ -DGGML_SCHED_MAX_COPIES=4 -DGGML_USE_CPU_REPACK -D_GNU_SOURCE -D_XOPEN_SOURCE=600 -I/opt/rustwide/target/debug/build/whisper-rs-sys/ebf4f7ae8e7d7d59/out/whisper.cpp/ggml/src/.. -I/opt/rustwide/target/debug/build/whisper-rs-sys/ebf4f7ae8e7d7d59/out/whisper.cpp/ggml/src/. -I/opt/rustwide/target/debug/build/whisper-rs-sys/ebf4f7ae8e7d7d59/out/whisper.cpp/ggml/src/ggml-cpu -I/opt/rustwide/target/debug/build/whisper-rs-sys/ebf4f7ae8e7d7d59/out/whisper.cpp/ggml/src/../include -DWHISPER_DEBUG -ffunction-sections -fdata-sections -fPIC -m64 -w -O2 -g -DNDEBUG -std=gnu++17 -march=native -MD -MT ggml/src/CMakeFiles/ggml-cpu.dir/ggml-cpu/ggml-cpu.cpp.o -MF CMakeFiles/ggml-cpu.dir/ggml-cpu/ggml-cpu.cpp.o.d -o CMakeFiles/ggml-cpu.dir/ggml-cpu/ggml-cpu.cpp.o -c /opt/rustwide/target/debug/build/whisper-rs-sys/ebf4f7ae8e7d7d59/out/whisper.cpp/ggml/src/ggml-cpu/ggml-cpu.cpp
[INFO] [stderr]   cd /opt/rustwide/target/debug/build/whisper-rs-sys/ebf4f7ae8e7d7d59/out/build/ggml/src && /usr/bin/c++ -DGGML_SCHED_MAX_COPIES=4 -DGGML_USE_CPU_REPACK -D_GNU_SOURCE -D_XOPEN_SOURCE=600 -I/opt/rustwide/target/debug/build/whisper-rs-sys/ebf4f7ae8e7d7d59/out/whisper.cpp/ggml/src/.. -I/opt/rustwide/target/debug/build/whisper-rs-sys/ebf4f7ae8e7d7d59/out/whisper.cpp/ggml/src/. -I/opt/rustwide/target/debug/build/whisper-rs-sys/ebf4f7ae8e7d7d59/out/whisper.cpp/ggml/src/ggml-cpu -I/opt/rustwide/target/debug/build/whisper-rs-sys/ebf4f7ae8e7d7d59/out/whisper.cpp/ggml/src/../include -DWHISPER_DEBUG -ffunction-sections -fdata-sections -fPIC -m64 -w -O2 -g -DNDEBUG -std=gnu++17 -march=native -MD -MT ggml/src/CMakeFiles/ggml-cpu.dir/ggml-cpu/repack.cpp.o -MF CMakeFiles/ggml-cpu.dir/ggml-cpu/repack.cpp.o.d -o CMakeFiles/ggml-cpu.dir/ggml-cpu/repack.cpp.o -c /opt/rustwide/target/debug/build/whisper-rs-sys/ebf4f7ae8e7d7d59/out/whisper.cpp/ggml/src/ggml-cpu/repack.cpp
[INFO] [stderr]   [ 46%] Building CXX object ggml/src/CMakeFiles/ggml-cpu.dir/ggml-cpu/hbm.cpp.o
[INFO] [stderr]   [ 50%] Building CXX object ggml/src/CMakeFiles/ggml-cpu.dir/ggml-cpu/binary-ops.cpp.o
[INFO] [stderr]   [ 53%] Building CXX object ggml/src/CMakeFiles/ggml-cpu.dir/ggml-cpu/amx/amx.cpp.o
[INFO] [stderr]   [ 57%] Building C object ggml/src/CMakeFiles/ggml-cpu.dir/ggml-cpu/quants.c.o
[INFO] [stderr]   [ 60%] Building CXX object ggml/src/CMakeFiles/ggml-cpu.dir/ggml-cpu/amx/mmq.cpp.o
[INFO] [stderr]   cd /opt/rustwide/target/debug/build/whisper-rs-sys/ebf4f7ae8e7d7d59/out/build/ggml/src && /usr/bin/c++ -DGGML_SCHED_MAX_COPIES=4 -DGGML_USE_CPU_REPACK -D_GNU_SOURCE -D_XOPEN_SOURCE=600 -I/opt/rustwide/target/debug/build/whisper-rs-sys/ebf4f7ae8e7d7d59/out/whisper.cpp/ggml/src/.. -I/opt/rustwide/target/debug/build/whisper-rs-sys/ebf4f7ae8e7d7d59/out/whisper.cpp/ggml/src/. -I/opt/rustwide/target/debug/build/whisper-rs-sys/ebf4f7ae8e7d7d59/out/whisper.cpp/ggml/src/ggml-cpu -I/opt/rustwide/target/debug/build/whisper-rs-sys/ebf4f7ae8e7d7d59/out/whisper.cpp/ggml/src/../include -DWHISPER_DEBUG -ffunction-sections -fdata-sections -fPIC -m64 -w -O2 -g -DNDEBUG -std=gnu++17 -march=native -MD -MT ggml/src/CMakeFiles/ggml-cpu.dir/ggml-cpu/hbm.cpp.o -MF CMakeFiles/ggml-cpu.dir/ggml-cpu/hbm.cpp.o.d -o CMakeFiles/ggml-cpu.dir/ggml-cpu/hbm.cpp.o -c /opt/rustwide/target/debug/build/whisper-rs-sys/ebf4f7ae8e7d7d59/out/whisper.cpp/ggml/src/ggml-cpu/hbm.cpp
[INFO] [stderr]   cd /opt/rustwide/target/debug/build/whisper-rs-sys/ebf4f7ae8e7d7d59/out/build/ggml/src && /usr/bin/c++ -DGGML_SCHED_MAX_COPIES=4 -DGGML_USE_CPU_REPACK -D_GNU_SOURCE -D_XOPEN_SOURCE=600 -I/opt/rustwide/target/debug/build/whisper-rs-sys/ebf4f7ae8e7d7d59/out/whisper.cpp/ggml/src/.. -I/opt/rustwide/target/debug/build/whisper-rs-sys/ebf4f7ae8e7d7d59/out/whisper.cpp/ggml/src/. -I/opt/rustwide/target/debug/build/whisper-rs-sys/ebf4f7ae8e7d7d59/out/whisper.cpp/ggml/src/ggml-cpu -I/opt/rustwide/target/debug/build/whisper-rs-sys/ebf4f7ae8e7d7d59/out/whisper.cpp/ggml/src/../include -DWHISPER_DEBUG -ffunction-sections -fdata-sections -fPIC -m64 -w -O2 -g -DNDEBUG -std=gnu++17 -march=native -MD -MT ggml/src/CMakeFiles/ggml-cpu.dir/ggml-cpu/amx/amx.cpp.o -MF CMakeFiles/ggml-cpu.dir/ggml-cpu/amx/amx.cpp.o.d -o CMakeFiles/ggml-cpu.dir/ggml-cpu/amx/amx.cpp.o -c /opt/rustwide/target/debug/build/whisper-rs-sys/ebf4f7ae8e7d7d59/out/whisper.cpp/ggml/src/ggml-cpu/amx/amx.cpp
[INFO] [stderr]   cd /opt/rustwide/target/debug/build/whisper-rs-sys/ebf4f7ae8e7d7d59/out/build/ggml/src && /usr/bin/c++ -DGGML_SCHED_MAX_COPIES=4 -DGGML_USE_CPU_REPACK -D_GNU_SOURCE -D_XOPEN_SOURCE=600 -I/opt/rustwide/target/debug/build/whisper-rs-sys/ebf4f7ae8e7d7d59/out/whisper.cpp/ggml/src/.. -I/opt/rustwide/target/debug/build/whisper-rs-sys/ebf4f7ae8e7d7d59/out/whisper.cpp/ggml/src/. -I/opt/rustwide/target/debug/build/whisper-rs-sys/ebf4f7ae8e7d7d59/out/whisper.cpp/ggml/src/ggml-cpu -I/opt/rustwide/target/debug/build/whisper-rs-sys/ebf4f7ae8e7d7d59/out/whisper.cpp/ggml/src/../include -DWHISPER_DEBUG -ffunction-sections -fdata-sections -fPIC -m64 -w -O2 -g -DNDEBUG -std=gnu++17 -march=native -MD -MT ggml/src/CMakeFiles/ggml-cpu.dir/ggml-cpu/amx/mmq.cpp.o -MF CMakeFiles/ggml-cpu.dir/ggml-cpu/amx/mmq.cpp.o.d -o CMakeFiles/ggml-cpu.dir/ggml-cpu/amx/mmq.cpp.o -c /opt/rustwide/target/debug/build/whisper-rs-sys/ebf4f7ae8e7d7d59/out/whisper.cpp/ggml/src/ggml-cpu/amx/mmq.cpp
[INFO] [stderr]   cd /opt/rustwide/target/debug/build/whisper-rs-sys/ebf4f7ae8e7d7d59/out/build/ggml/src && /usr/bin/c++ -DGGML_SCHED_MAX_COPIES=4 -DGGML_USE_CPU_REPACK -D_GNU_SOURCE -D_XOPEN_SOURCE=600 -I/opt/rustwide/target/debug/build/whisper-rs-sys/ebf4f7ae8e7d7d59/out/whisper.cpp/ggml/src/.. -I/opt/rustwide/target/debug/build/whisper-rs-sys/ebf4f7ae8e7d7d59/out/whisper.cpp/ggml/src/. -I/opt/rustwide/target/debug/build/whisper-rs-sys/ebf4f7ae8e7d7d59/out/whisper.cpp/ggml/src/ggml-cpu -I/opt/rustwide/target/debug/build/whisper-rs-sys/ebf4f7ae8e7d7d59/out/whisper.cpp/ggml/src/../include -DWHISPER_DEBUG -ffunction-sections -fdata-sections -fPIC -m64 -w -O2 -g -DNDEBUG -std=gnu++17 -march=native -MD -MT ggml/src/CMakeFiles/ggml-cpu.dir/ggml-cpu/binary-ops.cpp.o -MF CMakeFiles/ggml-cpu.dir/ggml-cpu/binary-ops.cpp.o.d -o CMakeFiles/ggml-cpu.dir/ggml-cpu/binary-ops.cpp.o -c /opt/rustwide/target/debug/build/whisper-rs-sys/ebf4f7ae8e7d7d59/out/whisper.cpp/ggml/src/ggml-cpu/binary-ops.cpp
[INFO] [stderr]   cd /opt/rustwide/target/debug/build/whisper-rs-sys/ebf4f7ae8e7d7d59/out/build/ggml/src && /usr/bin/cc -DGGML_SCHED_MAX_COPIES=4 -DGGML_USE_CPU_REPACK -D_GNU_SOURCE -D_XOPEN_SOURCE=600 -I/opt/rustwide/target/debug/build/whisper-rs-sys/ebf4f7ae8e7d7d59/out/whisper.cpp/ggml/src/.. -I/opt/rustwide/target/debug/build/whisper-rs-sys/ebf4f7ae8e7d7d59/out/whisper.cpp/ggml/src/. -I/opt/rustwide/target/debug/build/whisper-rs-sys/ebf4f7ae8e7d7d59/out/whisper.cpp/ggml/src/ggml-cpu -I/opt/rustwide/target/debug/build/whisper-rs-sys/ebf4f7ae8e7d7d59/out/whisper.cpp/ggml/src/../include -ffunction-sections -fdata-sections -fPIC -m64 -w -O2 -g -DNDEBUG -std=gnu11 -march=native -MD -MT ggml/src/CMakeFiles/ggml-cpu.dir/ggml-cpu/quants.c.o -MF CMakeFiles/ggml-cpu.dir/ggml-cpu/quants.c.o.d -o CMakeFiles/ggml-cpu.dir/ggml-cpu/quants.c.o -c /opt/rustwide/target/debug/build/whisper-rs-sys/ebf4f7ae8e7d7d59/out/whisper.cpp/ggml/src/ggml-cpu/quants.c
[INFO] [stderr]   [ 64%] Building CXX object ggml/src/CMakeFiles/ggml-cpu.dir/ggml-cpu/traits.cpp.o
[INFO] [stderr]   cd /opt/rustwide/target/debug/build/whisper-rs-sys/ebf4f7ae8e7d7d59/out/build/ggml/src && /usr/bin/c++ -DGGML_SCHED_MAX_COPIES=4 -DGGML_USE_CPU_REPACK -D_GNU_SOURCE -D_XOPEN_SOURCE=600 -I/opt/rustwide/target/debug/build/whisper-rs-sys/ebf4f7ae8e7d7d59/out/whisper.cpp/ggml/src/.. -I/opt/rustwide/target/debug/build/whisper-rs-sys/ebf4f7ae8e7d7d59/out/whisper.cpp/ggml/src/. -I/opt/rustwide/target/debug/build/whisper-rs-sys/ebf4f7ae8e7d7d59/out/whisper.cpp/ggml/src/ggml-cpu -I/opt/rustwide/target/debug/build/whisper-rs-sys/ebf4f7ae8e7d7d59/out/whisper.cpp/ggml/src/../include -DWHISPER_DEBUG -ffunction-sections -fdata-sections -fPIC -m64 -w -O2 -g -DNDEBUG -std=gnu++17 -march=native -MD -MT ggml/src/CMakeFiles/ggml-cpu.dir/ggml-cpu/traits.cpp.o -MF CMakeFiles/ggml-cpu.dir/ggml-cpu/traits.cpp.o.d -o CMakeFiles/ggml-cpu.dir/ggml-cpu/traits.cpp.o -c /opt/rustwide/target/debug/build/whisper-rs-sys/ebf4f7ae8e7d7d59/out/whisper.cpp/ggml/src/ggml-cpu/traits.cpp
[INFO] [stderr]   [ 67%] Building CXX object ggml/src/CMakeFiles/ggml-cpu.dir/ggml-cpu/unary-ops.cpp.o
[INFO] [stderr]   [ 71%] Building CXX object ggml/src/CMakeFiles/ggml-cpu.dir/ggml-cpu/ops.cpp.o
[INFO] [stderr]   [ 75%] Building CXX object ggml/src/CMakeFiles/ggml-cpu.dir/ggml-cpu/vec.cpp.o
[INFO] [stderr]   cd /opt/rustwide/target/debug/build/whisper-rs-sys/ebf4f7ae8e7d7d59/out/build/ggml/src && /usr/bin/c++ -DGGML_SCHED_MAX_COPIES=4 -DGGML_USE_CPU_REPACK -D_GNU_SOURCE -D_XOPEN_SOURCE=600 -I/opt/rustwide/target/debug/build/whisper-rs-sys/ebf4f7ae8e7d7d59/out/whisper.cpp/ggml/src/.. -I/opt/rustwide/target/debug/build/whisper-rs-sys/ebf4f7ae8e7d7d59/out/whisper.cpp/ggml/src/. -I/opt/rustwide/target/debug/build/whisper-rs-sys/ebf4f7ae8e7d7d59/out/whisper.cpp/ggml/src/ggml-cpu -I/opt/rustwide/target/debug/build/whisper-rs-sys/ebf4f7ae8e7d7d59/out/whisper.cpp/ggml/src/../include -DWHISPER_DEBUG -ffunction-sections -fdata-sections -fPIC -m64 -w -O2 -g -DNDEBUG -std=gnu++17 -march=native -MD -MT ggml/src/CMakeFiles/ggml-cpu.dir/ggml-cpu/unary-ops.cpp.o -MF CMakeFiles/ggml-cpu.dir/ggml-cpu/unary-ops.cpp.o.d -o CMakeFiles/ggml-cpu.dir/ggml-cpu/unary-ops.cpp.o -c /opt/rustwide/target/debug/build/whisper-rs-sys/ebf4f7ae8e7d7d59/out/whisper.cpp/ggml/src/ggml-cpu/unary-ops.cpp
[INFO] [stderr]   cd /opt/rustwide/target/debug/build/whisper-rs-sys/ebf4f7ae8e7d7d59/out/build/ggml/src && /usr/bin/c++ -DGGML_SCHED_MAX_COPIES=4 -DGGML_USE_CPU_REPACK -D_GNU_SOURCE -D_XOPEN_SOURCE=600 -I/opt/rustwide/target/debug/build/whisper-rs-sys/ebf4f7ae8e7d7d59/out/whisper.cpp/ggml/src/.. -I/opt/rustwide/target/debug/build/whisper-rs-sys/ebf4f7ae8e7d7d59/out/whisper.cpp/ggml/src/. -I/opt/rustwide/target/debug/build/whisper-rs-sys/ebf4f7ae8e7d7d59/out/whisper.cpp/ggml/src/ggml-cpu -I/opt/rustwide/target/debug/build/whisper-rs-sys/ebf4f7ae8e7d7d59/out/whisper.cpp/ggml/src/../include -DWHISPER_DEBUG -ffunction-sections -fdata-sections -fPIC -m64 -w -O2 -g -DNDEBUG -std=gnu++17 -march=native -MD -MT ggml/src/CMakeFiles/ggml-cpu.dir/ggml-cpu/ops.cpp.o -MF CMakeFiles/ggml-cpu.dir/ggml-cpu/ops.cpp.o.d -o CMakeFiles/ggml-cpu.dir/ggml-cpu/ops.cpp.o -c /opt/rustwide/target/debug/build/whisper-rs-sys/ebf4f7ae8e7d7d59/out/whisper.cpp/ggml/src/ggml-cpu/ops.cpp
[INFO] [stderr]   cd /opt/rustwide/target/debug/build/whisper-rs-sys/ebf4f7ae8e7d7d59/out/build/ggml/src && /usr/bin/c++ -DGGML_SCHED_MAX_COPIES=4 -DGGML_USE_CPU_REPACK -D_GNU_SOURCE -D_XOPEN_SOURCE=600 -I/opt/rustwide/target/debug/build/whisper-rs-sys/ebf4f7ae8e7d7d59/out/whisper.cpp/ggml/src/.. -I/opt/rustwide/target/debug/build/whisper-rs-sys/ebf4f7ae8e7d7d59/out/whisper.cpp/ggml/src/. -I/opt/rustwide/target/debug/build/whisper-rs-sys/ebf4f7ae8e7d7d59/out/whisper.cpp/ggml/src/ggml-cpu -I/opt/rustwide/target/debug/build/whisper-rs-sys/ebf4f7ae8e7d7d59/out/whisper.cpp/ggml/src/../include -DWHISPER_DEBUG -ffunction-sections -fdata-sections -fPIC -m64 -w -O2 -g -DNDEBUG -std=gnu++17 -march=native -MD -MT ggml/src/CMakeFiles/ggml-cpu.dir/ggml-cpu/vec.cpp.o -MF CMakeFiles/ggml-cpu.dir/ggml-cpu/vec.cpp.o.d -o CMakeFiles/ggml-cpu.dir/ggml-cpu/vec.cpp.o -c /opt/rustwide/target/debug/build/whisper-rs-sys/ebf4f7ae8e7d7d59/out/whisper.cpp/ggml/src/ggml-cpu/vec.cpp
[INFO] [stderr]   [ 78%] Building C object ggml/src/CMakeFiles/ggml-cpu.dir/ggml-cpu/arch/x86/quants.c.o
[INFO] [stderr]   [ 82%] Building CXX object ggml/src/CMakeFiles/ggml-cpu.dir/ggml-cpu/arch/x86/repack.cpp.o
[INFO] [stderr]   cd /opt/rustwide/target/debug/build/whisper-rs-sys/ebf4f7ae8e7d7d59/out/build/ggml/src && /usr/bin/cc -DGGML_SCHED_MAX_COPIES=4 -DGGML_USE_CPU_REPACK -D_GNU_SOURCE -D_XOPEN_SOURCE=600 -I/opt/rustwide/target/debug/build/whisper-rs-sys/ebf4f7ae8e7d7d59/out/whisper.cpp/ggml/src/.. -I/opt/rustwide/target/debug/build/whisper-rs-sys/ebf4f7ae8e7d7d59/out/whisper.cpp/ggml/src/. -I/opt/rustwide/target/debug/build/whisper-rs-sys/ebf4f7ae8e7d7d59/out/whisper.cpp/ggml/src/ggml-cpu -I/opt/rustwide/target/debug/build/whisper-rs-sys/ebf4f7ae8e7d7d59/out/whisper.cpp/ggml/src/../include -ffunction-sections -fdata-sections -fPIC -m64 -w -O2 -g -DNDEBUG -std=gnu11 -march=native -MD -MT ggml/src/CMakeFiles/ggml-cpu.dir/ggml-cpu/arch/x86/quants.c.o -MF CMakeFiles/ggml-cpu.dir/ggml-cpu/arch/x86/quants.c.o.d -o CMakeFiles/ggml-cpu.dir/ggml-cpu/arch/x86/quants.c.o -c /opt/rustwide/target/debug/build/whisper-rs-sys/ebf4f7ae8e7d7d59/out/whisper.cpp/ggml/src/ggml-cpu/arch/x86/quants.c
[INFO] [stderr]   cd /opt/rustwide/target/debug/build/whisper-rs-sys/ebf4f7ae8e7d7d59/out/build/ggml/src && /usr/bin/c++ -DGGML_SCHED_MAX_COPIES=4 -DGGML_USE_CPU_REPACK -D_GNU_SOURCE -D_XOPEN_SOURCE=600 -I/opt/rustwide/target/debug/build/whisper-rs-sys/ebf4f7ae8e7d7d59/out/whisper.cpp/ggml/src/.. -I/opt/rustwide/target/debug/build/whisper-rs-sys/ebf4f7ae8e7d7d59/out/whisper.cpp/ggml/src/. -I/opt/rustwide/target/debug/build/whisper-rs-sys/ebf4f7ae8e7d7d59/out/whisper.cpp/ggml/src/ggml-cpu -I/opt/rustwide/target/debug/build/whisper-rs-sys/ebf4f7ae8e7d7d59/out/whisper.cpp/ggml/src/../include -DWHISPER_DEBUG -ffunction-sections -fdata-sections -fPIC -m64 -w -O2 -g -DNDEBUG -std=gnu++17 -march=native -MD -MT ggml/src/CMakeFiles/ggml-cpu.dir/ggml-cpu/arch/x86/repack.cpp.o -MF CMakeFiles/ggml-cpu.dir/ggml-cpu/arch/x86/repack.cpp.o.d -o CMakeFiles/ggml-cpu.dir/ggml-cpu/arch/x86/repack.cpp.o -c /opt/rustwide/target/debug/build/whisper-rs-sys/ebf4f7ae8e7d7d59/out/whisper.cpp/ggml/src/ggml-cpu/arch/x86/repack.cpp
[INFO] [stderr]   gmake[2]: Leaving directory '/opt/rustwide/target/debug/build/whisper-rs-sys/ebf4f7ae8e7d7d59/out/build'
[INFO] [stderr]   gmake[1]: Leaving directory '/opt/rustwide/target/debug/build/whisper-rs-sys/ebf4f7ae8e7d7d59/out/build'
[INFO] [stderr] 
[INFO] [stderr] 
[INFO] [stderr]   --- stderr
[INFO] [stderr]   error: 'rustfmt' is not installed for the custom toolchain '3154cc1a3e6424e44f438a95007d043ed5ceaaf6'.
[INFO] [stderr]   note: this is a custom toolchain, which cannot use `rustup component add`
[INFO] [stderr]   help: if you built this toolchain from source, and used `rustup toolchain link`, then you may be able to build the component with `x.py`
[INFO] [stderr]   Failed to run rustfmt: Internal rustfmt error (non-fatal, continuing)
[INFO] [stderr]   running: cd "/opt/rustwide/target/debug/build/whisper-rs-sys/ebf4f7ae8e7d7d59/out/build" && CMAKE_PREFIX_PATH="" LC_ALL="C" "cmake" "-Wdev" "--debug-output" "/opt/rustwide/target/debug/build/whisper-rs-sys/ebf4f7ae8e7d7d59/out/whisper.cpp" "-B" "/opt/rustwide/target/debug/build/whisper-rs-sys/ebf4f7ae8e7d7d59/out/build" "-DBUILD_SHARED_LIBS=OFF" "-DWHISPER_ALL_WARNINGS=OFF" "-DWHISPER_ALL_WARNINGS_3RD_PARTY=OFF" "-DWHISPER_BUILD_TESTS=OFF" "-DWHISPER_BUILD_EXAMPLES=OFF" "-DGGML_METAL=OFF" "-DCMAKE_BUILD_TYPE=RelWithDebInfo" "-DGGML_OPENMP=OFF" "-DCMAKE_INSTALL_PREFIX=/opt/rustwide/target/debug/build/whisper-rs-sys/ebf4f7ae8e7d7d59/out" "-DCMAKE_C_FLAGS= -ffunction-sections -fdata-sections -fPIC -m64 -w" "-DCMAKE_C_COMPILER=/usr/bin/cc" "-DCMAKE_CXX_FLAGS= -DWHISPER_DEBUG -ffunction-sections -fdata-sections -fPIC -m64 -w" "-DCMAKE_CXX_COMPILER=/usr/bin/c++" "-DCMAKE_ASM_FLAGS= -ffunction-sections -fdata-sections -fPIC -m64 -w" "-DCMAKE_ASM_COMPILER=/usr/bin/cc" "-DCMAKE_VERBOSE_MAKEFILE:BOOL=ON"
[INFO] [stderr]   CMake Deprecation Warning at CMakeLists.txt:1 (cmake_minimum_required):
[INFO] [stderr]     Compatibility with CMake < 3.10 will be removed from a future version of
[INFO] [stderr]     CMake.
[INFO] [stderr] 
[INFO] [stderr]     Update the VERSION argument <min> value.  Or, use the <min>...<max> syntax
[INFO] [stderr]     to tell CMake that the project requires at least <min> but has been updated
[INFO] [stderr]     to work with policies introduced by <max> or earlier.
[INFO] [stderr] 
[INFO] [stderr] 
[INFO] [stderr]      Called from: [1]	/opt/rustwide/target/debug/build/whisper-rs-sys/ebf4f7ae8e7d7d59/out/whisper.cpp/CMakeLists.txt
[INFO] [stderr]   CMake Warning (dev) at /usr/share/cmake-4.2/Modules/CMakeDetermineCompiler.cmake:128 (set):
[INFO] [stderr]     Policy CMP0126 is not set: set(CACHE) does not remove a normal variable of
[INFO] [stderr]     the same name.  Run "cmake --help-policy CMP0126" for policy details.  Use
[INFO] [stderr]     the cmake_policy command to set the policy and suppress this warning.
[INFO] [stderr] 
[INFO] [stderr]     For compatibility with older versions of CMake, normal variable
[INFO] [stderr]     "CMAKE_C_COMPILER" will be removed from the current scope.
[INFO] [stderr]   Call Stack (most recent call first):
[INFO] [stderr]     /usr/share/cmake-4.2/Modules/CMakeDetermineCCompiler.cmake:67 (_cmake_find_compiler_path)
[INFO] [stderr]     CMakeLists.txt:2 (project)
[INFO] [stderr]   This warning is for project developers.  Use -Wno-dev to suppress it.
[INFO] [stderr] 
[INFO] [stderr]      Called from: [3]	/opt/rustwide/target/debug/build/whisper-rs-sys/ebf4f7ae8e7d7d59/out/whisper.cpp/CMakeLists.txt
[INFO] [stderr]                   [2]	/usr/share/cmake-4.2/Modules/CMakeDetermineCCompiler.cmake
[INFO] [stderr]                   [1]	/usr/share/cmake-4.2/Modules/CMakeDetermineCompiler.cmake
[INFO] [stderr]   CMake Warning (dev) at /usr/share/cmake-4.2/Modules/CMakeDetermineCompiler.cmake:128 (set):
[INFO] [stderr]     Policy CMP0126 is not set: set(CACHE) does not remove a normal variable of
[INFO] [stderr]     the same name.  Run "cmake --help-policy CMP0126" for policy details.  Use
[INFO] [stderr]     the cmake_policy command to set the policy and suppress this warning.
[INFO] [stderr] 
[INFO] [stderr]     For compatibility with older versions of CMake, normal variable
[INFO] [stderr]     "CMAKE_CXX_COMPILER" will be removed from the current scope.
[INFO] [stderr]   Call Stack (most recent call first):
[INFO] [stderr]     /usr/share/cmake-4.2/Modules/CMakeDetermineCXXCompiler.cmake:71 (_cmake_find_compiler_path)
[INFO] [stderr]     CMakeLists.txt:2 (project)
[INFO] [stderr]   This warning is for project developers.  Use -Wno-dev to suppress it.
[INFO] [stderr] 
[INFO] [stderr]      Called from: [3]	/opt/rustwide/target/debug/build/whisper-rs-sys/ebf4f7ae8e7d7d59/out/whisper.cpp/CMakeLists.txt
[INFO] [stderr]                   [2]	/usr/share/cmake-4.2/Modules/CMakeDetermineCXXCompiler.cmake
[INFO] [stderr]                   [1]	/usr/share/cmake-4.2/Modules/CMakeDetermineCompiler.cmake
[INFO] [stderr]   CMake Warning (dev) at /usr/share/cmake-4.2/Modules/CMakeFindBinUtils.cmake:243 (find_program):
[INFO] [stderr]     Policy CMP0126 is not set: set(CACHE) does not remove a normal variable of
[INFO] [stderr]     the same name.  Run "cmake --help-policy CMP0126" for policy details.  Use
[INFO] [stderr]     the cmake_policy command to set the policy and suppress this warning.
[INFO] [stderr] 
[INFO] [stderr]     For compatibility with older versions of CMake, normal variable
[INFO] [stderr]     "CMAKE_TAPI" will be removed from the current scope.
[INFO] [stderr]   Call Stack (most recent call first):
[INFO] [stderr]     /usr/share/cmake-4.2/Modules/CMakeDetermineCXXCompiler.cmake:206 (include)
[INFO] [stderr]     CMakeLists.txt:2 (project)
[INFO] [stderr]   This warning is for project developers.  Use -Wno-dev to suppress it.
[INFO] [stderr] 
[INFO] [stderr]      Called from: [3]	/opt/rustwide/target/debug/build/whisper-rs-sys/ebf4f7ae8e7d7d59/out/whisper.cpp/CMakeLists.txt
[INFO] [stderr]                   [2]	/usr/share/cmake-4.2/Modules/CMakeDetermineCXXCompiler.cmake
[INFO] [stderr]                   [1]	/usr/share/cmake-4.2/Modules/CMakeFindBinUtils.cmake
[INFO] [stderr]   CMake Warning (dev) at /usr/share/cmake-4.2/Modules/CMakeDetermineCompilerABI.cmake:83 (try_compile):
[INFO] [stderr]     Policy CMP0066 is not set: Honor per-config flags in try_compile()
[INFO] [stderr]     source-file signature.  Run "cmake --help-policy CMP0066" for policy
[INFO] [stderr]     details.  Use the cmake_policy command to set the policy and suppress this
[INFO] [stderr]     warning.
[INFO] [stderr] 
[INFO] [stderr]     For compatibility with older versions of CMake, try_compile is not honoring
[INFO] [stderr]     caller config-specific compiler flags (e.g.  CMAKE_C_FLAGS_DEBUG) in the
[INFO] [stderr]     test project.
[INFO] [stderr]   Call Stack (most recent call first):
[INFO] [stderr]     /usr/share/cmake-4.2/Modules/CMakeTestCCompiler.cmake:26 (CMAKE_DETERMINE_COMPILER_ABI)
[INFO] [stderr]     CMakeLists.txt:2 (project)
[INFO] [stderr]   This warning is for project developers.  Use -Wno-dev to suppress it.
[INFO] [stderr] 
[INFO] [stderr]      Called from: [3]	/opt/rustwide/target/debug/build/whisper-rs-sys/ebf4f7ae8e7d7d59/out/whisper.cpp/CMakeLists.txt
[INFO] [stderr]                   [2]	/usr/share/cmake-4.2/Modules/CMakeTestCCompiler.cmake
[INFO] [stderr]                   [1]	/usr/share/cmake-4.2/Modules/CMakeDetermineCompilerABI.cmake
[INFO] [stderr]   CMake Warning (dev) at /usr/share/cmake-4.2/Modules/CMakeDetermineCompilerABI.cmake:83 (try_compile):
[INFO] [stderr]     Policy CMP0066 is not set: Honor per-config flags in try_compile()
[INFO] [stderr]     source-file signature.  Run "cmake --help-policy CMP0066" for policy
[INFO] [stderr]     details.  Use the cmake_policy command to set the policy and suppress this
[INFO] [stderr]     warning.
[INFO] [stderr] 
[INFO] [stderr]     For compatibility with older versions of CMake, try_compile is not honoring
[INFO] [stderr]     caller config-specific compiler flags (e.g.  CMAKE_C_FLAGS_DEBUG) in the
[INFO] [stderr]     test project.
[INFO] [stderr]   Call Stack (most recent call first):
[INFO] [stderr]     /usr/share/cmake-4.2/Modules/CMakeTestCXXCompiler.cmake:26 (CMAKE_DETERMINE_COMPILER_ABI)
[INFO] [stderr]     CMakeLists.txt:2 (project)
[INFO] [stderr]   This warning is for project developers.  Use -Wno-dev to suppress it.
[INFO] [stderr] 
[INFO] [stderr]      Called from: [3]	/opt/rustwide/target/debug/build/whisper-rs-sys/ebf4f7ae8e7d7d59/out/whisper.cpp/CMakeLists.txt
[INFO] [stderr]                   [2]	/usr/share/cmake-4.2/Modules/CMakeTestCXXCompiler.cmake
[INFO] [stderr]                   [1]	/usr/share/cmake-4.2/Modules/CMakeDetermineCompilerABI.cmake
[INFO] [stderr]   fatal: not a git repository (or any parent up to mount point /opt/rustwide)
[INFO] [stderr]   Stopping at filesystem boundary (GIT_DISCOVERY_ACROSS_FILESYSTEM not set).
[INFO] [stderr]   fatal: not a git repository (or any parent up to mount point /opt/rustwide)
[INFO] [stderr]   Stopping at filesystem boundary (GIT_DISCOVERY_ACROSS_FILESYSTEM not set).
[INFO] [stderr]      Entering             /opt/rustwide/target/debug/build/whisper-rs-sys/ebf4f7ae8e7d7d59/out/whisper.cpp/ggml
[INFO] [stderr]      Called from: [1]	/opt/rustwide/target/debug/build/whisper-rs-sys/ebf4f7ae8e7d7d59/out/whisper.cpp/CMakeLists.txt
[INFO] [stderr]   CMake Warning (dev) at /usr/share/cmake-4.2/Modules/CMakeDetermineCompiler.cmake:128 (set):
[INFO] [stderr]     Policy CMP0126 is not set: set(CACHE) does not remove a normal variable of
[INFO] [stderr]     the same name.  Run "cmake --help-policy CMP0126" for policy details.  Use
[INFO] [stderr]     the cmake_policy command to set the policy and suppress this warning.
[INFO] [stderr] 
[INFO] [stderr]     For compatibility with older versions of CMake, normal variable
[INFO] [stderr]     "CMAKE_ASM_COMPILER" will be removed from the current scope.
[INFO] [stderr]   Call Stack (most recent call first):
[INFO] [stderr]     /usr/share/cmake-4.2/Modules/CMakeDetermineASMCompiler.cmake:64 (_cmake_find_compiler_path)
[INFO] [stderr]     ggml/CMakeLists.txt:2 (project)
[INFO] [stderr]   This warning is for project developers.  Use -Wno-dev to suppress it.
[INFO] [stderr] 
[INFO] [stderr]      Called from: [3]	/opt/rustwide/target/debug/build/whisper-rs-sys/ebf4f7ae8e7d7d59/out/whisper.cpp/ggml/CMakeLists.txt
[INFO] [stderr]                   [2]	/usr/share/cmake-4.2/Modules/CMakeDetermineASMCompiler.cmake
[INFO] [stderr]                   [1]	/usr/share/cmake-4.2/Modules/CMakeDetermineCompiler.cmake
[INFO] [stderr]   CMake Warning (dev) at /usr/share/cmake-4.2/Modules/CMakeFindBinUtils.cmake:243 (find_program):
[INFO] [stderr]     Policy CMP0126 is not set: set(CACHE) does not remove a normal variable of
[INFO] [stderr]     the same name.  Run "cmake --help-policy CMP0126" for policy details.  Use
[INFO] [stderr]     the cmake_policy command to set the policy and suppress this warning.
[INFO] [stderr] 
[INFO] [stderr]     For compatibility with older versions of CMake, normal variable
[INFO] [stderr]     "CMAKE_TAPI" will be removed from the current scope.
[INFO] [stderr]   Call Stack (most recent call first):
[INFO] [stderr]     /usr/share/cmake-4.2/Modules/CMakeDetermineASMCompiler.cmake:267 (include)
[INFO] [stderr]     ggml/CMakeLists.txt:2 (project)
[INFO] [stderr]   This warning is for project developers.  Use -Wno-dev to suppress it.
[INFO] [stderr] 
[INFO] [stderr]      Called from: [3]	/opt/rustwide/target/debug/build/whisper-rs-sys/ebf4f7ae8e7d7d59/out/whisper.cpp/ggml/CMakeLists.txt
[INFO] [stderr]                   [2]	/usr/share/cmake-4.2/Modules/CMakeDetermineASMCompiler.cmake
[INFO] [stderr]                   [1]	/usr/share/cmake-4.2/Modules/CMakeFindBinUtils.cmake
[INFO] [stderr]      Entering             /opt/rustwide/target/debug/build/whisper-rs-sys/ebf4f7ae8e7d7d59/out/whisper.cpp/ggml/src
[INFO] [stderr]      Called from: [1]	/opt/rustwide/target/debug/build/whisper-rs-sys/ebf4f7ae8e7d7d59/out/whisper.cpp/ggml/CMakeLists.txt
[INFO] [stderr]      Entering             /opt/rustwide/target/debug/build/whisper-rs-sys/ebf4f7ae8e7d7d59/out/whisper.cpp/ggml/src/ggml-cpu
[INFO] [stderr]      Called from: [2]	/opt/rustwide/target/debug/build/whisper-rs-sys/ebf4f7ae8e7d7d59/out/whisper.cpp/ggml/src/CMakeLists.txt
[INFO] [stderr]                   [1]	/opt/rustwide/target/debug/build/whisper-rs-sys/ebf4f7ae8e7d7d59/out/whisper.cpp/ggml/src/CMakeLists.txt
[INFO] [stderr]      Returning to         /opt/rustwide/target/debug/build/whisper-rs-sys/ebf4f7ae8e7d7d59/out/whisper.cpp/ggml/src
[INFO] [stderr]      Called from: [2]	/opt/rustwide/target/debug/build/whisper-rs-sys/ebf4f7ae8e7d7d59/out/whisper.cpp/ggml/src/CMakeLists.txt
[INFO] [stderr]                   [1]	/opt/rustwide/target/debug/build/whisper-rs-sys/ebf4f7ae8e7d7d59/out/whisper.cpp/ggml/src/CMakeLists.txt
[INFO] [stderr]      Returning to         /opt/rustwide/target/debug/build/whisper-rs-sys/ebf4f7ae8e7d7d59/out/whisper.cpp/ggml
[INFO] [stderr]      Called from: [1]	/opt/rustwide/target/debug/build/whisper-rs-sys/ebf4f7ae8e7d7d59/out/whisper.cpp/ggml/CMakeLists.txt
[INFO] [stderr]      Returning to         /opt/rustwide/target/debug/build/whisper-rs-sys/ebf4f7ae8e7d7d59/out/whisper.cpp
[INFO] [stderr]      Called from: [1]	/opt/rustwide/target/debug/build/whisper-rs-sys/ebf4f7ae8e7d7d59/out/whisper.cpp/CMakeLists.txt
[INFO] [stderr]      Entering             /opt/rustwide/target/debug/build/whisper-rs-sys/ebf4f7ae8e7d7d59/out/whisper.cpp/src
[INFO] [stderr]      Called from: [1]	/opt/rustwide/target/debug/build/whisper-rs-sys/ebf4f7ae8e7d7d59/out/whisper.cpp/CMakeLists.txt
[INFO] [stderr]      Returning to         /opt/rustwide/target/debug/build/whisper-rs-sys/ebf4f7ae8e7d7d59/out/whisper.cpp
[INFO] [stderr]      Called from: [1]	/opt/rustwide/target/debug/build/whisper-rs-sys/ebf4f7ae8e7d7d59/out/whisper.cpp/CMakeLists.txt
[INFO] [stderr]   CMake Warning (dev) in ggml/CMakeLists.txt:
[INFO] [stderr]     Policy CMP0200 is not set: Location and configuration selection for
[INFO] [stderr]     imported targets is more consistent.  Run "cmake --help-policy CMP0200" for
[INFO] [stderr]     policy details.  Use the cmake_policy command to set the policy and
[INFO] [stderr]     suppress this warning.
[INFO] [stderr] 
[INFO] [stderr]     Configuration selection for imported target "Threads::Threads" selected
[INFO] [stderr]     configuration "(none)", but would select configuration "RELWITHDEBINFO"
[INFO] [stderr]     under the NEW policy.
[INFO] [stderr] 
[INFO] [stderr]   This warning is for project developers.  Use -Wno-dev to suppress it.
[INFO] [stderr] 
[INFO] [stderr]   CMake Warning (dev) in src/CMakeLists.txt:
[INFO] [stderr]     Policy CMP0200 is not set: Location and configuration selection for
[INFO] [stderr]     imported targets is more consistent.  Run "cmake --help-policy CMP0200" for
[INFO] [stderr]     policy details.  Use the cmake_policy command to set the policy and
[INFO] [stderr]     suppress this warning.
[INFO] [stderr] 
[INFO] [stderr]     Configuration selection for imported target "Threads::Threads" selected
[INFO] [stderr]     configuration "(none)", but would select configuration "RELWITHDEBINFO"
[INFO] [stderr]     under the NEW policy.
[INFO] [stderr] 
[INFO] [stderr]   This warning is for project developers.  Use -Wno-dev to suppress it.
[INFO] [stderr] 
[INFO] [stderr]   CMake Warning (dev) in CMakeLists.txt:
[INFO] [stderr]     Policy CMP0082 is not set: Install rules from add_subdirectory() are
[INFO] [stderr]     interleaved with those in caller.  Run "cmake --help-policy CMP0082" for
[INFO] [stderr]     policy details.  Use the cmake_policy command to set the policy and
[INFO] [stderr]     suppress this warning.
[INFO] [stderr] 
[INFO] [stderr]   This warning is for project developers.  Use -Wno-dev to suppress it.
[INFO] [stderr] 
[INFO] [stderr]      Called from: [1]	/opt/rustwide/target/debug/build/whisper-rs-sys/ebf4f7ae8e7d7d59/out/whisper.cpp/CMakeLists.txt
[INFO] [stderr]   CMake Warning (dev) at ggml/src/CMakeLists.txt:192 (add_library):
[INFO] [stderr]     Policy CMP0156 is not set: De-duplicate libraries on link lines based on
[INFO] [stderr]     linker capabilities.  Run "cmake --help-policy CMP0156" for policy details.
[INFO] [stderr]     Use the cmake_policy command to set the policy and suppress this warning.
[INFO] [stderr] 
[INFO] [stderr]     Since the policy is not set, legacy libraries de-duplication strategy will
[INFO] [stderr]     be applied.
[INFO] [stderr]   This warning is for project developers.  Use -Wno-dev to suppress it.
[INFO] [stderr] 
[INFO] [stderr]      Called from: [1]	/opt/rustwide/target/debug/build/whisper-rs-sys/ebf4f7ae8e7d7d59/out/whisper.cpp/ggml/src/CMakeLists.txt
[INFO] [stderr]   CMake Warning (dev) at ggml/src/CMakeLists.txt:259 (add_library):
[INFO] [stderr]     Policy CMP0156 is not set: De-duplicate libraries on link lines based on
[INFO] [stderr]     linker capabilities.  Run "cmake --help-policy CMP0156" for policy details.
[INFO] [stderr]     Use the cmake_policy command to set the policy and suppress this warning.
[INFO] [stderr] 
[INFO] [stderr]     Since the policy is not set, legacy libraries de-duplication strategy will
[INFO] [stderr]     be applied.
[INFO] [stderr]   Call Stack (most recent call first):
[INFO] [stderr]     ggml/src/ggml-cpu/CMakeLists.txt:22 (ggml_add_backend_library)
[INFO] [stderr]     ggml/src/CMakeLists.txt:444 (ggml_add_cpu_backend_variant_impl)
[INFO] [stderr]   This warning is for project developers.  Use -Wno-dev to suppress it.
[INFO] [stderr] 
[INFO] [stderr]      Called from: [1]	/opt/rustwide/target/debug/build/whisper-rs-sys/ebf4f7ae8e7d7d59/out/whisper.cpp/ggml/src/CMakeLists.txt
[INFO] [stderr]   CMake Warning (dev) at ggml/src/CMakeLists.txt:224 (add_library):
[INFO] [stderr]     Policy CMP0156 is not set: De-duplicate libraries on link lines based on
[INFO] [stderr]     linker capabilities.  Run "cmake --help-policy CMP0156" for policy details.
[INFO] [stderr]     Use the cmake_policy command to set the policy and suppress this warning.
[INFO] [stderr] 
[INFO] [stderr]     Since the policy is not set, legacy libraries de-duplication strategy will
[INFO] [stderr]     be applied.
[INFO] [stderr]   This warning is for project developers.  Use -Wno-dev to suppress it.
[INFO] [stderr] 
[INFO] [stderr]      Called from: [1]	/opt/rustwide/target/debug/build/whisper-rs-sys/ebf4f7ae8e7d7d59/out/whisper.cpp/ggml/src/CMakeLists.txt
[INFO] [stderr]   CMake Warning (dev) at src/CMakeLists.txt:106 (add_library):
[INFO] [stderr]     Policy CMP0156 is not set: De-duplicate libraries on link lines based on
[INFO] [stderr]     linker capabilities.  Run "cmake --help-policy CMP0156" for policy details.
[INFO] [stderr]     Use the cmake_policy command to set the policy and suppress this warning.
[INFO] [stderr] 
[INFO] [stderr]     Since the policy is not set, legacy libraries de-duplication strategy will
[INFO] [stderr]     be applied.
[INFO] [stderr]   This warning is for project developers.  Use -Wno-dev to suppress it.
[INFO] [stderr] 
[INFO] [stderr]      Called from: [1]	/opt/rustwide/target/debug/build/whisper-rs-sys/ebf4f7ae8e7d7d59/out/whisper.cpp/src/CMakeLists.txt
[INFO] [stderr]   running: cd "/opt/rustwide/target/debug/build/whisper-rs-sys/ebf4f7ae8e7d7d59/out/build" && LC_ALL="C" MAKEFLAGS="-j --jobserver-fds=4,5 --jobserver-auth=4,5" "cmake" "--build" "/opt/rustwide/target/debug/build/whisper-rs-sys/ebf4f7ae8e7d7d59/out/build" "--target" "install" "--config" "Release"
[INFO] [stderr]   c++: fatal error: Killed signal terminated program cc1plus
[INFO] [stderr]   compilation terminated.
[INFO] [stderr]   gmake[2]: *** [ggml/src/CMakeFiles/ggml-cpu.dir/build.make:152: ggml/src/CMakeFiles/ggml-cpu.dir/ggml-cpu/traits.cpp.o] Error 1
[INFO] [stderr]   gmake[2]: *** Waiting for unfinished jobs....
[INFO] [stderr]   c++: fatal error: Killed signal terminated program cc1plus
[INFO] [stderr]   compilation terminated.
[INFO] [stderr]   gmake[2]: *** [ggml/src/CMakeFiles/ggml-cpu.dir/build.make:236: ggml/src/CMakeFiles/ggml-cpu.dir/ggml-cpu/ops.cpp.o] Error 1
[INFO] [stderr]   c++: fatal error: Killed signal terminated program cc1plus
[INFO] [stderr]   compilation terminated.
[INFO] [stderr]   gmake[2]: *** [ggml/src/CMakeFiles/ggml-cpu.dir/build.make:180: ggml/src/CMakeFiles/ggml-cpu.dir/ggml-cpu/amx/mmq.cpp.o] Error 1
[INFO] [stderr]   c++: fatal error: Killed signal terminated program cc1plus
[INFO] [stderr]   compilation terminated.
[INFO] [stderr]   gmake[2]: *** [ggml/src/CMakeFiles/ggml-cpu.dir/build.make:264: ggml/src/CMakeFiles/ggml-cpu.dir/ggml-cpu/arch/x86/repack.cpp.o] Error 1
[INFO] [stderr]   c++: fatal error: Killed signal terminated program cc1plus
[INFO] [stderr]   compilation terminated.
[INFO] [stderr]   gmake[2]: *** [ggml/src/CMakeFiles/ggml-cpu.dir/build.make:96: ggml/src/CMakeFiles/ggml-cpu.dir/ggml-cpu/ggml-cpu.cpp.o] Error 1
[INFO] [stderr]   gmake[1]: *** [CMakeFiles/Makefile2:244: ggml/src/CMakeFiles/ggml-cpu.dir/all] Error 2
[INFO] [stderr]   gmake: *** [Makefile:139: all] Error 2
[INFO] [stderr] 
[INFO] [stderr]   thread 'main' (3407) panicked at /opt/rustwide/cargo-home/registry/src/index.crates.io-1949cf8c6b5b557f/cmake-0.1.58/src/lib.rs:1132:5:
[INFO] [stderr] 
[INFO] [stderr]   command did not execute successfully, got: exit status: 2
[INFO] [stderr] 
[INFO] [stderr]   build script failed, must exit now
[INFO] [stderr]   stack backtrace:
[INFO] [stderr]      0:     0x5d11249cb401 - std[3164a59e47d3bde]::backtrace_rs::backtrace::libunwind::trace
[INFO] [stderr]                                  at /rustc/3154cc1a3e6424e44f438a95007d043ed5ceaaf6/library/std/src/../../backtrace/src/backtrace/libunwind.rs:117:9
[INFO] [stderr]      1:     0x5d11249cb401 - std[3164a59e47d3bde]::backtrace_rs::backtrace::trace_unsynchronized::<std[3164a59e47d3bde]::sys::backtrace::_print_fmt::{closure#1}>
[INFO] [stderr]                                  at /rustc/3154cc1a3e6424e44f438a95007d043ed5ceaaf6/library/std/src/../../backtrace/src/backtrace/mod.rs:66:14
[INFO] [stderr]      2:     0x5d11249cb401 - std[3164a59e47d3bde]::sys::backtrace::_print_fmt
[INFO] [stderr]                                  at /rustc/3154cc1a3e6424e44f438a95007d043ed5ceaaf6/library/std/src/sys/backtrace.rs:74:9
[INFO] [stderr]      3:     0x5d11249cb401 - <<std[3164a59e47d3bde]::sys::backtrace::BacktraceLock>::print::DisplayBacktrace as core[934024a1e6126fb4]::fmt::Display>::fmt
[INFO] [stderr]                                  at /rustc/3154cc1a3e6424e44f438a95007d043ed5ceaaf6/library/std/src/sys/backtrace.rs:44:26
[INFO] [stderr]      4:     0x5d11249e364a - <core[934024a1e6126fb4]::fmt::rt::Argument>::fmt
[INFO] [stderr]                                  at /rustc/3154cc1a3e6424e44f438a95007d043ed5ceaaf6/library/core/src/fmt/rt.rs:152:76
[INFO] [stderr]      5:     0x5d11249e364a - core[934024a1e6126fb4]::fmt::write
[INFO] [stderr]      6:     0x5d11249d19cc - core[934024a1e6126fb4]::io::write::default_write_fmt::<std[3164a59e47d3bde]::sys::stdio::unix::Stderr>
[INFO] [stderr]                                  at /rustc/3154cc1a3e6424e44f438a95007d043ed5ceaaf6/library/core/src/io/write.rs:402:11
[INFO] [stderr]      7:     0x5d11249d19cc - <std[3164a59e47d3bde]::sys::stdio::unix::Stderr as core[934024a1e6126fb4]::io::write::Write>::write_fmt
[INFO] [stderr]                                  at /rustc/3154cc1a3e6424e44f438a95007d043ed5ceaaf6/library/core/src/io/write.rs:335:13
[INFO] [stderr]      8:     0x5d11249a4226 - <std[3164a59e47d3bde]::sys::backtrace::BacktraceLock>::print
[INFO] [stderr]                                  at /rustc/3154cc1a3e6424e44f438a95007d043ed5ceaaf6/library/std/src/sys/backtrace.rs:47:9
[INFO] [stderr]      9:     0x5d11249a4226 - std[3164a59e47d3bde]::panicking::default_hook::{closure#0}
[INFO] [stderr]                                  at /rustc/3154cc1a3e6424e44f438a95007d043ed5ceaaf6/library/std/src/panicking.rs:289:27
[INFO] [stderr]     10:     0x5d11249c2011 - std[3164a59e47d3bde]::panicking::default_hook
[INFO] [stderr]                                  at /rustc/3154cc1a3e6424e44f438a95007d043ed5ceaaf6/library/std/src/panicking.rs:316:9
[INFO] [stderr]     11:     0x5d11249c233b - std[3164a59e47d3bde]::panicking::panic_with_hook
[INFO] [stderr]                                  at /rustc/3154cc1a3e6424e44f438a95007d043ed5ceaaf6/library/std/src/panicking.rs:811:13
[INFO] [stderr]     12:     0x5d11249a42d2 - std[3164a59e47d3bde]::panicking::panic_handler::{closure#0}
[INFO] [stderr]                                  at /rustc/3154cc1a3e6424e44f438a95007d043ed5ceaaf6/library/std/src/panicking.rs:685:13
[INFO] [stderr]     13:     0x5d112499ce59 - std[3164a59e47d3bde]::sys::backtrace::__rust_end_short_backtrace::<std[3164a59e47d3bde]::panicking::panic_handler::{closure#0}, !>
[INFO] [stderr]                                  at /rustc/3154cc1a3e6424e44f438a95007d043ed5ceaaf6/library/std/src/sys/backtrace.rs:182:18
[INFO] [stderr]     14:     0x5d11249a4ecd - __rustc[2e7b49d4226056d3]::rust_begin_unwind
[INFO] [stderr]                                  at /rustc/3154cc1a3e6424e44f438a95007d043ed5ceaaf6/library/std/src/panicking.rs:676:5
[INFO] [stderr]     15:     0x5d11249e3eec - core[934024a1e6126fb4]::panicking::panic_fmt
[INFO] [stderr]                                  at /rustc/3154cc1a3e6424e44f438a95007d043ed5ceaaf6/library/core/src/panicking.rs:80:14
[INFO] [stderr]     16:     0x5d11244083d7 - cmake[8e7acf7e8525d726]::fail
[INFO] [stderr]     17:     0x5d1124408063 - cmake[8e7acf7e8525d726]::run
[INFO] [stderr]     18:     0x5d112440e065 - <cmake[8e7acf7e8525d726]::Config>::build
[INFO] [stderr]     19:     0x5d11243f58aa - build_script_build[5f52acdef2d28614]::main
[INFO] [stderr]     20:     0x5d11243f8ff3 - <fn() as core[934024a1e6126fb4]::ops::function::FnOnce<()>>::call_once
[INFO] [stderr]     21:     0x5d11243f3756 - std[3164a59e47d3bde]::sys::backtrace::__rust_begin_short_backtrace::<fn(), ()>
[INFO] [stderr]     22:     0x5d11243f38d9 - std[3164a59e47d3bde]::rt::lang_start::<()>::{closure#0}
[INFO] [stderr]     23:     0x5d11249c1308 - <&dyn core[934024a1e6126fb4]::ops::function::Fn<(), Output = i32> + core[934024a1e6126fb4]::marker::Sync + core[934024a1e6126fb4]::panic::unwind_safe::RefUnwindSafe as core[934024a1e6126fb4]::ops::function::FnOnce<()>>::call_once
[INFO] [stderr]                                  at /rustc/3154cc1a3e6424e44f438a95007d043ed5ceaaf6/library/core/src/ops/function.rs:287:21
[INFO] [stderr]     24:     0x5d11249c1308 - std[3164a59e47d3bde]::panicking::catch_unwind::do_call::<&dyn core[934024a1e6126fb4]::ops::function::Fn<(), Output = i32> + core[934024a1e6126fb4]::marker::Sync + core[934024a1e6126fb4]::panic::unwind_safe::RefUnwindSafe, i32>
[INFO] [stderr]                                  at /rustc/3154cc1a3e6424e44f438a95007d043ed5ceaaf6/library/std/src/panicking.rs:573:43
[INFO] [stderr]     25:     0x5d11249c1308 - std[3164a59e47d3bde]::panicking::catch_unwind::<i32, &dyn core[934024a1e6126fb4]::ops::function::Fn<(), Output = i32> + core[934024a1e6126fb4]::marker::Sync + core[934024a1e6126fb4]::panic::unwind_safe::RefUnwindSafe>
[INFO] [stderr]                                  at /rustc/3154cc1a3e6424e44f438a95007d043ed5ceaaf6/library/std/src/panicking.rs:541:19
[INFO] [stderr]     26:     0x5d11249c1308 - std[3164a59e47d3bde]::panic::catch_unwind::<&dyn core[934024a1e6126fb4]::ops::function::Fn<(), Output = i32> + core[934024a1e6126fb4]::marker::Sync + core[934024a1e6126fb4]::panic::unwind_safe::RefUnwindSafe, i32>
[INFO] [stderr]                                  at /rustc/3154cc1a3e6424e44f438a95007d043ed5ceaaf6/library/std/src/panic.rs:359:14
[INFO] [stderr]     27:     0x5d11249c1308 - std[3164a59e47d3bde]::rt::lang_start_internal::{closure#0}
[INFO] [stderr]                                  at /rustc/3154cc1a3e6424e44f438a95007d043ed5ceaaf6/library/std/src/rt.rs:175:24
[INFO] [stderr]     28:     0x5d11249c1308 - std[3164a59e47d3bde]::panicking::catch_unwind::do_call::<std[3164a59e47d3bde]::rt::lang_start_internal::{closure#0}, isize>
[INFO] [stderr]                                  at /rustc/3154cc1a3e6424e44f438a95007d043ed5ceaaf6/library/std/src/panicking.rs:573:43
[INFO] [stderr]     29:     0x5d11249c1308 - std[3164a59e47d3bde]::panicking::catch_unwind::<isize, std[3164a59e47d3bde]::rt::lang_start_internal::{closure#0}>
[INFO] [stderr]                                  at /rustc/3154cc1a3e6424e44f438a95007d043ed5ceaaf6/library/std/src/panicking.rs:541:19
[INFO] [stderr]     30:     0x5d11249c1308 - std[3164a59e47d3bde]::panic::catch_unwind::<std[3164a59e47d3bde]::rt::lang_start_internal::{closure#0}, isize>
[INFO] [stderr]                                  at /rustc/3154cc1a3e6424e44f438a95007d043ed5ceaaf6/library/std/src/panic.rs:359:14
[INFO] [stderr]     31:     0x5d11249c1308 - std[3164a59e47d3bde]::rt::lang_start_internal
[INFO] [stderr]                                  at /rustc/3154cc1a3e6424e44f438a95007d043ed5ceaaf6/library/std/src/rt.rs:171:5
[INFO] [stderr]     32:     0x5d11243f3361 - std[3164a59e47d3bde]::rt::lang_start::<()>
[INFO] [stderr]     33:     0x5d11243f9335 - main
[INFO] [stderr]     34:     0x750c27106601 - <unknown>
[INFO] [stderr]     35:     0x750c27106718 - __libc_start_main
[INFO] [stderr]     36:     0x5d11243ed0a5 - _start
[INFO] [stderr]     37:                0x0 - <unknown>
[INFO] running `Command { std: "docker" "inspect" "7ffd6b54ae2fe857e7ee7520c2709277dcda177e1f3ec2461b9e89a2a51a1616", kill_on_drop: false }`
[INFO] running `Command { std: "docker" "rm" "-f" "7ffd6b54ae2fe857e7ee7520c2709277dcda177e1f3ec2461b9e89a2a51a1616", kill_on_drop: false }`
[INFO] [stdout] 7ffd6b54ae2fe857e7ee7520c2709277dcda177e1f3ec2461b9e89a2a51a1616
