[INFO] cloning repository https://github.com/RinLogs/nv-maxine-vst3
[INFO] running `Command { std: "git" "-c" "credential.helper=" "-c" "credential.helper=/workspace/cargo-home/bin/git-credential-null" "clone" "--bare" "https://github.com/RinLogs/nv-maxine-vst3" "/workspace/cache/git-repos/https%3A%2F%2Fgithub.com%2FRinLogs%2Fnv-maxine-vst3", kill_on_drop: false }`
[INFO] [stderr] Cloning into bare repository '/workspace/cache/git-repos/https%3A%2F%2Fgithub.com%2FRinLogs%2Fnv-maxine-vst3'...
[INFO] running `Command { std: "git" "rev-parse" "HEAD", kill_on_drop: false }`
[INFO] [stdout] 286a658e2e76bac044eb993f057db53701419d77
[INFO] checking RinLogs/nv-maxine-vst3 against 3154cc1a3e6424e44f438a95007d043ed5ceaaf6+rustflags=-Znext-solver=coherence for pr-133502-30
[INFO] running `Command { std: "git" "clone" "/workspace/cache/git-repos/https%3A%2F%2Fgithub.com%2FRinLogs%2Fnv-maxine-vst3" "/workspace/builds/worker-0-tc1/source", kill_on_drop: false }`
[INFO] [stderr] Cloning into '/workspace/builds/worker-0-tc1/source'...
[INFO] [stderr] done.
[INFO] started tweaking git repo https://github.com/RinLogs/nv-maxine-vst3
[INFO] finished tweaking git repo https://github.com/RinLogs/nv-maxine-vst3
[INFO] tweaked toml for git repo https://github.com/RinLogs/nv-maxine-vst3 written to /workspace/builds/worker-0-tc1/source/Cargo.toml
[INFO] validating manifest of git repo https://github.com/RinLogs/nv-maxine-vst3 on toolchain 3154cc1a3e6424e44f438a95007d043ed5ceaaf6
[INFO] running `Command { std: CARGO_HOME="/workspace/cargo-home" RUSTUP_HOME="/workspace/rustup-home" "/workspace/cargo-home/bin/cargo" "+3154cc1a3e6424e44f438a95007d043ed5ceaaf6" "metadata" "--manifest-path" "Cargo.toml" "--no-deps", kill_on_drop: false }`
[INFO] crate git repo https://github.com/RinLogs/nv-maxine-vst3 already has a lockfile, it will not be regenerated
[INFO] running `Command { std: CARGO_HOME="/workspace/cargo-home" RUSTUP_HOME="/workspace/rustup-home" "/workspace/cargo-home/bin/cargo" "+3154cc1a3e6424e44f438a95007d043ed5ceaaf6" "fetch" "--manifest-path" "Cargo.toml", kill_on_drop: false }`
[INFO] [stderr]     Updating git repository `https://github.com/robbert-vdh/nih-plug.git`
[INFO] [stderr]     Updating crates.io index
[INFO] [stderr]     Updating git repository `https://github.com/robbert-vdh/rust-assert-no-alloc.git`
[INFO] [stderr]     Updating git repository `https://github.com/micahrj/clap-sys.git`
[INFO] [stderr]     Updating git repository `https://github.com/robbert-vdh/vst3-sys.git`
[INFO] [stderr]     Updating git repository `https://github.com/RustAudio/baseview.git`
[INFO] [stderr]     Updating git repository `https://github.com/BillyDM/egui-baseview.git`
[INFO] [stderr]  Downloading crates ...
[INFO] [stderr]   Downloaded nih_log v0.3.1
[INFO] [stderr]   Downloaded midi-consts v0.1.0
[INFO] [stderr]   Downloaded atomic_refcell v0.1.14
[INFO] [stderr]   Downloaded crossbeam v0.8.4
[INFO] [stderr]   Downloaded atomic_float v0.1.0
[INFO] [stderr]   Downloaded anymap3 v1.1.0
[INFO] [stderr]   Downloaded keyboard-types v0.6.2
[INFO] [stderr]   Downloaded cocoa v0.24.1
[INFO] [stderr]   Downloaded windows v0.44.0
[INFO] running `Command { std: "docker" "create" "-v" "/var/lib/crater-agent-workspace/builds/worker-0-tc1/source:/opt/rustwide/workdir:ro,Z" "-v" "/var/lib/crater-agent-workspace/builds/worker-0-tc1/target:/opt/rustwide/target:rw,Z" "-v" "/var/lib/crater-agent-workspace/cargo-home:/opt/rustwide/cargo-home:ro,Z" "-v" "/var/lib/crater-agent-workspace/rustup-home:/opt/rustwide/rustup-home:ro,Z" "-m" "1610612736" "--network" "none" "ghcr.io/rust-lang/crates-build-env/linux@sha256:77db811e55d90add9212f6832c23229e3de5f1c1f9905e8cb07319ea15df73ac" "sleep" "infinity", kill_on_drop: false }`
[INFO] [stdout] c4858c778b68428c7e939c9c68fb75c3a18f37f462bc35c10bd80f01795ff112
[INFO] running `Command { std: "docker" "start" "c4858c778b68428c7e939c9c68fb75c3a18f37f462bc35c10bd80f01795ff112", kill_on_drop: false }`
[INFO] running `Command { std: "docker" "inspect" "c4858c778b68428c7e939c9c68fb75c3a18f37f462bc35c10bd80f01795ff112", kill_on_drop: false }`
[INFO] running `Command { std: "docker" "exec" "-e" "SOURCE_DIR=/opt/rustwide/workdir" "-e" "CARGO_HOME=/opt/rustwide/cargo-home" "-e" "RUSTUP_HOME=/opt/rustwide/rustup-home" "-e" "CARGO_TARGET_DIR=/opt/rustwide/target" "-w" "/opt/rustwide/workdir" "--user" "0:0" "c4858c778b68428c7e939c9c68fb75c3a18f37f462bc35c10bd80f01795ff112" "/opt/rustwide/cargo-home/bin/cargo" "+3154cc1a3e6424e44f438a95007d043ed5ceaaf6" "metadata" "--no-deps" "--format-version=1", kill_on_drop: false }`
[INFO] running `Command { std: "docker" "inspect" "c4858c778b68428c7e939c9c68fb75c3a18f37f462bc35c10bd80f01795ff112", kill_on_drop: false }`
[INFO] running `Command { std: "docker" "exec" "-e" "SOURCE_DIR=/opt/rustwide/workdir" "-e" "CARGO_HOME=/opt/rustwide/cargo-home" "-e" "RUSTUP_HOME=/opt/rustwide/rustup-home" "-e" "CARGO_TARGET_DIR=/opt/rustwide/target" "-e" "CARGO_INCREMENTAL=0" "-e" "RUST_BACKTRACE=full" "-e" "RUSTFLAGS=--cap-lints=forbid -Znext-solver=coherence" "-e" "RUSTDOCFLAGS=--cap-lints=forbid" "-w" "/opt/rustwide/workdir" "--user" "0:0" "c4858c778b68428c7e939c9c68fb75c3a18f37f462bc35c10bd80f01795ff112" "/opt/rustwide/cargo-home/bin/cargo" "+3154cc1a3e6424e44f438a95007d043ed5ceaaf6" "check" "--frozen" "--all" "--all-targets" "--message-format=json", kill_on_drop: false }`
[INFO] [stderr]    Compiling libc v0.2.189
[INFO] [stderr]    Compiling syn v1.0.109
[INFO] [stderr]    Compiling rustix v1.1.4
[INFO] [stderr]    Compiling crossbeam-utils v0.8.22
[INFO] [stderr]     Checking linux-raw-sys v0.12.1
[INFO] [stderr]     Checking smallvec v1.15.2
[INFO] [stderr]    Compiling ahash v0.8.12
[INFO] [stderr]     Checking ttf-parser v0.25.1
[INFO] [stderr]    Compiling memoffset v0.6.5
[INFO] [stderr]    Compiling object v0.37.3
[INFO] [stderr]    Compiling zerocopy v0.8.56
[INFO] [stderr]     Checking log v0.4.33
[INFO] [stderr]    Compiling crossbeam-epoch v0.9.20
[INFO] [stderr]     Checking bitflags v1.3.2
[INFO] [stderr]     Checking x11rb-protocol v0.13.2
[INFO] [stderr]    Compiling syn v3.0.3
[INFO] [stderr]     Checking ab_glyph_rasterizer v0.1.10
[INFO] [stderr]     Checking xcursor v0.3.11
[INFO] [stderr]     Checking as-raw-xcb-connection v1.0.1
[INFO] [stderr]    Compiling pkg-config v0.3.34
[INFO] [stderr]    Compiling serde_core v1.0.229
[INFO] [stderr]    Compiling memoffset v0.9.1
[INFO] [stderr]     Checking adler2 v2.0.1
[INFO] [stderr]     Checking epaint_default_fonts v0.31.1
[INFO] [stderr]     Checking gimli v0.32.3
[INFO] [stderr]     Checking profiling v1.0.18
[INFO] [stderr]    Compiling crossbeam-deque v0.8.7
[INFO] [stderr]     Checking nohash-hasher v0.2.0
[INFO] [stderr]    Compiling time-core v0.1.9
[INFO] [stderr]    Compiling num-conv v0.2.2
[INFO] [stderr]     Checking miniz_oxide v0.8.9
[INFO] [stderr]     Checking is-docker v0.2.0
[INFO] [stderr]    Compiling thiserror v2.0.20
[INFO] [stderr]    Compiling time-macros v0.2.32
[INFO] [stderr]     Checking raw-window-handle v0.5.2
[INFO] [stderr]    Compiling x11 v2.21.0
[INFO] [stderr]     Checking rustc-demangle v0.1.28
[INFO] [stderr]    Compiling serde_json v1.0.151
[INFO] [stderr]     Checking deranged v0.5.8
[INFO] [stderr]     Checking crossbeam-queue v0.3.13
[INFO] [stderr]     Checking crossbeam-channel v0.5.16
[INFO] [stderr]     Checking is-wsl v0.4.0
[INFO] [stderr]     Checking keyboard-types v0.6.2
[INFO] [stderr]     Checking glow v0.16.0
[INFO] [stderr]     Checking termcolor v1.4.1
[INFO] [stderr]     Checking clap-sys v0.5.0 (https://github.com/micahrj/clap-sys.git?rev=25d7f53fdb6363ad63fbd80049cb7a42a97ac156#25d7f53f)
[INFO] [stderr]     Checking midi-consts v0.1.0
[INFO] [stderr]     Checking atomic_refcell v0.1.14
[INFO] [stderr]     Checking crossbeam v0.8.4
[INFO] [stderr]     Checking anymap3 v1.1.0
[INFO] [stderr]     Checking atomic_float v0.1.0
[INFO] [stderr]     Checking widestring v1.2.1
[INFO] [stderr]     Checking libloading v0.8.9
[INFO] [stderr]    Compiling bytemuck_derive v1.12.0
[INFO] [stderr]    Compiling serde_derive v1.0.229
[INFO] [stderr]    Compiling thiserror-impl v2.0.20
[INFO] [stderr]     Checking parking_lot_core v0.9.12
[INFO] [stderr]     Checking time v0.3.55
[INFO] [stderr]     Checking nix v0.22.3
[INFO] [stderr]     Checking parking_lot v0.12.5
[INFO] [stderr]     Checking atty v0.2.14
[INFO] [stderr]     Checking owned_ttf_parser v0.25.1
[INFO] [stderr]     Checking open v5.4.1
[INFO] [stderr]     Checking ab_glyph v0.2.32
[INFO] [stderr]     Checking addr2line v0.25.1
[INFO] [stderr]     Checking bytemuck v1.25.2
[INFO] [stderr]     Checking emath v0.31.1
[INFO] [stderr]     Checking ecolor v0.31.1
[INFO] [stderr]     Checking nih_log v0.3.1
[INFO] [stderr]    Compiling vst3-com-macros-support v0.2.0 (https://github.com/robbert-vdh/vst3-sys.git?branch=fix%2Fdrop-box-from-raw#b3ff4d77)
[INFO] [stderr]     Checking backtrace v0.3.76
[INFO] [stderr]    Compiling nih_plug_derive v0.1.0 (https://github.com/robbert-vdh/nih-plug.git#f36931f7)
[INFO] [stderr]     Checking assert_no_alloc v1.1.2 (https://github.com/robbert-vdh/rust-assert-no-alloc.git?branch=feature%2Fnested-permit-forbid#a6fb4f62)
[INFO] [stderr]     Checking serde v1.0.229
[INFO] [stderr]    Compiling vst3-com-macros v0.2.0 (https://github.com/robbert-vdh/vst3-sys.git?branch=fix%2Fdrop-box-from-raw#b3ff4d77)
[INFO] [stderr]     Checking epaint v0.31.1
[INFO] [stderr]     Checking vst3-com v0.1.0 (https://github.com/robbert-vdh/vst3-sys.git?branch=fix%2Fdrop-box-from-raw#b3ff4d77)
[INFO] [stderr]     Checking vst3-sys v0.1.0 (https://github.com/robbert-vdh/vst3-sys.git?branch=fix%2Fdrop-box-from-raw#b3ff4d77)
[INFO] [stderr]     Checking gethostname v1.1.0
[INFO] [stderr]     Checking x11rb v0.13.2
[INFO] [stderr]     Checking nih_plug v0.0.0 (https://github.com/robbert-vdh/nih-plug.git#f36931f7)
[INFO] [stderr]     Checking egui v0.31.1
[INFO] [stderr]     Checking x11-clipboard v0.9.3
[INFO] [stderr]     Checking baseview v0.1.0 (https://github.com/RustAudio/baseview.git?rev=9a0b42c09d712777b2edb4c5e0cb6baf21e988f0#9a0b42c0)
[INFO] [stderr]     Checking copypasta v0.10.2
[INFO] [stderr]     Checking egui_glow v0.31.1
[INFO] [stderr]     Checking egui-baseview v0.5.0 (https://github.com/BillyDM/egui-baseview.git?rev=ec70c3fe6b2f070dcacbc22924431edbe24bd1c0#ec70c3fe)
[INFO] [stderr]     Checking nih_plug_egui v0.0.0 (https://github.com/robbert-vdh/nih-plug.git#f36931f7)
[INFO] [stderr]     Checking nv_audio_fx_vst v1.0.0 (/opt/rustwide/workdir)
[INFO] [stdout] error[E0433]: cannot find `windows` in `os`
[INFO] [stdout]  --> src/loader.rs:6:14
[INFO] [stdout]   |
[INFO] [stdout] 6 | use std::os::windows::ffi::OsStrExt;
[INFO] [stdout]   |              ^^^^^^^ could not find `windows` in `os`
[INFO] [stdout]   |
[INFO] [stdout] note: found an item that was configured out
[INFO] [stdout]  --> /rustc/3154cc1a3e6424e44f438a95007d043ed5ceaaf6/library/std/src/os/mod.rs:62:4
[INFO] [stdout]   |
[INFO] [stdout]   = note: the item is gated behind the `windows` feature
[INFO] [stdout] 
[INFO] [stdout] 
[INFO] [stdout] error[E0433]: cannot find `windows` in `os`
[INFO] [stdout]  --> src/loader.rs:6:14
[INFO] [stdout]   |
[INFO] [stdout] 6 | use std::os::windows::ffi::OsStrExt;
[INFO] [stdout]   |              ^^^^^^^ could not find `windows` in `os`
[INFO] [stdout]   |
[INFO] [stdout] note: found an item that was configured out
[INFO] [stdout]  --> /rustc/3154cc1a3e6424e44f438a95007d043ed5ceaaf6/library/std/src/os/mod.rs:62:4
[INFO] [stdout]   |
[INFO] [stdout]   = note: the item is gated behind the `windows` feature
[INFO] [stdout] 
[INFO] [stdout] 
[INFO] [stdout] warning: trailing semicolon in macro used in expression position
[INFO] [stdout]    --> src/lib.rs:455:1
[INFO] [stdout]     |
[INFO] [stdout] 455 | nih_export_vst3!(NvAudioFxPlugin);
[INFO] [stdout]     | ^^^^^^^^^^^^^^^^^^^^^^^^^^^^^^^^^
[INFO] [stdout]     |
[INFO] [stdout]     = warning: this was previously accepted by the compiler but is being phased out; it will become a hard error in a future release!
[INFO] [stdout]     = note: for more information, see issue #79813 <https://github.com/rust-lang/rust/issues/79813>
[INFO] [stdout]     = note: `#[warn(semicolon_in_expressions_from_non_local_macros)]` (part of `#[warn(future_incompatible)]`) on by default
[INFO] [stdout]     = note: this warning originates in the macro `vst3_com::vtable` which comes from the expansion of the macro `nih_export_vst3` (in Nightly builds, run with -Z macro-backtrace for more info)
[INFO] [stdout] 
[INFO] [stdout] 
[INFO] [stdout] warning: trailing semicolon in macro used in expression position
[INFO] [stdout]    --> src/lib.rs:455:1
[INFO] [stdout]     |
[INFO] [stdout] 455 | nih_export_vst3!(NvAudioFxPlugin);
[INFO] [stdout]     | ^^^^^^^^^^^^^^^^^^^^^^^^^^^^^^^^^
[INFO] [stdout]     |
[INFO] [stdout]     = warning: this was previously accepted by the compiler but is being phased out; it will become a hard error in a future release!
[INFO] [stdout]     = note: for more information, see issue #79813 <https://github.com/rust-lang/rust/issues/79813>
[INFO] [stdout]     = note: this warning originates in the macro `vst3_com::vtable` which comes from the expansion of the macro `nih_export_vst3` (in Nightly builds, run with -Z macro-backtrace for more info)
[INFO] [stdout] 
[INFO] [stdout] 
[INFO] [stdout] warning: trailing semicolon in macro used in expression position
[INFO] [stdout]    --> src/lib.rs:455:1
[INFO] [stdout]     |
[INFO] [stdout] 455 | nih_export_vst3!(NvAudioFxPlugin);
[INFO] [stdout]     | ^^^^^^^^^^^^^^^^^^^^^^^^^^^^^^^^^
[INFO] [stdout]     |
[INFO] [stdout]     = warning: this was previously accepted by the compiler but is being phased out; it will become a hard error in a future release!
[INFO] [stdout]     = note: for more information, see issue #79813 <https://github.com/rust-lang/rust/issues/79813>
[INFO] [stdout]     = note: `#[warn(semicolon_in_expressions_from_non_local_macros)]` (part of `#[warn(future_incompatible)]`) on by default
[INFO] [stdout]     = note: this warning originates in the macro `vst3_com::vtable` which comes from the expansion of the macro `nih_export_vst3` (in Nightly builds, run with -Z macro-backtrace for more info)
[INFO] [stdout] 
[INFO] [stdout] 
[INFO] [stdout] warning: trailing semicolon in macro used in expression position
[INFO] [stdout]    --> src/lib.rs:455:1
[INFO] [stdout]     |
[INFO] [stdout] 455 | nih_export_vst3!(NvAudioFxPlugin);
[INFO] [stdout]     | ^^^^^^^^^^^^^^^^^^^^^^^^^^^^^^^^^
[INFO] [stdout]     |
[INFO] [stdout]     = warning: this was previously accepted by the compiler but is being phased out; it will become a hard error in a future release!
[INFO] [stdout]     = note: for more information, see issue #79813 <https://github.com/rust-lang/rust/issues/79813>
[INFO] [stdout]     = note: this warning originates in the macro `vst3_com::vtable` which comes from the expansion of the macro `nih_export_vst3` (in Nightly builds, run with -Z macro-backtrace for more info)
[INFO] [stdout] 
[INFO] [stdout] 
[INFO] [stdout] warning: trailing semicolon in macro used in expression position
[INFO] [stdout]    --> src/lib.rs:455:1
[INFO] [stdout]     |
[INFO] [stdout] 455 | nih_export_vst3!(NvAudioFxPlugin);
[INFO] [stdout]     | ^^^^^^^^^^^^^^^^^^^^^^^^^^^^^^^^^
[INFO] [stdout]     |
[INFO] [stdout]     = warning: this was previously accepted by the compiler but is being phased out; it will become a hard error in a future release!
[INFO] [stdout]     = note: for more information, see issue #79813 <https://github.com/rust-lang/rust/issues/79813>
[INFO] [stdout]     = note: this warning originates in the macro `vst3_com::vtable` which comes from the expansion of the macro `nih_export_vst3` (in Nightly builds, run with -Z macro-backtrace for more info)
[INFO] [stdout] 
[INFO] [stdout] 
[INFO] [stdout] warning: trailing semicolon in macro used in expression position
[INFO] [stdout]    --> src/lib.rs:455:1
[INFO] [stdout]     |
[INFO] [stdout] 455 | nih_export_vst3!(NvAudioFxPlugin);
[INFO] [stdout]     | ^^^^^^^^^^^^^^^^^^^^^^^^^^^^^^^^^
[INFO] [stdout]     |
[INFO] [stdout]     = warning: this was previously accepted by the compiler but is being phased out; it will become a hard error in a future release!
[INFO] [stdout]     = note: for more information, see issue #79813 <https://github.com/rust-lang/rust/issues/79813>
[INFO] [stdout]     = note: this warning originates in the macro `vst3_com::vtable` which comes from the expansion of the macro `nih_export_vst3` (in Nightly builds, run with -Z macro-backtrace for more info)
[INFO] [stdout] 
[INFO] [stdout] 
[INFO] [stdout] error[E0599]: no method named `encode_wide` found for reference `&OsStr` in the current scope
[INFO] [stdout]   --> src/loader.rs:36:58
[INFO] [stdout]    |
[INFO] [stdout] 36 |             let mut wide_dir: Vec<u16> = OsStr::new(dir).encode_wide().collect();
[INFO] [stdout]    |                                                          ^^^^^^^^^^^ method not found in `&OsStr`
[INFO] [stdout] 
[INFO] [stdout] 
[INFO] [stdout] error[E0599]: no method named `encode_wide` found for reference `&OsStr` in the current scope
[INFO] [stdout]   --> src/loader.rs:36:58
[INFO] [stdout]    |
[INFO] [stdout] 36 |             let mut wide_dir: Vec<u16> = OsStr::new(dir).encode_wide().collect();
[INFO] [stdout]    |                                                          ^^^^^^^^^^^ method not found in `&OsStr`
[INFO] [stdout] 
[INFO] [stdout] 
[INFO] [stdout] warning: use of deprecated associated function `nih_plug_egui::egui::Frame::none`: Use `Frame::NONE` or `Frame::new()` instead.
[INFO] [stdout]    --> src/lib.rs:147:41
[INFO] [stdout]     |
[INFO] [stdout] 147 |                     .frame(egui::Frame::none().fill(BG_DARK).inner_margin(20.0))
[INFO] [stdout]     |                                         ^^^^
[INFO] [stdout]     |
[INFO] [stdout]     = note: `#[warn(deprecated)]` on by default
[INFO] [stdout] 
[INFO] [stdout] 
[INFO] [stdout] warning: use of deprecated associated function `nih_plug_egui::egui::Frame::none`: Use `Frame::NONE` or `Frame::new()` instead.
[INFO] [stdout]    --> src/lib.rs:147:41
[INFO] [stdout]     |
[INFO] [stdout] 147 |                     .frame(egui::Frame::none().fill(BG_DARK).inner_margin(20.0))
[INFO] [stdout]     |                                         ^^^^
[INFO] [stdout]     |
[INFO] [stdout]     = note: `#[warn(deprecated)]` on by default
[INFO] [stdout] 
[INFO] [stdout] 
[INFO] [stdout] warning: use of deprecated associated function `nih_plug_egui::egui::Frame::none`: Use `Frame::NONE` or `Frame::new()` instead.
[INFO] [stdout]    --> src/lib.rs:159:38
[INFO] [stdout]     |
[INFO] [stdout] 159 |                         egui::Frame::none()
[INFO] [stdout]     |                                      ^^^^
[INFO] [stdout] 
[INFO] [stdout] 
[INFO] [stdout] warning: use of deprecated method `nih_plug_egui::egui::Frame::rounding`: Renamed to `corner_radius`
[INFO] [stdout]    --> src/lib.rs:162:30
[INFO] [stdout]     |
[INFO] [stdout] 162 | ...                   .rounding(10.0)
[INFO] [stdout]     |                        ^^^^^^^^
[INFO] [stdout] 
[INFO] [stdout] 
[INFO] [stdout] warning: use of deprecated associated function `nih_plug_egui::egui::Frame::none`: Use `Frame::NONE` or `Frame::new()` instead.
[INFO] [stdout]    --> src/lib.rs:159:38
[INFO] [stdout]     |
[INFO] [stdout] 159 |                         egui::Frame::none()
[INFO] [stdout]     |                                      ^^^^
[INFO] [stdout] 
[INFO] [stdout] 
[INFO] [stdout] warning: use of deprecated method `nih_plug_egui::egui::Frame::rounding`: Renamed to `corner_radius`
[INFO] [stdout]    --> src/lib.rs:162:30
[INFO] [stdout]     |
[INFO] [stdout] 162 | ...                   .rounding(10.0)
[INFO] [stdout]     |                        ^^^^^^^^
[INFO] [stdout] 
[INFO] [stdout] 
[INFO] [stdout] warning: use of deprecated method `nih_plug_egui::egui::Button::<'a>::rounding`: Renamed to `corner_radius`
[INFO] [stdout]    --> src/lib.rs:220:34
[INFO] [stdout]     |
[INFO] [stdout] 220 | ...                   .rounding(8.0)
[INFO] [stdout]     |                        ^^^^^^^^
[INFO] [stdout] 
[INFO] [stdout] 
[INFO] [stdout] warning: use of deprecated associated function `nih_plug_egui::egui::Frame::none`: Use `Frame::NONE` or `Frame::new()` instead.
[INFO] [stdout]    --> src/lib.rs:232:38
[INFO] [stdout]     |
[INFO] [stdout] 232 |                         egui::Frame::none()
[INFO] [stdout]     |                                      ^^^^
[INFO] [stdout] 
[INFO] [stdout] 
[INFO] [stdout] warning: use of deprecated method `nih_plug_egui::egui::Button::<'a>::rounding`: Renamed to `corner_radius`
[INFO] [stdout]    --> src/lib.rs:220:34
[INFO] [stdout]     |
[INFO] [stdout] 220 | ...                   .rounding(8.0)
[INFO] [stdout]     |                        ^^^^^^^^
[INFO] [stdout] 
[INFO] [stdout] 
[INFO] [stdout] warning: use of deprecated associated function `nih_plug_egui::egui::Frame::none`: Use `Frame::NONE` or `Frame::new()` instead.
[INFO] [stdout]    --> src/lib.rs:232:38
[INFO] [stdout]     |
[INFO] [stdout] 232 |                         egui::Frame::none()
[INFO] [stdout]     |                                      ^^^^
[INFO] [stdout] 
[INFO] [stdout] 
[INFO] [stdout] warning: use of deprecated method `nih_plug_egui::egui::Frame::rounding`: Renamed to `corner_radius`
[INFO] [stdout]    --> src/lib.rs:235:30
[INFO] [stdout]     |
[INFO] [stdout] 235 | ...                   .rounding(10.0)
[INFO] [stdout]     |                        ^^^^^^^^
[INFO] [stdout] 
[INFO] [stdout] 
[INFO] [stdout] warning: use of deprecated method `nih_plug_egui::egui::Frame::rounding`: Renamed to `corner_radius`
[INFO] [stdout]    --> src/lib.rs:235:30
[INFO] [stdout]     |
[INFO] [stdout] 235 | ...                   .rounding(10.0)
[INFO] [stdout]     |                        ^^^^^^^^
[INFO] [stdout] 
[INFO] [stdout] 
[INFO] [stdout] warning: falling back to `f32` as the trait bound `f32: From<f64>` is not satisfied
[INFO] [stdout]    --> src/lib.rs:161:55
[INFO] [stdout]     |
[INFO] [stdout] 161 | ...                   .stroke(egui::Stroke::new(1.0, CARD_BORDER))
[INFO] [stdout]     |                                                 ^^^ help: explicitly specify the type as `f32`: `1.0_f32`
[INFO] [stdout]     |
[INFO] [stdout]     = warning: this was previously accepted by the compiler but is being phased out; it will become a hard error in a future release!
[INFO] [stdout]     = note: for more information, see issue #154024 <https://github.com/rust-lang/rust/issues/154024>
[INFO] [stdout]     = note: `#[warn(float_literal_f32_fallback)]` (part of `#[warn(future_incompatible)]`) on by default
[INFO] [stdout] 
[INFO] [stdout] 
[INFO] [stdout] warning: falling back to `f32` as the trait bound `f32: From<f64>` is not satisfied
[INFO] [stdout]    --> src/lib.rs:219:59
[INFO] [stdout]     |
[INFO] [stdout] 219 | ...                   .stroke(egui::Stroke::new(1.2, if is_active { NV_GREEN } else { CARD_BORDER }))
[INFO] [stdout]     |                                                 ^^^ help: explicitly specify the type as `f32`: `1.2_f32`
[INFO] [stdout]     |
[INFO] [stdout]     = warning: this was previously accepted by the compiler but is being phased out; it will become a hard error in a future release!
[INFO] [stdout]     = note: for more information, see issue #154024 <https://github.com/rust-lang/rust/issues/154024>
[INFO] [stdout] 
[INFO] [stdout] 
[INFO] [stdout] warning: falling back to `f32` as the trait bound `f32: From<f64>` is not satisfied
[INFO] [stdout]    --> src/lib.rs:234:55
[INFO] [stdout]     |
[INFO] [stdout] 234 | ...                   .stroke(egui::Stroke::new(1.0, CARD_BORDER))
[INFO] [stdout]     |                                                 ^^^ help: explicitly specify the type as `f32`: `1.0_f32`
[INFO] [stdout]     |
[INFO] [stdout]     = warning: this was previously accepted by the compiler but is being phased out; it will become a hard error in a future release!
[INFO] [stdout]     = note: for more information, see issue #154024 <https://github.com/rust-lang/rust/issues/154024>
[INFO] [stdout] 
[INFO] [stdout] 
[INFO] [stdout] warning: falling back to `f32` as the trait bound `f32: From<f64>` is not satisfied
[INFO] [stdout]    --> src/lib.rs:161:55
[INFO] [stdout]     |
[INFO] [stdout] 161 | ...                   .stroke(egui::Stroke::new(1.0, CARD_BORDER))
[INFO] [stdout]     |                                                 ^^^ help: explicitly specify the type as `f32`: `1.0_f32`
[INFO] [stdout]     |
[INFO] [stdout]     = warning: this was previously accepted by the compiler but is being phased out; it will become a hard error in a future release!
[INFO] [stdout]     = note: for more information, see issue #154024 <https://github.com/rust-lang/rust/issues/154024>
[INFO] [stdout]     = note: `#[warn(float_literal_f32_fallback)]` (part of `#[warn(future_incompatible)]`) on by default
[INFO] [stdout] 
[INFO] [stdout] 
[INFO] [stdout] warning: falling back to `f32` as the trait bound `f32: From<f64>` is not satisfied
[INFO] [stdout]    --> src/lib.rs:219:59
[INFO] [stdout]     |
[INFO] [stdout] 219 | ...                   .stroke(egui::Stroke::new(1.2, if is_active { NV_GREEN } else { CARD_BORDER }))
[INFO] [stdout]     |                                                 ^^^ help: explicitly specify the type as `f32`: `1.2_f32`
[INFO] [stdout]     |
[INFO] [stdout]     = warning: this was previously accepted by the compiler but is being phased out; it will become a hard error in a future release!
[INFO] [stdout]     = note: for more information, see issue #154024 <https://github.com/rust-lang/rust/issues/154024>
[INFO] [stdout] 
[INFO] [stdout] 
[INFO] [stdout] warning: falling back to `f32` as the trait bound `f32: From<f64>` is not satisfied
[INFO] [stdout]    --> src/lib.rs:234:55
[INFO] [stdout]     |
[INFO] [stdout] 234 | ...                   .stroke(egui::Stroke::new(1.0, CARD_BORDER))
[INFO] [stdout]     |                                                 ^^^ help: explicitly specify the type as `f32`: `1.0_f32`
[INFO] [stdout]     |
[INFO] [stdout]     = warning: this was previously accepted by the compiler but is being phased out; it will become a hard error in a future release!
[INFO] [stdout]     = note: for more information, see issue #154024 <https://github.com/rust-lang/rust/issues/154024>
[INFO] [stdout] 
[INFO] [stdout] 
[INFO] [stdout] Some errors have detailed explanations: E0433, E0599.
[INFO] [stdout] 
[INFO] [stdout] For more information about an error, try `rustc --explain E0433`.
[INFO] [stdout] 
[INFO] [stdout] Some errors have detailed explanations: E0433, E0599.
[INFO] [stdout] 
[INFO] [stdout] For more information about an error, try `rustc --explain E0433`.
[INFO] [stdout] 
[INFO] [stderr] error: could not compile `nv_audio_fx_vst` (lib) due to 2 previous errors; 12 warnings emitted
[INFO] [stderr] warning: build failed, waiting for other jobs to finish...
[INFO] [stderr] error: could not compile `nv_audio_fx_vst` (lib test) due to 2 previous errors; 12 warnings emitted
[INFO] running `Command { std: "docker" "inspect" "c4858c778b68428c7e939c9c68fb75c3a18f37f462bc35c10bd80f01795ff112", kill_on_drop: false }`
[INFO] running `Command { std: "docker" "rm" "-f" "c4858c778b68428c7e939c9c68fb75c3a18f37f462bc35c10bd80f01795ff112", kill_on_drop: false }`
[INFO] [stdout] c4858c778b68428c7e939c9c68fb75c3a18f37f462bc35c10bd80f01795ff112
