[INFO] cloning repository https://github.com/Reza-Darius/zero2prod
[INFO] running `Command { std: "git" "-c" "credential.helper=" "-c" "credential.helper=/workspace/cargo-home/bin/git-credential-null" "clone" "--bare" "https://github.com/Reza-Darius/zero2prod" "/workspace/cache/git-repos/https%3A%2F%2Fgithub.com%2FReza-Darius%2Fzero2prod", kill_on_drop: false }`
[INFO] [stderr] Cloning into bare repository '/workspace/cache/git-repos/https%3A%2F%2Fgithub.com%2FReza-Darius%2Fzero2prod'...
[INFO] running `Command { std: "git" "rev-parse" "HEAD", kill_on_drop: false }`
[INFO] [stdout] 9a37b89e2040bd3a1272ee107e7991c50c455973
[INFO] checking Reza-Darius/zero2prod against 3154cc1a3e6424e44f438a95007d043ed5ceaaf6+rustflags=-Znext-solver=coherence for pr-133502-30
[INFO] running `Command { std: "git" "clone" "/workspace/cache/git-repos/https%3A%2F%2Fgithub.com%2FReza-Darius%2Fzero2prod" "/workspace/builds/worker-3-tc1/source", kill_on_drop: false }`
[INFO] [stderr] Cloning into '/workspace/builds/worker-3-tc1/source'...
[INFO] [stderr] done.
[INFO] started tweaking git repo https://github.com/Reza-Darius/zero2prod
[INFO] finished tweaking git repo https://github.com/Reza-Darius/zero2prod
[INFO] tweaked toml for git repo https://github.com/Reza-Darius/zero2prod written to /workspace/builds/worker-3-tc1/source/Cargo.toml
[INFO] validating manifest of git repo https://github.com/Reza-Darius/zero2prod on toolchain 3154cc1a3e6424e44f438a95007d043ed5ceaaf6
[INFO] running `Command { std: CARGO_HOME="/workspace/cargo-home" RUSTUP_HOME="/workspace/rustup-home" "/workspace/cargo-home/bin/cargo" "+3154cc1a3e6424e44f438a95007d043ed5ceaaf6" "metadata" "--manifest-path" "Cargo.toml" "--no-deps", kill_on_drop: false }`
[INFO] crate git repo https://github.com/Reza-Darius/zero2prod already has a lockfile, it will not be regenerated
[INFO] running `Command { std: CARGO_HOME="/workspace/cargo-home" RUSTUP_HOME="/workspace/rustup-home" "/workspace/cargo-home/bin/cargo" "+3154cc1a3e6424e44f438a95007d043ed5ceaaf6" "fetch" "--manifest-path" "Cargo.toml", kill_on_drop: false }`
[INFO] [stderr]     Updating crates.io index
[INFO] [stderr]     Updating git repository `https://github.com/Reza-Darius/test-containers-util.git`
[INFO] [stderr]  Downloading crates ...
[INFO] [stderr]   Downloaded ssh-encoding v0.2.0
[INFO] [stderr]   Downloaded russh-cryptovec v0.60.3
[INFO] [stderr]   Downloaded russh-util v0.52.0
[INFO] [stderr]   Downloaded rfc6979 v0.5.0
[INFO] [stderr]   Downloaded pageant v0.2.1
[INFO] [stderr]   Downloaded ssh-cipher v0.2.0
[INFO] [stderr]   Downloaded sec1 v0.8.1
[INFO] [stderr]   Downloaded polyval v0.7.3
[INFO] [stderr]   Downloaded ghash v0.6.0
[INFO] [stderr]   Downloaded primeorder v0.14.0-rc.7
[INFO] [stderr]   Downloaded rustcrypto-group v0.14.0-rc.1
[INFO] [stderr]   Downloaded rustcrypto-ff v0.14.0-rc.1
[INFO] [stderr]   Downloaded primefield v0.14.0-rc.7
[INFO] [stderr]   Downloaded ed25519 v3.0.0-rc.4
[INFO] [stderr]   Downloaded bcrypt-pbkdf v0.10.0
[INFO] [stderr]   Downloaded testcontainers v0.27.3
[INFO] [stderr]   Downloaded scrypt v0.12.0
[INFO] [stderr]   Downloaded docker_credential v1.4.0
[INFO] [stderr]   Downloaded aead v0.6.0-rc.10
[INFO] [stderr]   Downloaded ecdsa v0.17.0-rc.16
[INFO] [stderr]   Downloaded pkcs5 v0.8.0-rc.13
[INFO] [stderr]   Downloaded ctr v0.10.1
[INFO] [stderr]   Downloaded delegate v0.13.5
[INFO] [stderr]   Downloaded elliptic-curve v0.14.0-rc.28
[INFO] [stderr]   Downloaded ml-kem v0.3.0-rc.1
[INFO] [stderr]   Downloaded salsa20 v0.11.0
[INFO] [stderr]   Downloaded generic-array v1.4.4
[INFO] [stderr]   Downloaded p384 v0.14.0-rc.7
[INFO] [stderr]   Downloaded p256 v0.14.0-rc.7
[INFO] [stderr]   Downloaded ferroid v2.0.0
[INFO] [stderr]   Downloaded internal-russh-num-bigint v0.5.0
[INFO] [stderr]   Downloaded ed25519-dalek v3.0.0-pre.6
[INFO] [stderr]   Downloaded p521 v0.14.0-rc.7
[INFO] [stderr]   Downloaded internal-russh-forked-ssh-key v0.6.18+upstream-0.6.7
[INFO] [stderr]   Downloaded rsa v0.10.0-rc.16
[INFO] [stderr]   Downloaded bollard v0.20.2
[INFO] [stderr]   Downloaded testcontainers-modules v0.15.0
[INFO] [stderr]   Downloaded russh v0.60.3
[INFO] [stderr]   Downloaded aes-gcm v0.11.0-rc.3
[INFO] [stderr]   Downloaded aes v0.9.1
[INFO] [stderr]   Downloaded crypto-primes v0.7.0-pre.9
[INFO] [stderr]   Downloaded crypto-bigint v0.7.0-rc.28
[INFO] [stderr]   Downloaded test-log-core v0.2.21
[INFO] [stderr]   Downloaded curve25519-dalek v5.0.0-pre.6
[INFO] [stderr]   Downloaded hyper-named-pipe v0.1.1
[INFO] [stderr]   Downloaded test-log v0.2.21
[INFO] [stderr]   Downloaded test-log-macros v0.2.21
[INFO] [stderr]   Downloaded astral-tokio-tar v0.6.4
[INFO] [stderr]   Downloaded nanorand v0.8.0
[INFO] [stderr]   Downloaded axum-server v0.8.0
[INFO] [stderr]   Downloaded fs-err v3.3.0
[INFO] running `Command { std: "docker" "create" "-v" "/var/lib/crater-agent-workspace/builds/worker-3-tc1/source:/opt/rustwide/workdir:ro,Z" "-v" "/var/lib/crater-agent-workspace/builds/worker-3-tc1/target:/opt/rustwide/target:rw,Z" "-v" "/var/lib/crater-agent-workspace/cargo-home:/opt/rustwide/cargo-home:ro,Z" "-v" "/var/lib/crater-agent-workspace/rustup-home:/opt/rustwide/rustup-home:ro,Z" "-m" "1610612736" "--network" "none" "ghcr.io/rust-lang/crates-build-env/linux@sha256:77db811e55d90add9212f6832c23229e3de5f1c1f9905e8cb07319ea15df73ac" "sleep" "infinity", kill_on_drop: false }`
[INFO] [stdout] 231b238502abac985e339d79c5820c271ef8ceac04d3423ccf244f5acf1aade1
[INFO] running `Command { std: "docker" "start" "231b238502abac985e339d79c5820c271ef8ceac04d3423ccf244f5acf1aade1", kill_on_drop: false }`
[INFO] running `Command { std: "docker" "inspect" "231b238502abac985e339d79c5820c271ef8ceac04d3423ccf244f5acf1aade1", kill_on_drop: false }`
[INFO] running `Command { std: "docker" "exec" "-e" "SOURCE_DIR=/opt/rustwide/workdir" "-e" "CARGO_HOME=/opt/rustwide/cargo-home" "-e" "RUSTUP_HOME=/opt/rustwide/rustup-home" "-e" "CARGO_TARGET_DIR=/opt/rustwide/target" "-w" "/opt/rustwide/workdir" "--user" "0:0" "231b238502abac985e339d79c5820c271ef8ceac04d3423ccf244f5acf1aade1" "/opt/rustwide/cargo-home/bin/cargo" "+3154cc1a3e6424e44f438a95007d043ed5ceaaf6" "metadata" "--no-deps" "--format-version=1", kill_on_drop: false }`
[INFO] running `Command { std: "docker" "inspect" "231b238502abac985e339d79c5820c271ef8ceac04d3423ccf244f5acf1aade1", kill_on_drop: false }`
[INFO] running `Command { std: "docker" "exec" "-e" "SOURCE_DIR=/opt/rustwide/workdir" "-e" "CARGO_HOME=/opt/rustwide/cargo-home" "-e" "RUSTUP_HOME=/opt/rustwide/rustup-home" "-e" "CARGO_TARGET_DIR=/opt/rustwide/target" "-e" "CARGO_INCREMENTAL=0" "-e" "RUST_BACKTRACE=full" "-e" "RUSTFLAGS=--cap-lints=forbid -Znext-solver=coherence" "-e" "RUSTDOCFLAGS=--cap-lints=forbid" "-w" "/opt/rustwide/workdir" "--user" "0:0" "231b238502abac985e339d79c5820c271ef8ceac04d3423ccf244f5acf1aade1" "/opt/rustwide/cargo-home/bin/cargo" "+3154cc1a3e6424e44f438a95007d043ed5ceaaf6" "check" "--frozen" "--all" "--all-targets" "--message-format=json", kill_on_drop: false }`
[INFO] [stderr]     Checking subtle v2.6.1
[INFO] [stderr]    Compiling serde v1.0.228
[INFO] [stderr]    Compiling serde_core v1.0.228
[INFO] [stderr]    Compiling generic-array v0.14.9
[INFO] [stderr]     Checking log v0.4.32
[INFO] [stderr]     Checking getrandom v0.4.3
[INFO] [stderr]    Compiling jobserver v0.1.35
[INFO] [stderr]    Compiling aws-lc-rs v1.17.3
[INFO] [stderr]     Checking futures-io v0.3.33
[INFO] [stderr]    Compiling syn v3.0.2
[INFO] [stderr]    Compiling serde_json v1.0.150
[INFO] [stderr]     Checking cpubits v0.1.1
[INFO] [stderr]    Compiling zerofrom v0.1.8
[INFO] [stderr]     Checking ctutils v0.4.2
[INFO] [stderr]     Checking pem-rfc7468 v1.0.0
[INFO] [stderr]     Checking getrandom v0.2.17
[INFO] [stderr]     Checking rustls-pki-types v1.15.0
[INFO] [stderr]     Checking futures-util v0.3.32
[INFO] [stderr]    Compiling rustls v0.23.42
[INFO] [stderr]     Checking hybrid-array v0.4.13
[INFO] [stderr]    Compiling yoke v0.8.3
[INFO] [stderr]     Checking tracing v0.1.44
[INFO] [stderr]     Checking bitflags v2.13.0
[INFO] [stderr]    Compiling cc v1.3.0
[INFO] [stderr]    Compiling memchr v2.8.1
[INFO] [stderr]     Checking der v0.8.1
[INFO] [stderr]     Checking rustcrypto-ff v0.14.0-rc.1
[INFO] [stderr]    Compiling litemap v0.8.2
[INFO] [stderr]    Compiling writeable v0.6.3
[INFO] [stderr]     Checking base16ct v1.0.0
[INFO] [stderr]     Checking rustcrypto-group v0.14.0-rc.1
[INFO] [stderr]    Compiling zeroize v1.9.0
[INFO] [stderr]    Compiling cmov v0.5.4
[INFO] [stderr]    Compiling anyhow v1.0.102
[INFO] [stderr]    Compiling zerovec v0.11.6
[INFO] [stderr]    Compiling zerotrie v0.2.4
[INFO] [stderr]    Compiling icu_properties_data v2.2.0
[INFO] [stderr]    Compiling icu_normalizer_data v2.2.0
[INFO] [stderr]     Checking num-integer v0.1.46
[INFO] [stderr]    Compiling futures-core v0.3.32
[INFO] [stderr]    Compiling digest v0.11.3
[INFO] [stderr]     Checking axum-core v0.5.6
[INFO] [stderr]     Checking crypto-common v0.1.6
[INFO] [stderr]     Checking block-buffer v0.10.4
[INFO] [stderr]     Checking block-padding v0.3.3
[INFO] [stderr]     Checking universal-hash v0.5.1
[INFO] [stderr]     Checking digest v0.10.7
[INFO] [stderr]     Checking inout v0.1.4
[INFO] [stderr]    Compiling tinystr v0.8.3
[INFO] [stderr]    Compiling potential_utf v0.1.5
[INFO] [stderr]     Checking chacha20 v0.10.1
[INFO] [stderr]     Checking cipher v0.4.4
[INFO] [stderr]    Compiling pin-project-internal v1.1.13
[INFO] [stderr]     Checking crypto-common v0.2.2
[INFO] [stderr]     Checking block-buffer v0.12.1
[INFO] [stderr]     Checking block-padding v0.4.2
[INFO] [stderr]     Checking sha2 v0.10.9
[INFO] [stderr]    Compiling cmake v0.1.58
[INFO] [stderr]    Compiling icu_locale_core v2.2.0
[INFO] [stderr]     Checking crypto-bigint v0.7.0-rc.28
[INFO] [stderr]    Compiling icu_collections v2.2.0
[INFO] [stderr]     Checking inout v0.2.2
[INFO] [stderr]    Compiling axum-macros v0.5.1
[INFO] [stderr]    Compiling untrusted v0.9.0
[INFO] [stderr]     Checking rand v0.10.2
[INFO] [stderr]     Checking spki v0.8.0-rc.4
[INFO] [stderr]     Checking sec1 v0.8.1
[INFO] [stderr]     Checking polyval v0.6.2
[INFO] [stderr]    Compiling curve25519-dalek v5.0.0-pre.6
[INFO] [stderr]     Checking pem-rfc7468 v0.7.0
[INFO] [stderr]    Compiling mio v1.2.1
[INFO] [stderr]    Compiling socket2 v0.6.4
[INFO] [stderr]    Compiling aws-lc-sys v0.43.0
[INFO] [stderr]    Compiling ring v0.17.14
[INFO] [stderr]    Compiling futures-sink v0.3.32
[INFO] [stderr]    Compiling rand_core v0.10.1
[INFO] [stderr]    Compiling thiserror v2.0.19
[INFO] [stderr]     Checking cipher v0.5.2
[INFO] [stderr]     Checking universal-hash v0.6.1
[INFO] [stderr]     Checking aead v0.6.0-rc.10
[INFO] [stderr]     Checking polyval v0.7.3
[INFO] [stderr]     Checking hmac v0.13.0
[INFO] [stderr]     Checking sha2 v0.11.0
[INFO] [stderr]     Checking signature v3.0.0
[INFO] [stderr]     Checking ghash v0.6.0
[INFO] [stderr]     Checking pin-project v1.1.13
[INFO] [stderr]     Checking salsa20 v0.11.0
[INFO] [stderr]     Checking ctr v0.10.1
[INFO] [stderr]     Checking pbkdf2 v0.13.0
[INFO] [stderr]     Checking aes v0.9.1
[INFO] [stderr]     Checking cbc v0.2.1
[INFO] [stderr]     Checking hkdf v0.13.0
[INFO] [stderr]     Checking rfc6979 v0.5.0
[INFO] [stderr]    Compiling tinyvec v1.12.0
[INFO] [stderr]    Compiling hashbrown v0.16.1
[INFO] [stderr]    Compiling tokio v1.52.3
[INFO] [stderr]    Compiling form_urlencoded v1.2.2
[INFO] [stderr]     Checking regex-automata v0.4.16
[INFO] [stderr]    Compiling icu_provider v2.2.0
[INFO] [stderr]     Checking aes-gcm v0.11.0-rc.3
[INFO] [stderr]    Compiling nix v0.31.3
[INFO] [stderr]     Checking ssh-encoding v0.2.0
[INFO] [stderr]     Checking ghash v0.5.1
[INFO] [stderr]    Compiling icu_properties v2.2.0
[INFO] [stderr]     Checking getrandom v0.3.4
[INFO] [stderr]     Checking aes v0.8.4
[INFO] [stderr]     Checking ctr v0.9.2
[INFO] [stderr]     Checking hmac v0.12.1
[INFO] [stderr]     Checking serde_path_to_error v0.1.20
[INFO] [stderr]     Checking scrypt v0.12.0
[INFO] [stderr]     Checking deranged v0.5.8
[INFO] [stderr]     Checking pkcs5 v0.8.0-rc.13
[INFO] [stderr]    Compiling aho-corasick v1.1.4
[INFO] [stderr]     Checking aead v0.5.2
[INFO] [stderr]    Compiling concurrent-queue v2.5.0
[INFO] [stderr]     Checking num-bigint v0.4.8
[INFO] [stderr]     Checking smallvec v1.15.1
[INFO] [stderr]     Checking pkcs8 v0.11.0-rc.11
[INFO] [stderr]     Checking serde_urlencoded v0.7.1
[INFO] [stderr]     Checking either v1.16.0
[INFO] [stderr]     Checking parking_lot_core v0.9.12
[INFO] [stderr]     Checking icu_normalizer v2.2.0
[INFO] [stderr]     Checking ureq-proto v0.6.0
[INFO] [stderr]    Compiling portable-atomic v1.14.0
[INFO] [stderr]     Checking parking_lot v0.12.5
[INFO] [stderr]     Checking idna_adapter v1.2.2
[INFO] [stderr]     Checking idna v1.1.0
[INFO] [stderr]    Compiling bollard-buildkit-proto v0.7.0
[INFO] [stderr]    Compiling itertools v0.14.0
[INFO] [stderr]     Checking url v2.5.8
[INFO] [stderr]    Compiling futures-task v0.3.32
[INFO] [stderr]     Checking password-hash v0.5.0
[INFO] [stderr]    Compiling time v0.3.54
[INFO] [stderr]     Checking rustls-native-certs v0.8.4
[INFO] [stderr]    Compiling thiserror-impl v2.0.19
[INFO] [stderr]     Checking elliptic-curve v0.14.0-rc.28
[INFO] [stderr]     Checking primefield v0.14.0-rc.7
[INFO] [stderr]    Compiling async-trait v0.1.91
[INFO] [stderr]    Compiling futures-intrusive v0.5.0
[INFO] [stderr]     Checking primeorder v0.14.0-rc.7
[INFO] [stderr]     Checking ecdsa v0.17.0-rc.16
[INFO] [stderr]    Compiling event-listener v5.4.1
[INFO] [stderr]     Checking ed25519 v3.0.0-rc.4
[INFO] [stderr]     Checking aes-gcm v0.10.3
[INFO] [stderr]    Compiling hashlink v0.11.1
[INFO] [stderr]     Checking pbkdf2 v0.12.2
[INFO] [stderr]     Checking rand_core v0.9.5
[INFO] [stderr]    Compiling unicode-normalization v0.1.25
[INFO] [stderr]    Compiling darling_macro v0.23.0
[INFO] [stderr]    Compiling prost-derive v0.14.4
[INFO] [stderr]     Checking blowfish v0.9.1
[INFO] [stderr]     Checking cbc v0.1.2
[INFO] [stderr]     Checking chacha20 v0.9.1
[INFO] [stderr]     Checking blake2 v0.10.6
[INFO] [stderr]    Compiling webpki-roots v1.0.7
[INFO] [stderr]     Checking poly1305 v0.8.0
[INFO] [stderr]    Compiling structmeta-derive v0.3.0
[INFO] [stderr]     Checking fiat-crypto v0.3.0
[INFO] [stderr]    Compiling uuid v1.23.4
[INFO] [stderr]    Compiling unicode-properties v0.1.4
[INFO] [stderr]    Compiling unicode-bidi v0.3.18
[INFO] [stderr]    Compiling base64 v0.22.1
[INFO] [stderr]     Checking ed25519-dalek v3.0.0-pre.6
[INFO] [stderr]     Checking ssh-cipher v0.2.0
[INFO] [stderr]    Compiling stringprep v0.1.5
[INFO] [stderr]     Checking rustix v1.1.4
[INFO] [stderr]     Checking argon2 v0.5.3
[INFO] [stderr]     Checking sha3 v0.11.0
[INFO] [stderr]     Checking bcrypt-pbkdf v0.10.0
[INFO] [stderr]    Compiling darling v0.23.0
[INFO] [stderr]     Checking rand_chacha v0.9.0
[INFO] [stderr]     Checking p521 v0.14.0-rc.7
[INFO] [stderr]     Checking p256 v0.14.0-rc.7
[INFO] [stderr]    Compiling serde_repr v0.1.21
[INFO] [stderr]    Compiling structmeta v0.3.0
[INFO] [stderr]     Checking num-rational v0.4.2
[INFO] [stderr]     Checking futures-executor v0.3.32
[INFO] [stderr]     Checking sha1 v0.11.0
[INFO] [stderr]     Checking kem v0.3.0
[INFO] [stderr]    Compiling futures-channel v0.3.32
[INFO] [stderr]     Checking module-lattice v0.2.3
[INFO] [stderr]     Checking num-iter v0.1.46
[INFO] [stderr]    Compiling md-5 v0.11.0
[INFO] [stderr]     Checking num-complex v0.4.6
[INFO] [stderr]    Compiling async-stream-impl v0.3.6
[INFO] [stderr]    Compiling whoami v2.1.2
[INFO] [stderr]     Checking prost v0.14.4
[INFO] [stderr]     Checking num v0.4.3
[INFO] [stderr]     Checking ml-kem v0.3.0-rc.1
[INFO] [stderr]     Checking futures v0.3.32
[INFO] [stderr]     Checking russh-cryptovec v0.60.3
[INFO] [stderr]    Compiling tokio-stream v0.1.18
[INFO] [stderr]     Checking generic-array v1.4.4
[INFO] [stderr]     Checking rand v0.9.5
[INFO] [stderr]    Compiling serde_with_macros v3.21.0
[INFO] [stderr]     Checking prost-types v0.14.4
[INFO] [stderr]     Checking async-stream v0.3.6
[INFO] [stderr]    Compiling regex v1.13.1
[INFO] [stderr]     Checking internal-russh-num-bigint v0.5.0
[INFO] [stderr]     Checking sha1 v0.10.7
[INFO] [stderr]    Compiling delegate v0.13.5
[INFO] [stderr]     Checking md5 v0.7.0
[INFO] [stderr]     Checking data-encoding v2.11.0
[INFO] [stderr]     Checking xattr v1.6.1
[INFO] [stderr]     Checking ferroid v2.0.0
[INFO] [stderr]     Checking serde_with v3.21.0
[INFO] [stderr]     Checking docker_credential v1.4.0
[INFO] [stderr]     Checking atoi v2.0.0
[INFO] [stderr]    Compiling fs-err v3.3.0
[INFO] [stderr]     Checking etcetera v0.11.0
[INFO] [stderr]     Checking anstream v1.0.0
[INFO] [stderr]     Checking env_filter v2.0.0
[INFO] [stderr]     Checking tokio-util v0.7.18
[INFO] [stderr]     Checking russh-util v0.52.0
[INFO] [stderr]    Compiling test-log-core v0.2.21
[INFO] [stderr]     Checking matchers v0.2.0
[INFO] [stderr]     Checking tracing-log v0.2.0
[INFO] [stderr]     Checking encoding_rs v0.8.35
[INFO] [stderr]     Checking env_logger v0.11.11
[INFO] [stderr]    Compiling zero2prod v0.1.0 (/opt/rustwide/workdir)
[INFO] [stderr]    Compiling parse-display-derive v0.9.1
[INFO] [stderr]     Checking tracing-subscriber v0.3.23
[INFO] [stderr]     Checking envy v0.4.2
[INFO] [stderr]    Compiling test-log-macros v0.2.21
[INFO] [stderr]     Checking tower-http v0.7.0
[INFO] [stderr]     Checking nanorand v0.8.0
[INFO] [stderr]     Checking test-log v0.2.21
[INFO] [stderr]     Checking astral-tokio-tar v0.6.4
[INFO] [stderr]     Checking h2 v0.4.14
[INFO] [stderr]     Checking tower v0.5.3
[INFO] [stderr]     Checking parse-display v0.9.1
[INFO] [stderr]     Checking tower-http v0.6.11
[INFO] [stderr]     Checking hyper v1.10.1
[INFO] [stderr]     Checking p384 v0.14.0-rc.7
[INFO] [stderr]     Checking hyper-util v0.1.20
[INFO] [stderr]     Checking hyper-timeout v0.5.2
[INFO] [stderr]     Checking axum v0.8.9
[INFO] [stderr]     Checking hyperlocal v0.9.1
[INFO] [stderr]     Checking axum-server v0.8.0
[INFO] [stderr]     Checking internal-russh-forked-ssh-key v0.6.18+upstream-0.6.7
[INFO] [stderr]     Checking rustls-webpki v0.103.13
[INFO] [stderr]     Checking russh v0.60.3
[INFO] [stderr]     Checking tonic v0.14.6
[INFO] [stderr]     Checking tonic-prost v0.14.6
[INFO] [stderr]     Checking tokio-rustls v0.26.4
[INFO] [stderr]     Checking ureq v3.3.0
[INFO] [stderr]     Checking sqlx-core v0.9.0
[INFO] [stderr]     Checking rustls-platform-verifier v0.7.0
[INFO] [stderr]     Checking hyper-rustls v0.27.9
[INFO] [stderr]     Checking reqwest v0.13.4
[INFO] [stderr]     Checking sqlx-postgres v0.9.0
[INFO] [stderr]     Checking bollard-stubs v1.52.1-rc.29.1.3
[INFO] [stderr]    Compiling sqlx-macros-core v0.9.0
[INFO] [stderr]    Compiling sqlx-macros v0.9.0
[INFO] [stderr]     Checking sqlx v0.9.0
[INFO] [stderr]     Checking bollard v0.20.2
[INFO] [stderr]     Checking testcontainers v0.27.3
[INFO] [stderr]     Checking testcontainers-modules v0.15.0
[INFO] [stderr]     Checking test-containers-util v0.1.4 (https://github.com/Reza-Darius/test-containers-util.git?branch=update%2Fbump-to-sqlx-0.9.0#7145ad23)
[INFO] [stdout] error: error communicating with database: Connection refused (os error 111)
[INFO] [stdout]   --> src/database/api.rs:33:9
[INFO] [stdout]    |
[INFO] [stdout] 33 | ...   sqlx::query!("INSERT INTO subscriptions(name, email, subscribed_at) VALUES($1, $2, $3);", name, email, OffsetDateTime::now_utc())
[INFO] [stdout]    |       ^^^^^^^^^^^^^^^^^^^^^^^^^^^^^^^^^^^^^^^^^^^^^^^^^^^^^^^^^^^^^^^^^^^^^^^^^^^^^^^^^^^^^^^^^^^^^^^^^^^^^^^^^^^^^^^^^^^^^^^^^^^^^^^^^
[INFO] [stdout]    |
[INFO] [stdout]    = note: this error originates in the macro `$crate::sqlx_macros::expand_query` which comes from the expansion of the macro `sqlx::query` (in Nightly builds, run with -Z macro-backtrace for more info)
[INFO] [stdout] 
[INFO] [stdout] 
[INFO] [stdout] error: error communicating with database: Connection refused (os error 111)
[INFO] [stdout]   --> src/database/api.rs:42:19
[INFO] [stdout]    |
[INFO] [stdout] 42 |         let res = sqlx::query_as!(User, "SELECT name, email, subscribed_at FROM subscriptions;")
[INFO] [stdout]    |                   ^^^^^^^^^^^^^^^^^^^^^^^^^^^^^^^^^^^^^^^^^^^^^^^^^^^^^^^^^^^^^^^^^^^^^^^^^^^^^^
[INFO] [stdout]    |
[INFO] [stdout]    = note: this error originates in the macro `$crate::sqlx_macros::expand_query` which comes from the expansion of the macro `sqlx::query_as` (in Nightly builds, run with -Z macro-backtrace for more info)
[INFO] [stdout] 
[INFO] [stdout] 
[INFO] [stdout] warning: unused imports: `Pool` and `Postgres`
[INFO] [stdout]  --> src/database/api.rs:3:20
[INFO] [stdout]   |
[INFO] [stdout] 3 | use sqlx::{PgPool, Pool, Postgres, migrate::Migrator, postgres::PgPoolOptions};
[INFO] [stdout]   |                    ^^^^  ^^^^^^^^
[INFO] [stdout]   |
[INFO] [stdout]   = note: `#[warn(unused_imports)]` (part of `#[warn(unused)]`) on by default
[INFO] [stdout] 
[INFO] [stdout] 
[INFO] [stdout] warning: unused import: `time::OffsetDateTime`
[INFO] [stdout]  --> src/database/api.rs:4:5
[INFO] [stdout]   |
[INFO] [stdout] 4 | use time::OffsetDateTime;
[INFO] [stdout]   |     ^^^^^^^^^^^^^^^^^^^^
[INFO] [stdout] 
[INFO] [stdout] 
[INFO] [stdout] error: error communicating with database: Connection refused (os error 111)
[INFO] [stdout]   --> src/database/api.rs:33:9
[INFO] [stdout]    |
[INFO] [stdout] 33 | ...   sqlx::query!("INSERT INTO subscriptions(name, email, subscribed_at) VALUES($1, $2, $3);", name, email, OffsetDateTime::now_utc())
[INFO] [stdout]    |       ^^^^^^^^^^^^^^^^^^^^^^^^^^^^^^^^^^^^^^^^^^^^^^^^^^^^^^^^^^^^^^^^^^^^^^^^^^^^^^^^^^^^^^^^^^^^^^^^^^^^^^^^^^^^^^^^^^^^^^^^^^^^^^^^^
[INFO] [stdout]    |
[INFO] [stdout]    = note: this error originates in the macro `$crate::sqlx_macros::expand_query` which comes from the expansion of the macro `sqlx::query` (in Nightly builds, run with -Z macro-backtrace for more info)
[INFO] [stdout] 
[INFO] [stdout] 
[INFO] [stdout] error: error communicating with database: Connection refused (os error 111)
[INFO] [stdout]   --> src/database/api.rs:42:19
[INFO] [stdout]    |
[INFO] [stdout] 42 |         let res = sqlx::query_as!(User, "SELECT name, email, subscribed_at FROM subscriptions;")
[INFO] [stdout]    |                   ^^^^^^^^^^^^^^^^^^^^^^^^^^^^^^^^^^^^^^^^^^^^^^^^^^^^^^^^^^^^^^^^^^^^^^^^^^^^^^
[INFO] [stdout]    |
[INFO] [stdout]    = note: this error originates in the macro `$crate::sqlx_macros::expand_query` which comes from the expansion of the macro `sqlx::query_as` (in Nightly builds, run with -Z macro-backtrace for more info)
[INFO] [stdout] 
[INFO] [stdout] 
[INFO] [stdout] warning: unused imports: `Pool` and `Postgres`
[INFO] [stdout]  --> src/database/api.rs:3:20
[INFO] [stdout]   |
[INFO] [stdout] 3 | use sqlx::{PgPool, Pool, Postgres, migrate::Migrator, postgres::PgPoolOptions};
[INFO] [stdout]   |                    ^^^^  ^^^^^^^^
[INFO] [stdout]   |
[INFO] [stdout]   = note: `#[warn(unused_imports)]` (part of `#[warn(unused)]`) on by default
[INFO] [stdout] 
[INFO] [stdout] 
[INFO] [stdout] warning: unused import: `time::OffsetDateTime`
[INFO] [stdout]  --> src/database/api.rs:4:5
[INFO] [stdout]   |
[INFO] [stdout] 4 | use time::OffsetDateTime;
[INFO] [stdout]   |     ^^^^^^^^^^^^^^^^^^^^
[INFO] [stdout] 
[INFO] [stdout] 
[INFO] [stderr] error: could not compile `zero2prod` (lib) due to 2 previous errors; 2 warnings emitted
[INFO] [stderr] warning: build failed, waiting for other jobs to finish...
[INFO] [stderr] error: could not compile `zero2prod` (lib test) due to 2 previous errors; 2 warnings emitted
[INFO] running `Command { std: "docker" "inspect" "231b238502abac985e339d79c5820c271ef8ceac04d3423ccf244f5acf1aade1", kill_on_drop: false }`
[INFO] running `Command { std: "docker" "rm" "-f" "231b238502abac985e339d79c5820c271ef8ceac04d3423ccf244f5acf1aade1", kill_on_drop: false }`
[INFO] [stdout] 231b238502abac985e339d79c5820c271ef8ceac04d3423ccf244f5acf1aade1
