[INFO] cloning repository https://github.com/Reyhank45/OpenBack
[INFO] running `Command { std: "git" "-c" "credential.helper=" "-c" "credential.helper=/workspace/cargo-home/bin/git-credential-null" "clone" "--bare" "https://github.com/Reyhank45/OpenBack" "/workspace/cache/git-repos/https%3A%2F%2Fgithub.com%2FReyhank45%2FOpenBack", kill_on_drop: false }`
[INFO] [stderr] Cloning into bare repository '/workspace/cache/git-repos/https%3A%2F%2Fgithub.com%2FReyhank45%2FOpenBack'...
[INFO] running `Command { std: "git" "rev-parse" "HEAD", kill_on_drop: false }`
[INFO] [stdout] a4f82aa15516857ac2232583af1e0239a3baa7df
[INFO] checking Reyhank45/OpenBack against 3154cc1a3e6424e44f438a95007d043ed5ceaaf6 for pr-133502-30
[INFO] running `Command { std: "git" "clone" "/workspace/cache/git-repos/https%3A%2F%2Fgithub.com%2FReyhank45%2FOpenBack" "/workspace/builds/worker-2-tc2/source", kill_on_drop: false }`
[INFO] [stderr] Cloning into '/workspace/builds/worker-2-tc2/source'...
[INFO] [stderr] done.
[INFO] started tweaking git repo https://github.com/Reyhank45/OpenBack
[INFO] finished tweaking git repo https://github.com/Reyhank45/OpenBack
[INFO] tweaked toml for git repo https://github.com/Reyhank45/OpenBack written to /workspace/builds/worker-2-tc2/source/Cargo.toml
[INFO] validating manifest of git repo https://github.com/Reyhank45/OpenBack on toolchain 3154cc1a3e6424e44f438a95007d043ed5ceaaf6
[INFO] running `Command { std: CARGO_HOME="/workspace/cargo-home" RUSTUP_HOME="/workspace/rustup-home" "/workspace/cargo-home/bin/cargo" "+3154cc1a3e6424e44f438a95007d043ed5ceaaf6" "metadata" "--manifest-path" "Cargo.toml" "--no-deps", kill_on_drop: false }`
[INFO] crate git repo https://github.com/Reyhank45/OpenBack already has a lockfile, it will not be regenerated
[INFO] running `Command { std: CARGO_HOME="/workspace/cargo-home" RUSTUP_HOME="/workspace/rustup-home" "/workspace/cargo-home/bin/cargo" "+3154cc1a3e6424e44f438a95007d043ed5ceaaf6" "fetch" "--manifest-path" "Cargo.toml", kill_on_drop: false }`
[INFO] running `Command { std: "docker" "create" "-v" "/var/lib/crater-agent-workspace/builds/worker-2-tc2/source:/opt/rustwide/workdir:ro,Z" "-v" "/var/lib/crater-agent-workspace/builds/worker-2-tc2/target:/opt/rustwide/target:rw,Z" "-v" "/var/lib/crater-agent-workspace/cargo-home:/opt/rustwide/cargo-home:ro,Z" "-v" "/var/lib/crater-agent-workspace/rustup-home:/opt/rustwide/rustup-home:ro,Z" "-m" "1610612736" "--network" "none" "ghcr.io/rust-lang/crates-build-env/linux@sha256:77db811e55d90add9212f6832c23229e3de5f1c1f9905e8cb07319ea15df73ac" "sleep" "infinity", kill_on_drop: false }`
[INFO] [stdout] c711a62cdaa6cbab0f7e92f0ab647abca81f9cdc041d7dd573a3892ad7cb0edc
[INFO] running `Command { std: "docker" "start" "c711a62cdaa6cbab0f7e92f0ab647abca81f9cdc041d7dd573a3892ad7cb0edc", kill_on_drop: false }`
[INFO] running `Command { std: "docker" "inspect" "c711a62cdaa6cbab0f7e92f0ab647abca81f9cdc041d7dd573a3892ad7cb0edc", kill_on_drop: false }`
[INFO] running `Command { std: "docker" "exec" "-e" "SOURCE_DIR=/opt/rustwide/workdir" "-e" "CARGO_HOME=/opt/rustwide/cargo-home" "-e" "RUSTUP_HOME=/opt/rustwide/rustup-home" "-e" "CARGO_TARGET_DIR=/opt/rustwide/target" "-w" "/opt/rustwide/workdir" "--user" "0:0" "c711a62cdaa6cbab0f7e92f0ab647abca81f9cdc041d7dd573a3892ad7cb0edc" "/opt/rustwide/cargo-home/bin/cargo" "+3154cc1a3e6424e44f438a95007d043ed5ceaaf6" "metadata" "--no-deps" "--format-version=1", kill_on_drop: false }`
[INFO] running `Command { std: "docker" "inspect" "c711a62cdaa6cbab0f7e92f0ab647abca81f9cdc041d7dd573a3892ad7cb0edc", kill_on_drop: false }`
[INFO] running `Command { std: "docker" "exec" "-e" "SOURCE_DIR=/opt/rustwide/workdir" "-e" "CARGO_HOME=/opt/rustwide/cargo-home" "-e" "RUSTUP_HOME=/opt/rustwide/rustup-home" "-e" "CARGO_TARGET_DIR=/opt/rustwide/target" "-e" "CARGO_INCREMENTAL=0" "-e" "RUST_BACKTRACE=full" "-e" "RUSTFLAGS=--cap-lints=forbid" "-e" "RUSTDOCFLAGS=--cap-lints=forbid" "-w" "/opt/rustwide/workdir" "--user" "0:0" "c711a62cdaa6cbab0f7e92f0ab647abca81f9cdc041d7dd573a3892ad7cb0edc" "/opt/rustwide/cargo-home/bin/cargo" "+3154cc1a3e6424e44f438a95007d043ed5ceaaf6" "check" "--frozen" "--all" "--all-targets" "--message-format=json", kill_on_drop: false }`
[INFO] [stderr]    Compiling proc-macro2 v1.0.107
[INFO] [stderr]    Compiling unicode-ident v1.0.24
[INFO] [stderr]    Compiling quote v1.0.47
[INFO] [stderr]    Compiling libc v0.2.189
[INFO] [stderr]     Checking cfg-if v1.0.4
[INFO] [stderr]     Checking pin-project-lite v0.2.17
[INFO] [stderr]     Checking bytes v1.12.1
[INFO] [stderr]    Compiling parking_lot_core v0.9.12
[INFO] [stderr]     Checking futures-core v0.3.33
[INFO] [stderr]     Checking smallvec v1.15.2
[INFO] [stderr]    Compiling anyhow v1.0.104
[INFO] [stderr]     Checking lock_api v0.4.14
[INFO] [stderr]     Checking itoa v1.0.18
[INFO] [stderr]    Compiling either v1.17.0
[INFO] [stderr]    Compiling autocfg v1.5.1
[INFO] [stderr]    Compiling rustversion v1.0.23
[INFO] [stderr]     Checking slab v0.4.12
[INFO] [stderr]    Compiling itertools v0.12.1
[INFO] [stderr]    Compiling zerocopy v0.8.55
[INFO] [stderr]     Checking fnv v1.0.7
[INFO] [stderr]     Checking futures-task v0.3.33
[INFO] [stderr]     Checking once_cell v1.21.4
[INFO] [stderr]     Checking http v0.2.12
[INFO] [stderr]     Checking tracing-core v0.1.36
[INFO] [stderr]     Checking futures-util v0.3.33
[INFO] [stderr]    Compiling syn v2.0.119
[INFO] [stderr]    Compiling syn v3.0.3
[INFO] [stderr]     Checking equivalent v1.0.2
[INFO] [stderr]     Checking hashbrown v0.17.1
[INFO] [stderr]    Compiling getrandom v0.4.3
[INFO] [stderr]    Compiling serde_core v1.0.229
[INFO] [stderr]    Compiling rustix v1.1.4
[INFO] [stderr]     Checking futures-sink v0.3.33
[INFO] [stderr]     Checking indexmap v2.14.0
[INFO] [stderr]     Checking errno v0.3.14
[INFO] [stderr]     Checking signal-hook-registry v1.4.8
[INFO] [stderr]     Checking parking_lot v0.12.5
[INFO] [stderr]     Checking mio v1.2.2
[INFO] [stderr]     Checking socket2 v0.6.5
[INFO] [stderr]     Checking getrandom v0.2.17
[INFO] [stderr]    Compiling regex-syntax v0.8.11
[INFO] [stderr]    Compiling linux-raw-sys v0.12.1
[INFO] [stderr]    Compiling bitflags v2.13.1
[INFO] [stderr]    Compiling httparse v1.10.1
[INFO] [stderr]     Checking tower-service v0.3.3
[INFO] [stderr]    Compiling prettyplease v0.2.37
[INFO] [stderr]     Checking rand_core v0.6.4
[INFO] [stderr]     Checking http-body v0.4.6
[INFO] [stderr]    Compiling indexmap v1.9.3
[INFO] [stderr]    Compiling serde v1.0.229
[INFO] [stderr]    Compiling fixedbitset v0.4.2
[INFO] [stderr]    Compiling regex-automata v0.4.18
[INFO] [stderr]     Checking try-lock v0.2.5
[INFO] [stderr]    Compiling fastrand v2.5.0
[INFO] [stderr]     Checking want v0.3.1
[INFO] [stderr]    Compiling petgraph v0.6.5
[INFO] [stderr]    Compiling tokio-macros v2.7.2
[INFO] [stderr]    Compiling serde_derive v1.0.229
[INFO] [stderr]    Compiling tempfile v3.27.0
[INFO] [stderr]     Checking tokio v1.53.1
[INFO] [stderr]     Checking socket2 v0.5.10
[INFO] [stderr]    Compiling regex v1.13.1
[INFO] [stderr]    Compiling axum-core v0.3.4
[INFO] [stderr]    Compiling prost-derive v0.12.6
[INFO] [stderr]    Compiling tracing-attributes v0.1.31
[INFO] [stderr]     Checking ppv-lite86 v0.2.21
[INFO] [stderr]    Compiling pin-project-internal v1.1.13
[INFO] [stderr]     Checking futures-channel v0.3.33
[INFO] [stderr]    Compiling multimap v0.10.1
[INFO] [stderr]     Checking typenum v1.20.1
[INFO] [stderr]     Checking memchr v2.8.3
[INFO] [stderr]     Checking rand_chacha v0.3.1
[INFO] [stderr]    Compiling log v0.4.33
[INFO] [stderr]     Checking tower-layer v0.3.3
[INFO] [stderr]     Checking httpdate v1.0.3
[INFO] [stderr]     Checking hashbrown v0.12.3
[INFO] [stderr]     Checking rand v0.8.7
[INFO] [stderr]     Checking tracing v0.1.44
[INFO] [stderr]     Checking pin-project v1.1.13
[INFO] [stderr]    Compiling async-trait v0.1.92
[INFO] [stderr]    Compiling axum v0.6.20
[INFO] [stderr]     Checking mime v0.3.17
[INFO] [stderr]    Compiling prost v0.12.6
[INFO] [stderr]     Checking anstyle-parse v1.0.0
[INFO] [stderr]    Compiling async-stream-impl v0.3.6
[INFO] [stderr]    Compiling num-traits v0.2.19
[INFO] [stderr]     Checking colorchoice v1.0.5
[INFO] [stderr]     Checking bitflags v1.3.2
[INFO] [stderr]    Compiling cfg_aliases v0.2.2
[INFO] [stderr]     Checking anstyle-query v1.1.5
[INFO] [stderr]    Compiling zmij v1.0.23
[INFO] [stderr]     Checking sync_wrapper v0.1.2
[INFO] [stderr]     Checking hybrid-array v0.4.14
[INFO] [stderr]    Compiling prost-types v0.12.6
[INFO] [stderr]     Checking anstyle v1.0.14
[INFO] [stderr]     Checking matchit v0.7.3
[INFO] [stderr]     Checking is_terminal_polyfill v1.70.2
[INFO] [stderr]     Checking percent-encoding v2.3.2
[INFO] [stderr]     Checking anstream v1.0.0
[INFO] [stderr]     Checking async-stream v0.3.6
[INFO] [stderr]    Compiling nix v0.29.0
[INFO] [stderr]     Checking base64 v0.21.7
[INFO] [stderr]     Checking crypto-common v0.2.2
[INFO] [stderr]     Checking block-buffer v0.12.1
[INFO] [stderr]    Compiling serde_json v1.0.151
[INFO] [stderr]     Checking clap_lex v1.1.0
[INFO] [stderr]     Checking const-oid v0.10.2
[INFO] [stderr]     Checking clap_builder v4.6.5
[INFO] [stderr]    Compiling clap_derive v4.6.4
[INFO] [stderr]     Checking iana-time-zone v0.1.65
[INFO] [stderr]     Checking unsafe-libyaml v0.2.11
[INFO] [stderr]     Checking digest v0.11.3
[INFO] [stderr]    Compiling prost-build v0.12.6
[INFO] [stderr]     Checking ryu v1.0.23
[INFO] [stderr]     Checking cpufeatures v0.3.0
[INFO] [stderr]     Checking chrono v0.4.45
[INFO] [stderr]     Checking sha2 v0.11.0
[INFO] [stderr]     Checking serde_yaml v0.9.34+deprecated
[INFO] [stderr]    Compiling tonic-build v0.10.2
[INFO] [stderr]     Checking tokio-util v0.7.19
[INFO] [stderr]     Checking tokio-io-timeout v1.2.1
[INFO] [stderr]     Checking tokio-stream v0.1.19
[INFO] [stderr]     Checking sysinfo v0.39.6
[INFO] [stderr]     Checking caps v0.5.6
[INFO] [stderr]     Checking clap v4.6.5
[INFO] [stderr]     Checking h2 v0.3.27
[INFO] [stderr]     Checking tower v0.4.13
[INFO] [stderr]     Checking lazy_static v1.5.0
[INFO] [stderr]    Compiling etcd-client v0.12.4
[INFO] [stderr]     Checking hyper v0.14.32
[INFO] [stderr]     Checking hyper-timeout v0.4.1
[INFO] [stderr]     Checking tonic v0.10.2
[INFO] [stderr]     Checking openback v0.2.0 (/opt/rustwide/workdir)
[INFO] [stdout] error[E0063]: missing fields `app_source`, `packages` and `work_dir` in initializer of `manifest::AppManifest`
[INFO] [stdout]   --> src/manifest.rs:91:34
[INFO] [stdout]    |
[INFO] [stdout] 91 |         let manifest_with_base = AppManifest {
[INFO] [stdout]    |                                  ^^^^^^^^^^^ missing `app_source`, `packages` and `work_dir`
[INFO] [stdout] 
[INFO] [stdout] 
[INFO] [stdout] error[E0063]: missing fields `app_source`, `packages` and `work_dir` in initializer of `manifest::AppManifest`
[INFO] [stdout]    --> src/manifest.rs:103:32
[INFO] [stdout]     |
[INFO] [stdout] 103 |         let manifest_with_gd = AppManifest {
[INFO] [stdout]     |                                ^^^^^^^^^^^ missing `app_source`, `packages` and `work_dir`
[INFO] [stdout] 
[INFO] [stdout] 
[INFO] [stdout] error[E0063]: missing fields `app_source`, `packages` and `work_dir` in initializer of `manifest::AppManifest`
[INFO] [stdout]    --> src/manifest.rs:115:32
[INFO] [stdout]     |
[INFO] [stdout] 115 |         let manifest_default = AppManifest {
[INFO] [stdout]     |                                ^^^^^^^^^^^ missing `app_source`, `packages` and `work_dir`
[INFO] [stdout] 
[INFO] [stdout] 
[INFO] [stdout] error[E0559]: variant `rpc::EngineRequest::Stop` has no field named `app_name`
[INFO] [stdout]    --> src/rpc.rs:208:13
[INFO] [stdout]     |
[INFO] [stdout] 208 |             app_name: "app1".to_string(),
[INFO] [stdout]     |             ^^^^^^^^ `rpc::EngineRequest::Stop` does not have this field
[INFO] [stdout]     |
[INFO] [stdout]     = note: available fields are: `container_name`
[INFO] [stdout] 
[INFO] [stdout] 
[INFO] [stdout] error[E0559]: variant `rpc::EngineRequest::Stop` has no field named `instance_id`
[INFO] [stdout]    --> src/rpc.rs:209:13
[INFO] [stdout]     |
[INFO] [stdout] 209 |             instance_id: None,
[INFO] [stdout]     |             ^^^^^^^^^^^ `rpc::EngineRequest::Stop` does not have this field
[INFO] [stdout]     |
[INFO] [stdout]     = note: available fields are: `container_name`
[INFO] [stdout] 
[INFO] [stdout] 
[INFO] [stdout] Some errors have detailed explanations: E0063, E0559.
[INFO] [stdout] 
[INFO] [stdout] For more information about an error, try `rustc --explain E0063`.
[INFO] [stdout] 
[INFO] [stderr] error: could not compile `openback` (lib test) due to 5 previous errors
[INFO] [stderr] warning: build failed, waiting for other jobs to finish...
[INFO] [stdout] error[E0422]: cannot find struct, variant or union type `AppInfo` in module `openback::rpc`
[INFO] [stdout]    --> src/client.rs:301:77
[INFO] [stdout]     |
[INFO] [stdout] 301 |             let mock_response = EngineResponse::AppList(vec![openback::rpc::AppInfo {
[INFO] [stdout]     |                                                                             ^^^^^^^ not found in `openback::rpc`
[INFO] [stdout]     |
[INFO] [stdout] note: similarly named struct `DepInfo` defined here
[INFO] [stdout]    --> src/rpc.rs:159:1
[INFO] [stdout]     |
[INFO] [stdout] 159 | pub struct DepInfo {
[INFO] [stdout]     | ^^^^^^^^^^^^^^^^^^
[INFO] [stdout] help: a struct with a similar name exists
[INFO] [stdout]     |
[INFO] [stdout] 301 -             let mock_response = EngineResponse::AppList(vec![openback::rpc::AppInfo {
[INFO] [stdout] 301 +             let mock_response = EngineResponse::AppList(vec![openback::rpc::DepInfo {
[INFO] [stdout]     |
[INFO] [stdout] 
[INFO] [stdout] 
[INFO] [stdout] error[E0422]: cannot find struct, variant or union type `InstanceInfo` in module `openback::rpc`
[INFO] [stdout]    --> src/client.rs:303:48
[INFO] [stdout]     |
[INFO] [stdout] 303 |                 instances: vec![openback::rpc::InstanceInfo {
[INFO] [stdout]     |                                                ^^^^^^^^^^^^ not found in `openback::rpc`
[INFO] [stdout] 
[INFO] [stdout] 
[INFO] [stdout] warning: unused import: `super::*`
[INFO] [stdout]    --> src/launcher.rs:313:9
[INFO] [stdout]     |
[INFO] [stdout] 313 |     use super::*;
[INFO] [stdout]     |         ^^^^^^^^
[INFO] [stdout]     |
[INFO] [stdout]     = note: `#[warn(unused_imports)]` (part of `#[warn(unused)]`) on by default
[INFO] [stdout] 
[INFO] [stdout] 
[INFO] [stdout] error[E0599]: no variant, associated function, or constant named `AppList` found for enum `openback::rpc::EngineResponse` in the current scope
[INFO] [stdout]    --> src/client.rs:301:49
[INFO] [stdout]     |
[INFO] [stdout] 301 |             let mock_response = EngineResponse::AppList(vec![openback::rpc::AppInfo {
[INFO] [stdout]     |                                                 ^^^^^^^ variant, associated function, or constant not found in `openback::rpc::EngineResponse`
[INFO] [stdout] 
[INFO] [stdout] 
[INFO] [stdout] error[E0061]: this function takes 1 argument but 0 arguments were supplied
[INFO] [stdout]    --> src/client.rs:315:19
[INFO] [stdout]     |
[INFO] [stdout] 315 |         let res = ps().await;
[INFO] [stdout]     |                   ^^-- argument #1 of type `bool` is missing
[INFO] [stdout]     |
[INFO] [stdout] note: function defined here
[INFO] [stdout]    --> src/client.rs:55:14
[INFO] [stdout]     |
[INFO] [stdout]  55 | pub async fn ps(all: bool) -> Result<()> {
[INFO] [stdout]     |              ^^ ---------
[INFO] [stdout] help: provide the argument
[INFO] [stdout]     |
[INFO] [stdout] 315 |         let res = ps(/* bool */).await;
[INFO] [stdout]     |                      ++++++++++
[INFO] [stdout] 
[INFO] [stdout] 
[INFO] [stdout] warning: unused variable: `app_name_inner`
[INFO] [stdout]    --> src/daemon.rs:582:21
[INFO] [stdout]     |
[INFO] [stdout] 582 |                 let app_name_inner = replica_name.clone();
[INFO] [stdout]     |                     ^^^^^^^^^^^^^^ help: if this is intentional, prefix it with an underscore: `_app_name_inner`
[INFO] [stdout]     |
[INFO] [stdout]     = note: `#[warn(unused_variables)]` (part of `#[warn(unused)]`) on by default
[INFO] [stdout] 
[INFO] [stdout] 
[INFO] [stdout] warning: unused variable: `replica_name`
[INFO] [stdout]    --> src/daemon.rs:466:9
[INFO] [stdout]     |
[INFO] [stdout] 466 |     let replica_name = manifest.app_name.clone();
[INFO] [stdout]     |         ^^^^^^^^^^^^ help: if this is intentional, prefix it with an underscore: `_replica_name`
[INFO] [stdout] 
[INFO] [stdout] 
[INFO] [stdout] warning: unused variable: `app_name_inner`
[INFO] [stdout]    --> src/daemon.rs:582:21
[INFO] [stdout]     |
[INFO] [stdout] 582 |                 let app_name_inner = replica_name.clone();
[INFO] [stdout]     |                     ^^^^^^^^^^^^^^ help: if this is intentional, prefix it with an underscore: `_app_name_inner`
[INFO] [stdout]     |
[INFO] [stdout]     = note: `#[warn(unused_variables)]` (part of `#[warn(unused)]`) on by default
[INFO] [stdout] 
[INFO] [stdout] 
[INFO] [stdout] warning: unused variable: `replica_name`
[INFO] [stdout]    --> src/daemon.rs:466:9
[INFO] [stdout]     |
[INFO] [stdout] 466 |     let replica_name = manifest.app_name.clone();
[INFO] [stdout]     |         ^^^^^^^^^^^^ help: if this is intentional, prefix it with an underscore: `_replica_name`
[INFO] [stdout] 
[INFO] [stdout] 
[INFO] [stdout] Some errors have detailed explanations: E0061, E0422, E0599.
[INFO] [stdout] 
[INFO] [stdout] For more information about an error, try `rustc --explain E0061`.
[INFO] [stdout] 
[INFO] [stderr] error: could not compile `openback` (bin "openback" test) due to 4 previous errors; 3 warnings emitted
[INFO] running `Command { std: "docker" "inspect" "c711a62cdaa6cbab0f7e92f0ab647abca81f9cdc041d7dd573a3892ad7cb0edc", kill_on_drop: false }`
[INFO] running `Command { std: "docker" "rm" "-f" "c711a62cdaa6cbab0f7e92f0ab647abca81f9cdc041d7dd573a3892ad7cb0edc", kill_on_drop: false }`
[INFO] [stdout] c711a62cdaa6cbab0f7e92f0ab647abca81f9cdc041d7dd573a3892ad7cb0edc
