[INFO] cloning repository https://github.com/RestartDK/brewthink
[INFO] running `Command { std: "git" "-c" "credential.helper=" "-c" "credential.helper=/workspace/cargo-home/bin/git-credential-null" "clone" "--bare" "https://github.com/RestartDK/brewthink" "/workspace/cache/git-repos/https%3A%2F%2Fgithub.com%2FRestartDK%2Fbrewthink", kill_on_drop: false }`
[INFO] [stderr] Cloning into bare repository '/workspace/cache/git-repos/https%3A%2F%2Fgithub.com%2FRestartDK%2Fbrewthink'...
[INFO] running `Command { std: "git" "rev-parse" "HEAD", kill_on_drop: false }`
[INFO] [stdout] 5c805f78255ff81489ad81b9ba2277183dc9d076
[INFO] checking RestartDK/brewthink against 3154cc1a3e6424e44f438a95007d043ed5ceaaf6+rustflags=-Znext-solver=coherence for pr-133502-30
[INFO] running `Command { std: "git" "clone" "/workspace/cache/git-repos/https%3A%2F%2Fgithub.com%2FRestartDK%2Fbrewthink" "/workspace/builds/worker-2-tc1/source", kill_on_drop: false }`
[INFO] [stderr] Cloning into '/workspace/builds/worker-2-tc1/source'...
[INFO] [stderr] done.
[INFO] removed /workspace/builds/worker-2-tc1/source/.cargo/config.toml
[INFO] removed /workspace/builds/worker-2-tc1/source/rust-toolchain.toml
[INFO] started tweaking git repo https://github.com/RestartDK/brewthink
[INFO] finished tweaking git repo https://github.com/RestartDK/brewthink
[INFO] tweaked toml for git repo https://github.com/RestartDK/brewthink written to /workspace/builds/worker-2-tc1/source/Cargo.toml
[INFO] validating manifest of git repo https://github.com/RestartDK/brewthink on toolchain 3154cc1a3e6424e44f438a95007d043ed5ceaaf6
[INFO] running `Command { std: CARGO_HOME="/workspace/cargo-home" RUSTUP_HOME="/workspace/rustup-home" "/workspace/cargo-home/bin/cargo" "+3154cc1a3e6424e44f438a95007d043ed5ceaaf6" "metadata" "--manifest-path" "Cargo.toml" "--no-deps", kill_on_drop: false }`
[INFO] crate git repo https://github.com/RestartDK/brewthink already has a lockfile, it will not be regenerated
[INFO] running `Command { std: CARGO_HOME="/workspace/cargo-home" RUSTUP_HOME="/workspace/rustup-home" "/workspace/cargo-home/bin/cargo" "+3154cc1a3e6424e44f438a95007d043ed5ceaaf6" "fetch" "--manifest-path" "Cargo.toml", kill_on_drop: false }`
[INFO] [stderr]     Updating crates.io index
[INFO] [stderr]  Downloading crates ...
[INFO] [stderr]   Downloaded embedded-io v0.7.1
[INFO] [stderr]   Downloaded static_cell v2.1.1
[INFO] [stderr]   Downloaded esp-rtos v0.3.0
[INFO] [stderr]   Downloaded riscv-pac v0.2.0
[INFO] [stderr]   Downloaded tjpgd-rs v0.1.0
[INFO] [stderr]   Downloaded xtensa-lx-rt-proc-macros v0.5.0
[INFO] [stderr]   Downloaded embedded-storage-async v0.4.1
[INFO] [stderr]   Downloaded riscv-macros v0.3.0
[INFO] [stderr]   Downloaded esp-sync v0.2.1
[INFO] [stderr]   Downloaded embedded-io-async v0.6.1
[INFO] [stderr]   Downloaded riscv-rt-macros v0.6.1
[INFO] [stderr]   Downloaded embassy-embedded-hal v0.6.0
[INFO] [stderr]   Downloaded embedded-storage v0.3.1
[INFO] [stderr]   Downloaded defmt v0.3.100
[INFO] [stderr]   Downloaded ufmt-write v0.1.0
[INFO] [stderr]   Downloaded riscv-target-parser v0.1.3
[INFO] [stderr]   Downloaded embedded-can v0.4.1
[INFO] [stderr]   Downloaded embedded-io-async v0.7.0
[INFO] [stderr]   Downloaded esp-println v0.17.0
[INFO] [stderr]   Downloaded xtensa-lx v0.13.0
[INFO] [stderr]   Downloaded esp-riscv-rt v0.14.0
[INFO] [stderr]   Downloaded somni-parser v0.2.2
[INFO] [stderr]   Downloaded embassy-time-queue-utils v0.3.2
[INFO] [stderr]   Downloaded zip v6.0.0
[INFO] [stderr]   Downloaded xtensa-lx-rt v0.22.0
[INFO] [stderr]   Downloaded somni-expr v0.2.0
[INFO] [stderr]   Downloaded bitfield v0.19.5
[INFO] [stderr]   Downloaded bitfield-macros v0.19.5
[INFO] [stderr]   Downloaded embedded-layout v0.4.2
[INFO] [stderr]   Downloaded esp-hal-procmacros v0.22.0
[INFO] [stderr]   Downloaded esp-backtrace v0.19.0
[INFO] [stderr]   Downloaded embedded-layout-macros v0.3.1
[INFO] [stderr]   Downloaded embassy-sync v0.6.2
[INFO] [stderr]   Downloaded fugit v0.3.9
[INFO] [stderr]   Downloaded riscv-rt v0.16.0
[INFO] [stderr]   Downloaded esp-config v0.7.0
[INFO] [stderr]   Downloaded embassy-hal-internal v0.4.0
[INFO] [stderr]   Downloaded esp-bootloader-esp-idf v0.5.0
[INFO] [stderr]   Downloaded embedded-sdmmc-types v0.1.0
[INFO] [stderr]   Downloaded riscv v0.15.0
[INFO] [stderr]   Downloaded embassy-sync v0.7.2
[INFO] [stderr]   Downloaded embassy-executor v0.10.0
[INFO] [stderr]   Downloaded embedded-graphics-core v0.4.1
[INFO] [stderr]   Downloaded embassy-sync v0.8.0
[INFO] [stderr]   Downloaded esp-rom-sys v0.1.4
[INFO] [stderr]   Downloaded esp-metadata-generated v0.4.0
[INFO] [stderr]   Downloaded esp32c2 v0.29.2
[INFO] [stderr]   Downloaded esp32c3 v0.32.2
[INFO] [stderr]   Downloaded esp32 v0.40.2
[INFO] [stderr]   Downloaded esp32s2 v0.31.2
[INFO] [stderr]   Downloaded esp32h2 v0.19.2
[INFO] [stderr]   Downloaded esp32s3 v0.35.2
[INFO] [stderr]   Downloaded esp-hal v1.1.2
[INFO] [stderr]   Downloaded esp32c61 v0.3.2
[INFO] [stderr]   Downloaded esp32c6 v0.23.2
[INFO] [stderr]   Downloaded esp32c5 v0.2.2
[INFO] [stderr]   Downloaded embedded-png v0.1.1
[INFO] [stderr]   Downloaded embedded-graphics v0.8.2
[INFO] running `Command { std: "docker" "create" "-v" "/var/lib/crater-agent-workspace/builds/worker-2-tc1/source:/opt/rustwide/workdir:ro,Z" "-v" "/var/lib/crater-agent-workspace/builds/worker-2-tc1/target:/opt/rustwide/target:rw,Z" "-v" "/var/lib/crater-agent-workspace/cargo-home:/opt/rustwide/cargo-home:ro,Z" "-v" "/var/lib/crater-agent-workspace/rustup-home:/opt/rustwide/rustup-home:ro,Z" "-m" "1610612736" "--network" "none" "ghcr.io/rust-lang/crates-build-env/linux@sha256:77db811e55d90add9212f6832c23229e3de5f1c1f9905e8cb07319ea15df73ac" "sleep" "infinity", kill_on_drop: false }`
[INFO] [stdout] e8ca8fe58735009d2fcd36e964e9dd44afbb8d88d7bfe804e983c123da7379f3
[INFO] running `Command { std: "docker" "start" "e8ca8fe58735009d2fcd36e964e9dd44afbb8d88d7bfe804e983c123da7379f3", kill_on_drop: false }`
[INFO] running `Command { std: "docker" "inspect" "e8ca8fe58735009d2fcd36e964e9dd44afbb8d88d7bfe804e983c123da7379f3", kill_on_drop: false }`
[INFO] running `Command { std: "docker" "exec" "-e" "SOURCE_DIR=/opt/rustwide/workdir" "-e" "CARGO_HOME=/opt/rustwide/cargo-home" "-e" "RUSTUP_HOME=/opt/rustwide/rustup-home" "-e" "CARGO_TARGET_DIR=/opt/rustwide/target" "-w" "/opt/rustwide/workdir" "--user" "0:0" "e8ca8fe58735009d2fcd36e964e9dd44afbb8d88d7bfe804e983c123da7379f3" "/opt/rustwide/cargo-home/bin/cargo" "+3154cc1a3e6424e44f438a95007d043ed5ceaaf6" "metadata" "--no-deps" "--format-version=1", kill_on_drop: false }`
[INFO] running `Command { std: "docker" "inspect" "e8ca8fe58735009d2fcd36e964e9dd44afbb8d88d7bfe804e983c123da7379f3", kill_on_drop: false }`
[INFO] running `Command { std: "docker" "exec" "-e" "SOURCE_DIR=/opt/rustwide/workdir" "-e" "CARGO_HOME=/opt/rustwide/cargo-home" "-e" "RUSTUP_HOME=/opt/rustwide/rustup-home" "-e" "CARGO_TARGET_DIR=/opt/rustwide/target" "-e" "CARGO_INCREMENTAL=0" "-e" "RUST_BACKTRACE=full" "-e" "RUSTFLAGS=--cap-lints=forbid -Znext-solver=coherence" "-e" "RUSTDOCFLAGS=--cap-lints=forbid" "-w" "/opt/rustwide/workdir" "--user" "0:0" "e8ca8fe58735009d2fcd36e964e9dd44afbb8d88d7bfe804e983c123da7379f3" "/opt/rustwide/cargo-home/bin/cargo" "+3154cc1a3e6424e44f438a95007d043ed5ceaaf6" "check" "--frozen" "--all" "--all-targets" "--message-format=json", kill_on_drop: false }`
[INFO] [stderr]    Compiling az v1.2.1
[INFO] [stderr]     Checking simd-adler32 v0.3.10
[INFO] [stderr]     Checking byteorder v1.5.0
[INFO] [stderr]     Checking adler2 v2.0.1
[INFO] [stderr]     Checking micromath v2.1.0
[INFO] [stderr]     Checking cfg-if v1.0.4
[INFO] [stderr]    Compiling brewthink v0.1.0 (/opt/rustwide/workdir)
[INFO] [stderr]     Checking pxfm v0.1.30
[INFO] [stderr]     Checking embedded-hal v1.0.0
[INFO] [stderr]     Checking bitflags v2.13.1
[INFO] [stderr]     Checking byteorder-lite v0.1.0
[INFO] [stderr]    Compiling num-traits v0.2.19
[INFO] [stderr]    Compiling crc32fast v1.5.0
[INFO] [stderr]     Checking bytemuck v1.25.2
[INFO] [stderr]    Compiling syn v2.0.119
[INFO] [stderr]     Checking miniz_oxide v0.9.1
[INFO] [stderr]     Checking fdeflate v0.3.7
[INFO] [stderr]     Checking miniz_oxide v0.8.9
[INFO] [stderr]     Checking flate2 v1.1.10
[INFO] [stderr]     Checking embedded-graphics-core v0.4.1
[INFO] [stderr]     Checking png v0.18.1
[INFO] [stderr]     Checking float-cmp v0.9.0
[INFO] [stderr]     Checking embedded-graphics v0.8.2
[INFO] [stderr]    Compiling embedded-layout-macros v0.3.1
[INFO] [stderr]     Checking moxcms v0.8.1
[INFO] [stderr]     Checking embedded-layout v0.4.2
[INFO] [stdout] error: couldn't read `/opt/rustwide/target/debug/build/brewthink/a93202d700f1fda3/out/brewthink-image.bin`: No such file or directory (os error 2)
[INFO] [stdout]   --> src/bin/main.rs:93:5
[INFO] [stdout]    |
[INFO] [stdout] 93 |     include_bytes!(concat!(env!("OUT_DIR"), "/brewthink-image.bin"));
[INFO] [stdout]    |     ^^^^^^^^^^^^^^^^^^^^^^^^^^^^^^^^^^^^^^^^^^^^^^^^^^^^^^^^^^^^^^^^
[INFO] [stdout] 
[INFO] [stdout] 
[INFO] [stdout] error[E0432]: unresolved imports `brewthink::x4::InputReadError`, `brewthink::x4::SharedSpiChipSelects`, `brewthink::x4::X4InputHardware`, `brewthink::x4::X4InputPeripherals`, `brewthink::x4::X4SharedSpiPeripherals`, `brewthink::x4::X4StorageError`, `brewthink::x4::X4StorageHardware`
[INFO] [stdout]   --> src/bin/main.rs:24:9
[INFO] [stdout]    |
[INFO] [stdout] 24 |         InputReadError, SharedSpiChipSelects, X4InputHardware, X4InputPeripherals,
[INFO] [stdout]    |         ^^^^^^^^^^^^^^  ^^^^^^^^^^^^^^^^^^^^  ^^^^^^^^^^^^^^^  ^^^^^^^^^^^^^^^^^^ no `X4InputPeripherals` in `x4`
[INFO] [stdout]    |         |               |                     |
[INFO] [stdout]    |         |               |                     no `X4InputHardware` in `x4`
[INFO] [stdout]    |         |               no `SharedSpiChipSelects` in `x4`
[INFO] [stdout]    |         no `InputReadError` in `x4`
[INFO] [stdout] 25 |         X4SharedSpiPeripherals, X4StorageError, X4StorageHardware, decode_buttons,
[INFO] [stdout]    |         ^^^^^^^^^^^^^^^^^^^^^^  ^^^^^^^^^^^^^^  ^^^^^^^^^^^^^^^^^ no `X4StorageHardware` in `x4`
[INFO] [stdout]    |         |                       |
[INFO] [stdout]    |         |                       no `X4StorageError` in `x4`
[INFO] [stdout]    |         no `X4SharedSpiPeripherals` in `x4`
[INFO] [stdout]    |
[INFO] [stdout] note: found an item that was configured out
[INFO] [stdout]   --> src/x4/mod.rs:23:17
[INFO] [stdout]    |
[INFO] [stdout] 22 | #[cfg(target_arch = "riscv32")]
[INFO] [stdout]    |       ----------------------- the item is gated behind the `riscv32` feature
[INFO] [stdout] 23 | pub use input::{InputReadError, X4InputHardware, X4InputPeripherals};
[INFO] [stdout]    |                 ^^^^^^^^^^^^^^
[INFO] [stdout] note: found an item that was configured out
[INFO] [stdout]   --> src/x4/mod.rs:21:16
[INFO] [stdout]    |
[INFO] [stdout] 20 | #[cfg(target_arch = "riscv32")]
[INFO] [stdout]    |       ----------------------- the item is gated behind the `riscv32` feature
[INFO] [stdout] 21 | pub use board::SharedSpiChipSelects;
[INFO] [stdout]    |                ^^^^^^^^^^^^^^^^^^^^
[INFO] [stdout] note: found an item that was configured out
[INFO] [stdout]   --> src/x4/mod.rs:23:33
[INFO] [stdout]    |
[INFO] [stdout] 22 | #[cfg(target_arch = "riscv32")]
[INFO] [stdout]    |       ----------------------- the item is gated behind the `riscv32` feature
[INFO] [stdout] 23 | pub use input::{InputReadError, X4InputHardware, X4InputPeripherals};
[INFO] [stdout]    |                                 ^^^^^^^^^^^^^^^
[INFO] [stdout] note: found an item that was configured out
[INFO] [stdout]   --> src/x4/mod.rs:23:50
[INFO] [stdout]    |
[INFO] [stdout] 22 | #[cfg(target_arch = "riscv32")]
[INFO] [stdout]    |       ----------------------- the item is gated behind the `riscv32` feature
[INFO] [stdout] 23 | pub use input::{InputReadError, X4InputHardware, X4InputPeripherals};
[INFO] [stdout]    |                                                  ^^^^^^^^^^^^^^^^^^
[INFO] [stdout] note: found an item that was configured out
[INFO] [stdout]   --> src/x4/mod.rs:32:19
[INFO] [stdout]    |
[INFO] [stdout] 31 | #[cfg(target_arch = "riscv32")]
[INFO] [stdout]    |       ----------------------- the item is gated behind the `riscv32` feature
[INFO] [stdout] 32 | pub use storage::{X4SharedSpiPeripherals, X4StorageError, X4StorageHardware};
[INFO] [stdout]    |                   ^^^^^^^^^^^^^^^^^^^^^^
[INFO] [stdout] note: found an item that was configured out
[INFO] [stdout]   --> src/x4/mod.rs:32:43
[INFO] [stdout]    |
[INFO] [stdout] 31 | #[cfg(target_arch = "riscv32")]
[INFO] [stdout]    |       ----------------------- the item is gated behind the `riscv32` feature
[INFO] [stdout] 32 | pub use storage::{X4SharedSpiPeripherals, X4StorageError, X4StorageHardware};
[INFO] [stdout]    |                                           ^^^^^^^^^^^^^^
[INFO] [stdout] note: found an item that was configured out
[INFO] [stdout]   --> src/x4/mod.rs:32:59
[INFO] [stdout]    |
[INFO] [stdout] 31 | #[cfg(target_arch = "riscv32")]
[INFO] [stdout]    |       ----------------------- the item is gated behind the `riscv32` feature
[INFO] [stdout] 32 | pub use storage::{X4SharedSpiPeripherals, X4StorageError, X4StorageHardware};
[INFO] [stdout]    |                                                           ^^^^^^^^^^^^^^^^^
[INFO] [stdout] 
[INFO] [stdout] 
[INFO] [stdout] error[E0432]: unresolved import `defmt`
[INFO] [stdout]   --> src/bin/main.rs:33:5
[INFO] [stdout]    |
[INFO] [stdout] 33 | use defmt::info;
[INFO] [stdout]    |     ^^^^^ use of unresolved module or unlinked crate `defmt`
[INFO] [stdout]    |
[INFO] [stdout]    = help: if you wanted to use a crate named `defmt`, use `cargo add defmt` to add it to your `Cargo.toml`
[INFO] [stdout] 
[INFO] [stdout] 
[INFO] [stdout] error[E0432]: unresolved import `embassy_executor`
[INFO] [stdout]   --> src/bin/main.rs:34:5
[INFO] [stdout]    |
[INFO] [stdout] 34 | use embassy_executor::Spawner;
[INFO] [stdout]    |     ^^^^^^^^^^^^^^^^ use of unresolved module or unlinked crate `embassy_executor`
[INFO] [stdout]    |
[INFO] [stdout]    = help: if you wanted to use a crate named `embassy_executor`, use `cargo add embassy_executor` to add it to your `Cargo.toml`
[INFO] [stdout] 
[INFO] [stdout] 
[INFO] [stdout] error[E0432]: unresolved import `embassy_time`
[INFO] [stdout]   --> src/bin/main.rs:35:5
[INFO] [stdout]    |
[INFO] [stdout] 35 | use embassy_time::{Duration, Timer};
[INFO] [stdout]    |     ^^^^^^^^^^^^ use of unresolved module or unlinked crate `embassy_time`
[INFO] [stdout]    |
[INFO] [stdout]    = help: if you wanted to use a crate named `embassy_time`, use `cargo add embassy_time` to add it to your `Cargo.toml`
[INFO] [stdout] 
[INFO] [stdout] 
[INFO] [stdout] error[E0433]: cannot find module or crate `esp_hal` in this scope
[INFO] [stdout]   --> src/bin/main.rs:49:5
[INFO] [stdout]    |
[INFO] [stdout] 49 | use esp_hal::{
[INFO] [stdout]    |     ^^^^^^^ use of unresolved module or unlinked crate `esp_hal`
[INFO] [stdout]    |
[INFO] [stdout]    = help: if you wanted to use a crate named `esp_hal`, use `cargo add esp_hal` to add it to your `Cargo.toml`
[INFO] [stdout] 
[INFO] [stdout] 
[INFO] [stdout] error[E0432]: unresolved import `esp_backtrace`
[INFO] [stdout]   --> src/bin/main.rs:40:5
[INFO] [stdout]    |
[INFO] [stdout] 40 | use esp_backtrace as _;
[INFO] [stdout]    |     -------------^^^^^
[INFO] [stdout]    |     |
[INFO] [stdout]    |     no external crate `esp_backtrace`
[INFO] [stdout] 
[INFO] [stdout] 
[INFO] [stdout] error[E0432]: unresolved import `esp_println`
[INFO] [stdout]   --> src/bin/main.rs:61:5
[INFO] [stdout]    |
[INFO] [stdout] 61 | use esp_println as _;
[INFO] [stdout]    |     -----------^^^^^
[INFO] [stdout]    |     |
[INFO] [stdout]    |     no external crate `esp_println`
[INFO] [stdout] 
[INFO] [stdout] 
[INFO] [stdout] error[E0432]: unresolved import `static_cell`
[INFO] [stdout]   --> src/bin/main.rs:64:5
[INFO] [stdout]    |
[INFO] [stdout] 64 | use static_cell::StaticCell;
[INFO] [stdout]    |     ^^^^^^^^^^^ use of unresolved module or unlinked crate `static_cell`
[INFO] [stdout]    |
[INFO] [stdout]    = help: if you wanted to use a crate named `static_cell`, use `cargo add static_cell` to add it to your `Cargo.toml`
[INFO] [stdout] 
[INFO] [stdout] 
[INFO] [stdout] error[E0433]: cannot find module or crate `esp_bootloader_esp_idf` in this scope
[INFO] [stdout]   --> src/bin/main.rs:66:1
[INFO] [stdout]    |
[INFO] [stdout] 66 | esp_bootloader_esp_idf::esp_app_desc!();
[INFO] [stdout]    | ^^^^^^^^^^^^^^^^^^^^^^ use of unresolved module or unlinked crate `esp_bootloader_esp_idf`
[INFO] [stdout] 
[INFO] [stdout] 
[INFO] [stdout] error[E0433]: cannot find module or crate `esp_rtos` in this scope
[INFO] [stdout]   --> src/bin/main.rs:95:3
[INFO] [stdout]    |
[INFO] [stdout] 95 | #[esp_rtos::main]
[INFO] [stdout]    |   ^^^^^^^^ use of unresolved module or unlinked crate `esp_rtos`
[INFO] [stdout] 
[INFO] [stdout] 
[INFO] [stdout] error[E0433]: cannot find module or crate `embassy_executor` in this scope
[INFO] [stdout]    --> src/bin/main.rs:455:3
[INFO] [stdout]     |
[INFO] [stdout] 455 | #[embassy_executor::task]
[INFO] [stdout]     |   ^^^^^^^^^^^^^^^^ use of unresolved module or unlinked crate `embassy_executor`
[INFO] [stdout] 
[INFO] [stdout] 
[INFO] [stdout] error[E0433]: cannot find module or crate `embassy_executor` in this scope
[INFO] [stdout]    --> src/bin/main.rs:460:3
[INFO] [stdout]     |
[INFO] [stdout] 460 | #[embassy_executor::task]
[INFO] [stdout]     |   ^^^^^^^^^^^^^^^^ use of unresolved module or unlinked crate `embassy_executor`
[INFO] [stdout] 
[INFO] [stdout] 
[INFO] [stdout] error[E0433]: cannot find module or crate `embassy_executor` in this scope
[INFO] [stdout]    --> src/bin/main.rs:470:3
[INFO] [stdout]     |
[INFO] [stdout] 470 | #[embassy_executor::task]
[INFO] [stdout]     |   ^^^^^^^^^^^^^^^^ use of unresolved module or unlinked crate `embassy_executor`
[INFO] [stdout] 
[INFO] [stdout] 
[INFO] [stdout] error[E0433]: cannot find module or crate `embassy_executor` in this scope
[INFO] [stdout]    --> src/bin/main.rs:499:3
[INFO] [stdout]     |
[INFO] [stdout] 499 | #[embassy_executor::task]
[INFO] [stdout]     |   ^^^^^^^^^^^^^^^^ use of unresolved module or unlinked crate `embassy_executor`
[INFO] [stdout] 
[INFO] [stdout] 
[INFO] [stdout] error[E0433]: cannot find module or crate `embassy_executor` in this scope
[INFO] [stdout]    --> src/bin/main.rs:545:3
[INFO] [stdout]     |
[INFO] [stdout] 545 | #[embassy_executor::task]
[INFO] [stdout]     |   ^^^^^^^^^^^^^^^^ use of unresolved module or unlinked crate `embassy_executor`
[INFO] [stdout] 
[INFO] [stdout] 
[INFO] [stdout] error[E0433]: cannot find module or crate `esp_println` in this scope
[INFO] [stdout]    --> src/bin/main.rs:562:17
[INFO] [stdout]     |
[INFO] [stdout] 562 |                 esp_println::println!("bench: power_usb error={}", error.name());
[INFO] [stdout]     |                 ^^^^^^^^^^^ use of unresolved module or unlinked crate `esp_println`
[INFO] [stdout] 
[INFO] [stdout] 
[INFO] [stdout] error[E0433]: cannot find module or crate `esp_println` in this scope
[INFO] [stdout]    --> src/bin/main.rs:576:26
[INFO] [stdout]     |
[INFO] [stdout] 576 |         Some(capture) => esp_println::println!(
[INFO] [stdout]     |                          ^^^^^^^^^^^ use of unresolved module or unlinked crate `esp_println`
[INFO] [stdout] 
[INFO] [stdout] 
[INFO] [stdout] error[E0433]: cannot find module or crate `esp_println` in this scope
[INFO] [stdout]    --> src/bin/main.rs:585:17
[INFO] [stdout]     |
[INFO] [stdout] 585 |         None => esp_println::println!(
[INFO] [stdout]     |                 ^^^^^^^^^^^ use of unresolved module or unlinked crate `esp_println`
[INFO] [stdout] 
[INFO] [stdout] 
[INFO] [stdout] error[E0433]: cannot find module or crate `esp_println` in this scope
[INFO] [stdout]    --> src/bin/main.rs:595:5
[INFO] [stdout]     |
[INFO] [stdout] 595 |     esp_println::println!(
[INFO] [stdout]     |     ^^^^^^^^^^^ use of unresolved module or unlinked crate `esp_println`
[INFO] [stdout] 
[INFO] [stdout] 
[INFO] [stdout] error[E0433]: cannot find module or crate `embassy_executor` in this scope
[INFO] [stdout]    --> src/bin/main.rs:603:3
[INFO] [stdout]     |
[INFO] [stdout] 603 | #[embassy_executor::task]
[INFO] [stdout]     |   ^^^^^^^^^^^^^^^^ use of unresolved module or unlinked crate `embassy_executor`
[INFO] [stdout] 
[INFO] [stdout] 
[INFO] [stdout] error[E0433]: cannot find module or crate `esp_println` in this scope
[INFO] [stdout]    --> src/bin/main.rs:629:25
[INFO] [stdout]     |
[INFO] [stdout] 629 |                         esp_println::println!(
[INFO] [stdout]     |                         ^^^^^^^^^^^ use of unresolved module or unlinked crate `esp_println`
[INFO] [stdout] 
[INFO] [stdout] 
[INFO] [stdout] error[E0433]: cannot find module or crate `esp_println` in this scope
[INFO] [stdout]    --> src/bin/main.rs:639:21
[INFO] [stdout]     |
[INFO] [stdout] 639 |                     esp_println::println!(
[INFO] [stdout]     |                     ^^^^^^^^^^^ use of unresolved module or unlinked crate `esp_println`
[INFO] [stdout] 
[INFO] [stdout] 
[INFO] [stdout] error[E0433]: cannot find module or crate `esp_println` in this scope
[INFO] [stdout]    --> src/bin/main.rs:651:17
[INFO] [stdout]     |
[INFO] [stdout] 651 |                 esp_println::println!(
[INFO] [stdout]     |                 ^^^^^^^^^^^ use of unresolved module or unlinked crate `esp_println`
[INFO] [stdout] 
[INFO] [stdout] 
[INFO] [stdout] error[E0433]: cannot find module or crate `esp_println` in this scope
[INFO] [stdout]    --> src/bin/main.rs:661:13
[INFO] [stdout]     |
[INFO] [stdout] 661 |             esp_println::println!(
[INFO] [stdout]     |             ^^^^^^^^^^^ use of unresolved module or unlinked crate `esp_println`
[INFO] [stdout] 
[INFO] [stdout] 
[INFO] [stdout] error[E0433]: cannot find module or crate `esp_println` in this scope
[INFO] [stdout]    --> src/bin/main.rs:675:5
[INFO] [stdout]     |
[INFO] [stdout] 675 |     esp_println::println!(
[INFO] [stdout]     |     ^^^^^^^^^^^ use of unresolved module or unlinked crate `esp_println`
[INFO] [stdout] 
[INFO] [stdout] 
[INFO] [stdout] error[E0433]: cannot find module or crate `esp_println` in this scope
[INFO] [stdout]    --> src/bin/main.rs:682:5
[INFO] [stdout]     |
[INFO] [stdout] 682 |     esp_println::println!("bench: integrated_device phase=display checkerboard_refresh=true");
[INFO] [stdout]     |     ^^^^^^^^^^^ use of unresolved module or unlinked crate `esp_println`
[INFO] [stdout] 
[INFO] [stdout] 
[INFO] [stdout] error[E0433]: cannot find module or crate `esp_println` in this scope
[INFO] [stdout]    --> src/bin/main.rs:687:9
[INFO] [stdout]     |
[INFO] [stdout] 687 |         esp_println::println!(
[INFO] [stdout]     |         ^^^^^^^^^^^ use of unresolved module or unlinked crate `esp_println`
[INFO] [stdout] 
[INFO] [stdout] 
[INFO] [stdout] error[E0433]: cannot find module or crate `esp_println` in this scope
[INFO] [stdout]    --> src/bin/main.rs:697:5
[INFO] [stdout]     |
[INFO] [stdout] 697 |     esp_println::println!(
[INFO] [stdout]     |     ^^^^^^^^^^^ use of unresolved module or unlinked crate `esp_println`
[INFO] [stdout] 
[INFO] [stdout] 
[INFO] [stdout] error[E0433]: cannot find module or crate `esp_println` in this scope
[INFO] [stdout]    --> src/bin/main.rs:701:5
[INFO] [stdout]     |
[INFO] [stdout] 701 |     esp_println::println!(
[INFO] [stdout]     |     ^^^^^^^^^^^ use of unresolved module or unlinked crate `esp_println`
[INFO] [stdout] 
[INFO] [stdout] 
[INFO] [stdout] error[E0433]: cannot find module or crate `esp_println` in this scope
[INFO] [stdout]    --> src/bin/main.rs:716:13
[INFO] [stdout]     |
[INFO] [stdout] 716 |             esp_println::println!(
[INFO] [stdout]     |             ^^^^^^^^^^^ use of unresolved module or unlinked crate `esp_println`
[INFO] [stdout] 
[INFO] [stdout] 
[INFO] [stdout] error[E0433]: cannot find module or crate `esp_println` in this scope
[INFO] [stdout]    --> src/bin/main.rs:725:9
[INFO] [stdout]     |
[INFO] [stdout] 725 |         esp_println::println!(
[INFO] [stdout]     |         ^^^^^^^^^^^ use of unresolved module or unlinked crate `esp_println`
[INFO] [stdout] 
[INFO] [stdout] 
[INFO] [stdout] error[E0433]: cannot find module or crate `esp_println` in this scope
[INFO] [stdout]    --> src/bin/main.rs:781:13
[INFO] [stdout]     |
[INFO] [stdout] 781 |             esp_println::println!(
[INFO] [stdout]     |             ^^^^^^^^^^^ use of unresolved module or unlinked crate `esp_println`
[INFO] [stdout] 
[INFO] [stdout] 
[INFO] [stdout] error[E0433]: cannot find module or crate `esp_println` in this scope
[INFO] [stdout]    --> src/bin/main.rs:791:5
[INFO] [stdout]     |
[INFO] [stdout] 791 |     esp_println::println!(
[INFO] [stdout]     |     ^^^^^^^^^^^ use of unresolved module or unlinked crate `esp_println`
[INFO] [stdout] 
[INFO] [stdout] 
[INFO] [stdout] error[E0433]: cannot find module or crate `esp_println` in this scope
[INFO] [stdout]    --> src/bin/main.rs:845:5
[INFO] [stdout]     |
[INFO] [stdout] 845 |     esp_println::println!(
[INFO] [stdout]     |     ^^^^^^^^^^^ use of unresolved module or unlinked crate `esp_println`
[INFO] [stdout] 
[INFO] [stdout] 
[INFO] [stdout] error[E0433]: cannot find module or crate `esp_println` in this scope
[INFO] [stdout]    --> src/bin/main.rs:856:13
[INFO] [stdout]     |
[INFO] [stdout] 856 |             esp_println::println!(
[INFO] [stdout]     |             ^^^^^^^^^^^ use of unresolved module or unlinked crate `esp_println`
[INFO] [stdout] 
[INFO] [stdout] 
[INFO] [stdout] error[E0433]: cannot find module or crate `esp_println` in this scope
[INFO] [stdout]    --> src/bin/main.rs:863:5
[INFO] [stdout]     |
[INFO] [stdout] 863 |     esp_println::println!(
[INFO] [stdout]     |     ^^^^^^^^^^^ use of unresolved module or unlinked crate `esp_println`
[INFO] [stdout] 
[INFO] [stdout] 
[INFO] [stdout] error[E0433]: cannot find module or crate `esp_println` in this scope
[INFO] [stdout]    --> src/bin/main.rs:874:13
[INFO] [stdout]     |
[INFO] [stdout] 874 |             esp_println::println!(
[INFO] [stdout]     |             ^^^^^^^^^^^ use of unresolved module or unlinked crate `esp_println`
[INFO] [stdout] 
[INFO] [stdout] 
[INFO] [stdout] error[E0433]: cannot find module or crate `esp_println` in this scope
[INFO] [stdout]    --> src/bin/main.rs:887:5
[INFO] [stdout]     |
[INFO] [stdout] 887 |     esp_println::println!(
[INFO] [stdout]     |     ^^^^^^^^^^^ use of unresolved module or unlinked crate `esp_println`
[INFO] [stdout] 
[INFO] [stdout] 
[INFO] [stdout] error[E0433]: cannot find module or crate `esp_println` in this scope
[INFO] [stdout]     --> src/bin/main.rs:1080:9
[INFO] [stdout]      |
[INFO] [stdout] 1080 |         esp_println::println!(
[INFO] [stdout]      |         ^^^^^^^^^^^ use of unresolved module or unlinked crate `esp_println`
[INFO] [stdout] 
[INFO] [stdout] 
[INFO] [stdout] error[E0433]: cannot find module or crate `esp_println` in this scope
[INFO] [stdout]     --> src/bin/main.rs:1089:5
[INFO] [stdout]      |
[INFO] [stdout] 1089 |     esp_println::println!(
[INFO] [stdout]      |     ^^^^^^^^^^^ use of unresolved module or unlinked crate `esp_println`
[INFO] [stdout] 
[INFO] [stdout] 
[INFO] [stdout] error[E0433]: cannot find module or crate `esp_println` in this scope
[INFO] [stdout]     --> src/bin/main.rs:1103:13
[INFO] [stdout]      |
[INFO] [stdout] 1103 |             esp_println::println!(
[INFO] [stdout]      |             ^^^^^^^^^^^ use of unresolved module or unlinked crate `esp_println`
[INFO] [stdout] 
[INFO] [stdout] 
[INFO] [stdout] error[E0433]: cannot find module or crate `esp_println` in this scope
[INFO] [stdout]     --> src/bin/main.rs:1110:48
[INFO] [stdout]      |
[INFO] [stdout] 1110 |         DiskLayout::SuperFloppy(filesystem) => esp_println::println!(
[INFO] [stdout]      |                                                ^^^^^^^^^^^ use of unresolved module or unlinked crate `esp_println`
[INFO] [stdout] 
[INFO] [stdout] 
[INFO] [stdout] error[E0433]: cannot find module or crate `esp_println` in this scope
[INFO] [stdout]     --> src/bin/main.rs:1115:32
[INFO] [stdout]      |
[INFO] [stdout] 1115 |         DiskLayout::Unknown => esp_println::println!(
[INFO] [stdout]      |                                ^^^^^^^^^^^ use of unresolved module or unlinked crate `esp_println`
[INFO] [stdout] 
[INFO] [stdout] 
[INFO] [stdout] error[E0433]: cannot find module or crate `esp_println` in this scope
[INFO] [stdout]     --> src/bin/main.rs:1125:13
[INFO] [stdout]      |
[INFO] [stdout] 1125 |             esp_println::println!(
[INFO] [stdout]      |             ^^^^^^^^^^^ use of unresolved module or unlinked crate `esp_println`
[INFO] [stdout] 
[INFO] [stdout] 
[INFO] [stdout] error[E0433]: cannot find module or crate `esp_hal` in this scope
[INFO] [stdout]    --> src/bin/main.rs:102:18
[INFO] [stdout]     |
[INFO] [stdout] 102 |     let config = esp_hal::Config::default().with_cpu_clock(CpuClock::max());
[INFO] [stdout]     |                  ^^^^^^^ use of unresolved module or unlinked crate `esp_hal`
[INFO] [stdout]     |
[INFO] [stdout]     = help: if you wanted to use a crate named `esp_hal`, use `cargo add esp_hal` to add it to your `Cargo.toml`
[INFO] [stdout] 
[INFO] [stdout] 
[INFO] [stdout] error[E0433]: cannot find module or crate `esp_hal` in this scope
[INFO] [stdout]    --> src/bin/main.rs:108:9
[INFO] [stdout]     |
[INFO] [stdout] 108 |         esp_hal::interrupt::software::SoftwareInterruptControl::new(peripherals.SW_INTERRUPT);
[INFO] [stdout]     |         ^^^^^^^ use of unresolved module or unlinked crate `esp_hal`
[INFO] [stdout]     |
[INFO] [stdout]     = help: if you wanted to use a crate named `esp_hal`, use `cargo add esp_hal` to add it to your `Cargo.toml`
[INFO] [stdout] 
[INFO] [stdout] 
[INFO] [stdout] error[E0433]: cannot find module or crate `esp_hal` in this scope
[INFO] [stdout]    --> src/bin/main.rs:271:17
[INFO] [stdout]     |
[INFO] [stdout] 271 |                 esp_hal::system::wakeup_cause(),
[INFO] [stdout]     |                 ^^^^^^^ use of unresolved module or unlinked crate `esp_hal`
[INFO] [stdout]     |
[INFO] [stdout]     = help: if you wanted to use a crate named `esp_hal`, use `cargo add esp_hal` to add it to your `Cargo.toml`
[INFO] [stdout] 
[INFO] [stdout] 
[INFO] [stdout] error[E0433]: cannot find module or crate `esp_hal` in this scope
[INFO] [stdout]     --> src/bin/main.rs:1269:17
[INFO] [stdout]      |
[INFO] [stdout] 1269 |     let delay = esp_hal::delay::Delay::new();
[INFO] [stdout]      |                 ^^^^^^^ use of unresolved module or unlinked crate `esp_hal`
[INFO] [stdout]      |
[INFO] [stdout]      = help: if you wanted to use a crate named `esp_hal`, use `cargo add esp_hal` to add it to your `Cargo.toml`
[INFO] [stdout] 
[INFO] [stdout] 
[INFO] [stdout] warning: unused import: `inspect_filesystem`
[INFO] [stdout]   --> src/bin/main.rs:20:64
[INFO] [stdout]    |
[INFO] [stdout] 20 |         CardInfo, DiskLayout, ReadOnlySdCard, SdError, Sector, inspect_filesystem,
[INFO] [stdout]    |                                                                ^^^^^^^^^^^^^^^^^^
[INFO] [stdout]    |
[INFO] [stdout]    = note: `#[warn(unused_imports)]` (part of `#[warn(unused)]`) on by default
[INFO] [stdout] 
[INFO] [stdout] 
[INFO] [stdout] error[E0433]: cannot find module or crate `esp_hal` in this scope
[INFO] [stdout]    --> src/bin/main.rs:103:23
[INFO] [stdout]     |
[INFO] [stdout] 103 |     let peripherals = esp_hal::init(config);
[INFO] [stdout]     |                       ^^^^^^^ use of unresolved module or unlinked crate `esp_hal`
[INFO] [stdout]     |
[INFO] [stdout]     = help: if you wanted to use a crate named `esp_hal`, use `cargo add esp_hal` to add it to your `Cargo.toml`
[INFO] [stdout] 
[INFO] [stdout] 
[INFO] [stdout] error[E0433]: cannot find module or crate `esp_rtos` in this scope
[INFO] [stdout]    --> src/bin/main.rs:111:5
[INFO] [stdout]     |
[INFO] [stdout] 111 |     esp_rtos::start(timg0.timer0, sw_interrupts.software_interrupt0);
[INFO] [stdout]     |     ^^^^^^^^ use of unresolved module or unlinked crate `esp_rtos`
[INFO] [stdout]     |
[INFO] [stdout]     = help: if you wanted to use a crate named `esp_rtos`, use `cargo add esp_rtos` to add it to your `Cargo.toml`
[INFO] [stdout] 
[INFO] [stdout] 
[INFO] [stdout] error[E0308]: mismatched types
[INFO] [stdout]    --> src/bin/main.rs:136:17
[INFO] [stdout]     |
[INFO] [stdout] 135 |             let task = match heartbeat(chip_selects) {
[INFO] [stdout]     |                              ----------------------- this expression has type `impl Future<Output = !>`
[INFO] [stdout] 136 |                 Ok(task) => task,
[INFO] [stdout]     |                 ^^^^^^^^ expected future, found `Result<_, _>`
[INFO] [stdout]     |
[INFO] [stdout]     = note: expected opaque type `impl Future<Output = !>`
[INFO] [stdout]                       found enum `Result<_, _>`
[INFO] [stdout] 
[INFO] [stdout] 
[INFO] [stdout] error[E0308]: mismatched types
[INFO] [stdout]    --> src/bin/main.rs:137:17
[INFO] [stdout]     |
[INFO] [stdout] 135 |             let task = match heartbeat(chip_selects) {
[INFO] [stdout]     |                              ----------------------- this expression has type `impl Future<Output = !>`
[INFO] [stdout] 136 |                 Ok(task) => task,
[INFO] [stdout] 137 |                 Err(_) => hold((), "heartbeat task allocation failed"),
[INFO] [stdout]     |                 ^^^^^^ expected future, found `Result<_, _>`
[INFO] [stdout]     |
[INFO] [stdout]     = note: expected opaque type `impl Future<Output = !>`
[INFO] [stdout]                       found enum `Result<_, _>`
[INFO] [stdout] 
[INFO] [stdout] 
[INFO] [stdout] error[E0308]: mismatched types
[INFO] [stdout]    --> src/bin/main.rs:248:17
[INFO] [stdout]     |
[INFO] [stdout] 247 |             let task = match integrated_device_task(hardware, inputs) {
[INFO] [stdout]     |                              ---------------------------------------- this expression has type `impl Future<Output = !>`
[INFO] [stdout] 248 |                 Ok(task) => task,
[INFO] [stdout]     |                 ^^^^^^^^ expected future, found `Result<_, _>`
[INFO] [stdout]     |
[INFO] [stdout]     = note: expected opaque type `impl Future<Output = !>`
[INFO] [stdout]                       found enum `Result<_, _>`
[INFO] [stdout] 
[INFO] [stdout] 
[INFO] [stdout] error[E0308]: mismatched types
[INFO] [stdout]    --> src/bin/main.rs:249:17
[INFO] [stdout]     |
[INFO] [stdout] 247 |             let task = match integrated_device_task(hardware, inputs) {
[INFO] [stdout]     |                              ---------------------------------------- this expression has type `impl Future<Output = !>`
[INFO] [stdout] 248 |                 Ok(task) => task,
[INFO] [stdout] 249 |                 Err(_) => hold((), "integrated-device task allocation failed"),
[INFO] [stdout]     |                 ^^^^^^ expected future, found `Result<_, _>`
[INFO] [stdout]     |
[INFO] [stdout]     = note: expected opaque type `impl Future<Output = !>`
[INFO] [stdout]                       found enum `Result<_, _>`
[INFO] [stdout] 
[INFO] [stdout] 
[INFO] [stdout] error[E0308]: mismatched types
[INFO] [stdout]    --> src/bin/main.rs:425:17
[INFO] [stdout]     |
[INFO] [stdout] 424 |             let heartbeat_task = match heartbeat(chip_selects) {
[INFO] [stdout]     |                                        ----------------------- this expression has type `impl Future<Output = !>`
[INFO] [stdout] 425 |                 Ok(task) => task,
[INFO] [stdout]     |                 ^^^^^^^^ expected future, found `Result<_, _>`
[INFO] [stdout]     |
[INFO] [stdout]     = note: expected opaque type `impl Future<Output = !>`
[INFO] [stdout]                       found enum `Result<_, _>`
[INFO] [stdout] 
[INFO] [stdout] 
[INFO] [stdout] error[E0308]: mismatched types
[INFO] [stdout]    --> src/bin/main.rs:426:17
[INFO] [stdout]     |
[INFO] [stdout] 424 |             let heartbeat_task = match heartbeat(chip_selects) {
[INFO] [stdout]     |                                        ----------------------- this expression has type `impl Future<Output = !>`
[INFO] [stdout] 425 |                 Ok(task) => task,
[INFO] [stdout] 426 |                 Err(_) => hold((), "heartbeat task allocation failed"),
[INFO] [stdout]     |                 ^^^^^^ expected future, found `Result<_, _>`
[INFO] [stdout]     |
[INFO] [stdout]     = note: expected opaque type `impl Future<Output = !>`
[INFO] [stdout]                       found enum `Result<_, _>`
[INFO] [stdout] 
[INFO] [stdout] 
[INFO] [stdout] error[E0308]: mismatched types
[INFO] [stdout]    --> src/bin/main.rs:432:17
[INFO] [stdout]     |
[INFO] [stdout] 431 |             let retained = match retain_chip_selects(chip_selects) {
[INFO] [stdout]     |                                  --------------------------------- this expression has type `impl Future<Output = !>`
[INFO] [stdout] 432 |                 Ok(task) => task,
[INFO] [stdout]     |                 ^^^^^^^^ expected future, found `Result<_, _>`
[INFO] [stdout]     |
[INFO] [stdout]     = note: expected opaque type `impl Future<Output = !>`
[INFO] [stdout]                       found enum `Result<_, _>`
[INFO] [stdout] 
[INFO] [stdout] 
[INFO] [stdout] error[E0308]: mismatched types
[INFO] [stdout]    --> src/bin/main.rs:433:17
[INFO] [stdout]     |
[INFO] [stdout] 431 |             let retained = match retain_chip_selects(chip_selects) {
[INFO] [stdout]     |                                  --------------------------------- this expression has type `impl Future<Output = !>`
[INFO] [stdout] 432 |                 Ok(task) => task,
[INFO] [stdout] 433 |                 Err(_) => hold((), "chip-select retention task allocation failed"),
[INFO] [stdout]     |                 ^^^^^^ expected future, found `Result<_, _>`
[INFO] [stdout]     |
[INFO] [stdout]     = note: expected opaque type `impl Future<Output = !>`
[INFO] [stdout]                       found enum `Result<_, _>`
[INFO] [stdout] 
[INFO] [stdout] 
[INFO] [stdout] error[E0599]: `impl Future<Output = !>` is not an iterator
[INFO] [stdout]    --> src/bin/main.rs:441:14
[INFO] [stdout]     |
[INFO] [stdout] 440 |         InputDiagnosticStage::Raw => raw_input_task(inputs)
[INFO] [stdout] 441 |             .map(|task| spawner.spawn(task))
[INFO] [stdout]     |              ^^^ `impl Future<Output = !>` is not an iterator
[INFO] [stdout]     |
[INFO] [stdout]     = note: the following trait bounds were not satisfied:
[INFO] [stdout]             `impl Future<Output = !>: Iterator`
[INFO] [stdout]             which is required by `&mut impl Future<Output = !>: Iterator`
[INFO] [stdout] 
[INFO] [stdout] 
[INFO] [stdout] error[E0599]: `impl Future<Output = !>` is not an iterator
[INFO] [stdout]    --> src/bin/main.rs:444:14
[INFO] [stdout]     |
[INFO] [stdout] 443 |         InputDiagnosticStage::Events => input_event_task(inputs)
[INFO] [stdout] 444 |             .map(|task| spawner.spawn(task))
[INFO] [stdout]     |              ^^^ `impl Future<Output = !>` is not an iterator
[INFO] [stdout]     |
[INFO] [stdout]     = note: the following trait bounds were not satisfied:
[INFO] [stdout]             `impl Future<Output = !>: Iterator`
[INFO] [stdout]             which is required by `&mut impl Future<Output = !>: Iterator`
[INFO] [stdout] 
[INFO] [stdout] 
[INFO] [stdout] error[E0599]: `impl Future<Output = !>` is not an iterator
[INFO] [stdout]    --> src/bin/main.rs:447:14
[INFO] [stdout]     |
[INFO] [stdout] 446 |         InputDiagnosticStage::PowerUsb => power_usb_task(inputs)
[INFO] [stdout] 447 |             .map(|task| spawner.spawn(task))
[INFO] [stdout]     |              ^^^ `impl Future<Output = !>` is not an iterator
[INFO] [stdout]     |
[INFO] [stdout]     = note: the following trait bounds were not satisfied:
[INFO] [stdout]             `impl Future<Output = !>: Iterator`
[INFO] [stdout]             which is required by `&mut impl Future<Output = !>: Iterator`
[INFO] [stdout] 
[INFO] [stdout] 
[INFO] [stdout] Some errors have detailed explanations: E0308, E0432, E0433, E0599.
[INFO] [stdout] 
[INFO] [stdout] For more information about an error, try `rustc --explain E0308`.
[INFO] [stdout] 
[INFO] [stderr] error: could not compile `brewthink` (bin "brewthink") due to 62 previous errors; 1 warning emitted
[INFO] [stderr] warning: build failed, waiting for other jobs to finish...
[INFO] running `Command { std: "docker" "inspect" "e8ca8fe58735009d2fcd36e964e9dd44afbb8d88d7bfe804e983c123da7379f3", kill_on_drop: false }`
[INFO] running `Command { std: "docker" "rm" "-f" "e8ca8fe58735009d2fcd36e964e9dd44afbb8d88d7bfe804e983c123da7379f3", kill_on_drop: false }`
[INFO] [stdout] e8ca8fe58735009d2fcd36e964e9dd44afbb8d88d7bfe804e983c123da7379f3
