[INFO] cloning repository https://github.com/Remade-With-Rust/rusty_zstd
[INFO] running `Command { std: "git" "-c" "credential.helper=" "-c" "credential.helper=/workspace/cargo-home/bin/git-credential-null" "clone" "--bare" "https://github.com/Remade-With-Rust/rusty_zstd" "/workspace/cache/git-repos/https%3A%2F%2Fgithub.com%2FRemade-With-Rust%2Frusty_zstd", kill_on_drop: false }`
[INFO] [stderr] Cloning into bare repository '/workspace/cache/git-repos/https%3A%2F%2Fgithub.com%2FRemade-With-Rust%2Frusty_zstd'...
[INFO] running `Command { std: "git" "rev-parse" "HEAD", kill_on_drop: false }`
[INFO] [stdout] e642fea3adcd1f33ab0cbe9cb5c9acf9e7b07522
[INFO] checking Remade-With-Rust/rusty_zstd against 3154cc1a3e6424e44f438a95007d043ed5ceaaf6 for pr-133502-30
[INFO] running `Command { std: "git" "clone" "/workspace/cache/git-repos/https%3A%2F%2Fgithub.com%2FRemade-With-Rust%2Frusty_zstd" "/workspace/builds/worker-5-tc2/source", kill_on_drop: false }`
[INFO] [stderr] Cloning into '/workspace/builds/worker-5-tc2/source'...
[INFO] [stderr] done.
[INFO] started tweaking git repo https://github.com/Remade-With-Rust/rusty_zstd
[INFO] finished tweaking git repo https://github.com/Remade-With-Rust/rusty_zstd
[INFO] tweaked toml for git repo https://github.com/Remade-With-Rust/rusty_zstd written to /workspace/builds/worker-5-tc2/source/Cargo.toml
[INFO] validating manifest of git repo https://github.com/Remade-With-Rust/rusty_zstd on toolchain 3154cc1a3e6424e44f438a95007d043ed5ceaaf6
[INFO] running `Command { std: CARGO_HOME="/workspace/cargo-home" RUSTUP_HOME="/workspace/rustup-home" "/workspace/cargo-home/bin/cargo" "+3154cc1a3e6424e44f438a95007d043ed5ceaaf6" "metadata" "--manifest-path" "Cargo.toml" "--no-deps", kill_on_drop: false }`
[INFO] crate git repo https://github.com/Remade-With-Rust/rusty_zstd already has a lockfile, it will not be regenerated
[INFO] running `Command { std: CARGO_HOME="/workspace/cargo-home" RUSTUP_HOME="/workspace/rustup-home" "/workspace/cargo-home/bin/cargo" "+3154cc1a3e6424e44f438a95007d043ed5ceaaf6" "fetch" "--manifest-path" "Cargo.toml", kill_on_drop: false }`
[INFO] running `Command { std: "docker" "create" "-v" "/var/lib/crater-agent-workspace/builds/worker-5-tc2/source:/opt/rustwide/workdir:ro,Z" "-v" "/var/lib/crater-agent-workspace/builds/worker-5-tc2/target:/opt/rustwide/target:rw,Z" "-v" "/var/lib/crater-agent-workspace/cargo-home:/opt/rustwide/cargo-home:ro,Z" "-v" "/var/lib/crater-agent-workspace/rustup-home:/opt/rustwide/rustup-home:ro,Z" "-m" "1610612736" "--network" "none" "ghcr.io/rust-lang/crates-build-env/linux@sha256:77db811e55d90add9212f6832c23229e3de5f1c1f9905e8cb07319ea15df73ac" "sleep" "infinity", kill_on_drop: false }`
[INFO] [stdout] 76189442cd00d7ac3381d3fdfface31ceb0fd41dc654e7e877f7629aba8928d7
[INFO] running `Command { std: "docker" "start" "76189442cd00d7ac3381d3fdfface31ceb0fd41dc654e7e877f7629aba8928d7", kill_on_drop: false }`
[INFO] running `Command { std: "docker" "inspect" "76189442cd00d7ac3381d3fdfface31ceb0fd41dc654e7e877f7629aba8928d7", kill_on_drop: false }`
[INFO] running `Command { std: "docker" "exec" "-e" "SOURCE_DIR=/opt/rustwide/workdir" "-e" "CARGO_HOME=/opt/rustwide/cargo-home" "-e" "RUSTUP_HOME=/opt/rustwide/rustup-home" "-e" "CARGO_TARGET_DIR=/opt/rustwide/target" "-w" "/opt/rustwide/workdir" "--user" "0:0" "76189442cd00d7ac3381d3fdfface31ceb0fd41dc654e7e877f7629aba8928d7" "/opt/rustwide/cargo-home/bin/cargo" "+3154cc1a3e6424e44f438a95007d043ed5ceaaf6" "metadata" "--no-deps" "--format-version=1", kill_on_drop: false }`
[INFO] running `Command { std: "docker" "inspect" "76189442cd00d7ac3381d3fdfface31ceb0fd41dc654e7e877f7629aba8928d7", kill_on_drop: false }`
[INFO] running `Command { std: "docker" "exec" "-e" "SOURCE_DIR=/opt/rustwide/workdir" "-e" "CARGO_HOME=/opt/rustwide/cargo-home" "-e" "RUSTUP_HOME=/opt/rustwide/rustup-home" "-e" "CARGO_TARGET_DIR=/opt/rustwide/target" "-e" "CARGO_INCREMENTAL=0" "-e" "RUST_BACKTRACE=full" "-e" "RUSTFLAGS=--cap-lints=forbid" "-e" "RUSTDOCFLAGS=--cap-lints=forbid" "-w" "/opt/rustwide/workdir" "--user" "0:0" "76189442cd00d7ac3381d3fdfface31ceb0fd41dc654e7e877f7629aba8928d7" "/opt/rustwide/cargo-home/bin/cargo" "+3154cc1a3e6424e44f438a95007d043ed5ceaaf6" "check" "--frozen" "--all" "--all-targets" "--message-format=json", kill_on_drop: false }`
[INFO] [stderr]     Checking rusty_zstd v0.3.0 (/opt/rustwide/workdir/crates/rusty_zstd)
[INFO] [stderr]    Compiling libc v0.2.189
[INFO] [stderr]    Compiling proc-macro2 v1.0.107
[INFO] [stderr]    Compiling quote v1.0.47
[INFO] [stderr]     Checking memchr v2.8.3
[INFO] [stderr]     Checking thoth v0.3.0 (https://github.com/Remade-With-Rust/thoth?tag=v0.3.0#f9c33cb9)
[INFO] [stderr]     Checking serde_json v1.0.151
[INFO] [stderr]    Compiling syn v3.0.3
[INFO] [stderr]     Checking rusty_alloc v2.2.5
[INFO] [stderr]     Checking rusty_alloc-api v2.2.5
[INFO] [stderr]     Checking rzstd-alloc v0.3.0 (/opt/rustwide/workdir/crates/rzstd-alloc)
[INFO] [stderr]     Checking rusty_zstd-cli v0.3.0 (/opt/rustwide/workdir/crates/rusty_zstd-cli)
[INFO] [stderr]    Compiling serde_derive v1.0.229
[INFO] [stderr]     Checking serde v1.0.229
[INFO] [stderr]     Checking rusty_zstd-bench v0.3.0 (/opt/rustwide/workdir/crates/rusty_zstd-bench)
[INFO] [stdout] error[E0425]: cannot find function `take` in module `copies`
[INFO] [stdout]    --> crates/rusty_zstd-bench/examples/copies.rs:45:25
[INFO] [stdout]     |
[INFO] [stdout]  45 |         let _ = copies::take();
[INFO] [stdout]     |                         ^^^^ not found in `copies`
[INFO] [stdout]     |
[INFO] [stdout] note: found an item that was configured out
[INFO] [stdout]    --> crates/rusty_zstd/src/copies.rs:230:8
[INFO] [stdout]     |
[INFO] [stdout] 229 | #[cfg(feature = "profile")]
[INFO] [stdout]     |       ------------------- the item is gated behind the `profile` feature
[INFO] [stdout] 230 | pub fn take() -> [(u64, u64); N_COPY_SLOTS] {
[INFO] [stdout]     |        ^^^^
[INFO] [stdout] help: consider importing this function
[INFO] [stdout]     |
[INFO] [stdout]   9 + use std::mem::take;
[INFO] [stdout]     |
[INFO] [stdout] help: if you import `take`, refer to it directly
[INFO] [stdout]     |
[INFO] [stdout]  45 -         let _ = copies::take();
[INFO] [stdout]  45 +         let _ = take();
[INFO] [stdout]     |
[INFO] [stdout] 
[INFO] [stdout] 
[INFO] [stdout] error[E0425]: cannot find function `take` in module `copies`
[INFO] [stdout]    --> crates/rusty_zstd-bench/examples/copies.rs:47:25
[INFO] [stdout]     |
[INFO] [stdout]  47 |         let c = copies::take();
[INFO] [stdout]     |                         ^^^^ not found in `copies`
[INFO] [stdout]     |
[INFO] [stdout] note: found an item that was configured out
[INFO] [stdout]    --> crates/rusty_zstd/src/copies.rs:230:8
[INFO] [stdout]     |
[INFO] [stdout] 229 | #[cfg(feature = "profile")]
[INFO] [stdout]     |       ------------------- the item is gated behind the `profile` feature
[INFO] [stdout] 230 | pub fn take() -> [(u64, u64); N_COPY_SLOTS] {
[INFO] [stdout]     |        ^^^^
[INFO] [stdout] help: consider importing this function
[INFO] [stdout]     |
[INFO] [stdout]   9 + use std::mem::take;
[INFO] [stdout]     |
[INFO] [stdout] help: if you import `take`, refer to it directly
[INFO] [stdout]     |
[INFO] [stdout]  47 -         let c = copies::take();
[INFO] [stdout]  47 +         let c = take();
[INFO] [stdout]     |
[INFO] [stdout] 
[INFO] [stdout] 
[INFO] [stdout] error[E0425]: cannot find function `take` in module `copies`
[INFO] [stdout]    --> crates/rusty_zstd-bench/examples/copies.rs:51:25
[INFO] [stdout]     |
[INFO] [stdout]  51 |         let _ = copies::take();
[INFO] [stdout]     |                         ^^^^ not found in `copies`
[INFO] [stdout]     |
[INFO] [stdout] note: found an item that was configured out
[INFO] [stdout]    --> crates/rusty_zstd/src/copies.rs:230:8
[INFO] [stdout]     |
[INFO] [stdout] 229 | #[cfg(feature = "profile")]
[INFO] [stdout]     |       ------------------- the item is gated behind the `profile` feature
[INFO] [stdout] 230 | pub fn take() -> [(u64, u64); N_COPY_SLOTS] {
[INFO] [stdout]     |        ^^^^
[INFO] [stdout] help: consider importing this function
[INFO] [stdout]     |
[INFO] [stdout]   9 + use std::mem::take;
[INFO] [stdout]     |
[INFO] [stdout] help: if you import `take`, refer to it directly
[INFO] [stdout]     |
[INFO] [stdout]  51 -         let _ = copies::take();
[INFO] [stdout]  51 +         let _ = take();
[INFO] [stdout]     |
[INFO] [stdout] 
[INFO] [stdout] 
[INFO] [stdout] For more information about this error, try `rustc --explain E0425`.
[INFO] [stdout] 
[INFO] [stderr] error: could not compile `rusty_zstd-bench` (example "copies") due to 3 previous errors
[INFO] [stderr] warning: build failed, waiting for other jobs to finish...
[INFO] [stdout] error[E0425]: cannot find function `take` in module `copies`
[INFO] [stdout]    --> crates/rusty_zstd-bench/examples/nofcs.rs:40:25
[INFO] [stdout]     |
[INFO] [stdout]  40 |         let _ = copies::take();
[INFO] [stdout]     |                         ^^^^ not found in `copies`
[INFO] [stdout]     |
[INFO] [stdout] note: found an item that was configured out
[INFO] [stdout]    --> crates/rusty_zstd/src/copies.rs:230:8
[INFO] [stdout]     |
[INFO] [stdout] 229 | #[cfg(feature = "profile")]
[INFO] [stdout]     |       ------------------- the item is gated behind the `profile` feature
[INFO] [stdout] 230 | pub fn take() -> [(u64, u64); N_COPY_SLOTS] {
[INFO] [stdout]     |        ^^^^
[INFO] [stdout] help: consider importing this function
[INFO] [stdout]     |
[INFO] [stdout]   6 + use std::mem::take;
[INFO] [stdout]     |
[INFO] [stdout] help: if you import `take`, refer to it directly
[INFO] [stdout]     |
[INFO] [stdout]  40 -         let _ = copies::take();
[INFO] [stdout]  40 +         let _ = take();
[INFO] [stdout]     |
[INFO] [stdout] 
[INFO] [stdout] 
[INFO] [stdout] error[E0425]: cannot find function `take` in module `copies`
[INFO] [stdout]    --> crates/rusty_zstd-bench/examples/nofcs.rs:42:25
[INFO] [stdout]     |
[INFO] [stdout]  42 |         let c = copies::take();
[INFO] [stdout]     |                         ^^^^ not found in `copies`
[INFO] [stdout]     |
[INFO] [stdout] note: found an item that was configured out
[INFO] [stdout]    --> crates/rusty_zstd/src/copies.rs:230:8
[INFO] [stdout]     |
[INFO] [stdout] 229 | #[cfg(feature = "profile")]
[INFO] [stdout]     |       ------------------- the item is gated behind the `profile` feature
[INFO] [stdout] 230 | pub fn take() -> [(u64, u64); N_COPY_SLOTS] {
[INFO] [stdout]     |        ^^^^
[INFO] [stdout] help: consider importing this function
[INFO] [stdout]     |
[INFO] [stdout]   6 + use std::mem::take;
[INFO] [stdout]     |
[INFO] [stdout] help: if you import `take`, refer to it directly
[INFO] [stdout]     |
[INFO] [stdout]  42 -         let c = copies::take();
[INFO] [stdout]  42 +         let c = take();
[INFO] [stdout]     |
[INFO] [stdout] 
[INFO] [stdout] 
[INFO] [stdout] For more information about this error, try `rustc --explain E0425`.
[INFO] [stdout] 
[INFO] [stderr] error: could not compile `rusty_zstd-bench` (example "nofcs") due to 2 previous errors
[INFO] running `Command { std: "docker" "inspect" "76189442cd00d7ac3381d3fdfface31ceb0fd41dc654e7e877f7629aba8928d7", kill_on_drop: false }`
[INFO] running `Command { std: "docker" "rm" "-f" "76189442cd00d7ac3381d3fdfface31ceb0fd41dc654e7e877f7629aba8928d7", kill_on_drop: false }`
[INFO] [stdout] 76189442cd00d7ac3381d3fdfface31ceb0fd41dc654e7e877f7629aba8928d7
