[INFO] cloning repository https://github.com/RealWhyKnot/OpenVR-TrackDoctor
[INFO] running `Command { std: "git" "-c" "credential.helper=" "-c" "credential.helper=/workspace/cargo-home/bin/git-credential-null" "clone" "--bare" "https://github.com/RealWhyKnot/OpenVR-TrackDoctor" "/workspace/cache/git-repos/https%3A%2F%2Fgithub.com%2FRealWhyKnot%2FOpenVR-TrackDoctor", kill_on_drop: false }`
[INFO] [stderr] Cloning into bare repository '/workspace/cache/git-repos/https%3A%2F%2Fgithub.com%2FRealWhyKnot%2FOpenVR-TrackDoctor'...
[INFO] running `Command { std: "git" "rev-parse" "HEAD", kill_on_drop: false }`
[INFO] [stdout] d416e95676c5bbcd65dc257f098f987c0a45a252
[INFO] checking RealWhyKnot/OpenVR-TrackDoctor/d416e95676c5bbcd65dc257f098f987c0a45a252 against 3154cc1a3e6424e44f438a95007d043ed5ceaaf6+rustflags=-Znext-solver=coherence for pr-133502-30
[INFO] running `Command { std: "git" "clone" "/workspace/cache/git-repos/https%3A%2F%2Fgithub.com%2FRealWhyKnot%2FOpenVR-TrackDoctor" "/workspace/builds/worker-2-tc1/source", kill_on_drop: false }`
[INFO] [stderr] Cloning into '/workspace/builds/worker-2-tc1/source'...
[INFO] [stderr] done.
[INFO] started tweaking git repo https://github.com/RealWhyKnot/OpenVR-TrackDoctor
[INFO] finished tweaking git repo https://github.com/RealWhyKnot/OpenVR-TrackDoctor
[INFO] tweaked toml for git repo https://github.com/RealWhyKnot/OpenVR-TrackDoctor written to /workspace/builds/worker-2-tc1/source/Cargo.toml
[INFO] validating manifest of git repo https://github.com/RealWhyKnot/OpenVR-TrackDoctor on toolchain 3154cc1a3e6424e44f438a95007d043ed5ceaaf6
[INFO] running `Command { std: CARGO_HOME="/workspace/cargo-home" RUSTUP_HOME="/workspace/rustup-home" "/workspace/cargo-home/bin/cargo" "+3154cc1a3e6424e44f438a95007d043ed5ceaaf6" "metadata" "--manifest-path" "Cargo.toml" "--no-deps", kill_on_drop: false }`
[INFO] crate git repo https://github.com/RealWhyKnot/OpenVR-TrackDoctor already has a lockfile, it will not be regenerated
[INFO] running `Command { std: CARGO_HOME="/workspace/cargo-home" RUSTUP_HOME="/workspace/rustup-home" "/workspace/cargo-home/bin/cargo" "+3154cc1a3e6424e44f438a95007d043ed5ceaaf6" "fetch" "--manifest-path" "Cargo.toml", kill_on_drop: false }`
[INFO] [stderr]     Updating crates.io index
[INFO] [stderr]  Downloading crates ...
[INFO] [stderr]   Downloaded io-kit-sys v0.5.0
[INFO] [stderr]   Downloaded openvr v0.9.0
[INFO] [stderr]   Downloaded nusb v0.2.7
[INFO] [stderr]   Downloaded openvr_sys v2.1.4
[INFO] running `Command { std: "docker" "create" "-v" "/var/lib/crater-agent-workspace/builds/worker-2-tc1/source:/opt/rustwide/workdir:ro,Z" "-v" "/var/lib/crater-agent-workspace/builds/worker-2-tc1/target:/opt/rustwide/target:rw,Z" "-v" "/var/lib/crater-agent-workspace/cargo-home:/opt/rustwide/cargo-home:ro,Z" "-v" "/var/lib/crater-agent-workspace/rustup-home:/opt/rustwide/rustup-home:ro,Z" "-m" "1610612736" "--network" "none" "ghcr.io/rust-lang/crates-build-env/linux@sha256:77db811e55d90add9212f6832c23229e3de5f1c1f9905e8cb07319ea15df73ac" "sleep" "infinity", kill_on_drop: false }`
[INFO] [stdout] 7b69b81af75b9a9dac8502d9f86e5386d7868e47d72babb3c50684f15b33ba77
[INFO] running `Command { std: "docker" "start" "7b69b81af75b9a9dac8502d9f86e5386d7868e47d72babb3c50684f15b33ba77", kill_on_drop: false }`
[INFO] running `Command { std: "docker" "inspect" "7b69b81af75b9a9dac8502d9f86e5386d7868e47d72babb3c50684f15b33ba77", kill_on_drop: false }`
[INFO] running `Command { std: "docker" "exec" "-e" "SOURCE_DIR=/opt/rustwide/workdir" "-e" "CARGO_HOME=/opt/rustwide/cargo-home" "-e" "RUSTUP_HOME=/opt/rustwide/rustup-home" "-e" "CARGO_TARGET_DIR=/opt/rustwide/target" "-w" "/opt/rustwide/workdir" "--user" "0:0" "7b69b81af75b9a9dac8502d9f86e5386d7868e47d72babb3c50684f15b33ba77" "/opt/rustwide/cargo-home/bin/cargo" "+3154cc1a3e6424e44f438a95007d043ed5ceaaf6" "metadata" "--no-deps" "--format-version=1", kill_on_drop: false }`
[INFO] running `Command { std: "docker" "inspect" "7b69b81af75b9a9dac8502d9f86e5386d7868e47d72babb3c50684f15b33ba77", kill_on_drop: false }`
[INFO] running `Command { std: "docker" "exec" "-e" "SOURCE_DIR=/opt/rustwide/workdir" "-e" "CARGO_HOME=/opt/rustwide/cargo-home" "-e" "RUSTUP_HOME=/opt/rustwide/rustup-home" "-e" "CARGO_TARGET_DIR=/opt/rustwide/target" "-e" "CARGO_INCREMENTAL=0" "-e" "RUST_BACKTRACE=full" "-e" "RUSTFLAGS=--cap-lints=forbid -Znext-solver=coherence" "-e" "RUSTDOCFLAGS=--cap-lints=forbid" "-w" "/opt/rustwide/workdir" "--user" "0:0" "7b69b81af75b9a9dac8502d9f86e5386d7868e47d72babb3c50684f15b33ba77" "/opt/rustwide/cargo-home/bin/cargo" "+3154cc1a3e6424e44f438a95007d043ed5ceaaf6" "check" "--frozen" "--all" "--all-targets" "--message-format=json", kill_on_drop: false }`
[INFO] [stderr]    Compiling libc v0.2.189
[INFO] [stderr]    Compiling prettyplease v0.2.37
[INFO] [stderr]    Compiling thiserror v2.0.20
[INFO] [stderr]    Compiling clang-sys v1.9.1
[INFO] [stderr]    Compiling regex-syntax v0.8.11
[INFO] [stderr]    Compiling memchr v2.8.3
[INFO] [stderr]    Compiling syn v3.0.5
[INFO] [stderr]     Checking itertools v0.14.0
[INFO] [stderr]    Compiling bindgen v0.71.1
[INFO] [stderr]    Compiling instability v0.3.13
[INFO] [stderr]    Compiling strum_macros v0.28.0
[INFO] [stderr]    Compiling either v1.18.0
[INFO] [stderr]    Compiling signal-hook v0.3.18
[INFO] [stderr]    Compiling find-msvc-tools v0.1.12
[INFO] [stderr]    Compiling rustix v1.1.4
[INFO] [stderr]     Checking compact_str v0.9.1
[INFO] [stderr]    Compiling darling_core v0.21.3
[INFO] [stderr]     Checking lru v0.18.4
[INFO] [stderr]    Compiling itertools v0.13.0
[INFO] [stderr]    Compiling indoc v2.0.7
[INFO] [stderr]    Compiling cc v1.4.5
[INFO] [stderr]     Checking smallvec v1.16.0
[INFO] [stderr]     Checking linux-raw-sys v0.12.1
[INFO] [stderr]    Compiling derive_more-impl v2.1.1
[INFO] [stderr]     Checking mio v1.2.3
[INFO] [stderr]    Compiling litrs v1.0.0
[INFO] [stderr]     Checking parking_lot_core v0.9.12
[INFO] [stderr]     Checking time v0.3.55
[INFO] [stderr]     Checking signal-hook-mio v0.2.5
[INFO] [stderr]     Checking parking_lot v0.12.5
[INFO] [stderr]     Checking line-clipping v0.3.8
[INFO] [stderr]    Compiling nom v7.1.3
[INFO] [stderr]     Checking aho-corasick v1.1.5
[INFO] [stderr]    Compiling document-features v0.2.12
[INFO] [stderr]     Checking derive_more v2.1.1
[INFO] [stderr]    Compiling cmake v0.1.58
[INFO] [stderr]     Checking unicode-truncate v2.0.1
[INFO] [stderr]    Compiling regex-automata v0.4.18
[INFO] [stderr]     Checking strum v0.28.0
[INFO] [stderr]    Compiling cexpr v0.6.0
[INFO] [stderr]    Compiling darling_macro v0.21.3
[INFO] [stderr]    Compiling darling v0.21.3
[INFO] [stderr]    Compiling enumset_derive v0.15.0
[INFO] [stderr]    Compiling darling_core v0.24.1
[INFO] [stderr]     Checking regex v1.13.1
[INFO] [stderr]    Compiling thiserror-impl v2.0.20
[INFO] [stderr]    Compiling serde_derive v1.0.229
[INFO] [stderr]     Checking enumset v1.1.14
[INFO] [stderr]     Checking kasuari v0.4.12
[INFO] [stderr]     Checking ratatui-core v0.1.2
[INFO] [stderr]     Checking crossterm v0.29.0
[INFO] [stderr]     Checking nusb v0.2.7
[INFO] [stderr]     Checking serde v1.0.229
[INFO] [stderr]    Compiling darling_macro v0.24.1
[INFO] [stderr]    Compiling darling v0.24.1
[INFO] [stderr]     Checking ratatui-widgets v0.3.2
[INFO] [stderr]     Checking ratatui-crossterm v0.1.2
[INFO] [stderr]     Checking ratatui-macros v0.7.2
[INFO] [stderr]     Checking ratatui v0.30.2
[INFO] [stderr]    Compiling openvr_sys v2.1.4
[INFO] [stderr]     Checking openvr v0.9.0
[INFO] [stderr]     Checking trackdoctor v0.1.0 (/opt/rustwide/workdir)
[INFO] [stdout] error[E0308]: mismatched types
[INFO] [stdout]    --> src/event.rs:152:17
[INFO] [stdout]     |
[INFO] [stdout] 152 |         if v == openvr_sys::ETrackingResult_TrackingResult_Uninitialized {
[INFO] [stdout]     |                 ^^^^^^^^^^^^^^^^^^^^^^^^^^^^^^^^^^^^^^^^^^^^^^^^^^^^^^^^ expected `i32`, found `u32`
[INFO] [stdout] 
[INFO] [stdout] 
[INFO] [stdout] error[E0308]: mismatched types
[INFO] [stdout]    --> src/event.rs:152:17
[INFO] [stdout]     |
[INFO] [stdout] 152 |         if v == openvr_sys::ETrackingResult_TrackingResult_Uninitialized {
[INFO] [stdout]     |                 ^^^^^^^^^^^^^^^^^^^^^^^^^^^^^^^^^^^^^^^^^^^^^^^^^^^^^^^^ expected `i32`, found `u32`
[INFO] [stdout] 
[INFO] [stdout] 
[INFO] [stdout] error[E0277]: can't compare `i32` with `u32`
[INFO] [stdout]    --> src/event.rs:152:14
[INFO] [stdout]     |
[INFO] [stdout] 152 |         if v == openvr_sys::ETrackingResult_TrackingResult_Uninitialized {
[INFO] [stdout]     |              ^^ no implementation for `i32 == u32`
[INFO] [stdout]     |
[INFO] [stdout]     = help: the trait `PartialEq<u32>` is not implemented for `i32`
[INFO] [stdout] help: `i32` implements trait `PartialEq<Rhs>`
[INFO] [stdout]    --> /rustc/3154cc1a3e6424e44f438a95007d043ed5ceaaf6/library/core/src/cmp.rs:2174:12
[INFO] [stdout]     |
[INFO] [stdout]     = note: `PartialEq`
[INFO] [stdout]    ::: /rustc/3154cc1a3e6424e44f438a95007d043ed5ceaaf6/library/core/src/cmp.rs:2186:5
[INFO] [stdout]     |
[INFO] [stdout]     = note: in this macro invocation
[INFO] [stdout]     |
[INFO] [stdout]    ::: /opt/rustwide/cargo-home/registry/src/index.crates.io-1949cf8c6b5b557f/serde_json-1.0.151/src/value/partial_eq.rs:76:13
[INFO] [stdout]     |
[INFO] [stdout]  76 |               impl PartialEq<Value> for $ty {
[INFO] [stdout]     |               ^^^^^^^^^^^^^^^^^^^^^^^^^^^^^ `PartialEq<Value>`
[INFO] [stdout] ...
[INFO] [stdout]  97 | / partialeq_numeric! {
[INFO] [stdout]  98 | |     eq_i64[i8 i16 i32 i64 isize]
[INFO] [stdout]  99 | |     eq_u64[u8 u16 u32 u64 usize]
[INFO] [stdout] 100 | |     eq_f32[f32]
[INFO] [stdout] 101 | |     eq_f64[f64]
[INFO] [stdout] 102 | |     eq_bool[bool]
[INFO] [stdout] 103 | | }
[INFO] [stdout]     | |_- in this macro invocation
[INFO] [stdout]     = note: this error originates in the macro `impl_partial_eq_for_primitive` which comes from the expansion of the macro `partialeq_numeric` (in Nightly builds, run with -Z macro-backtrace for more info)
[INFO] [stdout] 
[INFO] [stdout] 
[INFO] [stdout] error[E0277]: can't compare `i32` with `u32`
[INFO] [stdout]    --> src/event.rs:152:14
[INFO] [stdout]     |
[INFO] [stdout] 152 |         if v == openvr_sys::ETrackingResult_TrackingResult_Uninitialized {
[INFO] [stdout]     |              ^^ no implementation for `i32 == u32`
[INFO] [stdout]     |
[INFO] [stdout]     = help: the trait `PartialEq<u32>` is not implemented for `i32`
[INFO] [stdout] help: `i32` implements trait `PartialEq<Rhs>`
[INFO] [stdout]    --> /rustc/3154cc1a3e6424e44f438a95007d043ed5ceaaf6/library/core/src/cmp.rs:2174:12
[INFO] [stdout]     |
[INFO] [stdout]     = note: `PartialEq`
[INFO] [stdout]    ::: /rustc/3154cc1a3e6424e44f438a95007d043ed5ceaaf6/library/core/src/cmp.rs:2186:5
[INFO] [stdout]     |
[INFO] [stdout]     = note: in this macro invocation
[INFO] [stdout]     |
[INFO] [stdout]    ::: /opt/rustwide/cargo-home/registry/src/index.crates.io-1949cf8c6b5b557f/serde_json-1.0.151/src/value/partial_eq.rs:76:13
[INFO] [stdout]     |
[INFO] [stdout]  76 |               impl PartialEq<Value> for $ty {
[INFO] [stdout]     |               ^^^^^^^^^^^^^^^^^^^^^^^^^^^^^ `PartialEq<Value>`
[INFO] [stdout] ...
[INFO] [stdout]  97 | / partialeq_numeric! {
[INFO] [stdout]  98 | |     eq_i64[i8 i16 i32 i64 isize]
[INFO] [stdout]  99 | |     eq_u64[u8 u16 u32 u64 usize]
[INFO] [stdout] 100 | |     eq_f32[f32]
[INFO] [stdout] 101 | |     eq_f64[f64]
[INFO] [stdout] 102 | |     eq_bool[bool]
[INFO] [stdout] 103 | | }
[INFO] [stdout]     | |_- in this macro invocation
[INFO] [stdout]     = note: this error originates in the macro `impl_partial_eq_for_primitive` which comes from the expansion of the macro `partialeq_numeric` (in Nightly builds, run with -Z macro-backtrace for more info)
[INFO] [stdout] 
[INFO] [stdout] 
[INFO] [stdout] error[E0308]: mismatched types
[INFO] [stdout]    --> src/event.rs:154:24
[INFO] [stdout]     |
[INFO] [stdout] 154 |         } else if v == openvr_sys::ETrackingResult_TrackingResult_Calibrating_InProgress {
[INFO] [stdout]     |                        ^^^^^^^^^^^^^^^^^^^^^^^^^^^^^^^^^^^^^^^^^^^^^^^^^^^^^^^^^^^^^^^^^ expected `i32`, found `u32`
[INFO] [stdout] 
[INFO] [stdout] 
[INFO] [stdout] error[E0308]: mismatched types
[INFO] [stdout]    --> src/event.rs:154:24
[INFO] [stdout]     |
[INFO] [stdout] 154 |         } else if v == openvr_sys::ETrackingResult_TrackingResult_Calibrating_InProgress {
[INFO] [stdout]     |                        ^^^^^^^^^^^^^^^^^^^^^^^^^^^^^^^^^^^^^^^^^^^^^^^^^^^^^^^^^^^^^^^^^ expected `i32`, found `u32`
[INFO] [stdout] 
[INFO] [stdout] 
[INFO] [stdout] error[E0277]: can't compare `i32` with `u32`
[INFO] [stdout]    --> src/event.rs:154:21
[INFO] [stdout]     |
[INFO] [stdout] 154 |         } else if v == openvr_sys::ETrackingResult_TrackingResult_Calibrating_InProgress {
[INFO] [stdout]     |                     ^^ no implementation for `i32 == u32`
[INFO] [stdout]     |
[INFO] [stdout]     = help: the trait `PartialEq<u32>` is not implemented for `i32`
[INFO] [stdout] help: `i32` implements trait `PartialEq<Rhs>`
[INFO] [stdout]    --> /rustc/3154cc1a3e6424e44f438a95007d043ed5ceaaf6/library/core/src/cmp.rs:2174:12
[INFO] [stdout]     |
[INFO] [stdout]     = note: `PartialEq`
[INFO] [stdout]    ::: /rustc/3154cc1a3e6424e44f438a95007d043ed5ceaaf6/library/core/src/cmp.rs:2186:5
[INFO] [stdout]     |
[INFO] [stdout]     = note: in this macro invocation
[INFO] [stdout]     |
[INFO] [stdout]    ::: /opt/rustwide/cargo-home/registry/src/index.crates.io-1949cf8c6b5b557f/serde_json-1.0.151/src/value/partial_eq.rs:76:13
[INFO] [stdout]     |
[INFO] [stdout]  76 |               impl PartialEq<Value> for $ty {
[INFO] [stdout]     |               ^^^^^^^^^^^^^^^^^^^^^^^^^^^^^ `PartialEq<Value>`
[INFO] [stdout] ...
[INFO] [stdout]  97 | / partialeq_numeric! {
[INFO] [stdout]  98 | |     eq_i64[i8 i16 i32 i64 isize]
[INFO] [stdout]  99 | |     eq_u64[u8 u16 u32 u64 usize]
[INFO] [stdout] 100 | |     eq_f32[f32]
[INFO] [stdout] 101 | |     eq_f64[f64]
[INFO] [stdout] 102 | |     eq_bool[bool]
[INFO] [stdout] 103 | | }
[INFO] [stdout]     | |_- in this macro invocation
[INFO] [stdout]     = note: this error originates in the macro `impl_partial_eq_for_primitive` which comes from the expansion of the macro `partialeq_numeric` (in Nightly builds, run with -Z macro-backtrace for more info)
[INFO] [stdout] 
[INFO] [stdout] 
[INFO] [stdout] error[E0308]: mismatched types
[INFO] [stdout]    --> src/event.rs:156:24
[INFO] [stdout]     |
[INFO] [stdout] 156 |         } else if v == openvr_sys::ETrackingResult_TrackingResult_Calibrating_OutOfRange {
[INFO] [stdout]     |                        ^^^^^^^^^^^^^^^^^^^^^^^^^^^^^^^^^^^^^^^^^^^^^^^^^^^^^^^^^^^^^^^^^ expected `i32`, found `u32`
[INFO] [stdout] 
[INFO] [stdout] 
[INFO] [stdout] error[E0277]: can't compare `i32` with `u32`
[INFO] [stdout]    --> src/event.rs:154:21
[INFO] [stdout]     |
[INFO] [stdout] 154 |         } else if v == openvr_sys::ETrackingResult_TrackingResult_Calibrating_InProgress {
[INFO] [stdout]     |                     ^^ no implementation for `i32 == u32`
[INFO] [stdout]     |
[INFO] [stdout]     = help: the trait `PartialEq<u32>` is not implemented for `i32`
[INFO] [stdout] help: `i32` implements trait `PartialEq<Rhs>`
[INFO] [stdout]    --> /rustc/3154cc1a3e6424e44f438a95007d043ed5ceaaf6/library/core/src/cmp.rs:2174:12
[INFO] [stdout]     |
[INFO] [stdout]     = note: `PartialEq`
[INFO] [stdout]    ::: /rustc/3154cc1a3e6424e44f438a95007d043ed5ceaaf6/library/core/src/cmp.rs:2186:5
[INFO] [stdout]     |
[INFO] [stdout]     = note: in this macro invocation
[INFO] [stdout]     |
[INFO] [stdout]    ::: /opt/rustwide/cargo-home/registry/src/index.crates.io-1949cf8c6b5b557f/serde_json-1.0.151/src/value/partial_eq.rs:76:13
[INFO] [stdout]     |
[INFO] [stdout]  76 |               impl PartialEq<Value> for $ty {
[INFO] [stdout]     |               ^^^^^^^^^^^^^^^^^^^^^^^^^^^^^ `PartialEq<Value>`
[INFO] [stdout] ...
[INFO] [stdout]  97 | / partialeq_numeric! {
[INFO] [stdout]  98 | |     eq_i64[i8 i16 i32 i64 isize]
[INFO] [stdout]  99 | |     eq_u64[u8 u16 u32 u64 usize]
[INFO] [stdout] 100 | |     eq_f32[f32]
[INFO] [stdout] 101 | |     eq_f64[f64]
[INFO] [stdout] 102 | |     eq_bool[bool]
[INFO] [stdout] 103 | | }
[INFO] [stdout]     | |_- in this macro invocation
[INFO] [stdout]     = note: this error originates in the macro `impl_partial_eq_for_primitive` which comes from the expansion of the macro `partialeq_numeric` (in Nightly builds, run with -Z macro-backtrace for more info)
[INFO] [stdout] 
[INFO] [stdout] 
[INFO] [stdout] error[E0308]: mismatched types
[INFO] [stdout]    --> src/event.rs:156:24
[INFO] [stdout]     |
[INFO] [stdout] 156 |         } else if v == openvr_sys::ETrackingResult_TrackingResult_Calibrating_OutOfRange {
[INFO] [stdout]     |                        ^^^^^^^^^^^^^^^^^^^^^^^^^^^^^^^^^^^^^^^^^^^^^^^^^^^^^^^^^^^^^^^^^ expected `i32`, found `u32`
[INFO] [stdout] 
[INFO] [stdout] 
[INFO] [stdout] error[E0277]: can't compare `i32` with `u32`
[INFO] [stdout]    --> src/event.rs:156:21
[INFO] [stdout]     |
[INFO] [stdout] 156 |         } else if v == openvr_sys::ETrackingResult_TrackingResult_Calibrating_OutOfRange {
[INFO] [stdout]     |                     ^^ no implementation for `i32 == u32`
[INFO] [stdout]     |
[INFO] [stdout]     = help: the trait `PartialEq<u32>` is not implemented for `i32`
[INFO] [stdout] help: `i32` implements trait `PartialEq<Rhs>`
[INFO] [stdout]    --> /rustc/3154cc1a3e6424e44f438a95007d043ed5ceaaf6/library/core/src/cmp.rs:2174:12
[INFO] [stdout]     |
[INFO] [stdout]     = note: `PartialEq`
[INFO] [stdout]    ::: /rustc/3154cc1a3e6424e44f438a95007d043ed5ceaaf6/library/core/src/cmp.rs:2186:5
[INFO] [stdout]     |
[INFO] [stdout]     = note: in this macro invocation
[INFO] [stdout]     |
[INFO] [stdout]    ::: /opt/rustwide/cargo-home/registry/src/index.crates.io-1949cf8c6b5b557f/serde_json-1.0.151/src/value/partial_eq.rs:76:13
[INFO] [stdout]     |
[INFO] [stdout]  76 |               impl PartialEq<Value> for $ty {
[INFO] [stdout]     |               ^^^^^^^^^^^^^^^^^^^^^^^^^^^^^ `PartialEq<Value>`
[INFO] [stdout] ...
[INFO] [stdout]  97 | / partialeq_numeric! {
[INFO] [stdout]  98 | |     eq_i64[i8 i16 i32 i64 isize]
[INFO] [stdout]  99 | |     eq_u64[u8 u16 u32 u64 usize]
[INFO] [stdout] 100 | |     eq_f32[f32]
[INFO] [stdout] 101 | |     eq_f64[f64]
[INFO] [stdout] 102 | |     eq_bool[bool]
[INFO] [stdout] 103 | | }
[INFO] [stdout]     | |_- in this macro invocation
[INFO] [stdout]     = note: this error originates in the macro `impl_partial_eq_for_primitive` which comes from the expansion of the macro `partialeq_numeric` (in Nightly builds, run with -Z macro-backtrace for more info)
[INFO] [stdout] 
[INFO] [stdout] 
[INFO] [stdout] error[E0308]: mismatched types
[INFO] [stdout]    --> src/event.rs:158:24
[INFO] [stdout]     |
[INFO] [stdout] 158 |         } else if v == openvr_sys::ETrackingResult_TrackingResult_Running_OK {
[INFO] [stdout]     |                        ^^^^^^^^^^^^^^^^^^^^^^^^^^^^^^^^^^^^^^^^^^^^^^^^^^^^^ expected `i32`, found `u32`
[INFO] [stdout] 
[INFO] [stdout] 
[INFO] [stdout] error[E0277]: can't compare `i32` with `u32`
[INFO] [stdout]    --> src/event.rs:156:21
[INFO] [stdout]     |
[INFO] [stdout] 156 |         } else if v == openvr_sys::ETrackingResult_TrackingResult_Calibrating_OutOfRange {
[INFO] [stdout]     |                     ^^ no implementation for `i32 == u32`
[INFO] [stdout]     |
[INFO] [stdout]     = help: the trait `PartialEq<u32>` is not implemented for `i32`
[INFO] [stdout] help: `i32` implements trait `PartialEq<Rhs>`
[INFO] [stdout]    --> /rustc/3154cc1a3e6424e44f438a95007d043ed5ceaaf6/library/core/src/cmp.rs:2174:12
[INFO] [stdout]     |
[INFO] [stdout]     = note: `PartialEq`
[INFO] [stdout]    ::: /rustc/3154cc1a3e6424e44f438a95007d043ed5ceaaf6/library/core/src/cmp.rs:2186:5
[INFO] [stdout]     |
[INFO] [stdout]     = note: in this macro invocation
[INFO] [stdout]     |
[INFO] [stdout]    ::: /opt/rustwide/cargo-home/registry/src/index.crates.io-1949cf8c6b5b557f/serde_json-1.0.151/src/value/partial_eq.rs:76:13
[INFO] [stdout]     |
[INFO] [stdout]  76 |               impl PartialEq<Value> for $ty {
[INFO] [stdout]     |               ^^^^^^^^^^^^^^^^^^^^^^^^^^^^^ `PartialEq<Value>`
[INFO] [stdout] ...
[INFO] [stdout]  97 | / partialeq_numeric! {
[INFO] [stdout]  98 | |     eq_i64[i8 i16 i32 i64 isize]
[INFO] [stdout]  99 | |     eq_u64[u8 u16 u32 u64 usize]
[INFO] [stdout] 100 | |     eq_f32[f32]
[INFO] [stdout] 101 | |     eq_f64[f64]
[INFO] [stdout] 102 | |     eq_bool[bool]
[INFO] [stdout] 103 | | }
[INFO] [stdout]     | |_- in this macro invocation
[INFO] [stdout]     = note: this error originates in the macro `impl_partial_eq_for_primitive` which comes from the expansion of the macro `partialeq_numeric` (in Nightly builds, run with -Z macro-backtrace for more info)
[INFO] [stdout] 
[INFO] [stdout] 
[INFO] [stdout] error[E0308]: mismatched types
[INFO] [stdout]    --> src/event.rs:158:24
[INFO] [stdout]     |
[INFO] [stdout] 158 |         } else if v == openvr_sys::ETrackingResult_TrackingResult_Running_OK {
[INFO] [stdout]     |                        ^^^^^^^^^^^^^^^^^^^^^^^^^^^^^^^^^^^^^^^^^^^^^^^^^^^^^ expected `i32`, found `u32`
[INFO] [stdout] 
[INFO] [stdout] 
[INFO] [stdout] error[E0277]: can't compare `i32` with `u32`
[INFO] [stdout]    --> src/event.rs:158:21
[INFO] [stdout]     |
[INFO] [stdout] 158 |         } else if v == openvr_sys::ETrackingResult_TrackingResult_Running_OK {
[INFO] [stdout]     |                     ^^ no implementation for `i32 == u32`
[INFO] [stdout]     |
[INFO] [stdout]     = help: the trait `PartialEq<u32>` is not implemented for `i32`
[INFO] [stdout] help: `i32` implements trait `PartialEq<Rhs>`
[INFO] [stdout]    --> /rustc/3154cc1a3e6424e44f438a95007d043ed5ceaaf6/library/core/src/cmp.rs:2174:12
[INFO] [stdout]     |
[INFO] [stdout]     = note: `PartialEq`
[INFO] [stdout]    ::: /rustc/3154cc1a3e6424e44f438a95007d043ed5ceaaf6/library/core/src/cmp.rs:2186:5
[INFO] [stdout]     |
[INFO] [stdout]     = note: in this macro invocation
[INFO] [stdout]     |
[INFO] [stdout]    ::: /opt/rustwide/cargo-home/registry/src/index.crates.io-1949cf8c6b5b557f/serde_json-1.0.151/src/value/partial_eq.rs:76:13
[INFO] [stdout]     |
[INFO] [stdout]  76 |               impl PartialEq<Value> for $ty {
[INFO] [stdout]     |               ^^^^^^^^^^^^^^^^^^^^^^^^^^^^^ `PartialEq<Value>`
[INFO] [stdout] ...
[INFO] [stdout]  97 | / partialeq_numeric! {
[INFO] [stdout]  98 | |     eq_i64[i8 i16 i32 i64 isize]
[INFO] [stdout]  99 | |     eq_u64[u8 u16 u32 u64 usize]
[INFO] [stdout] 100 | |     eq_f32[f32]
[INFO] [stdout] 101 | |     eq_f64[f64]
[INFO] [stdout] 102 | |     eq_bool[bool]
[INFO] [stdout] 103 | | }
[INFO] [stdout]     | |_- in this macro invocation
[INFO] [stdout]     = note: this error originates in the macro `impl_partial_eq_for_primitive` which comes from the expansion of the macro `partialeq_numeric` (in Nightly builds, run with -Z macro-backtrace for more info)
[INFO] [stdout] 
[INFO] [stdout] 
[INFO] [stdout] error[E0308]: mismatched types
[INFO] [stdout]    --> src/event.rs:160:24
[INFO] [stdout]     |
[INFO] [stdout] 160 |         } else if v == openvr_sys::ETrackingResult_TrackingResult_Running_OutOfRange {
[INFO] [stdout]     |                        ^^^^^^^^^^^^^^^^^^^^^^^^^^^^^^^^^^^^^^^^^^^^^^^^^^^^^^^^^^^^^ expected `i32`, found `u32`
[INFO] [stdout] 
[INFO] [stdout] 
[INFO] [stdout] error[E0277]: can't compare `i32` with `u32`
[INFO] [stdout]    --> src/event.rs:160:21
[INFO] [stdout]     |
[INFO] [stdout] 160 |         } else if v == openvr_sys::ETrackingResult_TrackingResult_Running_OutOfRange {
[INFO] [stdout]     |                     ^^ no implementation for `i32 == u32`
[INFO] [stdout]     |
[INFO] [stdout]     = help: the trait `PartialEq<u32>` is not implemented for `i32`
[INFO] [stdout] help: `i32` implements trait `PartialEq<Rhs>`
[INFO] [stdout]    --> /rustc/3154cc1a3e6424e44f438a95007d043ed5ceaaf6/library/core/src/cmp.rs:2174:12
[INFO] [stdout]     |
[INFO] [stdout]     = note: `PartialEq`
[INFO] [stdout]    ::: /rustc/3154cc1a3e6424e44f438a95007d043ed5ceaaf6/library/core/src/cmp.rs:2186:5
[INFO] [stdout]     |
[INFO] [stdout]     = note: in this macro invocation
[INFO] [stdout]     |
[INFO] [stdout]    ::: /opt/rustwide/cargo-home/registry/src/index.crates.io-1949cf8c6b5b557f/serde_json-1.0.151/src/value/partial_eq.rs:76:13
[INFO] [stdout]     |
[INFO] [stdout]  76 |               impl PartialEq<Value> for $ty {
[INFO] [stdout]     |               ^^^^^^^^^^^^^^^^^^^^^^^^^^^^^ `PartialEq<Value>`
[INFO] [stdout] ...
[INFO] [stdout]  97 | / partialeq_numeric! {
[INFO] [stdout]  98 | |     eq_i64[i8 i16 i32 i64 isize]
[INFO] [stdout]  99 | |     eq_u64[u8 u16 u32 u64 usize]
[INFO] [stdout] 100 | |     eq_f32[f32]
[INFO] [stdout] 101 | |     eq_f64[f64]
[INFO] [stdout] 102 | |     eq_bool[bool]
[INFO] [stdout] 103 | | }
[INFO] [stdout]     | |_- in this macro invocation
[INFO] [stdout]     = note: this error originates in the macro `impl_partial_eq_for_primitive` which comes from the expansion of the macro `partialeq_numeric` (in Nightly builds, run with -Z macro-backtrace for more info)
[INFO] [stdout] 
[INFO] [stdout] 
[INFO] [stdout] error[E0308]: mismatched types
[INFO] [stdout]    --> src/event.rs:162:24
[INFO] [stdout]     |
[INFO] [stdout] 162 |         } else if v == openvr_sys::ETrackingResult_TrackingResult_Fallback_RotationOnly {
[INFO] [stdout]     |                        ^^^^^^^^^^^^^^^^^^^^^^^^^^^^^^^^^^^^^^^^^^^^^^^^^^^^^^^^^^^^^^^^ expected `i32`, found `u32`
[INFO] [stdout] 
[INFO] [stdout] 
[INFO] [stdout] error[E0277]: can't compare `i32` with `u32`
[INFO] [stdout]    --> src/event.rs:158:21
[INFO] [stdout]     |
[INFO] [stdout] 158 |         } else if v == openvr_sys::ETrackingResult_TrackingResult_Running_OK {
[INFO] [stdout]     |                     ^^ no implementation for `i32 == u32`
[INFO] [stdout]     |
[INFO] [stdout]     = help: the trait `PartialEq<u32>` is not implemented for `i32`
[INFO] [stdout] help: `i32` implements trait `PartialEq<Rhs>`
[INFO] [stdout]    --> /rustc/3154cc1a3e6424e44f438a95007d043ed5ceaaf6/library/core/src/cmp.rs:2174:12
[INFO] [stdout]     |
[INFO] [stdout]     = note: `PartialEq`
[INFO] [stdout]    ::: /rustc/3154cc1a3e6424e44f438a95007d043ed5ceaaf6/library/core/src/cmp.rs:2186:5
[INFO] [stdout]     |
[INFO] [stdout]     = note: in this macro invocation
[INFO] [stdout]     |
[INFO] [stdout]    ::: /opt/rustwide/cargo-home/registry/src/index.crates.io-1949cf8c6b5b557f/serde_json-1.0.151/src/value/partial_eq.rs:76:13
[INFO] [stdout]     |
[INFO] [stdout]  76 |               impl PartialEq<Value> for $ty {
[INFO] [stdout]     |               ^^^^^^^^^^^^^^^^^^^^^^^^^^^^^ `PartialEq<Value>`
[INFO] [stdout] ...
[INFO] [stdout]  97 | / partialeq_numeric! {
[INFO] [stdout]  98 | |     eq_i64[i8 i16 i32 i64 isize]
[INFO] [stdout]  99 | |     eq_u64[u8 u16 u32 u64 usize]
[INFO] [stdout] 100 | |     eq_f32[f32]
[INFO] [stdout] 101 | |     eq_f64[f64]
[INFO] [stdout] 102 | |     eq_bool[bool]
[INFO] [stdout] 103 | | }
[INFO] [stdout]     | |_- in this macro invocation
[INFO] [stdout]     = note: this error originates in the macro `impl_partial_eq_for_primitive` which comes from the expansion of the macro `partialeq_numeric` (in Nightly builds, run with -Z macro-backtrace for more info)
[INFO] [stdout] 
[INFO] [stdout] 
[INFO] [stdout] error[E0308]: mismatched types
[INFO] [stdout]    --> src/event.rs:160:24
[INFO] [stdout]     |
[INFO] [stdout] 160 |         } else if v == openvr_sys::ETrackingResult_TrackingResult_Running_OutOfRange {
[INFO] [stdout]     |                        ^^^^^^^^^^^^^^^^^^^^^^^^^^^^^^^^^^^^^^^^^^^^^^^^^^^^^^^^^^^^^ expected `i32`, found `u32`
[INFO] [stdout] 
[INFO] [stdout] 
[INFO] [stdout] error[E0277]: can't compare `i32` with `u32`
[INFO] [stdout]    --> src/event.rs:162:21
[INFO] [stdout]     |
[INFO] [stdout] 162 |         } else if v == openvr_sys::ETrackingResult_TrackingResult_Fallback_RotationOnly {
[INFO] [stdout]     |                     ^^ no implementation for `i32 == u32`
[INFO] [stdout]     |
[INFO] [stdout]     = help: the trait `PartialEq<u32>` is not implemented for `i32`
[INFO] [stdout] help: `i32` implements trait `PartialEq<Rhs>`
[INFO] [stdout]    --> /rustc/3154cc1a3e6424e44f438a95007d043ed5ceaaf6/library/core/src/cmp.rs:2174:12
[INFO] [stdout]     |
[INFO] [stdout]     = note: `PartialEq`
[INFO] [stdout]    ::: /rustc/3154cc1a3e6424e44f438a95007d043ed5ceaaf6/library/core/src/cmp.rs:2186:5
[INFO] [stdout]     |
[INFO] [stdout]     = note: in this macro invocation
[INFO] [stdout]     |
[INFO] [stdout]    ::: /opt/rustwide/cargo-home/registry/src/index.crates.io-1949cf8c6b5b557f/serde_json-1.0.151/src/value/partial_eq.rs:76:13
[INFO] [stdout]     |
[INFO] [stdout]  76 |               impl PartialEq<Value> for $ty {
[INFO] [stdout]     |               ^^^^^^^^^^^^^^^^^^^^^^^^^^^^^ `PartialEq<Value>`
[INFO] [stdout] ...
[INFO] [stdout]  97 | / partialeq_numeric! {
[INFO] [stdout]  98 | |     eq_i64[i8 i16 i32 i64 isize]
[INFO] [stdout]  99 | |     eq_u64[u8 u16 u32 u64 usize]
[INFO] [stdout] 100 | |     eq_f32[f32]
[INFO] [stdout] 101 | |     eq_f64[f64]
[INFO] [stdout] 102 | |     eq_bool[bool]
[INFO] [stdout] 103 | | }
[INFO] [stdout]     | |_- in this macro invocation
[INFO] [stdout]     = note: this error originates in the macro `impl_partial_eq_for_primitive` which comes from the expansion of the macro `partialeq_numeric` (in Nightly builds, run with -Z macro-backtrace for more info)
[INFO] [stdout] 
[INFO] [stdout] 
[INFO] [stdout] error[E0277]: can't compare `i32` with `u32`
[INFO] [stdout]    --> src/event.rs:160:21
[INFO] [stdout]     |
[INFO] [stdout] 160 |         } else if v == openvr_sys::ETrackingResult_TrackingResult_Running_OutOfRange {
[INFO] [stdout]     |                     ^^ no implementation for `i32 == u32`
[INFO] [stdout]     |
[INFO] [stdout]     = help: the trait `PartialEq<u32>` is not implemented for `i32`
[INFO] [stdout] help: `i32` implements trait `PartialEq<Rhs>`
[INFO] [stdout]    --> /rustc/3154cc1a3e6424e44f438a95007d043ed5ceaaf6/library/core/src/cmp.rs:2174:12
[INFO] [stdout]     |
[INFO] [stdout]     = note: `PartialEq`
[INFO] [stdout]    ::: /rustc/3154cc1a3e6424e44f438a95007d043ed5ceaaf6/library/core/src/cmp.rs:2186:5
[INFO] [stdout]     |
[INFO] [stdout]     = note: in this macro invocation
[INFO] [stdout]     |
[INFO] [stdout]    ::: /opt/rustwide/cargo-home/registry/src/index.crates.io-1949cf8c6b5b557f/serde_json-1.0.151/src/value/partial_eq.rs:76:13
[INFO] [stdout]     |
[INFO] [stdout]  76 |               impl PartialEq<Value> for $ty {
[INFO] [stdout]     |               ^^^^^^^^^^^^^^^^^^^^^^^^^^^^^ `PartialEq<Value>`
[INFO] [stdout] ...
[INFO] [stdout]  97 | / partialeq_numeric! {
[INFO] [stdout]  98 | |     eq_i64[i8 i16 i32 i64 isize]
[INFO] [stdout]  99 | |     eq_u64[u8 u16 u32 u64 usize]
[INFO] [stdout] 100 | |     eq_f32[f32]
[INFO] [stdout] 101 | |     eq_f64[f64]
[INFO] [stdout] 102 | |     eq_bool[bool]
[INFO] [stdout] 103 | | }
[INFO] [stdout]     | |_- in this macro invocation
[INFO] [stdout]     = note: this error originates in the macro `impl_partial_eq_for_primitive` which comes from the expansion of the macro `partialeq_numeric` (in Nightly builds, run with -Z macro-backtrace for more info)
[INFO] [stdout] 
[INFO] [stdout] 
[INFO] [stdout] error[E0308]: mismatched types
[INFO] [stdout]    --> src/event.rs:162:24
[INFO] [stdout]     |
[INFO] [stdout] 162 |         } else if v == openvr_sys::ETrackingResult_TrackingResult_Fallback_RotationOnly {
[INFO] [stdout]     |                        ^^^^^^^^^^^^^^^^^^^^^^^^^^^^^^^^^^^^^^^^^^^^^^^^^^^^^^^^^^^^^^^^ expected `i32`, found `u32`
[INFO] [stdout] 
[INFO] [stdout] 
[INFO] [stdout] error[E0277]: can't compare `i32` with `u32`
[INFO] [stdout]    --> src/event.rs:162:21
[INFO] [stdout]     |
[INFO] [stdout] 162 |         } else if v == openvr_sys::ETrackingResult_TrackingResult_Fallback_RotationOnly {
[INFO] [stdout]     |                     ^^ no implementation for `i32 == u32`
[INFO] [stdout]     |
[INFO] [stdout]     = help: the trait `PartialEq<u32>` is not implemented for `i32`
[INFO] [stdout] help: `i32` implements trait `PartialEq<Rhs>`
[INFO] [stdout]    --> /rustc/3154cc1a3e6424e44f438a95007d043ed5ceaaf6/library/core/src/cmp.rs:2174:12
[INFO] [stdout]     |
[INFO] [stdout]     = note: `PartialEq`
[INFO] [stdout]    ::: /rustc/3154cc1a3e6424e44f438a95007d043ed5ceaaf6/library/core/src/cmp.rs:2186:5
[INFO] [stdout]     |
[INFO] [stdout]     = note: in this macro invocation
[INFO] [stdout]     |
[INFO] [stdout]    ::: /opt/rustwide/cargo-home/registry/src/index.crates.io-1949cf8c6b5b557f/serde_json-1.0.151/src/value/partial_eq.rs:76:13
[INFO] [stdout]     |
[INFO] [stdout]  76 |               impl PartialEq<Value> for $ty {
[INFO] [stdout]     |               ^^^^^^^^^^^^^^^^^^^^^^^^^^^^^ `PartialEq<Value>`
[INFO] [stdout] ...
[INFO] [stdout]  97 | / partialeq_numeric! {
[INFO] [stdout]  98 | |     eq_i64[i8 i16 i32 i64 isize]
[INFO] [stdout]  99 | |     eq_u64[u8 u16 u32 u64 usize]
[INFO] [stdout] 100 | |     eq_f32[f32]
[INFO] [stdout] 101 | |     eq_f64[f64]
[INFO] [stdout] 102 | |     eq_bool[bool]
[INFO] [stdout] 103 | | }
[INFO] [stdout]     | |_- in this macro invocation
[INFO] [stdout]     = note: this error originates in the macro `impl_partial_eq_for_primitive` which comes from the expansion of the macro `partialeq_numeric` (in Nightly builds, run with -Z macro-backtrace for more info)
[INFO] [stdout] 
[INFO] [stdout] 
[INFO] [stdout] error[E0308]: mismatched types
[INFO] [stdout]    --> src/signals/openvr.rs:154:46
[INFO] [stdout]     |
[INFO] [stdout] 154 |             let state = TrackState::from_raw(raw.eTrackingResult);
[INFO] [stdout]     |                         -------------------- ^^^^^^^^^^^^^^^^^^^ expected `i32`, found `u32`
[INFO] [stdout]     |                         |
[INFO] [stdout]     |                         arguments to this function are incorrect
[INFO] [stdout]     |
[INFO] [stdout] note: associated function defined here
[INFO] [stdout]    --> src/event.rs:151:12
[INFO] [stdout]     |
[INFO] [stdout] 151 |     pub fn from_raw(v: i32) -> Self {
[INFO] [stdout]     |            ^^^^^^^^ ------
[INFO] [stdout] help: you can convert a `u32` to an `i32` and panic if the converted value doesn't fit
[INFO] [stdout]     |
[INFO] [stdout] 154 |             let state = TrackState::from_raw(raw.eTrackingResult.try_into().unwrap());
[INFO] [stdout]     |                                                                 ++++++++++++++++++++
[INFO] [stdout] 
[INFO] [stdout] 
[INFO] [stdout] error[E0308]: mismatched types
[INFO] [stdout]    --> src/signals/openvr.rs:154:46
[INFO] [stdout]     |
[INFO] [stdout] 154 |             let state = TrackState::from_raw(raw.eTrackingResult);
[INFO] [stdout]     |                         -------------------- ^^^^^^^^^^^^^^^^^^^ expected `i32`, found `u32`
[INFO] [stdout]     |                         |
[INFO] [stdout]     |                         arguments to this function are incorrect
[INFO] [stdout]     |
[INFO] [stdout] note: associated function defined here
[INFO] [stdout]    --> src/event.rs:151:12
[INFO] [stdout]     |
[INFO] [stdout] 151 |     pub fn from_raw(v: i32) -> Self {
[INFO] [stdout]     |            ^^^^^^^^ ------
[INFO] [stdout] help: you can convert a `u32` to an `i32` and panic if the converted value doesn't fit
[INFO] [stdout]     |
[INFO] [stdout] 154 |             let state = TrackState::from_raw(raw.eTrackingResult.try_into().unwrap());
[INFO] [stdout]     |                                                                 ++++++++++++++++++++
[INFO] [stdout] 
[INFO] [stdout] 
[INFO] [stdout] Some errors have detailed explanations: E0277, E0308.
[INFO] [stdout] 
[INFO] [stdout] For more information about an error, try `rustc --explain E0277`.
[INFO] [stdout] 
[INFO] [stderr] error: could not compile `trackdoctor` (lib) due to 13 previous errors
[INFO] [stderr] warning: build failed, waiting for other jobs to finish...
[INFO] [stdout] Some errors have detailed explanations: E0277, E0308.
[INFO] [stdout] 
[INFO] [stdout] For more information about an error, try `rustc --explain E0277`.
[INFO] [stdout] 
[INFO] [stderr] error: could not compile `trackdoctor` (lib test) due to 13 previous errors
[INFO] running `Command { std: "docker" "inspect" "7b69b81af75b9a9dac8502d9f86e5386d7868e47d72babb3c50684f15b33ba77", kill_on_drop: false }`
[INFO] running `Command { std: "docker" "rm" "-f" "7b69b81af75b9a9dac8502d9f86e5386d7868e47d72babb3c50684f15b33ba77", kill_on_drop: false }`
[INFO] [stdout] 7b69b81af75b9a9dac8502d9f86e5386d7868e47d72babb3c50684f15b33ba77
