[INFO] cloning repository https://github.com/ReVax-2007/cipher_master
[INFO] running `Command { std: "git" "-c" "credential.helper=" "-c" "credential.helper=/workspace/cargo-home/bin/git-credential-null" "clone" "--bare" "https://github.com/ReVax-2007/cipher_master" "/workspace/cache/git-repos/https%3A%2F%2Fgithub.com%2FReVax-2007%2Fcipher_master", kill_on_drop: false }`
[INFO] [stderr] Cloning into bare repository '/workspace/cache/git-repos/https%3A%2F%2Fgithub.com%2FReVax-2007%2Fcipher_master'...
[INFO] running `Command { std: "git" "rev-parse" "HEAD", kill_on_drop: false }`
[INFO] [stdout] 54ab6794775a1f474b7f606236f5720917335454
[INFO] checking ReVax-2007/cipher_master against 3154cc1a3e6424e44f438a95007d043ed5ceaaf6 for pr-133502-30
[INFO] running `Command { std: "git" "clone" "/workspace/cache/git-repos/https%3A%2F%2Fgithub.com%2FReVax-2007%2Fcipher_master" "/workspace/builds/worker-5-tc2/source", kill_on_drop: false }`
[INFO] [stderr] Cloning into '/workspace/builds/worker-5-tc2/source'...
[INFO] [stderr] done.
[INFO] started tweaking git repo https://github.com/ReVax-2007/cipher_master
[INFO] finished tweaking git repo https://github.com/ReVax-2007/cipher_master
[INFO] tweaked toml for git repo https://github.com/ReVax-2007/cipher_master written to /workspace/builds/worker-5-tc2/source/Cargo.toml
[INFO] validating manifest of git repo https://github.com/ReVax-2007/cipher_master on toolchain 3154cc1a3e6424e44f438a95007d043ed5ceaaf6
[INFO] running `Command { std: CARGO_HOME="/workspace/cargo-home" RUSTUP_HOME="/workspace/rustup-home" "/workspace/cargo-home/bin/cargo" "+3154cc1a3e6424e44f438a95007d043ed5ceaaf6" "metadata" "--manifest-path" "Cargo.toml" "--no-deps", kill_on_drop: false }`
[INFO] crate git repo https://github.com/ReVax-2007/cipher_master already has a lockfile, it will not be regenerated
[INFO] running `Command { std: CARGO_HOME="/workspace/cargo-home" RUSTUP_HOME="/workspace/rustup-home" "/workspace/cargo-home/bin/cargo" "+3154cc1a3e6424e44f438a95007d043ed5ceaaf6" "fetch" "--manifest-path" "Cargo.toml", kill_on_drop: false }`
[INFO] [stderr] warning: unused build dependency `tauri-build`
[INFO] [stderr]  --> Cargo.toml:2:1
[INFO] [stderr]   |
[INFO] [stderr] 2 | tauri-build = "2.0"
[INFO] [stderr]   | ^^^^^^^^^^^^^^^^^^^
[INFO] [stderr]   |
[INFO] [stderr]   = note: `cargo::unused_dependencies` is set to `warn` by default
[INFO] [stderr] help: consider removing the dependency on `tauri-build`
[INFO] [stderr] warning: `cipher_game` (manifest) generated 1 warning
[INFO] running `Command { std: "docker" "create" "-v" "/var/lib/crater-agent-workspace/builds/worker-5-tc2/source:/opt/rustwide/workdir:ro,Z" "-v" "/var/lib/crater-agent-workspace/builds/worker-5-tc2/target:/opt/rustwide/target:rw,Z" "-v" "/var/lib/crater-agent-workspace/cargo-home:/opt/rustwide/cargo-home:ro,Z" "-v" "/var/lib/crater-agent-workspace/rustup-home:/opt/rustwide/rustup-home:ro,Z" "-m" "1610612736" "--network" "none" "ghcr.io/rust-lang/crates-build-env/linux@sha256:77db811e55d90add9212f6832c23229e3de5f1c1f9905e8cb07319ea15df73ac" "sleep" "infinity", kill_on_drop: false }`
[INFO] [stdout] 65c0ef19171d26b516d16d2d1571e9098bb3eff6410fd39946ec8e86e6327d02
[INFO] running `Command { std: "docker" "start" "65c0ef19171d26b516d16d2d1571e9098bb3eff6410fd39946ec8e86e6327d02", kill_on_drop: false }`
[INFO] running `Command { std: "docker" "inspect" "65c0ef19171d26b516d16d2d1571e9098bb3eff6410fd39946ec8e86e6327d02", kill_on_drop: false }`
[INFO] running `Command { std: "docker" "exec" "-e" "SOURCE_DIR=/opt/rustwide/workdir" "-e" "CARGO_HOME=/opt/rustwide/cargo-home" "-e" "RUSTUP_HOME=/opt/rustwide/rustup-home" "-e" "CARGO_TARGET_DIR=/opt/rustwide/target" "-w" "/opt/rustwide/workdir" "--user" "0:0" "65c0ef19171d26b516d16d2d1571e9098bb3eff6410fd39946ec8e86e6327d02" "/opt/rustwide/cargo-home/bin/cargo" "+3154cc1a3e6424e44f438a95007d043ed5ceaaf6" "metadata" "--no-deps" "--format-version=1", kill_on_drop: false }`
[INFO] running `Command { std: "docker" "inspect" "65c0ef19171d26b516d16d2d1571e9098bb3eff6410fd39946ec8e86e6327d02", kill_on_drop: false }`
[INFO] running `Command { std: "docker" "exec" "-e" "SOURCE_DIR=/opt/rustwide/workdir" "-e" "CARGO_HOME=/opt/rustwide/cargo-home" "-e" "RUSTUP_HOME=/opt/rustwide/rustup-home" "-e" "CARGO_TARGET_DIR=/opt/rustwide/target" "-e" "CARGO_INCREMENTAL=0" "-e" "RUST_BACKTRACE=full" "-e" "RUSTFLAGS=--cap-lints=forbid" "-e" "RUSTDOCFLAGS=--cap-lints=forbid" "-w" "/opt/rustwide/workdir" "--user" "0:0" "65c0ef19171d26b516d16d2d1571e9098bb3eff6410fd39946ec8e86e6327d02" "/opt/rustwide/cargo-home/bin/cargo" "+3154cc1a3e6424e44f438a95007d043ed5ceaaf6" "check" "--frozen" "--all" "--all-targets" "--message-format=json", kill_on_drop: false }`
[INFO] [stderr] warning: unused build dependency `tauri-build`
[INFO] [stderr]  --> Cargo.toml:2:1
[INFO] [stderr]   |
[INFO] [stderr] 2 | tauri-build = "2.0"
[INFO] [stderr]   | ^^^^^^^^^^^^^^^^^^^
[INFO] [stderr]   |
[INFO] [stderr]   = note: `cargo::unused_dependencies` is set to `warn` by default
[INFO] [stderr] help: consider removing the dependency on `tauri-build`
[INFO] [stderr] warning: `cipher_game` (manifest) generated 1 warning
[INFO] [stderr]    Compiling syn v2.0.119
[INFO] [stderr]    Compiling syn v3.0.5
[INFO] [stderr]    Compiling libc v0.2.189
[INFO] [stderr]    Compiling serde_core v1.0.229
[INFO] [stderr]     Checking smallvec v1.16.0
[INFO] [stderr]    Compiling cc v1.4.5
[INFO] [stderr]    Compiling crc32fast v1.5.1
[INFO] [stderr]    Compiling serde_json v1.0.151
[INFO] [stderr]    Compiling serde v1.0.229
[INFO] [stderr]    Compiling rustls v0.23.44
[INFO] [stderr]     Checking percent-encoding v2.3.2
[INFO] [stderr]     Checking simd-adler32 v0.3.10
[INFO] [stderr]     Checking ppv-lite86 v0.2.21
[INFO] [stderr]     Checking memchr v2.8.3
[INFO] [stderr]     Checking form_urlencoded v1.2.2
[INFO] [stderr]     Checking miniz_oxide v0.9.1
[INFO] [stderr]     Checking flate2 v1.1.10
[INFO] [stderr]     Checking getrandom v0.2.17
[INFO] [stderr]     Checking rand_core v0.6.4
[INFO] [stderr]    Compiling ring v0.17.14
[INFO] [stderr]     Checking rand_chacha v0.3.1
[INFO] [stderr]     Checking rand v0.8.8
[INFO] [stderr]    Compiling zerovec-derive v0.11.6
[INFO] [stderr]    Compiling displaydoc v0.2.7
[INFO] [stderr]    Compiling serde_derive v1.0.229
[INFO] [stderr]    Compiling synstructure v0.13.2
[INFO] [stderr]    Compiling zerofrom-derive v0.1.7
[INFO] [stderr]    Compiling yoke-derive v0.8.2
[INFO] [stderr]     Checking zerofrom v0.1.8
[INFO] [stderr]     Checking yoke v0.8.3
[INFO] [stderr]     Checking rustls-webpki v0.103.15
[INFO] [stderr]     Checking zerovec v0.11.8
[INFO] [stderr]     Checking zerotrie v0.2.5
[INFO] [stderr]     Checking tinystr v0.8.4
[INFO] [stderr]     Checking potential_utf v0.1.6
[INFO] [stderr]     Checking icu_collections v2.3.0
[INFO] [stderr]     Checking icu_locale_core v2.3.0
[INFO] [stderr]     Checking icu_provider v2.3.1
[INFO] [stderr]     Checking icu_normalizer v2.3.0
[INFO] [stderr]     Checking icu_properties v2.3.0
[INFO] [stderr]     Checking idna_adapter v1.2.2
[INFO] [stderr]     Checking idna v1.1.0
[INFO] [stderr]     Checking url v2.5.8
[INFO] [stderr]     Checking ureq v2.12.1
[INFO] [stderr]     Checking cipher_game v0.1.0 (/opt/rustwide/workdir)
[INFO] [stdout] error[E0433]: cannot find module or crate `tauri` in this scope
[INFO] [stdout]   --> src/main.rs:44:3
[INFO] [stdout]    |
[INFO] [stdout] 44 | #[tauri::command]
[INFO] [stdout]    |   ^^^^^ use of unresolved module or unlinked crate `tauri`
[INFO] [stdout] 
[INFO] [stdout] 
[INFO] [stdout] error[E0433]: cannot find module or crate `tauri` in this scope
[INFO] [stdout]    --> src/main.rs:472:25
[INFO] [stdout]     |
[INFO] [stdout] 472 |         .invoke_handler(tauri::generate_handler![generate_cipher_challenge])
[INFO] [stdout]     |                         ^^^^^ use of unresolved module or unlinked crate `tauri`
[INFO] [stdout] 
[INFO] [stdout] 
[INFO] [stdout] error[E0433]: cannot find module or crate `tauri` in this scope
[INFO] [stdout]    --> src/main.rs:473:14
[INFO] [stdout]     |
[INFO] [stdout] 473 |         .run(tauri::generate_context!())
[INFO] [stdout]     |              ^^^^^ use of unresolved module or unlinked crate `tauri`
[INFO] [stdout] 
[INFO] [stdout] 
[INFO] [stdout] error[E0433]: cannot find module or crate `tauri` in this scope
[INFO] [stdout]    --> src/main.rs:471:5
[INFO] [stdout]     |
[INFO] [stdout] 471 |     tauri::Builder::default()
[INFO] [stdout]     |     ^^^^^ use of unresolved module or unlinked crate `tauri`
[INFO] [stdout]     |
[INFO] [stdout]     = help: if you wanted to use a crate named `tauri`, use `cargo add tauri` to add it to your `Cargo.toml`
[INFO] [stdout] help: consider importing this struct
[INFO] [stdout]     |
[INFO] [stdout]   3 + use std::thread::Builder;
[INFO] [stdout]     |
[INFO] [stdout] help: if you import `Builder`, refer to it directly
[INFO] [stdout]     |
[INFO] [stdout] 471 -     tauri::Builder::default()
[INFO] [stdout] 471 +     Builder::default()
[INFO] [stdout]     |
[INFO] [stdout] 
[INFO] [stdout] 
[INFO] [stdout] error[E0433]: cannot find module or crate `tauri` in this scope
[INFO] [stdout]   --> src/main.rs:44:3
[INFO] [stdout]    |
[INFO] [stdout] 44 | #[tauri::command]
[INFO] [stdout]    |   ^^^^^ use of unresolved module or unlinked crate `tauri`
[INFO] [stdout] 
[INFO] [stdout] 
[INFO] [stdout] error[E0433]: cannot find module or crate `tauri` in this scope
[INFO] [stdout]    --> src/main.rs:472:25
[INFO] [stdout]     |
[INFO] [stdout] 472 |         .invoke_handler(tauri::generate_handler![generate_cipher_challenge])
[INFO] [stdout]     |                         ^^^^^ use of unresolved module or unlinked crate `tauri`
[INFO] [stdout] 
[INFO] [stdout] 
[INFO] [stdout] error[E0433]: cannot find module or crate `tauri` in this scope
[INFO] [stdout]    --> src/main.rs:473:14
[INFO] [stdout]     |
[INFO] [stdout] 473 |         .run(tauri::generate_context!())
[INFO] [stdout]     |              ^^^^^ use of unresolved module or unlinked crate `tauri`
[INFO] [stdout] 
[INFO] [stdout] 
[INFO] [stdout] For more information about this error, try `rustc --explain E0433`.
[INFO] [stdout] 
[INFO] [stderr] error: could not compile `cipher_game` (bin "cipher_game" test) due to 4 previous errors
[INFO] [stderr] warning: build failed, waiting for other jobs to finish...
[INFO] [stdout] error[E0433]: cannot find module or crate `tauri` in this scope
[INFO] [stdout]    --> src/main.rs:471:5
[INFO] [stdout]     |
[INFO] [stdout] 471 |     tauri::Builder::default()
[INFO] [stdout]     |     ^^^^^ use of unresolved module or unlinked crate `tauri`
[INFO] [stdout]     |
[INFO] [stdout]     = help: if you wanted to use a crate named `tauri`, use `cargo add tauri` to add it to your `Cargo.toml`
[INFO] [stdout] help: consider importing this struct
[INFO] [stdout]     |
[INFO] [stdout]   3 + use std::thread::Builder;
[INFO] [stdout]     |
[INFO] [stdout] help: if you import `Builder`, refer to it directly
[INFO] [stdout]     |
[INFO] [stdout] 471 -     tauri::Builder::default()
[INFO] [stdout] 471 +     Builder::default()
[INFO] [stdout]     |
[INFO] [stdout] 
[INFO] [stdout] 
[INFO] [stdout] For more information about this error, try `rustc --explain E0433`.
[INFO] [stdout] 
[INFO] [stderr] error: could not compile `cipher_game` (bin "cipher_game") due to 4 previous errors
[INFO] running `Command { std: "docker" "inspect" "65c0ef19171d26b516d16d2d1571e9098bb3eff6410fd39946ec8e86e6327d02", kill_on_drop: false }`
[INFO] running `Command { std: "docker" "rm" "-f" "65c0ef19171d26b516d16d2d1571e9098bb3eff6410fd39946ec8e86e6327d02", kill_on_drop: false }`
[INFO] [stdout] 65c0ef19171d26b516d16d2d1571e9098bb3eff6410fd39946ec8e86e6327d02
