[INFO] cloning repository https://github.com/RavenXAILabs/lily-engine
[INFO] running `Command { std: "git" "-c" "credential.helper=" "-c" "credential.helper=/workspace/cargo-home/bin/git-credential-null" "clone" "--bare" "https://github.com/RavenXAILabs/lily-engine" "/workspace/cache/git-repos/https%3A%2F%2Fgithub.com%2FRavenXAILabs%2Flily-engine", kill_on_drop: false }`
[INFO] [stderr] Cloning into bare repository '/workspace/cache/git-repos/https%3A%2F%2Fgithub.com%2FRavenXAILabs%2Flily-engine'...
[INFO] running `Command { std: "git" "rev-parse" "HEAD", kill_on_drop: false }`
[INFO] [stdout] 856f0a0a6ba7c80ab35116bf50748d30f58946db
[INFO] checking RavenXAILabs/lily-engine against 3154cc1a3e6424e44f438a95007d043ed5ceaaf6+rustflags=-Znext-solver=coherence for pr-133502-30
[INFO] running `Command { std: "git" "clone" "/workspace/cache/git-repos/https%3A%2F%2Fgithub.com%2FRavenXAILabs%2Flily-engine" "/workspace/builds/worker-0-tc1/source", kill_on_drop: false }`
[INFO] [stderr] Cloning into '/workspace/builds/worker-0-tc1/source'...
[INFO] [stderr] done.
[INFO] removed /workspace/builds/worker-0-tc1/source/rust-toolchain.toml
[INFO] started tweaking git repo https://github.com/RavenXAILabs/lily-engine
[INFO] finished tweaking git repo https://github.com/RavenXAILabs/lily-engine
[INFO] tweaked toml for git repo https://github.com/RavenXAILabs/lily-engine written to /workspace/builds/worker-0-tc1/source/Cargo.toml
[INFO] validating manifest of git repo https://github.com/RavenXAILabs/lily-engine on toolchain 3154cc1a3e6424e44f438a95007d043ed5ceaaf6
[INFO] running `Command { std: CARGO_HOME="/workspace/cargo-home" RUSTUP_HOME="/workspace/rustup-home" "/workspace/cargo-home/bin/cargo" "+3154cc1a3e6424e44f438a95007d043ed5ceaaf6" "metadata" "--manifest-path" "Cargo.toml" "--no-deps", kill_on_drop: false }`
[INFO] crate git repo https://github.com/RavenXAILabs/lily-engine already has a lockfile, it will not be regenerated
[INFO] running `Command { std: CARGO_HOME="/workspace/cargo-home" RUSTUP_HOME="/workspace/rustup-home" "/workspace/cargo-home/bin/cargo" "+3154cc1a3e6424e44f438a95007d043ed5ceaaf6" "fetch" "--manifest-path" "Cargo.toml", kill_on_drop: false }`
[INFO] [stderr]     Updating crates.io index
[INFO] [stderr]  Downloading crates ...
[INFO] [stderr]   Downloaded unicode-normalization-alignments v0.1.12
[INFO] [stderr]   Downloaded monostate-impl v0.1.18
[INFO] [stderr]   Downloaded macro_rules_attribute-proc_macro v0.2.3
[INFO] [stderr]   Downloaded base64 v0.13.1
[INFO] [stderr]   Downloaded derive_builder_macro v0.20.2
[INFO] [stderr]   Downloaded rayon-cond v0.4.0
[INFO] [stderr]   Downloaded chunked_transfer v1.5.0
[INFO] [stderr]   Downloaded darling_macro v0.20.11
[INFO] [stderr]   Downloaded monostate v0.1.18
[INFO] [stderr]   Downloaded memo-map v0.3.3
[INFO] [stderr]   Downloaded macro_rules_attribute v0.2.3
[INFO] [stderr]   Downloaded dary_heap v0.3.9
[INFO] [stderr]   Downloaded derive_builder_core v0.20.2
[INFO] [stderr]   Downloaded onig v6.5.3
[INFO] [stderr]   Downloaded derive_builder v0.20.2
[INFO] [stderr]   Downloaded ascii v1.1.0
[INFO] [stderr]   Downloaded minijinja-contrib v2.24.0
[INFO] [stderr]   Downloaded darling v0.20.11
[INFO] [stderr]   Downloaded darling_core v0.20.11
[INFO] [stderr]   Downloaded tiny_http v0.12.0
[INFO] [stderr]   Downloaded wit-bindgen v0.46.0
[INFO] [stderr]   Downloaded compact_str v0.9.1
[INFO] [stderr]   Downloaded wasip2 v1.0.1+wasi-0.2.4
[INFO] [stderr]   Downloaded esaxx-rs v0.1.10
[INFO] [stderr]   Downloaded tokenizers v0.21.4
[INFO] [stderr]   Downloaded minijinja v2.24.0
[INFO] [stderr]   Downloaded objc2-metal v0.3.2
[INFO] [stderr]   Downloaded syn v3.0.4
[INFO] [stderr]   Downloaded spm_precompiled v0.1.4
[INFO] [stderr]   Downloaded onig_sys v69.9.3
[INFO] running `Command { std: "docker" "create" "-v" "/var/lib/crater-agent-workspace/builds/worker-0-tc1/source:/opt/rustwide/workdir:ro,Z" "-v" "/var/lib/crater-agent-workspace/builds/worker-0-tc1/target:/opt/rustwide/target:rw,Z" "-v" "/var/lib/crater-agent-workspace/cargo-home:/opt/rustwide/cargo-home:ro,Z" "-v" "/var/lib/crater-agent-workspace/rustup-home:/opt/rustwide/rustup-home:ro,Z" "-m" "1610612736" "--network" "none" "ghcr.io/rust-lang/crates-build-env/linux@sha256:77db811e55d90add9212f6832c23229e3de5f1c1f9905e8cb07319ea15df73ac" "sleep" "infinity", kill_on_drop: false }`
[INFO] [stdout] d6845a487ee48c8be073ffc21763046106c925388d28d91a040a595be6ef5ea0
[INFO] running `Command { std: "docker" "start" "d6845a487ee48c8be073ffc21763046106c925388d28d91a040a595be6ef5ea0", kill_on_drop: false }`
[INFO] running `Command { std: "docker" "inspect" "d6845a487ee48c8be073ffc21763046106c925388d28d91a040a595be6ef5ea0", kill_on_drop: false }`
[INFO] running `Command { std: "docker" "exec" "-e" "SOURCE_DIR=/opt/rustwide/workdir" "-e" "CARGO_HOME=/opt/rustwide/cargo-home" "-e" "RUSTUP_HOME=/opt/rustwide/rustup-home" "-e" "CARGO_TARGET_DIR=/opt/rustwide/target" "-w" "/opt/rustwide/workdir" "--user" "0:0" "d6845a487ee48c8be073ffc21763046106c925388d28d91a040a595be6ef5ea0" "/opt/rustwide/cargo-home/bin/cargo" "+3154cc1a3e6424e44f438a95007d043ed5ceaaf6" "metadata" "--no-deps" "--format-version=1", kill_on_drop: false }`
[INFO] running `Command { std: "docker" "inspect" "d6845a487ee48c8be073ffc21763046106c925388d28d91a040a595be6ef5ea0", kill_on_drop: false }`
[INFO] running `Command { std: "docker" "exec" "-e" "SOURCE_DIR=/opt/rustwide/workdir" "-e" "CARGO_HOME=/opt/rustwide/cargo-home" "-e" "RUSTUP_HOME=/opt/rustwide/rustup-home" "-e" "CARGO_TARGET_DIR=/opt/rustwide/target" "-e" "CARGO_INCREMENTAL=0" "-e" "RUST_BACKTRACE=full" "-e" "RUSTFLAGS=--cap-lints=forbid -Znext-solver=coherence" "-e" "RUSTDOCFLAGS=--cap-lints=forbid" "-w" "/opt/rustwide/workdir" "--user" "0:0" "d6845a487ee48c8be073ffc21763046106c925388d28d91a040a595be6ef5ea0" "/opt/rustwide/cargo-home/bin/cargo" "+3154cc1a3e6424e44f438a95007d043ed5ceaaf6" "check" "--frozen" "--all" "--all-targets" "--message-format=json", kill_on_drop: false }`
[INFO] [stderr]    Compiling syn v3.0.4
[INFO] [stderr]    Compiling libc v0.2.189
[INFO] [stderr]    Compiling serde_core v1.0.229
[INFO] [stderr]    Compiling zerocopy-derive v0.8.56
[INFO] [stderr]    Compiling serde v1.0.229
[INFO] [stderr]    Compiling getrandom v0.3.4
[INFO] [stderr]    Compiling strsim v0.11.1
[INFO] [stderr]    Compiling ident_case v1.0.1
[INFO] [stderr]    Compiling fnv v1.0.7
[INFO] [stderr]    Compiling zmij v1.0.23
[INFO] [stderr]    Compiling cc v1.4.4
[INFO] [stderr]     Checking itoa v1.0.18
[INFO] [stderr]    Compiling serde_json v1.0.151
[INFO] [stderr]     Checking utf8parse v0.2.2
[INFO] [stderr]     Checking either v1.18.0
[INFO] [stderr]    Compiling ahash v0.8.12
[INFO] [stderr]     Checking aho-corasick v1.1.5
[INFO] [stderr]     Checking anstyle-parse v1.0.0
[INFO] [stderr]     Checking colorchoice v1.0.5
[INFO] [stderr]     Checking minimal-lexical v0.2.1
[INFO] [stderr]    Compiling esaxx-rs v0.1.10
[INFO] [stderr]     Checking anstyle-query v1.1.5
[INFO] [stderr]     Checking anstyle v1.0.14
[INFO] [stderr]     Checking is_terminal_polyfill v1.70.2
[INFO] [stderr]     Checking regex-syntax v0.8.11
[INFO] [stderr]     Checking nom v7.1.3
[INFO] [stderr]     Checking castaway v0.2.4
[INFO] [stderr]    Compiling monostate-impl v0.1.18
[INFO] [stderr]    Compiling darling_core v0.20.11
[INFO] [stderr]     Checking ryu v1.0.23
[INFO] [stderr]     Checking rayon v1.12.0
[INFO] [stderr]     Checking itertools v0.14.0
[INFO] [stderr]     Checking anstream v1.0.0
[INFO] [stderr]    Compiling pastey v0.2.3
[INFO] [stderr]     Checking log v0.4.34
[INFO] [stderr]    Compiling macro_rules_attribute-proc_macro v0.2.3
[INFO] [stderr]    Compiling anyhow v1.0.104
[INFO] [stderr]     Checking base64 v0.13.1
[INFO] [stderr]     Checking clap_lex v1.1.0
[INFO] [stderr]     Checking smallvec v1.15.2
[INFO] [stderr]     Checking unicode-segmentation v1.13.3
[INFO] [stderr]     Checking bitflags v2.13.1
[INFO] [stderr]     Checking static_assertions v1.1.0
[INFO] [stderr]     Checking memo-map v0.3.3
[INFO] [stderr]     Checking clap_builder v4.6.6
[INFO] [stderr]     Checking macro_rules_attribute v0.2.3
[INFO] [stderr]     Checking unicode-normalization-alignments v0.1.12
[INFO] [stderr]     Checking httpdate v1.0.3
[INFO] [stderr]     Checking unicode_categories v0.1.1
[INFO] [stderr]     Checking ascii v1.1.0
[INFO] [stderr]     Checking chunked_transfer v1.5.0
[INFO] [stderr]     Checking tiny_http v0.12.0
[INFO] [stderr]     Checking zerocopy v0.8.56
[INFO] [stderr]    Compiling onig_sys v69.9.3
[INFO] [stderr]     Checking getrandom v0.2.17
[INFO] [stderr]     Checking rand_core v0.6.4
[INFO] [stderr]     Checking rand_core v0.9.5
[INFO] [stderr]    Compiling darling_macro v0.20.11
[INFO] [stderr]     Checking rayon-cond v0.4.0
[INFO] [stderr]    Compiling darling v0.20.11
[INFO] [stderr]    Compiling derive_builder_core v0.20.2
[INFO] [stderr]     Checking regex-automata v0.4.18
[INFO] [stderr]    Compiling derive_builder_macro v0.20.2
[INFO] [stderr]     Checking monostate v0.1.18
[INFO] [stderr]     Checking derive_builder v0.20.2
[INFO] [stderr]    Compiling serde_derive v1.0.229
[INFO] [stderr]    Compiling bytemuck_derive v1.12.0
[INFO] [stderr]    Compiling thiserror-impl v2.0.20
[INFO] [stderr]    Compiling clap_derive v4.6.4
[INFO] [stderr]     Checking regex v1.13.1
[INFO] [stderr]     Checking thiserror v2.0.20
[INFO] [stderr]     Checking bytemuck v1.25.2
[INFO] [stderr]     Checking clap v4.6.6
[INFO] [stderr]     Checking onig v6.5.3
[INFO] [stderr]     Checking ppv-lite86 v0.2.21
[INFO] [stderr]     Checking half v2.7.1
[INFO] [stderr]     Checking dary_heap v0.3.9
[INFO] [stderr]     Checking minijinja v2.24.0
[INFO] [stderr]     Checking spm_precompiled v0.1.4
[INFO] [stderr]     Checking compact_str v0.9.1
[INFO] [stderr]     Checking rand_chacha v0.9.0
[INFO] [stderr]     Checking rand_chacha v0.3.1
[INFO] [stderr]     Checking rand v0.8.8
[INFO] [stderr]     Checking rand v0.9.5
[INFO] [stderr]     Checking tokenizers v0.21.4
[INFO] [stderr]     Checking minijinja-contrib v2.24.0
[INFO] [stderr]     Checking lily v0.1.0 (/opt/rustwide/workdir)
[INFO] [stdout] warning: unused import: `anyhow::bail`
[INFO] [stdout]   --> src/lib.rs:33:5
[INFO] [stdout]    |
[INFO] [stdout] 33 | use anyhow::bail;
[INFO] [stdout]    |     ^^^^^^^^^^^^
[INFO] [stdout]    |
[INFO] [stdout]    = note: `#[warn(unused_imports)]` (part of `#[warn(unused)]`) on by default
[INFO] [stdout] 
[INFO] [stdout] 
[INFO] [stdout] warning: unused import: `anyhow::bail`
[INFO] [stdout]   --> src/lib.rs:33:5
[INFO] [stdout]    |
[INFO] [stdout] 33 | use anyhow::bail;
[INFO] [stdout]    |     ^^^^^^^^^^^^
[INFO] [stdout]    |
[INFO] [stdout]    = note: `#[warn(unused_imports)]` (part of `#[warn(unused)]`) on by default
[INFO] [stdout] 
[INFO] [stdout] 
[INFO] [stdout] error[E0433]: cannot find `kernels` in `lily`
[INFO] [stdout]   --> src/bin/lily-bench.rs:6:11
[INFO] [stdout]    |
[INFO] [stdout]  6 | use lily::kernels::attention::MAX_SEQ;
[INFO] [stdout]    |           ^^^^^^^ could not find `kernels` in `lily`
[INFO] [stdout]    |
[INFO] [stdout] note: found an item that was configured out
[INFO] [stdout]   --> src/lib.rs:13:9
[INFO] [stdout]    |
[INFO] [stdout] 12 | #[cfg(target_os = "macos")]
[INFO] [stdout]    |       ------------------- the item is gated behind the `macos` feature
[INFO] [stdout] 13 | pub mod kernels;
[INFO] [stdout]    |         ^^^^^^^
[INFO] [stdout] 
[INFO] [stdout] 
[INFO] [stdout] error[E0432]: unresolved import `lily::metal`
[INFO] [stdout]   --> src/bin/lily-bench.rs:7:11
[INFO] [stdout]    |
[INFO] [stdout]  7 | use lily::metal::MetalContext;
[INFO] [stdout]    |           ^^^^^ could not find `metal` in `lily`
[INFO] [stdout]    |
[INFO] [stdout] note: found an item that was configured out
[INFO] [stdout]   --> src/lib.rs:15:9
[INFO] [stdout]    |
[INFO] [stdout] 14 | #[cfg(target_os = "macos")]
[INFO] [stdout]    |       ------------------- the item is gated behind the `macos` feature
[INFO] [stdout] 15 | pub mod metal;
[INFO] [stdout]    |         ^^^^^
[INFO] [stdout] 
[INFO] [stdout] 
[INFO] [stdout] error[E0432]: unresolved import `lily::model`
[INFO] [stdout]   --> src/bin/lily-bench.rs:8:11
[INFO] [stdout]    |
[INFO] [stdout]  8 | use lily::model::Qwen3_5Model;
[INFO] [stdout]    |           ^^^^^ could not find `model` in `lily`
[INFO] [stdout]    |
[INFO] [stdout] note: found an item that was configured out
[INFO] [stdout]   --> src/lib.rs:17:9
[INFO] [stdout]    |
[INFO] [stdout] 16 | #[cfg(target_os = "macos")]
[INFO] [stdout]    |       ------------------- the item is gated behind the `macos` feature
[INFO] [stdout] 17 | pub mod model;
[INFO] [stdout]    |         ^^^^^
[INFO] [stdout] 
[INFO] [stdout] 
[INFO] [stdout] error[E0433]: cannot find `kernels` in `lily`
[INFO] [stdout]   --> src/bin/lily-bench.rs:6:11
[INFO] [stdout]    |
[INFO] [stdout]  6 | use lily::kernels::attention::MAX_SEQ;
[INFO] [stdout]    |           ^^^^^^^ could not find `kernels` in `lily`
[INFO] [stdout]    |
[INFO] [stdout] note: found an item that was configured out
[INFO] [stdout]   --> src/lib.rs:13:9
[INFO] [stdout]    |
[INFO] [stdout] 12 | #[cfg(target_os = "macos")]
[INFO] [stdout]    |       ------------------- the item is gated behind the `macos` feature
[INFO] [stdout] 13 | pub mod kernels;
[INFO] [stdout]    |         ^^^^^^^
[INFO] [stdout] 
[INFO] [stdout] 
[INFO] [stdout] error[E0432]: unresolved import `lily::metal`
[INFO] [stdout]   --> src/bin/lily-bench.rs:7:11
[INFO] [stdout]    |
[INFO] [stdout]  7 | use lily::metal::MetalContext;
[INFO] [stdout]    |           ^^^^^ could not find `metal` in `lily`
[INFO] [stdout]    |
[INFO] [stdout] note: found an item that was configured out
[INFO] [stdout]   --> src/lib.rs:15:9
[INFO] [stdout]    |
[INFO] [stdout] 14 | #[cfg(target_os = "macos")]
[INFO] [stdout]    |       ------------------- the item is gated behind the `macos` feature
[INFO] [stdout] 15 | pub mod metal;
[INFO] [stdout]    |         ^^^^^
[INFO] [stdout] 
[INFO] [stdout] 
[INFO] [stdout] error[E0432]: unresolved import `lily::model`
[INFO] [stdout]   --> src/bin/lily-bench.rs:8:11
[INFO] [stdout]    |
[INFO] [stdout]  8 | use lily::model::Qwen3_5Model;
[INFO] [stdout]    |           ^^^^^ could not find `model` in `lily`
[INFO] [stdout]    |
[INFO] [stdout] note: found an item that was configured out
[INFO] [stdout]   --> src/lib.rs:17:9
[INFO] [stdout]    |
[INFO] [stdout] 16 | #[cfg(target_os = "macos")]
[INFO] [stdout]    |       ------------------- the item is gated behind the `macos` feature
[INFO] [stdout] 17 | pub mod model;
[INFO] [stdout]    |         ^^^^^
[INFO] [stdout] 
[INFO] [stdout] 
[INFO] [stdout] error[E0432]: unresolved import `lily::generate`
[INFO] [stdout]   --> tests/test_e2e_35b.rs:4:11
[INFO] [stdout]    |
[INFO] [stdout]  4 | use lily::generate::Generator;
[INFO] [stdout]    |           ^^^^^^^^ could not find `generate` in `lily`
[INFO] [stdout]    |
[INFO] [stdout] note: found an item that was configured out
[INFO] [stdout]   --> src/lib.rs:11:9
[INFO] [stdout]    |
[INFO] [stdout] 10 | #[cfg(target_os = "macos")]
[INFO] [stdout]    |       ------------------- the item is gated behind the `macos` feature
[INFO] [stdout] 11 | pub mod generate;
[INFO] [stdout]    |         ^^^^^^^^
[INFO] [stdout] 
[INFO] [stdout] 
[INFO] [stdout] error[E0432]: unresolved import `lily::metal`
[INFO] [stdout]   --> tests/test_e2e_35b.rs:5:11
[INFO] [stdout]    |
[INFO] [stdout]  5 | use lily::metal::MetalContext;
[INFO] [stdout]    |           ^^^^^ could not find `metal` in `lily`
[INFO] [stdout]    |
[INFO] [stdout] note: found an item that was configured out
[INFO] [stdout]   --> src/lib.rs:15:9
[INFO] [stdout]    |
[INFO] [stdout] 14 | #[cfg(target_os = "macos")]
[INFO] [stdout]    |       ------------------- the item is gated behind the `macos` feature
[INFO] [stdout] 15 | pub mod metal;
[INFO] [stdout]    |         ^^^^^
[INFO] [stdout] 
[INFO] [stdout] 
[INFO] [stdout] error[E0432]: unresolved import `lily::model`
[INFO] [stdout]   --> tests/test_e2e_35b.rs:6:11
[INFO] [stdout]    |
[INFO] [stdout]  6 | use lily::model::Qwen3_5Model;
[INFO] [stdout]    |           ^^^^^ could not find `model` in `lily`
[INFO] [stdout]    |
[INFO] [stdout] note: found an item that was configured out
[INFO] [stdout]   --> src/lib.rs:17:9
[INFO] [stdout]    |
[INFO] [stdout] 16 | #[cfg(target_os = "macos")]
[INFO] [stdout]    |       ------------------- the item is gated behind the `macos` feature
[INFO] [stdout] 17 | pub mod model;
[INFO] [stdout]    |         ^^^^^
[INFO] [stdout] 
[INFO] [stdout] 
[INFO] [stdout] error[E0432]: unresolved import `lily::generate`
[INFO] [stdout]   --> tests/test_tokenizer.rs:5:11
[INFO] [stdout]    |
[INFO] [stdout]  5 | use lily::generate::{Generator, Thinking};
[INFO] [stdout]    |           ^^^^^^^^ could not find `generate` in `lily`
[INFO] [stdout]    |
[INFO] [stdout] note: found an item that was configured out
[INFO] [stdout]   --> src/lib.rs:11:9
[INFO] [stdout]    |
[INFO] [stdout] 10 | #[cfg(target_os = "macos")]
[INFO] [stdout]    |       ------------------- the item is gated behind the `macos` feature
[INFO] [stdout] 11 | pub mod generate;
[INFO] [stdout]    |         ^^^^^^^^
[INFO] [stdout] 
[INFO] [stdout] 
[INFO] [stdout] error[E0433]: cannot find `serve` in `lily`
[INFO] [stdout]   --> src/main.rs:26:11
[INFO] [stdout]    |
[INFO] [stdout] 26 |     lily::serve::run(&cli.model, &cli.bind, cli.max_seq)
[INFO] [stdout]    |           ^^^^^ could not find `serve` in `lily`
[INFO] [stdout]    |
[INFO] [stdout] note: found an item that was configured out
[INFO] [stdout]   --> src/lib.rs:20:9
[INFO] [stdout]    |
[INFO] [stdout] 19 | #[cfg(target_os = "macos")]
[INFO] [stdout]    |       ------------------- the item is gated behind the `macos` feature
[INFO] [stdout] 20 | pub mod serve;
[INFO] [stdout]    |         ^^^^^
[INFO] [stdout] 
[INFO] [stdout] 
[INFO] [stdout] error[E0433]: cannot find `serve` in `lily`
[INFO] [stdout]   --> src/main.rs:26:11
[INFO] [stdout]    |
[INFO] [stdout] 26 |     lily::serve::run(&cli.model, &cli.bind, cli.max_seq)
[INFO] [stdout]    |           ^^^^^ could not find `serve` in `lily`
[INFO] [stdout]    |
[INFO] [stdout] note: found an item that was configured out
[INFO] [stdout]   --> src/lib.rs:20:9
[INFO] [stdout]    |
[INFO] [stdout] 19 | #[cfg(target_os = "macos")]
[INFO] [stdout]    |       ------------------- the item is gated behind the `macos` feature
[INFO] [stdout] 20 | pub mod serve;
[INFO] [stdout]    |         ^^^^^
[INFO] [stdout] 
[INFO] [stdout] 
[INFO] [stdout] For more information about this error, try `rustc --explain E0432`.
[INFO] [stdout] 
[INFO] [stderr] error: could not compile `lily` (test "test_e2e_35b") due to 3 previous errors
[INFO] [stderr] warning: build failed, waiting for other jobs to finish...
[INFO] [stdout] For more information about this error, try `rustc --explain E0433`.
[INFO] [stdout] 
[INFO] [stdout] For more information about this error, try `rustc --explain E0432`.
[INFO] [stdout] 
[INFO] [stdout] For more information about this error, try `rustc --explain E0433`.
[INFO] [stdout] 
[INFO] [stderr] error: could not compile `lily` (bin "lily") due to 1 previous error
[INFO] [stderr] error: could not compile `lily` (test "test_tokenizer") due to 1 previous error
[INFO] [stderr] error: could not compile `lily` (bin "lily" test) due to 1 previous error
[INFO] [stdout] Some errors have detailed explanations: E0432, E0433.
[INFO] [stdout] 
[INFO] [stdout] For more information about an error, try `rustc --explain E0432`.
[INFO] [stdout] 
[INFO] [stderr] error: could not compile `lily` (bin "lily-bench") due to 3 previous errors
[INFO] [stdout] Some errors have detailed explanations: E0432, E0433.
[INFO] [stdout] 
[INFO] [stdout] For more information about an error, try `rustc --explain E0432`.
[INFO] [stdout] 
[INFO] [stderr] error: could not compile `lily` (bin "lily-bench" test) due to 3 previous errors
[INFO] [stderr] warning: unused dependency `half`
[INFO] [stderr]   --> Cargo.toml:25:15
[INFO] [stderr]    |
[INFO] [stderr] 25 | [dependencies.half]
[INFO] [stderr]    |               ^^^^^
[INFO] [stderr]    |
[INFO] [stderr]    = note: `cargo::unused_dependencies` is set to `warn` by default
[INFO] [stderr] help: consider removing the dependency on `half`
[INFO] [stderr] warning: unused dependency `minijinja-contrib`
[INFO] [stderr]   --> Cargo.toml:33:15
[INFO] [stderr]    |
[INFO] [stderr] 33 | [dependencies.minijinja-contrib]
[INFO] [stderr]    |               ^^^^^^^^^^^^^^^^^^
[INFO] [stderr]    |
[INFO] [stderr] help: consider removing the dependency on `minijinja-contrib`
[INFO] [stderr] warning: unused dependency `tiny_http`
[INFO] [stderr]   --> Cargo.toml:11:1
[INFO] [stderr]    |
[INFO] [stderr] 11 | tiny_http = "0.12"
[INFO] [stderr]    | ^^^^^^^^^^^^^^^^^^
[INFO] [stderr]    |
[INFO] [stderr] help: consider removing the dependency on `tiny_http`
[INFO] [stderr] warning: unused dependency `tokenizers`
[INFO] [stderr]   --> Cargo.toml:41:15
[INFO] [stderr]    |
[INFO] [stderr] 41 | [dependencies.tokenizers]
[INFO] [stderr]    |               ^^^^^^^^^^^
[INFO] [stderr]    |
[INFO] [stderr] help: consider removing the dependency on `tokenizers`
[INFO] [stderr] warning: `lily` (manifest) generated 4 warnings
[INFO] running `Command { std: "docker" "inspect" "d6845a487ee48c8be073ffc21763046106c925388d28d91a040a595be6ef5ea0", kill_on_drop: false }`
[INFO] running `Command { std: "docker" "rm" "-f" "d6845a487ee48c8be073ffc21763046106c925388d28d91a040a595be6ef5ea0", kill_on_drop: false }`
[INFO] [stdout] d6845a487ee48c8be073ffc21763046106c925388d28d91a040a595be6ef5ea0
