[INFO] cloning repository https://github.com/R0tten0x/Alloc
[INFO] running `Command { std: "git" "-c" "credential.helper=" "-c" "credential.helper=/workspace/cargo-home/bin/git-credential-null" "clone" "--bare" "https://github.com/R0tten0x/Alloc" "/workspace/cache/git-repos/https%3A%2F%2Fgithub.com%2FR0tten0x%2FAlloc", kill_on_drop: false }`
[INFO] [stderr] Cloning into bare repository '/workspace/cache/git-repos/https%3A%2F%2Fgithub.com%2FR0tten0x%2FAlloc'...
[INFO] running `Command { std: "git" "rev-parse" "HEAD", kill_on_drop: false }`
[INFO] [stdout] 37d4ca1c23d3cf96261e7b961b1a7f1ef44c1e63
[INFO] checking R0tten0x/Alloc against 3154cc1a3e6424e44f438a95007d043ed5ceaaf6 for pr-133502-30
[INFO] running `Command { std: "git" "clone" "/workspace/cache/git-repos/https%3A%2F%2Fgithub.com%2FR0tten0x%2FAlloc" "/workspace/builds/worker-3-tc2/source", kill_on_drop: false }`
[INFO] [stderr] Cloning into '/workspace/builds/worker-3-tc2/source'...
[INFO] [stderr] done.
[INFO] started tweaking git repo https://github.com/R0tten0x/Alloc
[INFO] finished tweaking git repo https://github.com/R0tten0x/Alloc
[INFO] tweaked toml for git repo https://github.com/R0tten0x/Alloc written to /workspace/builds/worker-3-tc2/source/Cargo.toml
[INFO] validating manifest of git repo https://github.com/R0tten0x/Alloc on toolchain 3154cc1a3e6424e44f438a95007d043ed5ceaaf6
[INFO] running `Command { std: CARGO_HOME="/workspace/cargo-home" RUSTUP_HOME="/workspace/rustup-home" "/workspace/cargo-home/bin/cargo" "+3154cc1a3e6424e44f438a95007d043ed5ceaaf6" "metadata" "--manifest-path" "Cargo.toml" "--no-deps", kill_on_drop: false }`
[INFO] crate git repo https://github.com/R0tten0x/Alloc already has a lockfile, it will not be regenerated
[INFO] running `Command { std: CARGO_HOME="/workspace/cargo-home" RUSTUP_HOME="/workspace/rustup-home" "/workspace/cargo-home/bin/cargo" "+3154cc1a3e6424e44f438a95007d043ed5ceaaf6" "fetch" "--manifest-path" "Cargo.toml", kill_on_drop: false }`
[INFO] running `Command { std: "docker" "create" "-v" "/var/lib/crater-agent-workspace/builds/worker-3-tc2/source:/opt/rustwide/workdir:ro,Z" "-v" "/var/lib/crater-agent-workspace/builds/worker-3-tc2/target:/opt/rustwide/target:rw,Z" "-v" "/var/lib/crater-agent-workspace/cargo-home:/opt/rustwide/cargo-home:ro,Z" "-v" "/var/lib/crater-agent-workspace/rustup-home:/opt/rustwide/rustup-home:ro,Z" "-m" "1610612736" "--network" "none" "ghcr.io/rust-lang/crates-build-env/linux@sha256:77db811e55d90add9212f6832c23229e3de5f1c1f9905e8cb07319ea15df73ac" "sleep" "infinity", kill_on_drop: false }`
[INFO] [stdout] 51f0482e9a5cb64cc057bc24a6eb5925519e7ba306d61965e73663c875050f49
[INFO] running `Command { std: "docker" "start" "51f0482e9a5cb64cc057bc24a6eb5925519e7ba306d61965e73663c875050f49", kill_on_drop: false }`
[INFO] running `Command { std: "docker" "inspect" "51f0482e9a5cb64cc057bc24a6eb5925519e7ba306d61965e73663c875050f49", kill_on_drop: false }`
[INFO] running `Command { std: "docker" "exec" "-e" "SOURCE_DIR=/opt/rustwide/workdir" "-e" "CARGO_HOME=/opt/rustwide/cargo-home" "-e" "RUSTUP_HOME=/opt/rustwide/rustup-home" "-e" "CARGO_TARGET_DIR=/opt/rustwide/target" "-w" "/opt/rustwide/workdir" "--user" "0:0" "51f0482e9a5cb64cc057bc24a6eb5925519e7ba306d61965e73663c875050f49" "/opt/rustwide/cargo-home/bin/cargo" "+3154cc1a3e6424e44f438a95007d043ed5ceaaf6" "metadata" "--no-deps" "--format-version=1", kill_on_drop: false }`
[INFO] running `Command { std: "docker" "inspect" "51f0482e9a5cb64cc057bc24a6eb5925519e7ba306d61965e73663c875050f49", kill_on_drop: false }`
[INFO] running `Command { std: "docker" "exec" "-e" "SOURCE_DIR=/opt/rustwide/workdir" "-e" "CARGO_HOME=/opt/rustwide/cargo-home" "-e" "RUSTUP_HOME=/opt/rustwide/rustup-home" "-e" "CARGO_TARGET_DIR=/opt/rustwide/target" "-e" "CARGO_INCREMENTAL=0" "-e" "RUST_BACKTRACE=full" "-e" "RUSTFLAGS=--cap-lints=forbid" "-e" "RUSTDOCFLAGS=--cap-lints=forbid" "-w" "/opt/rustwide/workdir" "--user" "0:0" "51f0482e9a5cb64cc057bc24a6eb5925519e7ba306d61965e73663c875050f49" "/opt/rustwide/cargo-home/bin/cargo" "+3154cc1a3e6424e44f438a95007d043ed5ceaaf6" "check" "--frozen" "--all" "--all-targets" "--message-format=json", kill_on_drop: false }`
[INFO] [stderr]    Compiling serde v1.0.229
[INFO] [stderr]    Compiling target-lexicon v0.12.16
[INFO] [stderr]    Compiling proc-macro-error-attr v1.0.4
[INFO] [stderr]    Compiling syn v1.0.109
[INFO] [stderr]    Compiling proc-macro-error v1.0.4
[INFO] [stderr]     Checking rustix v1.1.4
[INFO] [stderr]     Checking futures-core v0.3.34
[INFO] [stderr]    Compiling wayland-sys v0.31.11
[INFO] [stderr]    Compiling syn v3.0.3
[INFO] [stderr]    Compiling thiserror-impl v1.0.69
[INFO] [stderr]    Compiling wayland-backend v0.3.17
[INFO] [stderr]    Compiling gio v0.18.4
[INFO] [stderr]     Checking bytemuck v1.25.2
[INFO] [stderr]    Compiling equator-macro v0.4.2
[INFO] [stderr]     Checking futures-channel v0.3.34
[INFO] [stderr]    Compiling zerocopy-derive v0.8.56
[INFO] [stderr]    Compiling field-offset v0.3.6
[INFO] [stderr]    Compiling x11 v2.21.0
[INFO] [stderr]     Checking rustix v0.38.44
[INFO] [stderr]     Checking rayon v1.12.0
[INFO] [stderr]    Compiling gtk v0.18.2
[INFO] [stderr]    Compiling libxdo-sys v0.11.0
[INFO] [stderr]    Compiling arg_enum_proc_macro v0.3.4
[INFO] [stderr]    Compiling profiling-procmacros v1.0.18
[INFO] [stderr]    Compiling cfg-expr v0.15.8
[INFO] [stderr]     Checking nom v8.0.0
[INFO] [stderr]     Checking no_std_io2 v0.9.4
[INFO] [stderr]     Checking tiny-skia-path v0.11.4
[INFO] [stderr]     Checking profiling v1.0.18
[INFO] [stderr]     Checking bitstream-io v4.10.0
[INFO] [stderr]     Checking equator v0.4.2
[INFO] [stderr]     Checking num-complex v0.4.6
[INFO] [stderr]     Checking aligned-vec v0.6.4
[INFO] [stderr]    Compiling num-derive v0.4.2
[INFO] [stderr]     Checking v_frame v0.3.9
[INFO] [stderr]     Checking raw-cpuid v11.6.0
[INFO] [stderr]     Checking libloading v0.7.4
[INFO] [stderr]     Checking option-ext v0.2.0
[INFO] [stderr]     Checking imgref v1.12.2
[INFO] [stderr]     Checking dirs-sys v0.5.0
[INFO] [stderr]    Compiling toml_datetime v0.6.3
[INFO] [stderr]    Compiling serde_spanned v0.6.9
[INFO] [stderr]     Checking thiserror v1.0.69
[INFO] [stderr]     Checking loop9 v0.1.5
[INFO] [stderr]     Checking tiny-skia v0.11.4
[INFO] [stderr]     Checking crossbeam-channel v0.5.16
[INFO] [stderr]     Checking libxdo v0.6.0
[INFO] [stderr]     Checking dirs v6.0.0
[INFO] [stderr]     Checking xkbcommon-dl v0.4.2
[INFO] [stderr]     Checking qoi v0.4.1
[INFO] [stderr]    Compiling cstr v0.2.12
[INFO] [stderr]    Compiling toml_edit v0.20.2
[INFO] [stderr]    Compiling toml_edit v0.19.15
[INFO] [stderr]     Checking zerocopy v0.8.56
[INFO] [stderr]     Checking maybe-rayon v0.1.1
[INFO] [stderr]    Compiling futures-macro v0.3.34
[INFO] [stderr]    Compiling thiserror-impl v2.0.20
[INFO] [stderr]    Compiling serde_derive v1.0.229
[INFO] [stderr]     Checking pulp v0.22.3
[INFO] [stderr]    Compiling proc-macro-crate v1.3.1
[INFO] [stderr]    Compiling toml v0.8.2
[INFO] [stderr]    Compiling proc-macro-crate v2.0.2
[INFO] [stderr]     Checking thiserror v2.0.20
[INFO] [stderr]    Compiling system-deps v6.2.2
[INFO] [stderr]    Compiling gtk3-macros v0.18.2
[INFO] [stderr]     Checking av-scenechange v0.14.1
[INFO] [stderr]     Checking futures-util v0.3.34
[INFO] [stderr]    Compiling glib-macros v0.18.5
[INFO] [stderr]    Compiling glib-sys v0.18.1
[INFO] [stderr]    Compiling gobject-sys v0.18.0
[INFO] [stderr]    Compiling gio-sys v0.18.1
[INFO] [stderr]    Compiling gdk-pixbuf-sys v0.18.0
[INFO] [stderr]    Compiling pango-sys v0.18.0
[INFO] [stderr]    Compiling gdk-sys v0.18.2
[INFO] [stderr]    Compiling cairo-sys-rs v0.18.2
[INFO] [stderr]    Compiling atk-sys v0.18.2
[INFO] [stderr]    Compiling gtk-sys v0.18.2
[INFO] [stderr]     Checking polling v3.11.0
[INFO] [stderr]     Checking gethostname v1.1.0
[INFO] [stderr]     Checking x11rb v0.13.2
[INFO] [stderr]     Checking calloop v0.13.0
[INFO] [stderr]     Checking futures-executor v0.3.34
[INFO] [stderr]     Checking av1-grain v0.2.5
[INFO] [stderr]     Checking wayland-client v0.31.15
[INFO] [stderr]     Checking wayland-csd-frame v0.3.0
[INFO] [stderr]     Checking rav1e v0.8.1
[INFO] [stderr]     Checking half v2.7.1
[INFO] [stderr]     Checking ahash v0.8.12
[INFO] [stderr]     Checking tiff v0.11.3
[INFO] [stderr]     Checking exr v1.74.2
[INFO] [stderr]     Checking glib v0.18.5
[INFO] [stderr]     Checking keyboard-types v0.7.0
[INFO] [stderr]     Checking wayland-protocols v0.32.13
[INFO] [stderr]     Checking calloop-wayland-source v0.3.0
[INFO] [stderr]     Checking wayland-cursor v0.31.14
[INFO] [stderr]     Checking libappindicator-sys v0.9.0
[INFO] [stderr]     Checking ravif v0.13.0
[INFO] [stderr]     Checking image v0.25.10
[INFO] [stderr]     Checking cairo-rs v0.18.5
[INFO] [stderr]     Checking atk v0.18.2
[INFO] [stderr]     Checking wayland-protocols-wlr v0.3.12
[INFO] [stderr]     Checking wayland-protocols-plasma v0.3.12
[INFO] [stderr]     Checking smithay-client-toolkit v0.19.2
[INFO] [stderr]     Checking sctk-adwaita v0.10.1
[INFO] [stderr]     Checking winit v0.30.13
[INFO] [stderr]     Checking pango v0.18.3
[INFO] [stderr]     Checking gdk-pixbuf v0.18.5
[INFO] [stderr]     Checking gdk v0.18.2
[INFO] [stderr]     Checking libappindicator v0.9.0
[INFO] [stderr]     Checking muda v0.19.3
[INFO] [stderr]     Checking tray-icon v0.24.2
[INFO] [stderr]     Checking Alloc v0.1.0 (/opt/rustwide/workdir)
[INFO] [stdout] error[E0425]: cannot find function `sysctlbyname` in crate `libc`
[INFO] [stdout]   --> src/memory.rs:46:18
[INFO] [stdout]    |
[INFO] [stdout] 46 |         if libc::sysctlbyname(
[INFO] [stdout]    |                  ^^^^^^^^^^^^ not found in `libc`
[INFO] [stdout] 
[INFO] [stdout] 
[INFO] [stdout] error[E0425]: cannot find function `sysctlbyname` in crate `libc`
[INFO] [stdout]   --> src/memory.rs:67:18
[INFO] [stdout]    |
[INFO] [stdout] 67 |         if libc::sysctlbyname(
[INFO] [stdout]    |                  ^^^^^^^^^^^^ not found in `libc`
[INFO] [stdout] 
[INFO] [stdout] 
[INFO] [stdout] error[E0425]: cannot find function `sysctlbyname` in crate `libc`
[INFO] [stdout]   --> src/memory.rs:46:18
[INFO] [stdout]    |
[INFO] [stdout] 46 |         if libc::sysctlbyname(
[INFO] [stdout]    |                  ^^^^^^^^^^^^ not found in `libc`
[INFO] [stdout] 
[INFO] [stdout] 
[INFO] [stdout] error[E0425]: cannot find function `sysctlbyname` in crate `libc`
[INFO] [stdout]   --> src/memory.rs:67:18
[INFO] [stdout]    |
[INFO] [stdout] 67 |         if libc::sysctlbyname(
[INFO] [stdout]    |                  ^^^^^^^^^^^^ not found in `libc`
[INFO] [stdout] 
[INFO] [stdout] 
[INFO] [stdout] warning: use of deprecated method `winit::event_loop::EventLoop::<T>::run`: use `EventLoop::run_app` instead
[INFO] [stdout]   --> src/menubar.rs:62:10
[INFO] [stdout]    |
[INFO] [stdout] 62 |         .run(move |_event, event_loop_window_target| {
[INFO] [stdout]    |          ^^^
[INFO] [stdout]    |
[INFO] [stdout]    = note: `#[warn(deprecated)]` on by default
[INFO] [stdout] 
[INFO] [stdout] 
[INFO] [stdout] warning: use of deprecated method `winit::event_loop::EventLoop::<T>::run`: use `EventLoop::run_app` instead
[INFO] [stdout]   --> src/menubar.rs:62:10
[INFO] [stdout]    |
[INFO] [stdout] 62 |         .run(move |_event, event_loop_window_target| {
[INFO] [stdout]    |          ^^^
[INFO] [stdout]    |
[INFO] [stdout]    = note: `#[warn(deprecated)]` on by default
[INFO] [stdout] 
[INFO] [stdout] 
[INFO] [stdout] For more information about this error, try `rustc --explain E0425`.
[INFO] [stdout] 
[INFO] [stdout] For more information about this error, try `rustc --explain E0425`.
[INFO] [stdout] 
[INFO] [stderr] error: could not compile `Alloc` (bin "Alloc" test) due to 2 previous errors; 1 warning emitted
[INFO] [stderr] warning: build failed, waiting for other jobs to finish...
[INFO] [stderr] error: could not compile `Alloc` (bin "Alloc") due to 2 previous errors; 1 warning emitted
[INFO] [stderr] warning: unused dependency `cstr`
[INFO] [stderr]  --> Cargo.toml:2:1
[INFO] [stderr]   |
[INFO] [stderr] 2 | cstr = "0.2.12"
[INFO] [stderr]   | ^^^^^^^^^^^^^^^
[INFO] [stderr]   |
[INFO] [stderr]   = note: `cargo::unused_dependencies` is set to `warn` by default
[INFO] [stderr] help: consider removing the dependency on `cstr`
[INFO] [stderr] warning: `Alloc` (manifest) generated 1 warning
[INFO] running `Command { std: "docker" "inspect" "51f0482e9a5cb64cc057bc24a6eb5925519e7ba306d61965e73663c875050f49", kill_on_drop: false }`
[INFO] running `Command { std: "docker" "rm" "-f" "51f0482e9a5cb64cc057bc24a6eb5925519e7ba306d61965e73663c875050f49", kill_on_drop: false }`
[INFO] [stdout] 51f0482e9a5cb64cc057bc24a6eb5925519e7ba306d61965e73663c875050f49
