[INFO] cloning repository https://github.com/R-gitonga/operations-platform
[INFO] running `Command { std: "git" "-c" "credential.helper=" "-c" "credential.helper=/workspace/cargo-home/bin/git-credential-null" "clone" "--bare" "https://github.com/R-gitonga/operations-platform" "/workspace/cache/git-repos/https%3A%2F%2Fgithub.com%2FR-gitonga%2Foperations-platform", kill_on_drop: false }`
[INFO] [stderr] Cloning into bare repository '/workspace/cache/git-repos/https%3A%2F%2Fgithub.com%2FR-gitonga%2Foperations-platform'...
[INFO] running `Command { std: "git" "rev-parse" "HEAD", kill_on_drop: false }`
[INFO] [stdout] 9d13b93bccf86356eddeb2d55ee7044914825b30
[INFO] checking R-gitonga/operations-platform against 3154cc1a3e6424e44f438a95007d043ed5ceaaf6 for pr-133502-30
[INFO] running `Command { std: "git" "clone" "/workspace/cache/git-repos/https%3A%2F%2Fgithub.com%2FR-gitonga%2Foperations-platform" "/workspace/builds/worker-2-tc2/source", kill_on_drop: false }`
[INFO] [stderr] Cloning into '/workspace/builds/worker-2-tc2/source'...
[INFO] [stderr] done.
[INFO] started tweaking git repo https://github.com/R-gitonga/operations-platform
[INFO] finished tweaking git repo https://github.com/R-gitonga/operations-platform
[INFO] tweaked toml for git repo https://github.com/R-gitonga/operations-platform written to /workspace/builds/worker-2-tc2/source/Cargo.toml
[INFO] validating manifest of git repo https://github.com/R-gitonga/operations-platform on toolchain 3154cc1a3e6424e44f438a95007d043ed5ceaaf6
[INFO] running `Command { std: CARGO_HOME="/workspace/cargo-home" RUSTUP_HOME="/workspace/rustup-home" "/workspace/cargo-home/bin/cargo" "+3154cc1a3e6424e44f438a95007d043ed5ceaaf6" "metadata" "--manifest-path" "Cargo.toml" "--no-deps", kill_on_drop: false }`
[INFO] crate git repo https://github.com/R-gitonga/operations-platform already has a lockfile, it will not be regenerated
[INFO] running `Command { std: CARGO_HOME="/workspace/cargo-home" RUSTUP_HOME="/workspace/rustup-home" "/workspace/cargo-home/bin/cargo" "+3154cc1a3e6424e44f438a95007d043ed5ceaaf6" "fetch" "--manifest-path" "Cargo.toml", kill_on_drop: false }`
[INFO] [stderr]     Blocking waiting for file lock on package cache
[INFO] [stderr]     Blocking waiting for file lock on package cache
[INFO] running `Command { std: "docker" "create" "-v" "/var/lib/crater-agent-workspace/builds/worker-2-tc2/source:/opt/rustwide/workdir:ro,Z" "-v" "/var/lib/crater-agent-workspace/builds/worker-2-tc2/target:/opt/rustwide/target:rw,Z" "-v" "/var/lib/crater-agent-workspace/cargo-home:/opt/rustwide/cargo-home:ro,Z" "-v" "/var/lib/crater-agent-workspace/rustup-home:/opt/rustwide/rustup-home:ro,Z" "-m" "1610612736" "--network" "none" "ghcr.io/rust-lang/crates-build-env/linux@sha256:77db811e55d90add9212f6832c23229e3de5f1c1f9905e8cb07319ea15df73ac" "sleep" "infinity", kill_on_drop: false }`
[INFO] [stdout] 54ef2b4d0664103c38984f0ca78965a5fe170e727c88d3e9af28abbaeab28256
[INFO] running `Command { std: "docker" "start" "54ef2b4d0664103c38984f0ca78965a5fe170e727c88d3e9af28abbaeab28256", kill_on_drop: false }`
[INFO] running `Command { std: "docker" "inspect" "54ef2b4d0664103c38984f0ca78965a5fe170e727c88d3e9af28abbaeab28256", kill_on_drop: false }`
[INFO] running `Command { std: "docker" "exec" "-e" "SOURCE_DIR=/opt/rustwide/workdir" "-e" "CARGO_HOME=/opt/rustwide/cargo-home" "-e" "RUSTUP_HOME=/opt/rustwide/rustup-home" "-e" "CARGO_TARGET_DIR=/opt/rustwide/target" "-w" "/opt/rustwide/workdir" "--user" "0:0" "54ef2b4d0664103c38984f0ca78965a5fe170e727c88d3e9af28abbaeab28256" "/opt/rustwide/cargo-home/bin/cargo" "+3154cc1a3e6424e44f438a95007d043ed5ceaaf6" "metadata" "--no-deps" "--format-version=1", kill_on_drop: false }`
[INFO] running `Command { std: "docker" "inspect" "54ef2b4d0664103c38984f0ca78965a5fe170e727c88d3e9af28abbaeab28256", kill_on_drop: false }`
[INFO] running `Command { std: "docker" "exec" "-e" "SOURCE_DIR=/opt/rustwide/workdir" "-e" "CARGO_HOME=/opt/rustwide/cargo-home" "-e" "RUSTUP_HOME=/opt/rustwide/rustup-home" "-e" "CARGO_TARGET_DIR=/opt/rustwide/target" "-e" "CARGO_INCREMENTAL=0" "-e" "RUST_BACKTRACE=full" "-e" "RUSTFLAGS=--cap-lints=forbid" "-e" "RUSTDOCFLAGS=--cap-lints=forbid" "-w" "/opt/rustwide/workdir" "--user" "0:0" "54ef2b4d0664103c38984f0ca78965a5fe170e727c88d3e9af28abbaeab28256" "/opt/rustwide/cargo-home/bin/cargo" "+3154cc1a3e6424e44f438a95007d043ed5ceaaf6" "check" "--frozen" "--all" "--all-targets" "--message-format=json", kill_on_drop: false }`
[INFO] [stderr]    Compiling cc v1.2.63
[INFO] [stderr]    Compiling displaydoc v0.2.6
[INFO] [stderr]    Compiling serde_core v1.0.228
[INFO] [stderr]     Checking serde v1.0.228
[INFO] [stderr]    Compiling zerofrom v0.1.8
[INFO] [stderr]     Checking mio v1.2.1
[INFO] [stderr]     Checking socket2 v0.6.4
[INFO] [stderr]    Compiling yoke v0.8.3
[INFO] [stderr]     Checking zerovec v0.11.6
[INFO] [stderr]     Checking memchr v2.8.1
[INFO] [stderr]    Compiling zerocopy v0.8.52
[INFO] [stderr]    Compiling serde_json v1.0.150
[INFO] [stderr]    Compiling writeable v0.6.3
[INFO] [stderr]     Checking smallvec v1.15.1
[INFO] [stderr]    Compiling litemap v0.8.2
[INFO] [stderr]    Compiling zerotrie v0.2.4
[INFO] [stderr]     Checking tinystr v0.8.3
[INFO] [stderr]    Compiling getrandom v0.2.17
[INFO] [stderr]     Checking parking_lot_core v0.9.12
[INFO] [stderr]    Compiling num-traits v0.2.19
[INFO] [stderr]     Checking log v0.4.32
[INFO] [stderr]     Checking icu_locale_core v2.2.0
[INFO] [stderr]     Checking parking_lot v0.12.5
[INFO] [stderr]    Compiling potential_utf v0.1.5
[INFO] [stderr]     Checking crypto-common v0.1.7
[INFO] [stderr]    Compiling zeroize v1.8.2
[INFO] [stderr]    Compiling icu_collections v2.2.0
[INFO] [stderr]     Checking slab v0.4.12
[INFO] [stderr]     Checking tokio v1.52.3
[INFO] [stderr]     Checking futures-util v0.3.32
[INFO] [stderr]    Compiling ring v0.17.14
[INFO] [stderr]    Compiling rustls-pki-types v1.14.1
[INFO] [stderr]     Checking icu_provider v2.2.0
[INFO] [stderr]     Checking digest v0.10.7
[INFO] [stderr]    Compiling icu_normalizer_data v2.2.0
[INFO] [stderr]    Compiling icu_properties_data v2.2.0
[INFO] [stderr]     Checking http v1.4.2
[INFO] [stderr]    Compiling futures-core v0.3.32
[INFO] [stderr]    Compiling openssl-sys v0.9.117
[INFO] [stderr]    Compiling icu_properties v2.2.0
[INFO] [stderr]     Checking http-body v1.0.1
[INFO] [stderr]     Checking icu_normalizer v2.2.0
[INFO] [stderr]     Checking tracing v0.1.44
[INFO] [stderr]    Compiling idna_adapter v1.2.2
[INFO] [stderr]    Compiling bytes v1.11.1
[INFO] [stderr]     Checking bitflags v2.13.0
[INFO] [stderr]    Compiling futures-sink v0.3.32
[INFO] [stderr]    Compiling form_urlencoded v1.2.2
[INFO] [stderr]    Compiling tinyvec v1.11.0
[INFO] [stderr]    Compiling idna v1.1.0
[INFO] [stderr]    Compiling rustls v0.23.40
[INFO] [stderr]    Compiling concurrent-queue v2.5.0
[INFO] [stderr]    Compiling webpki-roots v1.0.7
[INFO] [stderr]    Compiling rand_core v0.6.4
[INFO] [stderr]    Compiling futures-task v0.3.32
[INFO] [stderr]    Compiling futures-io v0.3.32
[INFO] [stderr]    Compiling rustls-webpki v0.103.13
[INFO] [stderr]    Compiling time-macros v0.2.27
[INFO] [stderr]    Compiling event-listener v5.4.1
[INFO] [stderr]    Compiling webpki-roots v0.26.11
[INFO] [stderr]    Compiling futures-intrusive v0.5.0
[INFO] [stderr]    Compiling unicode-normalization v0.1.25
[INFO] [stderr]    Compiling url v2.5.8
[INFO] [stderr]    Compiling either v1.16.0
[INFO] [stderr]    Compiling hmac v0.12.1
[INFO] [stderr]    Compiling thiserror v2.0.18
[INFO] [stderr]    Compiling base64 v0.22.1
[INFO] [stderr]    Compiling openssl v0.10.81
[INFO] [stderr]    Compiling stringprep v0.1.5
[INFO] [stderr]     Checking time v0.3.47
[INFO] [stderr]    Compiling hkdf v0.12.4
[INFO] [stderr]    Compiling ppv-lite86 v0.2.21
[INFO] [stderr]    Compiling futures-channel v0.3.32
[INFO] [stderr]    Compiling atoi v2.0.0
[INFO] [stderr]    Compiling rand_chacha v0.3.1
[INFO] [stderr]     Checking http-body-util v0.1.3
[INFO] [stderr]    Compiling rand v0.8.6
[INFO] [stderr]    Compiling md-5 v0.10.6
[INFO] [stderr]    Compiling openssl-macros v0.1.1
[INFO] [stderr]    Compiling multer v3.1.0
[INFO] [stderr]     Checking crc-catalog v2.5.0
[INFO] [stderr]    Compiling unicase v2.9.0
[INFO] [stderr]     Checking chrono v0.4.45
[INFO] [stderr]    Compiling mime_guess v2.0.5
[INFO] [stderr]     Checking crc v3.4.0
[INFO] [stderr]     Checking hyper v1.10.1
[INFO] [stderr]    Compiling native-tls v0.2.18
[INFO] [stderr]    Compiling tokio-stream v0.1.18
[INFO] [stderr]     Checking hashlink v0.10.0
[INFO] [stderr]     Checking sha2 v0.10.9
[INFO] [stderr]     Checking num-integer v0.1.46
[INFO] [stderr]    Compiling sqlx-core v0.8.6
[INFO] [stderr]    Compiling cookie v0.18.1
[INFO] [stderr]     Checking spin v0.9.8
[INFO] [stderr]     Checking serde_urlencoded v0.7.1
[INFO] [stderr]     Checking num-bigint v0.4.6
[INFO] [stderr]     Checking hyper-util v0.1.20
[INFO] [stderr]     Checking tower v0.5.3
[INFO] [stderr]     Checking axum-core v0.5.6
[INFO] [stderr]    Compiling syn v3.0.3
[INFO] [stderr]     Checking serde_path_to_error v0.1.20
[INFO] [stderr]     Checking base64ct v1.8.3
[INFO] [stderr]     Checking matchit v0.8.4
[INFO] [stderr]     Checking byteorder v1.5.0
[INFO] [stderr]     Checking password-hash v0.5.0
[INFO] [stderr]     Checking email-encoding v0.4.2
[INFO] [stderr]     Checking tokio-native-tls v0.3.1
[INFO] [stderr]     Checking simple_asn1 v0.6.4
[INFO] [stderr]     Checking tokio-util v0.7.18
[INFO] [stderr]     Checking blake2 v0.10.6
[INFO] [stderr]     Checking nom v8.0.0
[INFO] [stderr]     Checking http-range-header v0.4.2
[INFO] [stderr]     Checking quoted_printable v0.5.2
[INFO] [stderr]     Checking email_address v0.2.9
[INFO] [stderr]     Checking argon2 v0.5.3
[INFO] [stderr]     Checking jsonwebtoken v9.3.1
[INFO] [stderr]     Checking tower-http v0.7.0
[INFO] [stderr]     Checking axum v0.8.9
[INFO] [stderr]    Compiling sqlx-postgres v0.8.6
[INFO] [stderr]    Compiling async-trait v0.1.92
[INFO] [stderr]     Checking lettre v0.11.23
[INFO] [stderr]    Compiling sqlx-macros-core v0.8.6
[INFO] [stderr]     Checking axum-extra v0.10.3
[INFO] [stderr]    Compiling sqlx-macros v0.8.6
[INFO] [stderr]     Checking sqlx v0.8.6
[INFO] [stderr]     Checking wso-tracker v0.1.0 (/opt/rustwide/workdir)
[INFO] [stdout] error: expected one of `;` or `{`, found `<eof>`
[INFO] [stdout]   --> src/repositories/mod.rs:34:9
[INFO] [stdout]    |
[INFO] [stdout] 34 | pub mod po_settings
[INFO] [stdout]    |         ^^^^^^^^^^^ expected one of `;` or `{`
[INFO] [stdout] 
[INFO] [stdout] 
[INFO] [stdout] error: expected one of `;` or `{`, found `<eof>`
[INFO] [stdout]   --> src/repositories/mod.rs:34:9
[INFO] [stdout]    |
[INFO] [stdout] 34 | pub mod po_settings
[INFO] [stdout]    |         ^^^^^^^^^^^ expected one of `;` or `{`
[INFO] [stdout] 
[INFO] [stdout] 
[INFO] [stdout] error[E0432]: unresolved import `crate::models::auth::BootstrapAdminRequest`
[INFO] [stdout]   --> src/handlers/auth.rs:10:9
[INFO] [stdout]    |
[INFO] [stdout] 10 |         BootstrapAdminRequest,
[INFO] [stdout]    |         ^^^^^^^^^^^^^^^^^^^^^ no `BootstrapAdminRequest` in `models::auth`
[INFO] [stdout] 
[INFO] [stdout] 
[INFO] [stdout] error[E0432]: unresolved import `crate::models::auth::BootstrapAdminRequest`
[INFO] [stdout]   --> src/handlers/auth.rs:10:9
[INFO] [stdout]    |
[INFO] [stdout] 10 |         BootstrapAdminRequest,
[INFO] [stdout]    |         ^^^^^^^^^^^^^^^^^^^^^ no `BootstrapAdminRequest` in `models::auth`
[INFO] [stdout] 
[INFO] [stdout] 
[INFO] [stdout] warning: unused imports: `DateTime` and `Utc`
[INFO] [stdout]  --> src/models/line_item.rs:2:14
[INFO] [stdout]   |
[INFO] [stdout] 2 | use chrono::{DateTime, NaiveDate, Utc};
[INFO] [stdout]   |              ^^^^^^^^             ^^^
[INFO] [stdout]   |
[INFO] [stdout]   = note: `#[warn(unused_imports)]` (part of `#[warn(unused)]`) on by default
[INFO] [stdout] 
[INFO] [stdout] 
[INFO] [stdout] warning: unused import: `put`
[INFO] [stdout]  --> src/routes/production_stage.rs:2:33
[INFO] [stdout]   |
[INFO] [stdout] 2 |     routing::{get, patch, post, put},
[INFO] [stdout]   |                                 ^^^
[INFO] [stdout] 
[INFO] [stdout] 
[INFO] [stdout] warning: unused import: `post`
[INFO] [stdout]  --> src/routes/users.rs:2:27
[INFO] [stdout]   |
[INFO] [stdout] 2 |     routing::{get, patch, post},
[INFO] [stdout]   |                           ^^^^
[INFO] [stdout] 
[INFO] [stdout] 
[INFO] [stdout] warning: unused imports: `DateTime` and `Utc`
[INFO] [stdout]  --> src/models/line_item.rs:2:14
[INFO] [stdout]   |
[INFO] [stdout] 2 | use chrono::{DateTime, NaiveDate, Utc};
[INFO] [stdout]   |              ^^^^^^^^             ^^^
[INFO] [stdout]   |
[INFO] [stdout]   = note: `#[warn(unused_imports)]` (part of `#[warn(unused)]`) on by default
[INFO] [stdout] 
[INFO] [stdout] 
[INFO] [stdout] warning: unused import: `put`
[INFO] [stdout]  --> src/routes/partial_receiving_attention.rs:2:15
[INFO] [stdout]   |
[INFO] [stdout] 2 |     routing::{put, get},
[INFO] [stdout]   |               ^^^
[INFO] [stdout] 
[INFO] [stdout] 
[INFO] [stdout] warning: unused import: `post`
[INFO] [stdout]  --> src/routes/branding.rs:2:27
[INFO] [stdout]   |
[INFO] [stdout] 2 |     routing::{get, patch, post},
[INFO] [stdout]   |                           ^^^^
[INFO] [stdout] 
[INFO] [stdout] 
[INFO] [stdout] warning: unused import: `post`
[INFO] [stdout]  --> src/routes/wso_item_branding.rs:2:28
[INFO] [stdout]   |
[INFO] [stdout] 2 |     routing::{delete, get, post},
[INFO] [stdout]   |                            ^^^^
[INFO] [stdout] 
[INFO] [stdout] 
[INFO] [stdout] warning: unused import: `get`
[INFO] [stdout]  --> src/routes/po_line_item.rs:2:15
[INFO] [stdout]   |
[INFO] [stdout] 2 |     routing::{get, post, put},
[INFO] [stdout]   |               ^^^
[INFO] [stdout] 
[INFO] [stdout] 
[INFO] [stdout] warning: unused import: `Duration`
[INFO] [stdout]  --> src/services/partial_receiving.rs:1:14
[INFO] [stdout]   |
[INFO] [stdout] 1 | use chrono::{Duration, Utc};
[INFO] [stdout]   |              ^^^^^^^^
[INFO] [stdout] 
[INFO] [stdout] 
[INFO] [stdout] warning: unused import: `put`
[INFO] [stdout]  --> src/routes/production_stage.rs:2:33
[INFO] [stdout]   |
[INFO] [stdout] 2 |     routing::{get, patch, post, put},
[INFO] [stdout]   |                                 ^^^
[INFO] [stdout] 
[INFO] [stdout] 
[INFO] [stdout] warning: unused import: `post`
[INFO] [stdout]  --> src/routes/users.rs:2:27
[INFO] [stdout]   |
[INFO] [stdout] 2 |     routing::{get, patch, post},
[INFO] [stdout]   |                           ^^^^
[INFO] [stdout] 
[INFO] [stdout] 
[INFO] [stdout] warning: unused import: `put`
[INFO] [stdout]  --> src/routes/partial_receiving_attention.rs:2:15
[INFO] [stdout]   |
[INFO] [stdout] 2 |     routing::{put, get},
[INFO] [stdout]   |               ^^^
[INFO] [stdout] 
[INFO] [stdout] 
[INFO] [stdout] warning: unused import: `post`
[INFO] [stdout]  --> src/routes/branding.rs:2:27
[INFO] [stdout]   |
[INFO] [stdout] 2 |     routing::{get, patch, post},
[INFO] [stdout]   |                           ^^^^
[INFO] [stdout] 
[INFO] [stdout] 
[INFO] [stdout] warning: unused import: `post`
[INFO] [stdout]  --> src/routes/wso_item_branding.rs:2:28
[INFO] [stdout]   |
[INFO] [stdout] 2 |     routing::{delete, get, post},
[INFO] [stdout]   |                            ^^^^
[INFO] [stdout] 
[INFO] [stdout] 
[INFO] [stdout] warning: unused import: `get`
[INFO] [stdout]  --> src/routes/po_line_item.rs:2:15
[INFO] [stdout]   |
[INFO] [stdout] 2 |     routing::{get, post, put},
[INFO] [stdout]   |               ^^^
[INFO] [stdout] 
[INFO] [stdout] 
[INFO] [stdout] warning: unused import: `Duration`
[INFO] [stdout]  --> src/services/partial_receiving.rs:1:14
[INFO] [stdout]   |
[INFO] [stdout] 1 | use chrono::{Duration, Utc};
[INFO] [stdout]   |              ^^^^^^^^
[INFO] [stdout] 
[INFO] [stdout] 
[INFO] [stdout] warning: method call on a diverging inference variable
[INFO] [stdout]   --> src/services/wso.rs:59:24
[INFO] [stdout]    |
[INFO] [stdout] 59 |             line_items.iter()
[INFO] [stdout]    |                        ^^^^
[INFO] [stdout]    |
[INFO] [stdout]    = help: consider providing a type annotation
[INFO] [stdout]    = warning: this was previously accepted by the compiler but is being phased out; it will become a hard error in a future release!
[INFO] [stdout]    = note: for more information, see issue #156047 <https://github.com/rust-lang/rust/issues/156047>
[INFO] [stdout]    = note: `#[warn(method_call_on_diverging_infer_var)]` (part of `#[warn(future_incompatible)]`) on by default
[INFO] [stdout] 
[INFO] [stdout] 
[INFO] [stdout] error[E0599]: no method named `iter` found for type `!` in the current scope
[INFO] [stdout]   --> src/services/wso.rs:59:24
[INFO] [stdout]    |
[INFO] [stdout] 59 |             line_items.iter()
[INFO] [stdout]    |                        ^^^^ method not found in `!`
[INFO] [stdout] 
[INFO] [stdout] 
[INFO] [stdout] error[E0599]: no method named `iter` found for type `!` in the current scope
[INFO] [stdout]   --> src/services/wso.rs:64:24
[INFO] [stdout]    |
[INFO] [stdout] 64 |             line_items.iter()
[INFO] [stdout]    |                        ^^^^ method not found in `!`
[INFO] [stdout] 
[INFO] [stdout] 
[INFO] [stdout] warning: unreachable call
[INFO] [stdout]   --> src/services/wso.rs:64:24
[INFO] [stdout]    |
[INFO] [stdout] 64 |             line_items.iter()
[INFO] [stdout]    |             ---------- ^^^^ unreachable call
[INFO] [stdout]    |             |
[INFO] [stdout]    |             any code following this expression is unreachable
[INFO] [stdout]    |
[INFO] [stdout]    = note: `#[warn(unreachable_code)]` (part of `#[warn(unused)]`) on by default
[INFO] [stdout] 
[INFO] [stdout] 
[INFO] [stdout] error[E0599]: no method named `iter` found for type `!` in the current scope
[INFO] [stdout]   --> src/services/wso.rs:69:24
[INFO] [stdout]    |
[INFO] [stdout] 69 |             line_items.iter()
[INFO] [stdout]    |                        ^^^^ method not found in `!`
[INFO] [stdout] 
[INFO] [stdout] 
[INFO] [stdout] warning: unreachable call
[INFO] [stdout]   --> src/services/wso.rs:69:24
[INFO] [stdout]    |
[INFO] [stdout] 69 |             line_items.iter()
[INFO] [stdout]    |             ---------- ^^^^ unreachable call
[INFO] [stdout]    |             |
[INFO] [stdout]    |             any code following this expression is unreachable
[INFO] [stdout] 
[INFO] [stdout] 
[INFO] [stdout] warning: unreachable expression
[INFO] [stdout]    --> src/services/wso.rs:119:17
[INFO] [stdout]     |
[INFO] [stdout] 117 |                 line_items,
[INFO] [stdout]     |                 ---------- any code following this expression is unreachable
[INFO] [stdout] 118 |
[INFO] [stdout] 119 |                 branding,
[INFO] [stdout]     |                 ^^^^^^^^ unreachable expression
[INFO] [stdout] 
[INFO] [stdout] 
[INFO] [stdout] warning: method call on a diverging inference variable
[INFO] [stdout]   --> src/services/wso.rs:59:24
[INFO] [stdout]    |
[INFO] [stdout] 59 |             line_items.iter()
[INFO] [stdout]    |                        ^^^^
[INFO] [stdout]    |
[INFO] [stdout]    = help: consider providing a type annotation
[INFO] [stdout]    = warning: this was previously accepted by the compiler but is being phased out; it will become a hard error in a future release!
[INFO] [stdout]    = note: for more information, see issue #156047 <https://github.com/rust-lang/rust/issues/156047>
[INFO] [stdout]    = note: `#[warn(method_call_on_diverging_infer_var)]` (part of `#[warn(future_incompatible)]`) on by default
[INFO] [stdout] 
[INFO] [stdout] 
[INFO] [stdout] error[E0599]: no method named `iter` found for type `!` in the current scope
[INFO] [stdout]   --> src/services/wso.rs:59:24
[INFO] [stdout]    |
[INFO] [stdout] 59 |             line_items.iter()
[INFO] [stdout]    |                        ^^^^ method not found in `!`
[INFO] [stdout] 
[INFO] [stdout] 
[INFO] [stdout] error[E0599]: no method named `iter` found for type `!` in the current scope
[INFO] [stdout]   --> src/services/wso.rs:64:24
[INFO] [stdout]    |
[INFO] [stdout] 64 |             line_items.iter()
[INFO] [stdout]    |                        ^^^^ method not found in `!`
[INFO] [stdout] 
[INFO] [stdout] 
[INFO] [stdout] warning: unreachable call
[INFO] [stdout]   --> src/services/wso.rs:64:24
[INFO] [stdout]    |
[INFO] [stdout] 64 |             line_items.iter()
[INFO] [stdout]    |             ---------- ^^^^ unreachable call
[INFO] [stdout]    |             |
[INFO] [stdout]    |             any code following this expression is unreachable
[INFO] [stdout]    |
[INFO] [stdout]    = note: `#[warn(unreachable_code)]` (part of `#[warn(unused)]`) on by default
[INFO] [stdout] 
[INFO] [stdout] 
[INFO] [stdout] error[E0599]: no method named `iter` found for type `!` in the current scope
[INFO] [stdout]   --> src/services/wso.rs:69:24
[INFO] [stdout]    |
[INFO] [stdout] 69 |             line_items.iter()
[INFO] [stdout]    |                        ^^^^ method not found in `!`
[INFO] [stdout] 
[INFO] [stdout] 
[INFO] [stdout] warning: unreachable call
[INFO] [stdout]   --> src/services/wso.rs:69:24
[INFO] [stdout]    |
[INFO] [stdout] 69 |             line_items.iter()
[INFO] [stdout]    |             ---------- ^^^^ unreachable call
[INFO] [stdout]    |             |
[INFO] [stdout]    |             any code following this expression is unreachable
[INFO] [stdout] 
[INFO] [stdout] 
[INFO] [stdout] warning: unreachable expression
[INFO] [stdout]    --> src/services/wso.rs:119:17
[INFO] [stdout]     |
[INFO] [stdout] 117 |                 line_items,
[INFO] [stdout]     |                 ---------- any code following this expression is unreachable
[INFO] [stdout] 118 |
[INFO] [stdout] 119 |                 branding,
[INFO] [stdout]     |                 ^^^^^^^^ unreachable expression
[INFO] [stdout] 
[INFO] [stdout] 
[INFO] [stdout] warning: method call on a diverging inference variable
[INFO] [stdout]    --> src/services/line_item.rs:229:41
[INFO] [stdout]     |
[INFO] [stdout] 229 |     let total_balance: i32 = line_items.iter().map(|line| line.balance).sum();
[INFO] [stdout]     |                                         ^^^^
[INFO] [stdout]     |
[INFO] [stdout]     = help: consider providing a type annotation
[INFO] [stdout]     = warning: this was previously accepted by the compiler but is being phased out; it will become a hard error in a future release!
[INFO] [stdout]     = note: for more information, see issue #156047 <https://github.com/rust-lang/rust/issues/156047>
[INFO] [stdout] 
[INFO] [stdout] 
[INFO] [stdout] error[E0599]: no method named `iter` found for type `!` in the current scope
[INFO] [stdout]    --> src/services/line_item.rs:229:41
[INFO] [stdout]     |
[INFO] [stdout] 229 |     let total_balance: i32 = line_items.iter().map(|line| line.balance).sum();
[INFO] [stdout]     |                                         ^^^^ method not found in `!`
[INFO] [stdout] 
[INFO] [stdout] 
[INFO] [stdout] warning: method call on a diverging inference variable
[INFO] [stdout]    --> src/services/line_item.rs:229:41
[INFO] [stdout]     |
[INFO] [stdout] 229 |     let total_balance: i32 = line_items.iter().map(|line| line.balance).sum();
[INFO] [stdout]     |                                         ^^^^
[INFO] [stdout]     |
[INFO] [stdout]     = help: consider providing a type annotation
[INFO] [stdout]     = warning: this was previously accepted by the compiler but is being phased out; it will become a hard error in a future release!
[INFO] [stdout]     = note: for more information, see issue #156047 <https://github.com/rust-lang/rust/issues/156047>
[INFO] [stdout] 
[INFO] [stdout] 
[INFO] [stdout] error[E0599]: no method named `iter` found for type `!` in the current scope
[INFO] [stdout]    --> src/services/line_item.rs:229:41
[INFO] [stdout]     |
[INFO] [stdout] 229 |     let total_balance: i32 = line_items.iter().map(|line| line.balance).sum();
[INFO] [stdout]     |                                         ^^^^ method not found in `!`
[INFO] [stdout] 
[INFO] [stdout] 
[INFO] [stdout] error[E0277]: the size for values of type `[AttentionRequiredItem]` cannot be known at compilation time
[INFO] [stdout]    --> src/services/production_stage.rs:202:9
[INFO] [stdout]     |
[INFO] [stdout] 202 |     let items =
[INFO] [stdout]     |         ^^^^^ doesn't have a size known at compile-time
[INFO] [stdout]     |
[INFO] [stdout]     = help: the trait `Sized` is not implemented for `[AttentionRequiredItem]`
[INFO] [stdout]     = note: all local variables must have a statically known size
[INFO] [stdout] 
[INFO] [stdout] 
[INFO] [stdout] error[E0308]: mismatched types
[INFO] [stdout]    --> src/services/production_stage.rs:215:8
[INFO] [stdout]     |
[INFO] [stdout] 215 |     Ok(items)
[INFO] [stdout]     |     -- ^^^^^ expected `Vec<AttentionRequiredItem>`, found `[AttentionRequiredItem]`
[INFO] [stdout]     |     |
[INFO] [stdout]     |     arguments to this enum variant are incorrect
[INFO] [stdout]     |
[INFO] [stdout]     = note: expected struct `Vec<AttentionRequiredItem>`
[INFO] [stdout]                 found slice `[AttentionRequiredItem]`
[INFO] [stdout] help: the type constructed contains `[AttentionRequiredItem]` due to the type of the argument passed
[INFO] [stdout]    --> src/services/production_stage.rs:215:5
[INFO] [stdout]     |
[INFO] [stdout] 215 |     Ok(items)
[INFO] [stdout]     |     ^^^-----^
[INFO] [stdout]     |        |
[INFO] [stdout]     |        this argument influences the type of `Ok`
[INFO] [stdout] note: tuple variant defined here
[INFO] [stdout]    --> /rustc/3154cc1a3e6424e44f438a95007d043ed5ceaaf6/library/core/src/result.rs:562:4
[INFO] [stdout] help: try using a conversion method
[INFO] [stdout]     |
[INFO] [stdout] 215 |     Ok(items.to_vec())
[INFO] [stdout]     |             +++++++++
[INFO] [stdout] 
[INFO] [stdout] 
[INFO] [stdout] warning: method call on a diverging inference variable
[INFO] [stdout]    --> src/services/users.rs:115:24
[INFO] [stdout]     |
[INFO] [stdout] 115 |     if !existing_users.is_empty() {
[INFO] [stdout]     |                        ^^^^^^^^
[INFO] [stdout]     |
[INFO] [stdout]     = help: consider providing a type annotation
[INFO] [stdout]     = warning: this was previously accepted by the compiler but is being phased out; it will become a hard error in a future release!
[INFO] [stdout]     = note: for more information, see issue #156047 <https://github.com/rust-lang/rust/issues/156047>
[INFO] [stdout] 
[INFO] [stdout] 
[INFO] [stdout] error[E0599]: no method named `is_empty` found for type `!` in the current scope
[INFO] [stdout]    --> src/services/users.rs:115:24
[INFO] [stdout]     |
[INFO] [stdout] 115 |     if !existing_users.is_empty() {
[INFO] [stdout]     |                        ^^^^^^^^ method not found in `!`
[INFO] [stdout] 
[INFO] [stdout] 
[INFO] [stdout] error[E0277]: the size for values of type `[AttentionRequiredItem]` cannot be known at compilation time
[INFO] [stdout]    --> src/services/production_stage.rs:202:9
[INFO] [stdout]     |
[INFO] [stdout] 202 |     let items =
[INFO] [stdout]     |         ^^^^^ doesn't have a size known at compile-time
[INFO] [stdout]     |
[INFO] [stdout]     = help: the trait `Sized` is not implemented for `[AttentionRequiredItem]`
[INFO] [stdout]     = note: all local variables must have a statically known size
[INFO] [stdout] 
[INFO] [stdout] 
[INFO] [stdout] warning: method call on a diverging inference variable
[INFO] [stdout]   --> src/services/password_reset.rs:77:33
[INFO] [stdout]    |
[INFO] [stdout] 77 |     let matching_token = tokens.into_iter().find(|candidate| {
[INFO] [stdout]    |                                 ^^^^^^^^^
[INFO] [stdout]    |
[INFO] [stdout]    = help: consider providing a type annotation
[INFO] [stdout]    = warning: this was previously accepted by the compiler but is being phased out; it will become a hard error in a future release!
[INFO] [stdout]    = note: for more information, see issue #156047 <https://github.com/rust-lang/rust/issues/156047>
[INFO] [stdout] 
[INFO] [stdout] 
[INFO] [stdout] error[E0308]: mismatched types
[INFO] [stdout]    --> src/services/production_stage.rs:215:8
[INFO] [stdout]     |
[INFO] [stdout] 215 |     Ok(items)
[INFO] [stdout]     |     -- ^^^^^ expected `Vec<AttentionRequiredItem>`, found `[AttentionRequiredItem]`
[INFO] [stdout]     |     |
[INFO] [stdout]     |     arguments to this enum variant are incorrect
[INFO] [stdout]     |
[INFO] [stdout]     = note: expected struct `Vec<AttentionRequiredItem>`
[INFO] [stdout]                 found slice `[AttentionRequiredItem]`
[INFO] [stdout] help: the type constructed contains `[AttentionRequiredItem]` due to the type of the argument passed
[INFO] [stdout]    --> src/services/production_stage.rs:215:5
[INFO] [stdout]     |
[INFO] [stdout] 215 |     Ok(items)
[INFO] [stdout]     |     ^^^-----^
[INFO] [stdout]     |        |
[INFO] [stdout]     |        this argument influences the type of `Ok`
[INFO] [stdout] note: tuple variant defined here
[INFO] [stdout]    --> /rustc/3154cc1a3e6424e44f438a95007d043ed5ceaaf6/library/core/src/result.rs:562:4
[INFO] [stdout] help: try using a conversion method
[INFO] [stdout]     |
[INFO] [stdout] 215 |     Ok(items.to_vec())
[INFO] [stdout]     |             +++++++++
[INFO] [stdout] 
[INFO] [stdout] 
[INFO] [stdout] error[E0599]: `!` is not an iterator
[INFO] [stdout]   --> src/services/password_reset.rs:77:33
[INFO] [stdout]    |
[INFO] [stdout] 77 |     let matching_token = tokens.into_iter().find(|candidate| {
[INFO] [stdout]    |                                 ^^^^^^^^^ `!` is not an iterator
[INFO] [stdout]    |
[INFO] [stdout]    = note: the following trait bounds were not satisfied:
[INFO] [stdout]            `!: Iterator`
[INFO] [stdout]            which is required by `!: IntoIterator`
[INFO] [stdout]            `&!: Iterator`
[INFO] [stdout]            which is required by `&!: IntoIterator`
[INFO] [stdout]            `!: Iterator`
[INFO] [stdout]            which is required by `&mut !: IntoIterator`
[INFO] [stdout] 
[INFO] [stdout] 
[INFO] [stdout] warning: method call on a diverging inference variable
[INFO] [stdout]   --> src/services/partial_receiving.rs:20:19
[INFO] [stdout]    |
[INFO] [stdout] 20 |     if line_items.is_empty() {
[INFO] [stdout]    |                   ^^^^^^^^
[INFO] [stdout]    |
[INFO] [stdout]    = help: consider providing a type annotation
[INFO] [stdout]    = warning: this was previously accepted by the compiler but is being phased out; it will become a hard error in a future release!
[INFO] [stdout]    = note: for more information, see issue #156047 <https://github.com/rust-lang/rust/issues/156047>
[INFO] [stdout] 
[INFO] [stdout] 
[INFO] [stdout] warning: method call on a diverging inference variable
[INFO] [stdout]    --> src/services/users.rs:115:24
[INFO] [stdout]     |
[INFO] [stdout] 115 |     if !existing_users.is_empty() {
[INFO] [stdout]     |                        ^^^^^^^^
[INFO] [stdout]     |
[INFO] [stdout]     = help: consider providing a type annotation
[INFO] [stdout]     = warning: this was previously accepted by the compiler but is being phased out; it will become a hard error in a future release!
[INFO] [stdout]     = note: for more information, see issue #156047 <https://github.com/rust-lang/rust/issues/156047>
[INFO] [stdout] 
[INFO] [stdout] 
[INFO] [stdout] error[E0599]: no method named `is_empty` found for type `!` in the current scope
[INFO] [stdout]   --> src/services/partial_receiving.rs:20:19
[INFO] [stdout]    |
[INFO] [stdout] 20 |     if line_items.is_empty() {
[INFO] [stdout]    |                   ^^^^^^^^ method not found in `!`
[INFO] [stdout] 
[INFO] [stdout] 
[INFO] [stdout] error[E0599]: no method named `iter` found for type `!` in the current scope
[INFO] [stdout]   --> src/services/partial_receiving.rs:26:14
[INFO] [stdout]    |
[INFO] [stdout] 25 |         line_items
[INFO] [stdout] 26 |             .iter()
[INFO] [stdout]    |              ^^^^ method not found in `!`
[INFO] [stdout] 
[INFO] [stdout] 
[INFO] [stdout] warning: unreachable call
[INFO] [stdout]   --> src/services/partial_receiving.rs:26:14
[INFO] [stdout]    |
[INFO] [stdout] 25 |         line_items
[INFO] [stdout]    |         ---------- any code following this expression is unreachable
[INFO] [stdout] 26 |             .iter()
[INFO] [stdout]    |              ^^^^ unreachable call
[INFO] [stdout] 
[INFO] [stdout] 
[INFO] [stdout] error[E0599]: no method named `is_empty` found for type `!` in the current scope
[INFO] [stdout]    --> src/services/users.rs:115:24
[INFO] [stdout]     |
[INFO] [stdout] 115 |     if !existing_users.is_empty() {
[INFO] [stdout]     |                        ^^^^^^^^ method not found in `!`
[INFO] [stdout] 
[INFO] [stdout] 
[INFO] [stdout] error[E0599]: no method named `iter` found for type `!` in the current scope
[INFO] [stdout]   --> src/services/partial_receiving.rs:32:14
[INFO] [stdout]    |
[INFO] [stdout] 31 |         line_items
[INFO] [stdout] 32 |             .iter()
[INFO] [stdout]    |              ^^^^ method not found in `!`
[INFO] [stdout] 
[INFO] [stdout] 
[INFO] [stdout] warning: unreachable call
[INFO] [stdout]   --> src/services/partial_receiving.rs:32:14
[INFO] [stdout]    |
[INFO] [stdout] 31 |         line_items
[INFO] [stdout]    |         ---------- any code following this expression is unreachable
[INFO] [stdout] 32 |             .iter()
[INFO] [stdout]    |              ^^^^ unreachable call
[INFO] [stdout] 
[INFO] [stdout] 
[INFO] [stdout] warning: method call on a diverging inference variable
[INFO] [stdout]   --> src/services/partial_receiving.rs:50:21
[INFO] [stdout]    |
[INFO] [stdout] 50 |         if tracking.is_none() {
[INFO] [stdout]    |                     ^^^^^^^
[INFO] [stdout]    |
[INFO] [stdout]    = help: consider providing a type annotation
[INFO] [stdout]    = warning: this was previously accepted by the compiler but is being phased out; it will become a hard error in a future release!
[INFO] [stdout]    = note: for more information, see issue #156047 <https://github.com/rust-lang/rust/issues/156047>
[INFO] [stdout] 
[INFO] [stdout] 
[INFO] [stdout] error[E0599]: no method named `is_none` found for type `!` in the current scope
[INFO] [stdout]   --> src/services/partial_receiving.rs:50:21
[INFO] [stdout]    |
[INFO] [stdout] 50 |         if tracking.is_none() {
[INFO] [stdout]    |                     ^^^^^^^ method not found in `!`
[INFO] [stdout] 
[INFO] [stdout] 
[INFO] [stdout] warning: unreachable block in `if` or `while` expression
[INFO] [stdout]   --> src/services/partial_receiving.rs:63:42
[INFO] [stdout]    |
[INFO] [stdout] 63 |           if let Some(tracking) = tracking {
[INFO] [stdout]    |  _________________________________--------_^
[INFO] [stdout]    | |                                 |
[INFO] [stdout]    | |                                 any code following this expression is unreachable
[INFO] [stdout] 64 | |             partial_receiving_tracking::resolve(
[INFO] [stdout] 65 | |                 pool,
[INFO] [stdout] 66 | |                 tracking.id,
[INFO] [stdout] ...  |
[INFO] [stdout] 69 | |             .await?;
[INFO] [stdout] 70 | |         }
[INFO] [stdout]    | |_________^ unreachable block in `if` or `while` expression
[INFO] [stdout] 
[INFO] [stdout] 
[INFO] [stdout] warning: method call on a diverging inference variable
[INFO] [stdout]   --> src/services/password_reset.rs:77:33
[INFO] [stdout]    |
[INFO] [stdout] 77 |     let matching_token = tokens.into_iter().find(|candidate| {
[INFO] [stdout]    |                                 ^^^^^^^^^
[INFO] [stdout]    |
[INFO] [stdout]    = help: consider providing a type annotation
[INFO] [stdout]    = warning: this was previously accepted by the compiler but is being phased out; it will become a hard error in a future release!
[INFO] [stdout]    = note: for more information, see issue #156047 <https://github.com/rust-lang/rust/issues/156047>
[INFO] [stdout] 
[INFO] [stdout] 
[INFO] [stdout] warning: method call on a diverging inference variable
[INFO] [stdout]   --> src/services/branding_type.rs:61:14
[INFO] [stdout]    |
[INFO] [stdout] 61 |             .ok_or(AppError::NotFound)?
[INFO] [stdout]    |              ^^^^^
[INFO] [stdout]    |
[INFO] [stdout]    = help: consider providing a type annotation
[INFO] [stdout]    = warning: this was previously accepted by the compiler but is being phased out; it will become a hard error in a future release!
[INFO] [stdout]    = note: for more information, see issue #156047 <https://github.com/rust-lang/rust/issues/156047>
[INFO] [stdout] 
[INFO] [stdout] 
[INFO] [stdout] error[E0599]: no method named `ok_or` found for type `!` in the current scope
[INFO] [stdout]   --> src/services/branding_type.rs:61:14
[INFO] [stdout]    |
[INFO] [stdout] 59 |         branding_type::find_by_id(pool, id)
[INFO] [stdout] 60 |             .await?
[INFO] [stdout] 61 |             .ok_or(AppError::NotFound)?
[INFO] [stdout]    |              ^^^^^ method not found in `!`
[INFO] [stdout] 
[INFO] [stdout] 
[INFO] [stdout] warning: method call on a diverging inference variable
[INFO] [stdout]    --> src/services/branding_type.rs:102:10
[INFO] [stdout]     |
[INFO] [stdout] 102 |         .ok_or(AppError::NotFound)?;
[INFO] [stdout]     |          ^^^^^
[INFO] [stdout]     |
[INFO] [stdout]     = help: consider providing a type annotation
[INFO] [stdout]     = warning: this was previously accepted by the compiler but is being phased out; it will become a hard error in a future release!
[INFO] [stdout]     = note: for more information, see issue #156047 <https://github.com/rust-lang/rust/issues/156047>
[INFO] [stdout] 
[INFO] [stdout] 
[INFO] [stdout] error[E0599]: no method named `ok_or` found for type `!` in the current scope
[INFO] [stdout]    --> src/services/branding_type.rs:102:10
[INFO] [stdout]     |
[INFO] [stdout] 100 |     branding_type::find_by_id(pool, id)
[INFO] [stdout] 101 |         .await?
[INFO] [stdout] 102 |         .ok_or(AppError::NotFound)?;
[INFO] [stdout]     |          ^^^^^ method not found in `!`
[INFO] [stdout] 
[INFO] [stdout] 
[INFO] [stdout] warning: method call on a diverging inference variable
[INFO] [stdout]    --> src/services/branding_type.rs:123:10
[INFO] [stdout]     |
[INFO] [stdout] 123 |         .ok_or(AppError::NotFound)?;
[INFO] [stdout]     |          ^^^^^
[INFO] [stdout]     |
[INFO] [stdout]     = help: consider providing a type annotation
[INFO] [stdout]     = warning: this was previously accepted by the compiler but is being phased out; it will become a hard error in a future release!
[INFO] [stdout]     = note: for more information, see issue #156047 <https://github.com/rust-lang/rust/issues/156047>
[INFO] [stdout] 
[INFO] [stdout] 
[INFO] [stdout] error[E0599]: no method named `ok_or` found for type `!` in the current scope
[INFO] [stdout]    --> src/services/branding_type.rs:123:10
[INFO] [stdout]     |
[INFO] [stdout] 121 |     let existing = branding_type::find_by_id(pool, id)
[INFO] [stdout] 122 |         .await?
[INFO] [stdout] 123 |         .ok_or(AppError::NotFound)?;
[INFO] [stdout]     |          ^^^^^ method not found in `!`
[INFO] [stdout] 
[INFO] [stdout] 
[INFO] [stdout] warning: method call on a diverging inference variable
[INFO] [stdout]    --> src/services/branding_type.rs:140:10
[INFO] [stdout]     |
[INFO] [stdout] 140 |         .ok_or(AppError::NotFound)?;
[INFO] [stdout]     |          ^^^^^
[INFO] [stdout]     |
[INFO] [stdout]     = help: consider providing a type annotation
[INFO] [stdout]     = warning: this was previously accepted by the compiler but is being phased out; it will become a hard error in a future release!
[INFO] [stdout]     = note: for more information, see issue #156047 <https://github.com/rust-lang/rust/issues/156047>
[INFO] [stdout] 
[INFO] [stdout] 
[INFO] [stdout] error[E0599]: no method named `ok_or` found for type `!` in the current scope
[INFO] [stdout]    --> src/services/branding_type.rs:140:10
[INFO] [stdout]     |
[INFO] [stdout] 138 |     let existing = branding_type::find_by_id(pool, id)
[INFO] [stdout] 139 |         .await?
[INFO] [stdout] 140 |         .ok_or(AppError::NotFound)?;
[INFO] [stdout]     |          ^^^^^ method not found in `!`
[INFO] [stdout] 
[INFO] [stdout] 
[INFO] [stdout] warning: method call on a diverging inference variable
[INFO] [stdout]   --> src/services/branding_location.rs:61:14
[INFO] [stdout]    |
[INFO] [stdout] 61 |             .ok_or(AppError::NotFound)?
[INFO] [stdout]    |              ^^^^^
[INFO] [stdout]    |
[INFO] [stdout]    = help: consider providing a type annotation
[INFO] [stdout]    = warning: this was previously accepted by the compiler but is being phased out; it will become a hard error in a future release!
[INFO] [stdout]    = note: for more information, see issue #156047 <https://github.com/rust-lang/rust/issues/156047>
[INFO] [stdout] 
[INFO] [stdout] 
[INFO] [stdout] error[E0599]: `!` is not an iterator
[INFO] [stdout]   --> src/services/password_reset.rs:77:33
[INFO] [stdout]    |
[INFO] [stdout] 77 |     let matching_token = tokens.into_iter().find(|candidate| {
[INFO] [stdout]    |                                 ^^^^^^^^^ `!` is not an iterator
[INFO] [stdout]    |
[INFO] [stdout]    = note: the following trait bounds were not satisfied:
[INFO] [stdout]            `!: Iterator`
[INFO] [stdout]            which is required by `!: IntoIterator`
[INFO] [stdout]            `&!: Iterator`
[INFO] [stdout]            which is required by `&!: IntoIterator`
[INFO] [stdout]            `!: Iterator`
[INFO] [stdout]            which is required by `&mut !: IntoIterator`
[INFO] [stdout] 
[INFO] [stdout] 
[INFO] [stdout] error[E0599]: no method named `ok_or` found for type `!` in the current scope
[INFO] [stdout]   --> src/services/branding_location.rs:61:14
[INFO] [stdout]    |
[INFO] [stdout] 59 |         branding_location::find_by_id(pool, id)
[INFO] [stdout] 60 |             .await?
[INFO] [stdout] 61 |             .ok_or(AppError::NotFound)?
[INFO] [stdout]    |              ^^^^^ method not found in `!`
[INFO] [stdout] 
[INFO] [stdout] 
[INFO] [stdout] warning: method call on a diverging inference variable
[INFO] [stdout]    --> src/services/branding_location.rs:102:10
[INFO] [stdout]     |
[INFO] [stdout] 102 |         .ok_or(AppError::NotFound)?;
[INFO] [stdout]     |          ^^^^^
[INFO] [stdout]     |
[INFO] [stdout]     = help: consider providing a type annotation
[INFO] [stdout]     = warning: this was previously accepted by the compiler but is being phased out; it will become a hard error in a future release!
[INFO] [stdout]     = note: for more information, see issue #156047 <https://github.com/rust-lang/rust/issues/156047>
[INFO] [stdout] 
[INFO] [stdout] 
[INFO] [stdout] warning: method call on a diverging inference variable
[INFO] [stdout]   --> src/services/partial_receiving.rs:20:19
[INFO] [stdout]    |
[INFO] [stdout] 20 |     if line_items.is_empty() {
[INFO] [stdout]    |                   ^^^^^^^^
[INFO] [stdout]    |
[INFO] [stdout]    = help: consider providing a type annotation
[INFO] [stdout]    = warning: this was previously accepted by the compiler but is being phased out; it will become a hard error in a future release!
[INFO] [stdout]    = note: for more information, see issue #156047 <https://github.com/rust-lang/rust/issues/156047>
[INFO] [stdout] 
[INFO] [stdout] 
[INFO] [stdout] error[E0599]: no method named `ok_or` found for type `!` in the current scope
[INFO] [stdout]    --> src/services/branding_location.rs:102:10
[INFO] [stdout]     |
[INFO] [stdout] 100 |     branding_location::find_by_id(pool, id)
[INFO] [stdout] 101 |         .await?
[INFO] [stdout] 102 |         .ok_or(AppError::NotFound)?;
[INFO] [stdout]     |          ^^^^^ method not found in `!`
[INFO] [stdout] 
[INFO] [stdout] 
[INFO] [stdout] warning: method call on a diverging inference variable
[INFO] [stdout]    --> src/services/branding_location.rs:123:10
[INFO] [stdout]     |
[INFO] [stdout] 123 |         .ok_or(AppError::NotFound)?;
[INFO] [stdout]     |          ^^^^^
[INFO] [stdout]     |
[INFO] [stdout]     = help: consider providing a type annotation
[INFO] [stdout]     = warning: this was previously accepted by the compiler but is being phased out; it will become a hard error in a future release!
[INFO] [stdout]     = note: for more information, see issue #156047 <https://github.com/rust-lang/rust/issues/156047>
[INFO] [stdout] 
[INFO] [stdout] 
[INFO] [stdout] error[E0599]: no method named `ok_or` found for type `!` in the current scope
[INFO] [stdout]    --> src/services/branding_location.rs:123:10
[INFO] [stdout]     |
[INFO] [stdout] 121 |     let existing = branding_location::find_by_id(pool, id)
[INFO] [stdout] 122 |         .await?
[INFO] [stdout] 123 |         .ok_or(AppError::NotFound)?;
[INFO] [stdout]     |          ^^^^^ method not found in `!`
[INFO] [stdout] 
[INFO] [stdout] 
[INFO] [stdout] warning: method call on a diverging inference variable
[INFO] [stdout]    --> src/services/branding_location.rs:140:10
[INFO] [stdout]     |
[INFO] [stdout] 140 |         .ok_or(AppError::NotFound)?;
[INFO] [stdout]     |          ^^^^^
[INFO] [stdout]     |
[INFO] [stdout]     = help: consider providing a type annotation
[INFO] [stdout]     = warning: this was previously accepted by the compiler but is being phased out; it will become a hard error in a future release!
[INFO] [stdout]     = note: for more information, see issue #156047 <https://github.com/rust-lang/rust/issues/156047>
[INFO] [stdout] 
[INFO] [stdout] 
[INFO] [stdout] error[E0599]: no method named `is_empty` found for type `!` in the current scope
[INFO] [stdout]   --> src/services/partial_receiving.rs:20:19
[INFO] [stdout]    |
[INFO] [stdout] 20 |     if line_items.is_empty() {
[INFO] [stdout]    |                   ^^^^^^^^ method not found in `!`
[INFO] [stdout] 
[INFO] [stdout] 
[INFO] [stdout] error[E0599]: no method named `ok_or` found for type `!` in the current scope
[INFO] [stdout]    --> src/services/branding_location.rs:140:10
[INFO] [stdout]     |
[INFO] [stdout] 138 |     let existing = branding_location::find_by_id(pool, id)
[INFO] [stdout] 139 |         .await?
[INFO] [stdout] 140 |         .ok_or(AppError::NotFound)?;
[INFO] [stdout]     |          ^^^^^ method not found in `!`
[INFO] [stdout] 
[INFO] [stdout] 
[INFO] [stdout] warning: method call on a diverging inference variable
[INFO] [stdout]   --> src/services/wso_item_branding.rs:62:10
[INFO] [stdout]    |
[INFO] [stdout] 62 |         .ok_or(AppError::NotFound)?;
[INFO] [stdout]    |          ^^^^^
[INFO] [stdout]    |
[INFO] [stdout]    = help: consider providing a type annotation
[INFO] [stdout]    = warning: this was previously accepted by the compiler but is being phased out; it will become a hard error in a future release!
[INFO] [stdout]    = note: for more information, see issue #156047 <https://github.com/rust-lang/rust/issues/156047>
[INFO] [stdout] 
[INFO] [stdout] 
[INFO] [stdout] error[E0599]: no method named `ok_or` found for type `!` in the current scope
[INFO] [stdout]   --> src/services/wso_item_branding.rs:62:10
[INFO] [stdout]    |
[INFO] [stdout] 57 |         branding_type::find_by_id(
[INFO] [stdout] 58 |             pool,
[INFO] [stdout] 59 |             branding_type_id,
[INFO] [stdout] 60 |         )
[INFO] [stdout] 61 |         .await?
[INFO] [stdout] 62 |         .ok_or(AppError::NotFound)?;
[INFO] [stdout]    |          ^^^^^ method not found in `!`
[INFO] [stdout] 
[INFO] [stdout] 
[INFO] [stdout] warning: method call on a diverging inference variable
[INFO] [stdout]   --> src/services/wso_item_branding.rs:77:10
[INFO] [stdout]    |
[INFO] [stdout] 77 |         .ok_or(AppError::NotFound)?;
[INFO] [stdout]    |          ^^^^^
[INFO] [stdout]    |
[INFO] [stdout]    = help: consider providing a type annotation
[INFO] [stdout]    = warning: this was previously accepted by the compiler but is being phased out; it will become a hard error in a future release!
[INFO] [stdout]    = note: for more information, see issue #156047 <https://github.com/rust-lang/rust/issues/156047>
[INFO] [stdout] 
[INFO] [stdout] 
[INFO] [stdout] error[E0599]: no method named `iter` found for type `!` in the current scope
[INFO] [stdout]   --> src/services/partial_receiving.rs:26:14
[INFO] [stdout]    |
[INFO] [stdout] 25 |         line_items
[INFO] [stdout] 26 |             .iter()
[INFO] [stdout]    |              ^^^^ method not found in `!`
[INFO] [stdout] 
[INFO] [stdout] 
[INFO] [stdout] warning: unreachable call
[INFO] [stdout]   --> src/services/partial_receiving.rs:26:14
[INFO] [stdout]    |
[INFO] [stdout] 25 |         line_items
[INFO] [stdout]    |         ---------- any code following this expression is unreachable
[INFO] [stdout] 26 |             .iter()
[INFO] [stdout]    |              ^^^^ unreachable call
[INFO] [stdout] 
[INFO] [stdout] 
[INFO] [stdout] error[E0599]: no method named `ok_or` found for type `!` in the current scope
[INFO] [stdout]   --> src/services/wso_item_branding.rs:77:10
[INFO] [stdout]    |
[INFO] [stdout] 72 |         branding_location::find_by_id(
[INFO] [stdout] 73 |             pool,
[INFO] [stdout] 74 |             branding_location_id,
[INFO] [stdout] 75 |         )
[INFO] [stdout] 76 |         .await?
[INFO] [stdout] 77 |         .ok_or(AppError::NotFound)?;
[INFO] [stdout]    |          ^^^^^ method not found in `!`
[INFO] [stdout] 
[INFO] [stdout] 
[INFO] [stdout] warning: method call on a diverging inference variable
[INFO] [stdout]    --> src/services/wso_item_branding.rs:108:10
[INFO] [stdout]     |
[INFO] [stdout] 108 |         .ok_or(AppError::NotFound)?;
[INFO] [stdout]     |          ^^^^^
[INFO] [stdout]     |
[INFO] [stdout]     = help: consider providing a type annotation
[INFO] [stdout]     = warning: this was previously accepted by the compiler but is being phased out; it will become a hard error in a future release!
[INFO] [stdout]     = note: for more information, see issue #156047 <https://github.com/rust-lang/rust/issues/156047>
[INFO] [stdout] 
[INFO] [stdout] 
[INFO] [stdout] error[E0599]: no method named `ok_or` found for type `!` in the current scope
[INFO] [stdout]    --> src/services/wso_item_branding.rs:108:10
[INFO] [stdout]     |
[INFO] [stdout] 103 |         wso_item_branding::find_by_id(
[INFO] [stdout] 104 |             pool,
[INFO] [stdout] 105 |             id,
[INFO] [stdout] 106 |         )
[INFO] [stdout] 107 |         .await?
[INFO] [stdout] 108 |         .ok_or(AppError::NotFound)?;
[INFO] [stdout]     |          ^^^^^ method not found in `!`
[INFO] [stdout] 
[INFO] [stdout] 
[INFO] [stdout] error[E0599]: no method named `iter` found for type `!` in the current scope
[INFO] [stdout]   --> src/services/partial_receiving.rs:32:14
[INFO] [stdout]    |
[INFO] [stdout] 31 |         line_items
[INFO] [stdout] 32 |             .iter()
[INFO] [stdout]    |              ^^^^ method not found in `!`
[INFO] [stdout] 
[INFO] [stdout] 
[INFO] [stdout] warning: unreachable call
[INFO] [stdout]   --> src/services/partial_receiving.rs:32:14
[INFO] [stdout]    |
[INFO] [stdout] 31 |         line_items
[INFO] [stdout]    |         ---------- any code following this expression is unreachable
[INFO] [stdout] 32 |             .iter()
[INFO] [stdout]    |              ^^^^ unreachable call
[INFO] [stdout] 
[INFO] [stdout] 
[INFO] [stdout] warning: method call on a diverging inference variable
[INFO] [stdout]   --> src/services/partial_receiving.rs:50:21
[INFO] [stdout]    |
[INFO] [stdout] 50 |         if tracking.is_none() {
[INFO] [stdout]    |                     ^^^^^^^
[INFO] [stdout]    |
[INFO] [stdout]    = help: consider providing a type annotation
[INFO] [stdout]    = warning: this was previously accepted by the compiler but is being phased out; it will become a hard error in a future release!
[INFO] [stdout]    = note: for more information, see issue #156047 <https://github.com/rust-lang/rust/issues/156047>
[INFO] [stdout] 
[INFO] [stdout] 
[INFO] [stdout] error[E0599]: no method named `is_none` found for type `!` in the current scope
[INFO] [stdout]   --> src/services/partial_receiving.rs:50:21
[INFO] [stdout]    |
[INFO] [stdout] 50 |         if tracking.is_none() {
[INFO] [stdout]    |                     ^^^^^^^ method not found in `!`
[INFO] [stdout] 
[INFO] [stdout] 
[INFO] [stdout] warning: unreachable block in `if` or `while` expression
[INFO] [stdout]   --> src/services/partial_receiving.rs:63:42
[INFO] [stdout]    |
[INFO] [stdout] 63 |           if let Some(tracking) = tracking {
[INFO] [stdout]    |  _________________________________--------_^
[INFO] [stdout]    | |                                 |
[INFO] [stdout]    | |                                 any code following this expression is unreachable
[INFO] [stdout] 64 | |             partial_receiving_tracking::resolve(
[INFO] [stdout] 65 | |                 pool,
[INFO] [stdout] 66 | |                 tracking.id,
[INFO] [stdout] ...  |
[INFO] [stdout] 69 | |             .await?;
[INFO] [stdout] 70 | |         }
[INFO] [stdout]    | |_________^ unreachable block in `if` or `while` expression
[INFO] [stdout] 
[INFO] [stdout] 
[INFO] [stdout] warning: method call on a diverging inference variable
[INFO] [stdout]   --> src/services/branding_type.rs:61:14
[INFO] [stdout]    |
[INFO] [stdout] 61 |             .ok_or(AppError::NotFound)?
[INFO] [stdout]    |              ^^^^^
[INFO] [stdout]    |
[INFO] [stdout]    = help: consider providing a type annotation
[INFO] [stdout]    = warning: this was previously accepted by the compiler but is being phased out; it will become a hard error in a future release!
[INFO] [stdout]    = note: for more information, see issue #156047 <https://github.com/rust-lang/rust/issues/156047>
[INFO] [stdout] 
[INFO] [stdout] 
[INFO] [stdout] error[E0599]: no method named `ok_or` found for type `!` in the current scope
[INFO] [stdout]   --> src/services/branding_type.rs:61:14
[INFO] [stdout]    |
[INFO] [stdout] 59 |         branding_type::find_by_id(pool, id)
[INFO] [stdout] 60 |             .await?
[INFO] [stdout] 61 |             .ok_or(AppError::NotFound)?
[INFO] [stdout]    |              ^^^^^ method not found in `!`
[INFO] [stdout] 
[INFO] [stdout] 
[INFO] [stdout] warning: method call on a diverging inference variable
[INFO] [stdout]    --> src/services/branding_type.rs:102:10
[INFO] [stdout]     |
[INFO] [stdout] 102 |         .ok_or(AppError::NotFound)?;
[INFO] [stdout]     |          ^^^^^
[INFO] [stdout]     |
[INFO] [stdout]     = help: consider providing a type annotation
[INFO] [stdout]     = warning: this was previously accepted by the compiler but is being phased out; it will become a hard error in a future release!
[INFO] [stdout]     = note: for more information, see issue #156047 <https://github.com/rust-lang/rust/issues/156047>
[INFO] [stdout] 
[INFO] [stdout] 
[INFO] [stdout] error[E0599]: no method named `ok_or` found for type `!` in the current scope
[INFO] [stdout]    --> src/services/branding_type.rs:102:10
[INFO] [stdout]     |
[INFO] [stdout] 100 |     branding_type::find_by_id(pool, id)
[INFO] [stdout] 101 |         .await?
[INFO] [stdout] 102 |         .ok_or(AppError::NotFound)?;
[INFO] [stdout]     |          ^^^^^ method not found in `!`
[INFO] [stdout] 
[INFO] [stdout] 
[INFO] [stdout] warning: method call on a diverging inference variable
[INFO] [stdout]    --> src/services/branding_type.rs:123:10
[INFO] [stdout]     |
[INFO] [stdout] 123 |         .ok_or(AppError::NotFound)?;
[INFO] [stdout]     |          ^^^^^
[INFO] [stdout]     |
[INFO] [stdout]     = help: consider providing a type annotation
[INFO] [stdout]     = warning: this was previously accepted by the compiler but is being phased out; it will become a hard error in a future release!
[INFO] [stdout]     = note: for more information, see issue #156047 <https://github.com/rust-lang/rust/issues/156047>
[INFO] [stdout] 
[INFO] [stdout] 
[INFO] [stdout] error[E0599]: no method named `ok_or` found for type `!` in the current scope
[INFO] [stdout]    --> src/services/branding_type.rs:123:10
[INFO] [stdout]     |
[INFO] [stdout] 121 |     let existing = branding_type::find_by_id(pool, id)
[INFO] [stdout] 122 |         .await?
[INFO] [stdout] 123 |         .ok_or(AppError::NotFound)?;
[INFO] [stdout]     |          ^^^^^ method not found in `!`
[INFO] [stdout] 
[INFO] [stdout] 
[INFO] [stdout] warning: method call on a diverging inference variable
[INFO] [stdout]    --> src/services/branding_type.rs:140:10
[INFO] [stdout]     |
[INFO] [stdout] 140 |         .ok_or(AppError::NotFound)?;
[INFO] [stdout]     |          ^^^^^
[INFO] [stdout]     |
[INFO] [stdout]     = help: consider providing a type annotation
[INFO] [stdout]     = warning: this was previously accepted by the compiler but is being phased out; it will become a hard error in a future release!
[INFO] [stdout]     = note: for more information, see issue #156047 <https://github.com/rust-lang/rust/issues/156047>
[INFO] [stdout] 
[INFO] [stdout] 
[INFO] [stdout] error[E0599]: no method named `ok_or` found for type `!` in the current scope
[INFO] [stdout]    --> src/services/branding_type.rs:140:10
[INFO] [stdout]     |
[INFO] [stdout] 138 |     let existing = branding_type::find_by_id(pool, id)
[INFO] [stdout] 139 |         .await?
[INFO] [stdout] 140 |         .ok_or(AppError::NotFound)?;
[INFO] [stdout]     |          ^^^^^ method not found in `!`
[INFO] [stdout] 
[INFO] [stdout] 
[INFO] [stdout] warning: method call on a diverging inference variable
[INFO] [stdout]   --> src/services/branding_location.rs:61:14
[INFO] [stdout]    |
[INFO] [stdout] 61 |             .ok_or(AppError::NotFound)?
[INFO] [stdout]    |              ^^^^^
[INFO] [stdout]    |
[INFO] [stdout]    = help: consider providing a type annotation
[INFO] [stdout]    = warning: this was previously accepted by the compiler but is being phased out; it will become a hard error in a future release!
[INFO] [stdout]    = note: for more information, see issue #156047 <https://github.com/rust-lang/rust/issues/156047>
[INFO] [stdout] 
[INFO] [stdout] 
[INFO] [stdout] error[E0599]: no method named `ok_or` found for type `!` in the current scope
[INFO] [stdout]   --> src/services/branding_location.rs:61:14
[INFO] [stdout]    |
[INFO] [stdout] 59 |         branding_location::find_by_id(pool, id)
[INFO] [stdout] 60 |             .await?
[INFO] [stdout] 61 |             .ok_or(AppError::NotFound)?
[INFO] [stdout]    |              ^^^^^ method not found in `!`
[INFO] [stdout] 
[INFO] [stdout] 
[INFO] [stdout] warning: method call on a diverging inference variable
[INFO] [stdout]    --> src/services/branding_location.rs:102:10
[INFO] [stdout]     |
[INFO] [stdout] 102 |         .ok_or(AppError::NotFound)?;
[INFO] [stdout]     |          ^^^^^
[INFO] [stdout]     |
[INFO] [stdout]     = help: consider providing a type annotation
[INFO] [stdout]     = warning: this was previously accepted by the compiler but is being phased out; it will become a hard error in a future release!
[INFO] [stdout]     = note: for more information, see issue #156047 <https://github.com/rust-lang/rust/issues/156047>
[INFO] [stdout] 
[INFO] [stdout] 
[INFO] [stdout] error[E0599]: no method named `ok_or` found for type `!` in the current scope
[INFO] [stdout]    --> src/services/branding_location.rs:102:10
[INFO] [stdout]     |
[INFO] [stdout] 100 |     branding_location::find_by_id(pool, id)
[INFO] [stdout] 101 |         .await?
[INFO] [stdout] 102 |         .ok_or(AppError::NotFound)?;
[INFO] [stdout]     |          ^^^^^ method not found in `!`
[INFO] [stdout] 
[INFO] [stdout] 
[INFO] [stdout] warning: method call on a diverging inference variable
[INFO] [stdout]    --> src/services/branding_location.rs:123:10
[INFO] [stdout]     |
[INFO] [stdout] 123 |         .ok_or(AppError::NotFound)?;
[INFO] [stdout]     |          ^^^^^
[INFO] [stdout]     |
[INFO] [stdout]     = help: consider providing a type annotation
[INFO] [stdout]     = warning: this was previously accepted by the compiler but is being phased out; it will become a hard error in a future release!
[INFO] [stdout]     = note: for more information, see issue #156047 <https://github.com/rust-lang/rust/issues/156047>
[INFO] [stdout] 
[INFO] [stdout] 
[INFO] [stdout] error[E0599]: no method named `ok_or` found for type `!` in the current scope
[INFO] [stdout]    --> src/services/branding_location.rs:123:10
[INFO] [stdout]     |
[INFO] [stdout] 121 |     let existing = branding_location::find_by_id(pool, id)
[INFO] [stdout] 122 |         .await?
[INFO] [stdout] 123 |         .ok_or(AppError::NotFound)?;
[INFO] [stdout]     |          ^^^^^ method not found in `!`
[INFO] [stdout] 
[INFO] [stdout] 
[INFO] [stdout] warning: method call on a diverging inference variable
[INFO] [stdout]    --> src/services/branding_location.rs:140:10
[INFO] [stdout]     |
[INFO] [stdout] 140 |         .ok_or(AppError::NotFound)?;
[INFO] [stdout]     |          ^^^^^
[INFO] [stdout]     |
[INFO] [stdout]     = help: consider providing a type annotation
[INFO] [stdout]     = warning: this was previously accepted by the compiler but is being phased out; it will become a hard error in a future release!
[INFO] [stdout]     = note: for more information, see issue #156047 <https://github.com/rust-lang/rust/issues/156047>
[INFO] [stdout] 
[INFO] [stdout] 
[INFO] [stdout] error[E0599]: no method named `ok_or` found for type `!` in the current scope
[INFO] [stdout]    --> src/services/branding_location.rs:140:10
[INFO] [stdout]     |
[INFO] [stdout] 138 |     let existing = branding_location::find_by_id(pool, id)
[INFO] [stdout] 139 |         .await?
[INFO] [stdout] 140 |         .ok_or(AppError::NotFound)?;
[INFO] [stdout]     |          ^^^^^ method not found in `!`
[INFO] [stdout] 
[INFO] [stdout] 
[INFO] [stdout] warning: method call on a diverging inference variable
[INFO] [stdout]   --> src/services/wso_item_branding.rs:62:10
[INFO] [stdout]    |
[INFO] [stdout] 62 |         .ok_or(AppError::NotFound)?;
[INFO] [stdout]    |          ^^^^^
[INFO] [stdout]    |
[INFO] [stdout]    = help: consider providing a type annotation
[INFO] [stdout]    = warning: this was previously accepted by the compiler but is being phased out; it will become a hard error in a future release!
[INFO] [stdout]    = note: for more information, see issue #156047 <https://github.com/rust-lang/rust/issues/156047>
[INFO] [stdout] 
[INFO] [stdout] 
[INFO] [stdout] error[E0599]: no method named `ok_or` found for type `!` in the current scope
[INFO] [stdout]   --> src/services/wso_item_branding.rs:62:10
[INFO] [stdout]    |
[INFO] [stdout] 57 |         branding_type::find_by_id(
[INFO] [stdout] 58 |             pool,
[INFO] [stdout] 59 |             branding_type_id,
[INFO] [stdout] 60 |         )
[INFO] [stdout] 61 |         .await?
[INFO] [stdout] 62 |         .ok_or(AppError::NotFound)?;
[INFO] [stdout]    |          ^^^^^ method not found in `!`
[INFO] [stdout] 
[INFO] [stdout] 
[INFO] [stdout] warning: method call on a diverging inference variable
[INFO] [stdout]   --> src/services/wso_item_branding.rs:77:10
[INFO] [stdout]    |
[INFO] [stdout] 77 |         .ok_or(AppError::NotFound)?;
[INFO] [stdout]    |          ^^^^^
[INFO] [stdout]    |
[INFO] [stdout]    = help: consider providing a type annotation
[INFO] [stdout]    = warning: this was previously accepted by the compiler but is being phased out; it will become a hard error in a future release!
[INFO] [stdout]    = note: for more information, see issue #156047 <https://github.com/rust-lang/rust/issues/156047>
[INFO] [stdout] 
[INFO] [stdout] 
[INFO] [stdout] error[E0599]: no method named `ok_or` found for type `!` in the current scope
[INFO] [stdout]   --> src/services/wso_item_branding.rs:77:10
[INFO] [stdout]    |
[INFO] [stdout] 72 |         branding_location::find_by_id(
[INFO] [stdout] 73 |             pool,
[INFO] [stdout] 74 |             branding_location_id,
[INFO] [stdout] 75 |         )
[INFO] [stdout] 76 |         .await?
[INFO] [stdout] 77 |         .ok_or(AppError::NotFound)?;
[INFO] [stdout]    |          ^^^^^ method not found in `!`
[INFO] [stdout] 
[INFO] [stdout] 
[INFO] [stdout] warning: method call on a diverging inference variable
[INFO] [stdout]    --> src/services/wso_item_branding.rs:108:10
[INFO] [stdout]     |
[INFO] [stdout] 108 |         .ok_or(AppError::NotFound)?;
[INFO] [stdout]     |          ^^^^^
[INFO] [stdout]     |
[INFO] [stdout]     = help: consider providing a type annotation
[INFO] [stdout]     = warning: this was previously accepted by the compiler but is being phased out; it will become a hard error in a future release!
[INFO] [stdout]     = note: for more information, see issue #156047 <https://github.com/rust-lang/rust/issues/156047>
[INFO] [stdout] 
[INFO] [stdout] 
[INFO] [stdout] error[E0599]: no method named `ok_or` found for type `!` in the current scope
[INFO] [stdout]    --> src/services/wso_item_branding.rs:108:10
[INFO] [stdout]     |
[INFO] [stdout] 103 |         wso_item_branding::find_by_id(
[INFO] [stdout] 104 |             pool,
[INFO] [stdout] 105 |             id,
[INFO] [stdout] 106 |         )
[INFO] [stdout] 107 |         .await?
[INFO] [stdout] 108 |         .ok_or(AppError::NotFound)?;
[INFO] [stdout]     |          ^^^^^ method not found in `!`
[INFO] [stdout] 
[INFO] [stdout] 
[INFO] [stdout] warning: method call on a diverging inference variable
[INFO] [stdout]   --> src/services/supplier.rs:41:14
[INFO] [stdout]    |
[INFO] [stdout] 41 |             .ok_or(AppError::NotFound)?
[INFO] [stdout]    |              ^^^^^
[INFO] [stdout]    |
[INFO] [stdout]    = help: consider providing a type annotation
[INFO] [stdout]    = warning: this was previously accepted by the compiler but is being phased out; it will become a hard error in a future release!
[INFO] [stdout]    = note: for more information, see issue #156047 <https://github.com/rust-lang/rust/issues/156047>
[INFO] [stdout] 
[INFO] [stdout] 
[INFO] [stdout] error[E0599]: no method named `ok_or` found for type `!` in the current scope
[INFO] [stdout]   --> src/services/supplier.rs:41:14
[INFO] [stdout]    |
[INFO] [stdout] 39 |         supplier::find_by_id(pool, id)
[INFO] [stdout] 40 |             .await?
[INFO] [stdout] 41 |             .ok_or(AppError::NotFound)?
[INFO] [stdout]    |              ^^^^^ method not found in `!`
[INFO] [stdout] 
[INFO] [stdout] 
[INFO] [stdout] warning: method call on a diverging inference variable
[INFO] [stdout]   --> src/services/supplier.rs:83:10
[INFO] [stdout]    |
[INFO] [stdout] 83 |         .ok_or(AppError::NotFound)?;
[INFO] [stdout]    |          ^^^^^
[INFO] [stdout]    |
[INFO] [stdout]    = help: consider providing a type annotation
[INFO] [stdout]    = warning: this was previously accepted by the compiler but is being phased out; it will become a hard error in a future release!
[INFO] [stdout]    = note: for more information, see issue #156047 <https://github.com/rust-lang/rust/issues/156047>
[INFO] [stdout] 
[INFO] [stdout] 
[INFO] [stdout] error[E0599]: no method named `ok_or` found for type `!` in the current scope
[INFO] [stdout]   --> src/services/supplier.rs:83:10
[INFO] [stdout]    |
[INFO] [stdout] 81 |     supplier::find_by_id(pool, id)
[INFO] [stdout] 82 |         .await?
[INFO] [stdout] 83 |         .ok_or(AppError::NotFound)?;
[INFO] [stdout]    |          ^^^^^ method not found in `!`
[INFO] [stdout] 
[INFO] [stdout] 
[INFO] [stdout] warning: method call on a diverging inference variable
[INFO] [stdout]    --> src/services/supplier.rs:113:10
[INFO] [stdout]     |
[INFO] [stdout] 113 |         .ok_or(AppError::NotFound)?;
[INFO] [stdout]     |          ^^^^^
[INFO] [stdout]     |
[INFO] [stdout]     = help: consider providing a type annotation
[INFO] [stdout]     = warning: this was previously accepted by the compiler but is being phased out; it will become a hard error in a future release!
[INFO] [stdout]     = note: for more information, see issue #156047 <https://github.com/rust-lang/rust/issues/156047>
[INFO] [stdout] 
[INFO] [stdout] 
[INFO] [stdout] error[E0599]: no method named `ok_or` found for type `!` in the current scope
[INFO] [stdout]    --> src/services/supplier.rs:113:10
[INFO] [stdout]     |
[INFO] [stdout] 111 |     let existing = supplier::find_by_id(pool, id)
[INFO] [stdout] 112 |         .await?
[INFO] [stdout] 113 |         .ok_or(AppError::NotFound)?;
[INFO] [stdout]     |          ^^^^^ method not found in `!`
[INFO] [stdout] 
[INFO] [stdout] 
[INFO] [stdout] warning: method call on a diverging inference variable
[INFO] [stdout]    --> src/services/supplier.rs:130:10
[INFO] [stdout]     |
[INFO] [stdout] 130 |         .ok_or(AppError::NotFound)?;
[INFO] [stdout]     |          ^^^^^
[INFO] [stdout]     |
[INFO] [stdout]     = help: consider providing a type annotation
[INFO] [stdout]     = warning: this was previously accepted by the compiler but is being phased out; it will become a hard error in a future release!
[INFO] [stdout]     = note: for more information, see issue #156047 <https://github.com/rust-lang/rust/issues/156047>
[INFO] [stdout] 
[INFO] [stdout] 
[INFO] [stdout] error[E0599]: no method named `ok_or` found for type `!` in the current scope
[INFO] [stdout]    --> src/services/supplier.rs:130:10
[INFO] [stdout]     |
[INFO] [stdout] 128 |     let existing = supplier::find_by_id(pool, id)
[INFO] [stdout] 129 |         .await?
[INFO] [stdout] 130 |         .ok_or(AppError::NotFound)?;
[INFO] [stdout]     |          ^^^^^ method not found in `!`
[INFO] [stdout] 
[INFO] [stdout] 
[INFO] [stdout] warning: method call on a diverging inference variable
[INFO] [stdout]   --> src/services/po_item_note.rs:29:10
[INFO] [stdout]    |
[INFO] [stdout] 29 |         .ok_or(AppError::NotFound)?;
[INFO] [stdout]    |          ^^^^^
[INFO] [stdout]    |
[INFO] [stdout]    = help: consider providing a type annotation
[INFO] [stdout]    = warning: this was previously accepted by the compiler but is being phased out; it will become a hard error in a future release!
[INFO] [stdout]    = note: for more information, see issue #156047 <https://github.com/rust-lang/rust/issues/156047>
[INFO] [stdout] 
[INFO] [stdout] 
[INFO] [stdout] error[E0599]: no method named `ok_or` found for type `!` in the current scope
[INFO] [stdout]   --> src/services/po_item_note.rs:29:10
[INFO] [stdout]    |
[INFO] [stdout] 27 |     po_item::find_by_id(pool, po_item_id)
[INFO] [stdout] 28 |         .await?
[INFO] [stdout] 29 |         .ok_or(AppError::NotFound)?;
[INFO] [stdout]    |          ^^^^^ method not found in `!`
[INFO] [stdout] 
[INFO] [stdout] 
[INFO] [stdout] warning: method call on a diverging inference variable
[INFO] [stdout]   --> src/services/po_line_item.rs:42:10
[INFO] [stdout]    |
[INFO] [stdout] 42 |         .ok_or(AppError::NotFound)?;
[INFO] [stdout]    |          ^^^^^
[INFO] [stdout]    |
[INFO] [stdout]    = help: consider providing a type annotation
[INFO] [stdout]    = warning: this was previously accepted by the compiler but is being phased out; it will become a hard error in a future release!
[INFO] [stdout]    = note: for more information, see issue #156047 <https://github.com/rust-lang/rust/issues/156047>
[INFO] [stdout] 
[INFO] [stdout] 
[INFO] [stdout] error[E0599]: no method named `ok_or` found for type `!` in the current scope
[INFO] [stdout]   --> src/services/po_line_item.rs:42:10
[INFO] [stdout]    |
[INFO] [stdout] 40 |     let item = po_item::find_by_id(pool, po_item_id)
[INFO] [stdout] 41 |         .await?
[INFO] [stdout] 42 |         .ok_or(AppError::NotFound)?;
[INFO] [stdout]    |          ^^^^^ method not found in `!`
[INFO] [stdout] 
[INFO] [stdout] 
[INFO] [stdout] warning: method call on a diverging inference variable
[INFO] [stdout]   --> src/services/po_line_item.rs:46:10
[INFO] [stdout]    |
[INFO] [stdout] 46 |         .ok_or(AppError::NotFound)
[INFO] [stdout]    |          ^^^^^
[INFO] [stdout]    |
[INFO] [stdout]    = help: consider providing a type annotation
[INFO] [stdout]    = warning: this was previously accepted by the compiler but is being phased out; it will become a hard error in a future release!
[INFO] [stdout]    = note: for more information, see issue #156047 <https://github.com/rust-lang/rust/issues/156047>
[INFO] [stdout] 
[INFO] [stdout] 
[INFO] [stdout] warning: method call on a diverging inference variable
[INFO] [stdout]   --> src/services/supplier.rs:41:14
[INFO] [stdout]    |
[INFO] [stdout] 41 |             .ok_or(AppError::NotFound)?
[INFO] [stdout]    |              ^^^^^
[INFO] [stdout]    |
[INFO] [stdout]    = help: consider providing a type annotation
[INFO] [stdout]    = warning: this was previously accepted by the compiler but is being phased out; it will become a hard error in a future release!
[INFO] [stdout]    = note: for more information, see issue #156047 <https://github.com/rust-lang/rust/issues/156047>
[INFO] [stdout] 
[INFO] [stdout] 
[INFO] [stdout] error[E0599]: no method named `ok_or` found for type `!` in the current scope
[INFO] [stdout]   --> src/services/supplier.rs:41:14
[INFO] [stdout]    |
[INFO] [stdout] 39 |         supplier::find_by_id(pool, id)
[INFO] [stdout] 40 |             .await?
[INFO] [stdout] 41 |             .ok_or(AppError::NotFound)?
[INFO] [stdout]    |              ^^^^^ method not found in `!`
[INFO] [stdout] 
[INFO] [stdout] 
[INFO] [stdout] error[E0599]: no method named `ok_or` found for type `!` in the current scope
[INFO] [stdout]   --> src/services/po_line_item.rs:46:10
[INFO] [stdout]    |
[INFO] [stdout] 44 |     purchase_order::find_by_id(pool, item.purchase_order_id)
[INFO] [stdout] 45 |         .await?
[INFO] [stdout] 46 |         .ok_or(AppError::NotFound)
[INFO] [stdout]    |          ^^^^^ method not found in `!`
[INFO] [stdout] 
[INFO] [stdout] 
[INFO] [stdout] warning: method call on a diverging inference variable
[INFO] [stdout]   --> src/services/supplier.rs:83:10
[INFO] [stdout]    |
[INFO] [stdout] 83 |         .ok_or(AppError::NotFound)?;
[INFO] [stdout]    |          ^^^^^
[INFO] [stdout]    |
[INFO] [stdout]    = help: consider providing a type annotation
[INFO] [stdout]    = warning: this was previously accepted by the compiler but is being phased out; it will become a hard error in a future release!
[INFO] [stdout]    = note: for more information, see issue #156047 <https://github.com/rust-lang/rust/issues/156047>
[INFO] [stdout] 
[INFO] [stdout] 
[INFO] [stdout] warning: method call on a diverging inference variable
[INFO] [stdout]   --> src/services/po_line_item.rs:74:10
[INFO] [stdout]    |
[INFO] [stdout] 74 |         .ok_or(AppError::NotFound)?;
[INFO] [stdout]    |          ^^^^^
[INFO] [stdout]    |
[INFO] [stdout]    = help: consider providing a type annotation
[INFO] [stdout]    = warning: this was previously accepted by the compiler but is being phased out; it will become a hard error in a future release!
[INFO] [stdout]    = note: for more information, see issue #156047 <https://github.com/rust-lang/rust/issues/156047>
[INFO] [stdout] 
[INFO] [stdout] 
[INFO] [stdout] error[E0599]: no method named `ok_or` found for type `!` in the current scope
[INFO] [stdout]   --> src/services/supplier.rs:83:10
[INFO] [stdout]    |
[INFO] [stdout] 81 |     supplier::find_by_id(pool, id)
[INFO] [stdout] 82 |         .await?
[INFO] [stdout] 83 |         .ok_or(AppError::NotFound)?;
[INFO] [stdout]    |          ^^^^^ method not found in `!`
[INFO] [stdout] 
[INFO] [stdout] 
[INFO] [stdout] warning: method call on a diverging inference variable
[INFO] [stdout]    --> src/services/supplier.rs:113:10
[INFO] [stdout]     |
[INFO] [stdout] 113 |         .ok_or(AppError::NotFound)?;
[INFO] [stdout]     |          ^^^^^
[INFO] [stdout]     |
[INFO] [stdout]     = help: consider providing a type annotation
[INFO] [stdout]     = warning: this was previously accepted by the compiler but is being phased out; it will become a hard error in a future release!
[INFO] [stdout]     = note: for more information, see issue #156047 <https://github.com/rust-lang/rust/issues/156047>
[INFO] [stdout] 
[INFO] [stdout] 
[INFO] [stdout] error[E0599]: no method named `ok_or` found for type `!` in the current scope
[INFO] [stdout]   --> src/services/po_line_item.rs:74:10
[INFO] [stdout]    |
[INFO] [stdout] 72 |     let line_item = po_line_item::find_by_id(pool, id)
[INFO] [stdout] 73 |         .await?
[INFO] [stdout] 74 |         .ok_or(AppError::NotFound)?;
[INFO] [stdout]    |          ^^^^^ method not found in `!`
[INFO] [stdout] 
[INFO] [stdout] 
[INFO] [stdout] warning: method call on a diverging inference variable
[INFO] [stdout]    --> src/services/po_line_item.rs:121:10
[INFO] [stdout]     |
[INFO] [stdout] 121 |         .ok_or(AppError::NotFound)?;
[INFO] [stdout]     |          ^^^^^
[INFO] [stdout]     |
[INFO] [stdout]     = help: consider providing a type annotation
[INFO] [stdout]     = warning: this was previously accepted by the compiler but is being phased out; it will become a hard error in a future release!
[INFO] [stdout]     = note: for more information, see issue #156047 <https://github.com/rust-lang/rust/issues/156047>
[INFO] [stdout] 
[INFO] [stdout] 
[INFO] [stdout] error[E0599]: no method named `ok_or` found for type `!` in the current scope
[INFO] [stdout]    --> src/services/supplier.rs:113:10
[INFO] [stdout]     |
[INFO] [stdout] 111 |     let existing = supplier::find_by_id(pool, id)
[INFO] [stdout] 112 |         .await?
[INFO] [stdout] 113 |         .ok_or(AppError::NotFound)?;
[INFO] [stdout]     |          ^^^^^ method not found in `!`
[INFO] [stdout] 
[INFO] [stdout] 
[INFO] [stdout] warning: method call on a diverging inference variable
[INFO] [stdout]    --> src/services/supplier.rs:130:10
[INFO] [stdout]     |
[INFO] [stdout] 130 |         .ok_or(AppError::NotFound)?;
[INFO] [stdout]     |          ^^^^^
[INFO] [stdout]     |
[INFO] [stdout]     = help: consider providing a type annotation
[INFO] [stdout]     = warning: this was previously accepted by the compiler but is being phased out; it will become a hard error in a future release!
[INFO] [stdout]     = note: for more information, see issue #156047 <https://github.com/rust-lang/rust/issues/156047>
[INFO] [stdout] 
[INFO] [stdout] 
[INFO] [stdout] error[E0599]: no method named `ok_or` found for type `!` in the current scope
[INFO] [stdout]    --> src/services/supplier.rs:130:10
[INFO] [stdout]     |
[INFO] [stdout] 128 |     let existing = supplier::find_by_id(pool, id)
[INFO] [stdout] 129 |         .await?
[INFO] [stdout] 130 |         .ok_or(AppError::NotFound)?;
[INFO] [stdout]     |          ^^^^^ method not found in `!`
[INFO] [stdout] 
[INFO] [stdout] 
[INFO] [stdout] warning: method call on a diverging inference variable
[INFO] [stdout]   --> src/services/po_item_note.rs:29:10
[INFO] [stdout]    |
[INFO] [stdout] 29 |         .ok_or(AppError::NotFound)?;
[INFO] [stdout]    |          ^^^^^
[INFO] [stdout]    |
[INFO] [stdout]    = help: consider providing a type annotation
[INFO] [stdout]    = warning: this was previously accepted by the compiler but is being phased out; it will become a hard error in a future release!
[INFO] [stdout]    = note: for more information, see issue #156047 <https://github.com/rust-lang/rust/issues/156047>
[INFO] [stdout] 
[INFO] [stdout] 
[INFO] [stdout] error[E0599]: no method named `ok_or` found for type `!` in the current scope
[INFO] [stdout]    --> src/services/po_line_item.rs:121:10
[INFO] [stdout]     |
[INFO] [stdout] 119 |     let line_item = po_line_item::find_by_id(pool, id)
[INFO] [stdout] 120 |         .await?
[INFO] [stdout] 121 |         .ok_or(AppError::NotFound)?;
[INFO] [stdout]     |          ^^^^^ method not found in `!`
[INFO] [stdout] 
[INFO] [stdout] 
[INFO] [stdout] error[E0599]: no method named `ok_or` found for type `!` in the current scope
[INFO] [stdout]   --> src/services/po_item_note.rs:29:10
[INFO] [stdout]    |
[INFO] [stdout] 27 |     po_item::find_by_id(pool, po_item_id)
[INFO] [stdout] 28 |         .await?
[INFO] [stdout] 29 |         .ok_or(AppError::NotFound)?;
[INFO] [stdout]    |          ^^^^^ method not found in `!`
[INFO] [stdout] 
[INFO] [stdout] 
[INFO] [stdout] warning: method call on a diverging inference variable
[INFO] [stdout]    --> src/services/po_line_item.rs:136:53
[INFO] [stdout]     |
[INFO] [stdout] 136 |     let mut details = Vec::with_capacity(line_items.len());
[INFO] [stdout]     |                                                     ^^^
[INFO] [stdout]     |
[INFO] [stdout]     = help: consider providing a type annotation
[INFO] [stdout]     = warning: this was previously accepted by the compiler but is being phased out; it will become a hard error in a future release!
[INFO] [stdout]     = note: for more information, see issue #156047 <https://github.com/rust-lang/rust/issues/156047>
[INFO] [stdout] 
[INFO] [stdout] 
[INFO] [stdout] warning: method call on a diverging inference variable
[INFO] [stdout]   --> src/services/po_line_item.rs:42:10
[INFO] [stdout]    |
[INFO] [stdout] 42 |         .ok_or(AppError::NotFound)?;
[INFO] [stdout]    |          ^^^^^
[INFO] [stdout]    |
[INFO] [stdout]    = help: consider providing a type annotation
[INFO] [stdout]    = warning: this was previously accepted by the compiler but is being phased out; it will become a hard error in a future release!
[INFO] [stdout]    = note: for more information, see issue #156047 <https://github.com/rust-lang/rust/issues/156047>
[INFO] [stdout] 
[INFO] [stdout] 
[INFO] [stdout] error[E0599]: no method named `ok_or` found for type `!` in the current scope
[INFO] [stdout]   --> src/services/po_line_item.rs:42:10
[INFO] [stdout]    |
[INFO] [stdout] 40 |     let item = po_item::find_by_id(pool, po_item_id)
[INFO] [stdout] 41 |         .await?
[INFO] [stdout] 42 |         .ok_or(AppError::NotFound)?;
[INFO] [stdout]    |          ^^^^^ method not found in `!`
[INFO] [stdout] 
[INFO] [stdout] 
[INFO] [stdout] warning: method call on a diverging inference variable
[INFO] [stdout]   --> src/services/po_line_item.rs:46:10
[INFO] [stdout]    |
[INFO] [stdout] 46 |         .ok_or(AppError::NotFound)
[INFO] [stdout]    |          ^^^^^
[INFO] [stdout]    |
[INFO] [stdout]    = help: consider providing a type annotation
[INFO] [stdout]    = warning: this was previously accepted by the compiler but is being phased out; it will become a hard error in a future release!
[INFO] [stdout]    = note: for more information, see issue #156047 <https://github.com/rust-lang/rust/issues/156047>
[INFO] [stdout] 
[INFO] [stdout] 
[INFO] [stdout] error[E0599]: no method named `ok_or` found for type `!` in the current scope
[INFO] [stdout]   --> src/services/po_line_item.rs:46:10
[INFO] [stdout]    |
[INFO] [stdout] 44 |     purchase_order::find_by_id(pool, item.purchase_order_id)
[INFO] [stdout] 45 |         .await?
[INFO] [stdout] 46 |         .ok_or(AppError::NotFound)
[INFO] [stdout]    |          ^^^^^ method not found in `!`
[INFO] [stdout] 
[INFO] [stdout] 
[INFO] [stdout] warning: method call on a diverging inference variable
[INFO] [stdout]   --> src/services/po_line_item.rs:74:10
[INFO] [stdout]    |
[INFO] [stdout] 74 |         .ok_or(AppError::NotFound)?;
[INFO] [stdout]    |          ^^^^^
[INFO] [stdout]    |
[INFO] [stdout]    = help: consider providing a type annotation
[INFO] [stdout]    = warning: this was previously accepted by the compiler but is being phased out; it will become a hard error in a future release!
[INFO] [stdout]    = note: for more information, see issue #156047 <https://github.com/rust-lang/rust/issues/156047>
[INFO] [stdout] 
[INFO] [stdout] 
[INFO] [stdout] error[E0599]: no method named `len` found for type `!` in the current scope
[INFO] [stdout]    --> src/services/po_line_item.rs:136:53
[INFO] [stdout]     |
[INFO] [stdout] 136 |     let mut details = Vec::with_capacity(line_items.len());
[INFO] [stdout]     |                                                     ^^^
[INFO] [stdout]     |
[INFO] [stdout] help: there is a method `le` with a similar name, but with different arguments
[INFO] [stdout]    --> /rustc/3154cc1a3e6424e44f438a95007d043ed5ceaaf6/library/core/src/cmp.rs:1520:4
[INFO] [stdout] 
[INFO] [stdout] 
[INFO] [stdout] warning: unreachable call
[INFO] [stdout]    --> src/services/po_line_item.rs:138:22
[INFO] [stdout]     |
[INFO] [stdout] 138 |     for line_item in line_items {
[INFO] [stdout]     |                      ^^^^^^^^^^
[INFO] [stdout]     |                      |
[INFO] [stdout]     |                      unreachable call
[INFO] [stdout]     |                      any code following this expression is unreachable
[INFO] [stdout] 
[INFO] [stdout] 
[INFO] [stdout] warning: method call on a diverging inference variable
[INFO] [stdout]   --> src/services/po_item.rs:99:10
[INFO] [stdout]    |
[INFO] [stdout] 99 |         .ok_or(AppError::NotFound)?;
[INFO] [stdout]    |          ^^^^^
[INFO] [stdout]    |
[INFO] [stdout]    = help: consider providing a type annotation
[INFO] [stdout]    = warning: this was previously accepted by the compiler but is being phased out; it will become a hard error in a future release!
[INFO] [stdout]    = note: for more information, see issue #156047 <https://github.com/rust-lang/rust/issues/156047>
[INFO] [stdout] 
[INFO] [stdout] 
[INFO] [stdout] error[E0599]: no method named `ok_or` found for type `!` in the current scope
[INFO] [stdout]   --> src/services/po_item.rs:99:10
[INFO] [stdout]    |
[INFO] [stdout] 97 |     let order = purchase_order::find_by_id(pool, purchase_order_id)
[INFO] [stdout] 98 |         .await?
[INFO] [stdout] 99 |         .ok_or(AppError::NotFound)?;
[INFO] [stdout]    |          ^^^^^ method not found in `!`
[INFO] [stdout] 
[INFO] [stdout] 
[INFO] [stdout] warning: method call on a diverging inference variable
[INFO] [stdout]    --> src/services/po_item.rs:133:10
[INFO] [stdout]     |
[INFO] [stdout] 133 |         .ok_or(AppError::NotFound)?;
[INFO] [stdout]     |          ^^^^^
[INFO] [stdout]     |
[INFO] [stdout]     = help: consider providing a type annotation
[INFO] [stdout]     = warning: this was previously accepted by the compiler but is being phased out; it will become a hard error in a future release!
[INFO] [stdout]     = note: for more information, see issue #156047 <https://github.com/rust-lang/rust/issues/156047>
[INFO] [stdout] 
[INFO] [stdout] 
[INFO] [stdout] error[E0599]: no method named `ok_or` found for type `!` in the current scope
[INFO] [stdout]   --> src/services/po_line_item.rs:74:10
[INFO] [stdout]    |
[INFO] [stdout] 72 |     let line_item = po_line_item::find_by_id(pool, id)
[INFO] [stdout] 73 |         .await?
[INFO] [stdout] 74 |         .ok_or(AppError::NotFound)?;
[INFO] [stdout]    |          ^^^^^ method not found in `!`
[INFO] [stdout] 
[INFO] [stdout] 
[INFO] [stdout] warning: method call on a diverging inference variable
[INFO] [stdout]    --> src/services/po_line_item.rs:121:10
[INFO] [stdout]     |
[INFO] [stdout] 121 |         .ok_or(AppError::NotFound)?;
[INFO] [stdout]     |          ^^^^^
[INFO] [stdout]     |
[INFO] [stdout]     = help: consider providing a type annotation
[INFO] [stdout]     = warning: this was previously accepted by the compiler but is being phased out; it will become a hard error in a future release!
[INFO] [stdout]     = note: for more information, see issue #156047 <https://github.com/rust-lang/rust/issues/156047>
[INFO] [stdout] 
[INFO] [stdout] 
[INFO] [stdout] error[E0599]: no method named `ok_or` found for type `!` in the current scope
[INFO] [stdout]    --> src/services/po_item.rs:133:10
[INFO] [stdout]     |
[INFO] [stdout] 131 |     let item = po_item::find_by_id(pool, id)
[INFO] [stdout] 132 |         .await?
[INFO] [stdout] 133 |         .ok_or(AppError::NotFound)?;
[INFO] [stdout]     |          ^^^^^ method not found in `!`
[INFO] [stdout] 
[INFO] [stdout] 
[INFO] [stdout] warning: method call on a diverging inference variable
[INFO] [stdout]    --> src/services/po_item.rs:137:10
[INFO] [stdout]     |
[INFO] [stdout] 137 |         .ok_or(AppError::NotFound)?;
[INFO] [stdout]     |          ^^^^^
[INFO] [stdout]     |
[INFO] [stdout]     = help: consider providing a type annotation
[INFO] [stdout]     = warning: this was previously accepted by the compiler but is being phased out; it will become a hard error in a future release!
[INFO] [stdout]     = note: for more information, see issue #156047 <https://github.com/rust-lang/rust/issues/156047>
[INFO] [stdout] 
[INFO] [stdout] 
[INFO] [stdout] error[E0599]: no method named `ok_or` found for type `!` in the current scope
[INFO] [stdout]    --> src/services/po_item.rs:137:10
[INFO] [stdout]     |
[INFO] [stdout] 135 |     let order = purchase_order::find_by_id(pool, item.purchase_order_id)
[INFO] [stdout] 136 |         .await?
[INFO] [stdout] 137 |         .ok_or(AppError::NotFound)?;
[INFO] [stdout]     |          ^^^^^ method not found in `!`
[INFO] [stdout] 
[INFO] [stdout] 
[INFO] [stdout] warning: method call on a diverging inference variable
[INFO] [stdout]    --> src/services/po_item.rs:163:10
[INFO] [stdout]     |
[INFO] [stdout] 163 |         .ok_or(AppError::NotFound)?;
[INFO] [stdout]     |          ^^^^^
[INFO] [stdout]     |
[INFO] [stdout]     = help: consider providing a type annotation
[INFO] [stdout]     = warning: this was previously accepted by the compiler but is being phased out; it will become a hard error in a future release!
[INFO] [stdout]     = note: for more information, see issue #156047 <https://github.com/rust-lang/rust/issues/156047>
[INFO] [stdout] 
[INFO] [stdout] 
[INFO] [stdout] error[E0599]: no method named `ok_or` found for type `!` in the current scope
[INFO] [stdout]    --> src/services/po_line_item.rs:121:10
[INFO] [stdout]     |
[INFO] [stdout] 119 |     let line_item = po_line_item::find_by_id(pool, id)
[INFO] [stdout] 120 |         .await?
[INFO] [stdout] 121 |         .ok_or(AppError::NotFound)?;
[INFO] [stdout]     |          ^^^^^ method not found in `!`
[INFO] [stdout] 
[INFO] [stdout] 
[INFO] [stdout] warning: method call on a diverging inference variable
[INFO] [stdout]    --> src/services/po_line_item.rs:136:53
[INFO] [stdout]     |
[INFO] [stdout] 136 |     let mut details = Vec::with_capacity(line_items.len());
[INFO] [stdout]     |                                                     ^^^
[INFO] [stdout]     |
[INFO] [stdout]     = help: consider providing a type annotation
[INFO] [stdout]     = warning: this was previously accepted by the compiler but is being phased out; it will become a hard error in a future release!
[INFO] [stdout]     = note: for more information, see issue #156047 <https://github.com/rust-lang/rust/issues/156047>
[INFO] [stdout] 
[INFO] [stdout] 
[INFO] [stdout] error[E0599]: no method named `ok_or` found for type `!` in the current scope
[INFO] [stdout]    --> src/services/po_item.rs:163:10
[INFO] [stdout]     |
[INFO] [stdout] 161 |     let item = po_item::find_by_id(pool, id)
[INFO] [stdout] 162 |         .await?
[INFO] [stdout] 163 |         .ok_or(AppError::NotFound)?;
[INFO] [stdout]     |          ^^^^^ method not found in `!`
[INFO] [stdout] 
[INFO] [stdout] 
[INFO] [stdout] warning: method call on a diverging inference variable
[INFO] [stdout]    --> src/services/po_item.rs:210:48
[INFO] [stdout]     |
[INFO] [stdout] 210 |     let mut details = Vec::with_capacity(items.len());
[INFO] [stdout]     |                                                ^^^
[INFO] [stdout]     |
[INFO] [stdout]     = help: consider providing a type annotation
[INFO] [stdout]     = warning: this was previously accepted by the compiler but is being phased out; it will become a hard error in a future release!
[INFO] [stdout]     = note: for more information, see issue #156047 <https://github.com/rust-lang/rust/issues/156047>
[INFO] [stdout] 
[INFO] [stdout] 
[INFO] [stdout] error[E0599]: no method named `len` found for type `!` in the current scope
[INFO] [stdout]    --> src/services/po_item.rs:210:48
[INFO] [stdout]     |
[INFO] [stdout] 210 |     let mut details = Vec::with_capacity(items.len());
[INFO] [stdout]     |                                                ^^^
[INFO] [stdout]     |
[INFO] [stdout] help: there is a method `le` with a similar name, but with different arguments
[INFO] [stdout]    --> /rustc/3154cc1a3e6424e44f438a95007d043ed5ceaaf6/library/core/src/cmp.rs:1520:4
[INFO] [stdout] 
[INFO] [stdout] 
[INFO] [stdout] warning: unreachable call
[INFO] [stdout]    --> src/services/po_item.rs:212:17
[INFO] [stdout]     |
[INFO] [stdout] 212 |     for item in items {
[INFO] [stdout]     |                 ^^^^^
[INFO] [stdout]     |                 |
[INFO] [stdout]     |                 unreachable call
[INFO] [stdout]     |                 any code following this expression is unreachable
[INFO] [stdout] 
[INFO] [stdout] 
[INFO] [stdout] warning: method call on a diverging inference variable
[INFO] [stdout]   --> src/services/purchase_order.rs:43:10
[INFO] [stdout]    |
[INFO] [stdout] 43 |         .ok_or(AppError::NotFound)?;
[INFO] [stdout]    |          ^^^^^
[INFO] [stdout]    |
[INFO] [stdout]    = help: consider providing a type annotation
[INFO] [stdout]    = warning: this was previously accepted by the compiler but is being phased out; it will become a hard error in a future release!
[INFO] [stdout]    = note: for more information, see issue #156047 <https://github.com/rust-lang/rust/issues/156047>
[INFO] [stdout] 
[INFO] [stdout] 
[INFO] [stdout] error[E0599]: no method named `ok_or` found for type `!` in the current scope
[INFO] [stdout]   --> src/services/purchase_order.rs:43:10
[INFO] [stdout]    |
[INFO] [stdout] 41 |     let supplier = supplier::find_by_id(pool, supplier_id)
[INFO] [stdout] 42 |         .await?
[INFO] [stdout] 43 |         .ok_or(AppError::NotFound)?;
[INFO] [stdout]    |          ^^^^^ method not found in `!`
[INFO] [stdout] 
[INFO] [stdout] 
[INFO] [stdout] error[E0599]: no method named `len` found for type `!` in the current scope
[INFO] [stdout]    --> src/services/po_line_item.rs:136:53
[INFO] [stdout]     |
[INFO] [stdout] 136 |     let mut details = Vec::with_capacity(line_items.len());
[INFO] [stdout]     |                                                     ^^^
[INFO] [stdout]     |
[INFO] [stdout] help: there is a method `le` with a similar name, but with different arguments
[INFO] [stdout]    --> /rustc/3154cc1a3e6424e44f438a95007d043ed5ceaaf6/library/core/src/cmp.rs:1520:4
[INFO] [stdout] 
[INFO] [stdout] 
[INFO] [stdout] warning: unreachable call
[INFO] [stdout]    --> src/services/po_line_item.rs:138:22
[INFO] [stdout]     |
[INFO] [stdout] 138 |     for line_item in line_items {
[INFO] [stdout]     |                      ^^^^^^^^^^
[INFO] [stdout]     |                      |
[INFO] [stdout]     |                      unreachable call
[INFO] [stdout]     |                      any code following this expression is unreachable
[INFO] [stdout] 
[INFO] [stdout] 
[INFO] [stdout] warning: method call on a diverging inference variable
[INFO] [stdout]    --> src/services/purchase_order.rs:119:10
[INFO] [stdout]     |
[INFO] [stdout] 119 |         .ok_or(AppError::NotFound)?;
[INFO] [stdout]     |          ^^^^^
[INFO] [stdout]     |
[INFO] [stdout]     = help: consider providing a type annotation
[INFO] [stdout]     = warning: this was previously accepted by the compiler but is being phased out; it will become a hard error in a future release!
[INFO] [stdout]     = note: for more information, see issue #156047 <https://github.com/rust-lang/rust/issues/156047>
[INFO] [stdout] 
[INFO] [stdout] 
[INFO] [stdout] warning: method call on a diverging inference variable
[INFO] [stdout]   --> src/services/po_item.rs:99:10
[INFO] [stdout]    |
[INFO] [stdout] 99 |         .ok_or(AppError::NotFound)?;
[INFO] [stdout]    |          ^^^^^
[INFO] [stdout]    |
[INFO] [stdout]    = help: consider providing a type annotation
[INFO] [stdout]    = warning: this was previously accepted by the compiler but is being phased out; it will become a hard error in a future release!
[INFO] [stdout]    = note: for more information, see issue #156047 <https://github.com/rust-lang/rust/issues/156047>
[INFO] [stdout] 
[INFO] [stdout] 
[INFO] [stdout] error[E0599]: no method named `ok_or` found for type `!` in the current scope
[INFO] [stdout]    --> src/services/purchase_order.rs:119:10
[INFO] [stdout]     |
[INFO] [stdout] 117 |     let order = purchase_order::find_by_id(pool, id)
[INFO] [stdout] 118 |         .await?
[INFO] [stdout] 119 |         .ok_or(AppError::NotFound)?;
[INFO] [stdout]     |          ^^^^^ method not found in `!`
[INFO] [stdout] 
[INFO] [stdout] 
[INFO] [stdout] warning: method call on a diverging inference variable
[INFO] [stdout]    --> src/services/purchase_order.rs:175:10
[INFO] [stdout]     |
[INFO] [stdout] 175 |         .ok_or(AppError::NotFound)?;
[INFO] [stdout]     |          ^^^^^
[INFO] [stdout]     |
[INFO] [stdout]     = help: consider providing a type annotation
[INFO] [stdout]     = warning: this was previously accepted by the compiler but is being phased out; it will become a hard error in a future release!
[INFO] [stdout]     = note: for more information, see issue #156047 <https://github.com/rust-lang/rust/issues/156047>
[INFO] [stdout] 
[INFO] [stdout] 
[INFO] [stdout] error[E0599]: no method named `ok_or` found for type `!` in the current scope
[INFO] [stdout]   --> src/services/po_item.rs:99:10
[INFO] [stdout]    |
[INFO] [stdout] 97 |     let order = purchase_order::find_by_id(pool, purchase_order_id)
[INFO] [stdout] 98 |         .await?
[INFO] [stdout] 99 |         .ok_or(AppError::NotFound)?;
[INFO] [stdout]    |          ^^^^^ method not found in `!`
[INFO] [stdout] 
[INFO] [stdout] 
[INFO] [stdout] warning: method call on a diverging inference variable
[INFO] [stdout]    --> src/services/po_item.rs:133:10
[INFO] [stdout]     |
[INFO] [stdout] 133 |         .ok_or(AppError::NotFound)?;
[INFO] [stdout]     |          ^^^^^
[INFO] [stdout]     |
[INFO] [stdout]     = help: consider providing a type annotation
[INFO] [stdout]     = warning: this was previously accepted by the compiler but is being phased out; it will become a hard error in a future release!
[INFO] [stdout]     = note: for more information, see issue #156047 <https://github.com/rust-lang/rust/issues/156047>
[INFO] [stdout] 
[INFO] [stdout] 
[INFO] [stdout] error[E0599]: no method named `ok_or` found for type `!` in the current scope
[INFO] [stdout]    --> src/services/purchase_order.rs:175:10
[INFO] [stdout]     |
[INFO] [stdout] 173 |     let order = purchase_order::find_by_id(pool, id)
[INFO] [stdout] 174 |         .await?
[INFO] [stdout] 175 |         .ok_or(AppError::NotFound)?;
[INFO] [stdout]     |          ^^^^^ method not found in `!`
[INFO] [stdout] 
[INFO] [stdout] 
[INFO] [stdout] warning: method call on a diverging inference variable
[INFO] [stdout]    --> src/services/purchase_order.rs:224:10
[INFO] [stdout]     |
[INFO] [stdout] 224 |         .ok_or(AppError::NotFound)?;
[INFO] [stdout]     |          ^^^^^
[INFO] [stdout]     |
[INFO] [stdout]     = help: consider providing a type annotation
[INFO] [stdout]     = warning: this was previously accepted by the compiler but is being phased out; it will become a hard error in a future release!
[INFO] [stdout]     = note: for more information, see issue #156047 <https://github.com/rust-lang/rust/issues/156047>
[INFO] [stdout] 
[INFO] [stdout] 
[INFO] [stdout] error[E0599]: no method named `ok_or` found for type `!` in the current scope
[INFO] [stdout]    --> src/services/po_item.rs:133:10
[INFO] [stdout]     |
[INFO] [stdout] 131 |     let item = po_item::find_by_id(pool, id)
[INFO] [stdout] 132 |         .await?
[INFO] [stdout] 133 |         .ok_or(AppError::NotFound)?;
[INFO] [stdout]     |          ^^^^^ method not found in `!`
[INFO] [stdout] 
[INFO] [stdout] 
[INFO] [stdout] warning: method call on a diverging inference variable
[INFO] [stdout]    --> src/services/po_item.rs:137:10
[INFO] [stdout]     |
[INFO] [stdout] 137 |         .ok_or(AppError::NotFound)?;
[INFO] [stdout]     |          ^^^^^
[INFO] [stdout]     |
[INFO] [stdout]     = help: consider providing a type annotation
[INFO] [stdout]     = warning: this was previously accepted by the compiler but is being phased out; it will become a hard error in a future release!
[INFO] [stdout]     = note: for more information, see issue #156047 <https://github.com/rust-lang/rust/issues/156047>
[INFO] [stdout] 
[INFO] [stdout] 
[INFO] [stdout] error[E0599]: no method named `ok_or` found for type `!` in the current scope
[INFO] [stdout]    --> src/services/po_item.rs:137:10
[INFO] [stdout]     |
[INFO] [stdout] 135 |     let order = purchase_order::find_by_id(pool, item.purchase_order_id)
[INFO] [stdout] 136 |         .await?
[INFO] [stdout] 137 |         .ok_or(AppError::NotFound)?;
[INFO] [stdout]     |          ^^^^^ method not found in `!`
[INFO] [stdout] 
[INFO] [stdout] 
[INFO] [stdout] warning: method call on a diverging inference variable
[INFO] [stdout]    --> src/services/po_item.rs:163:10
[INFO] [stdout]     |
[INFO] [stdout] 163 |         .ok_or(AppError::NotFound)?;
[INFO] [stdout]     |          ^^^^^
[INFO] [stdout]     |
[INFO] [stdout]     = help: consider providing a type annotation
[INFO] [stdout]     = warning: this was previously accepted by the compiler but is being phased out; it will become a hard error in a future release!
[INFO] [stdout]     = note: for more information, see issue #156047 <https://github.com/rust-lang/rust/issues/156047>
[INFO] [stdout] 
[INFO] [stdout] 
[INFO] [stdout] error[E0599]: no method named `ok_or` found for type `!` in the current scope
[INFO] [stdout]    --> src/services/po_item.rs:163:10
[INFO] [stdout]     |
[INFO] [stdout] 161 |     let item = po_item::find_by_id(pool, id)
[INFO] [stdout] 162 |         .await?
[INFO] [stdout] 163 |         .ok_or(AppError::NotFound)?;
[INFO] [stdout]     |          ^^^^^ method not found in `!`
[INFO] [stdout] 
[INFO] [stdout] 
[INFO] [stdout] warning: method call on a diverging inference variable
[INFO] [stdout]    --> src/services/po_item.rs:210:48
[INFO] [stdout]     |
[INFO] [stdout] 210 |     let mut details = Vec::with_capacity(items.len());
[INFO] [stdout]     |                                                ^^^
[INFO] [stdout]     |
[INFO] [stdout]     = help: consider providing a type annotation
[INFO] [stdout]     = warning: this was previously accepted by the compiler but is being phased out; it will become a hard error in a future release!
[INFO] [stdout]     = note: for more information, see issue #156047 <https://github.com/rust-lang/rust/issues/156047>
[INFO] [stdout] 
[INFO] [stdout] 
[INFO] [stdout] error[E0599]: no method named `ok_or` found for type `!` in the current scope
[INFO] [stdout]    --> src/services/purchase_order.rs:224:10
[INFO] [stdout]     |
[INFO] [stdout] 222 |     purchase_order::find_by_id(pool, id)
[INFO] [stdout] 223 |         .await?
[INFO] [stdout] 224 |         .ok_or(AppError::NotFound)?;
[INFO] [stdout]     |          ^^^^^ method not found in `!`
[INFO] [stdout] 
[INFO] [stdout] 
[INFO] [stdout] warning: method call on a diverging inference variable
[INFO] [stdout]    --> src/services/purchase_order.rs:239:10
[INFO] [stdout]     |
[INFO] [stdout] 239 |         .ok_or(AppError::NotFound)?;
[INFO] [stdout]     |          ^^^^^
[INFO] [stdout]     |
[INFO] [stdout]     = help: consider providing a type annotation
[INFO] [stdout]     = warning: this was previously accepted by the compiler but is being phased out; it will become a hard error in a future release!
[INFO] [stdout]     = note: for more information, see issue #156047 <https://github.com/rust-lang/rust/issues/156047>
[INFO] [stdout] 
[INFO] [stdout] 
[INFO] [stdout] error[E0599]: no method named `len` found for type `!` in the current scope
[INFO] [stdout]    --> src/services/po_item.rs:210:48
[INFO] [stdout]     |
[INFO] [stdout] 210 |     let mut details = Vec::with_capacity(items.len());
[INFO] [stdout]     |                                                ^^^
[INFO] [stdout]     |
[INFO] [stdout] help: there is a method `le` with a similar name, but with different arguments
[INFO] [stdout]    --> /rustc/3154cc1a3e6424e44f438a95007d043ed5ceaaf6/library/core/src/cmp.rs:1520:4
[INFO] [stdout] 
[INFO] [stdout] 
[INFO] [stdout] warning: unreachable call
[INFO] [stdout]    --> src/services/po_item.rs:212:17
[INFO] [stdout]     |
[INFO] [stdout] 212 |     for item in items {
[INFO] [stdout]     |                 ^^^^^
[INFO] [stdout]     |                 |
[INFO] [stdout]     |                 unreachable call
[INFO] [stdout]     |                 any code following this expression is unreachable
[INFO] [stdout] 
[INFO] [stdout] 
[INFO] [stdout] warning: method call on a diverging inference variable
[INFO] [stdout]   --> src/services/purchase_order.rs:43:10
[INFO] [stdout]    |
[INFO] [stdout] 43 |         .ok_or(AppError::NotFound)?;
[INFO] [stdout]    |          ^^^^^
[INFO] [stdout]    |
[INFO] [stdout]    = help: consider providing a type annotation
[INFO] [stdout]    = warning: this was previously accepted by the compiler but is being phased out; it will become a hard error in a future release!
[INFO] [stdout]    = note: for more information, see issue #156047 <https://github.com/rust-lang/rust/issues/156047>
[INFO] [stdout] 
[INFO] [stdout] 
[INFO] [stdout] error[E0599]: no method named `ok_or` found for type `!` in the current scope
[INFO] [stdout]    --> src/services/purchase_order.rs:239:10
[INFO] [stdout]     |
[INFO] [stdout] 237 |     let order = purchase_order::find_by_id(pool, id)
[INFO] [stdout] 238 |         .await?
[INFO] [stdout] 239 |         .ok_or(AppError::NotFound)?;
[INFO] [stdout]     |          ^^^^^ method not found in `!`
[INFO] [stdout] 
[INFO] [stdout] 
[INFO] [stdout] error[E0599]: no method named `ok_or` found for type `!` in the current scope
[INFO] [stdout]   --> src/services/purchase_order.rs:43:10
[INFO] [stdout]    |
[INFO] [stdout] 41 |     let supplier = supplier::find_by_id(pool, supplier_id)
[INFO] [stdout] 42 |         .await?
[INFO] [stdout] 43 |         .ok_or(AppError::NotFound)?;
[INFO] [stdout]    |          ^^^^^ method not found in `!`
[INFO] [stdout] 
[INFO] [stdout] 
[INFO] [stdout] warning: method call on a diverging inference variable
[INFO] [stdout]    --> src/services/purchase_order.rs:253:10
[INFO] [stdout]     |
[INFO] [stdout] 253 |         .ok_or(AppError::NotFound)?;
[INFO] [stdout]     |          ^^^^^
[INFO] [stdout]     |
[INFO] [stdout]     = help: consider providing a type annotation
[INFO] [stdout]     = warning: this was previously accepted by the compiler but is being phased out; it will become a hard error in a future release!
[INFO] [stdout]     = note: for more information, see issue #156047 <https://github.com/rust-lang/rust/issues/156047>
[INFO] [stdout] 
[INFO] [stdout] 
[INFO] [stdout] warning: method call on a diverging inference variable
[INFO] [stdout]    --> src/services/purchase_order.rs:119:10
[INFO] [stdout]     |
[INFO] [stdout] 119 |         .ok_or(AppError::NotFound)?;
[INFO] [stdout]     |          ^^^^^
[INFO] [stdout]     |
[INFO] [stdout]     = help: consider providing a type annotation
[INFO] [stdout]     = warning: this was previously accepted by the compiler but is being phased out; it will become a hard error in a future release!
[INFO] [stdout]     = note: for more information, see issue #156047 <https://github.com/rust-lang/rust/issues/156047>
[INFO] [stdout] 
[INFO] [stdout] 
[INFO] [stdout] error[E0599]: no method named `ok_or` found for type `!` in the current scope
[INFO] [stdout]    --> src/services/purchase_order.rs:253:10
[INFO] [stdout]     |
[INFO] [stdout] 251 |     let order = purchase_order::find_by_id(pool, id)
[INFO] [stdout] 252 |         .await?
[INFO] [stdout] 253 |         .ok_or(AppError::NotFound)?;
[INFO] [stdout]     |          ^^^^^ method not found in `!`
[INFO] [stdout] 
[INFO] [stdout] 
[INFO] [stdout] error[E0599]: no method named `ok_or` found for type `!` in the current scope
[INFO] [stdout]    --> src/services/purchase_order.rs:119:10
[INFO] [stdout]     |
[INFO] [stdout] 117 |     let order = purchase_order::find_by_id(pool, id)
[INFO] [stdout] 118 |         .await?
[INFO] [stdout] 119 |         .ok_or(AppError::NotFound)?;
[INFO] [stdout]     |          ^^^^^ method not found in `!`
[INFO] [stdout] 
[INFO] [stdout] 
[INFO] [stdout] warning: method call on a diverging inference variable
[INFO] [stdout]    --> src/services/purchase_order.rs:175:10
[INFO] [stdout]     |
[INFO] [stdout] 175 |         .ok_or(AppError::NotFound)?;
[INFO] [stdout]     |          ^^^^^
[INFO] [stdout]     |
[INFO] [stdout]     = help: consider providing a type annotation
[INFO] [stdout]     = warning: this was previously accepted by the compiler but is being phased out; it will become a hard error in a future release!
[INFO] [stdout]     = note: for more information, see issue #156047 <https://github.com/rust-lang/rust/issues/156047>
[INFO] [stdout] 
[INFO] [stdout] 
[INFO] [stdout] warning: method call on a diverging inference variable
[INFO] [stdout]   --> src/services/po_receipt.rs:30:10
[INFO] [stdout]    |
[INFO] [stdout] 30 |         .ok_or(AppError::NotFound)?;
[INFO] [stdout]    |          ^^^^^
[INFO] [stdout]    |
[INFO] [stdout]    = help: consider providing a type annotation
[INFO] [stdout]    = warning: this was previously accepted by the compiler but is being phased out; it will become a hard error in a future release!
[INFO] [stdout]    = note: for more information, see issue #156047 <https://github.com/rust-lang/rust/issues/156047>
[INFO] [stdout] 
[INFO] [stdout] 
[INFO] [stdout] error[E0599]: no method named `ok_or` found for type `!` in the current scope
[INFO] [stdout]    --> src/services/purchase_order.rs:175:10
[INFO] [stdout]     |
[INFO] [stdout] 173 |     let order = purchase_order::find_by_id(pool, id)
[INFO] [stdout] 174 |         .await?
[INFO] [stdout] 175 |         .ok_or(AppError::NotFound)?;
[INFO] [stdout]     |          ^^^^^ method not found in `!`
[INFO] [stdout] 
[INFO] [stdout] 
[INFO] [stdout] warning: method call on a diverging inference variable
[INFO] [stdout]    --> src/services/purchase_order.rs:224:10
[INFO] [stdout]     |
[INFO] [stdout] 224 |         .ok_or(AppError::NotFound)?;
[INFO] [stdout]     |          ^^^^^
[INFO] [stdout]     |
[INFO] [stdout]     = help: consider providing a type annotation
[INFO] [stdout]     = warning: this was previously accepted by the compiler but is being phased out; it will become a hard error in a future release!
[INFO] [stdout]     = note: for more information, see issue #156047 <https://github.com/rust-lang/rust/issues/156047>
[INFO] [stdout] 
[INFO] [stdout] 
[INFO] [stdout] error[E0599]: no method named `ok_or` found for type `!` in the current scope
[INFO] [stdout]    --> src/services/purchase_order.rs:224:10
[INFO] [stdout]     |
[INFO] [stdout] 222 |     purchase_order::find_by_id(pool, id)
[INFO] [stdout] 223 |         .await?
[INFO] [stdout] 224 |         .ok_or(AppError::NotFound)?;
[INFO] [stdout]     |          ^^^^^ method not found in `!`
[INFO] [stdout] 
[INFO] [stdout] 
[INFO] [stdout] warning: method call on a diverging inference variable
[INFO] [stdout]    --> src/services/purchase_order.rs:239:10
[INFO] [stdout]     |
[INFO] [stdout] 239 |         .ok_or(AppError::NotFound)?;
[INFO] [stdout]     |          ^^^^^
[INFO] [stdout]     |
[INFO] [stdout]     = help: consider providing a type annotation
[INFO] [stdout]     = warning: this was previously accepted by the compiler but is being phased out; it will become a hard error in a future release!
[INFO] [stdout]     = note: for more information, see issue #156047 <https://github.com/rust-lang/rust/issues/156047>
[INFO] [stdout] 
[INFO] [stdout] 
[INFO] [stdout] error[E0599]: no method named `ok_or` found for type `!` in the current scope
[INFO] [stdout]   --> src/services/po_receipt.rs:30:10
[INFO] [stdout]    |
[INFO] [stdout] 28 |     let order = purchase_order::find_by_id(pool, purchase_order_id)
[INFO] [stdout] 29 |         .await?
[INFO] [stdout] 30 |         .ok_or(AppError::NotFound)?;
[INFO] [stdout]    |          ^^^^^ method not found in `!`
[INFO] [stdout] 
[INFO] [stdout] 
[INFO] [stdout] error[E0599]: no method named `ok_or` found for type `!` in the current scope
[INFO] [stdout]    --> src/services/purchase_order.rs:239:10
[INFO] [stdout]     |
[INFO] [stdout] 237 |     let order = purchase_order::find_by_id(pool, id)
[INFO] [stdout] 238 |         .await?
[INFO] [stdout] 239 |         .ok_or(AppError::NotFound)?;
[INFO] [stdout]     |          ^^^^^ method not found in `!`
[INFO] [stdout] 
[INFO] [stdout] 
[INFO] [stdout] warning: method call on a diverging inference variable
[INFO] [stdout]    --> src/services/purchase_order.rs:253:10
[INFO] [stdout]     |
[INFO] [stdout] 253 |         .ok_or(AppError::NotFound)?;
[INFO] [stdout]     |          ^^^^^
[INFO] [stdout]     |
[INFO] [stdout]     = help: consider providing a type annotation
[INFO] [stdout]     = warning: this was previously accepted by the compiler but is being phased out; it will become a hard error in a future release!
[INFO] [stdout]     = note: for more information, see issue #156047 <https://github.com/rust-lang/rust/issues/156047>
[INFO] [stdout] 
[INFO] [stdout] 
[INFO] [stdout] warning: method call on a diverging inference variable
[INFO] [stdout]   --> src/services/po_receipt.rs:51:14
[INFO] [stdout]    |
[INFO] [stdout] 51 |             .ok_or(AppError::NotFound)?;
[INFO] [stdout]    |              ^^^^^
[INFO] [stdout]    |
[INFO] [stdout]    = help: consider providing a type annotation
[INFO] [stdout]    = warning: this was previously accepted by the compiler but is being phased out; it will become a hard error in a future release!
[INFO] [stdout]    = note: for more information, see issue #156047 <https://github.com/rust-lang/rust/issues/156047>
[INFO] [stdout] 
[INFO] [stdout] 
[INFO] [stdout] error[E0599]: no method named `ok_or` found for type `!` in the current scope
[INFO] [stdout]    --> src/services/purchase_order.rs:253:10
[INFO] [stdout]     |
[INFO] [stdout] 251 |     let order = purchase_order::find_by_id(pool, id)
[INFO] [stdout] 252 |         .await?
[INFO] [stdout] 253 |         .ok_or(AppError::NotFound)?;
[INFO] [stdout]     |          ^^^^^ method not found in `!`
[INFO] [stdout] 
[INFO] [stdout] 
[INFO] [stdout] error[E0599]: no method named `ok_or` found for type `!` in the current scope
[INFO] [stdout]   --> src/services/po_receipt.rs:51:14
[INFO] [stdout]    |
[INFO] [stdout] 49 |         let line_item = po_line_item::find_by_id(pool, line.po_line_item_id)
[INFO] [stdout] 50 |             .await?
[INFO] [stdout] 51 |             .ok_or(AppError::NotFound)?;
[INFO] [stdout]    |              ^^^^^ method not found in `!`
[INFO] [stdout] 
[INFO] [stdout] 
[INFO] [stdout] warning: method call on a diverging inference variable
[INFO] [stdout]   --> src/services/po_receipt.rs:55:14
[INFO] [stdout]    |
[INFO] [stdout] 55 |             .ok_or(AppError::NotFound)?;
[INFO] [stdout]    |              ^^^^^
[INFO] [stdout]    |
[INFO] [stdout]    = help: consider providing a type annotation
[INFO] [stdout]    = warning: this was previously accepted by the compiler but is being phased out; it will become a hard error in a future release!
[INFO] [stdout]    = note: for more information, see issue #156047 <https://github.com/rust-lang/rust/issues/156047>
[INFO] [stdout] 
[INFO] [stdout] 
[INFO] [stdout] error[E0599]: no method named `ok_or` found for type `!` in the current scope
[INFO] [stdout]   --> src/services/po_receipt.rs:55:14
[INFO] [stdout]    |
[INFO] [stdout] 53 |         let item = po_item::find_by_id(pool, line_item.po_item_id)
[INFO] [stdout] 54 |             .await?
[INFO] [stdout] 55 |             .ok_or(AppError::NotFound)?;
[INFO] [stdout]    |              ^^^^^ method not found in `!`
[INFO] [stdout] 
[INFO] [stdout] 
[INFO] [stdout] warning: method call on a diverging inference variable
[INFO] [stdout]   --> src/services/po_defect.rs:35:10
[INFO] [stdout]    |
[INFO] [stdout] 35 |         .ok_or(AppError::NotFound)?;
[INFO] [stdout]    |          ^^^^^
[INFO] [stdout]    |
[INFO] [stdout]    = help: consider providing a type annotation
[INFO] [stdout]    = warning: this was previously accepted by the compiler but is being phased out; it will become a hard error in a future release!
[INFO] [stdout]    = note: for more information, see issue #156047 <https://github.com/rust-lang/rust/issues/156047>
[INFO] [stdout] 
[INFO] [stdout] 
[INFO] [stdout] error[E0599]: no method named `ok_or` found for type `!` in the current scope
[INFO] [stdout]   --> src/services/po_defect.rs:35:10
[INFO] [stdout]    |
[INFO] [stdout] 33 |     let line_item = po_line_item::find_by_id(pool, po_line_item_id)
[INFO] [stdout] 34 |         .await?
[INFO] [stdout] 35 |         .ok_or(AppError::NotFound)?;
[INFO] [stdout]    |          ^^^^^ method not found in `!`
[INFO] [stdout] 
[INFO] [stdout] 
[INFO] [stdout] warning: method call on a diverging inference variable
[INFO] [stdout]   --> src/services/po_defect.rs:39:10
[INFO] [stdout]    |
[INFO] [stdout] 39 |         .ok_or(AppError::NotFound)?;
[INFO] [stdout]    |          ^^^^^
[INFO] [stdout]    |
[INFO] [stdout]    = help: consider providing a type annotation
[INFO] [stdout]    = warning: this was previously accepted by the compiler but is being phased out; it will become a hard error in a future release!
[INFO] [stdout]    = note: for more information, see issue #156047 <https://github.com/rust-lang/rust/issues/156047>
[INFO] [stdout] 
[INFO] [stdout] 
[INFO] [stdout] warning: method call on a diverging inference variable
[INFO] [stdout]   --> src/services/po_receipt.rs:30:10
[INFO] [stdout]    |
[INFO] [stdout] 30 |         .ok_or(AppError::NotFound)?;
[INFO] [stdout]    |          ^^^^^
[INFO] [stdout]    |
[INFO] [stdout]    = help: consider providing a type annotation
[INFO] [stdout]    = warning: this was previously accepted by the compiler but is being phased out; it will become a hard error in a future release!
[INFO] [stdout]    = note: for more information, see issue #156047 <https://github.com/rust-lang/rust/issues/156047>
[INFO] [stdout] 
[INFO] [stdout] 
[INFO] [stdout] error[E0599]: no method named `ok_or` found for type `!` in the current scope
[INFO] [stdout]   --> src/services/po_defect.rs:39:10
[INFO] [stdout]    |
[INFO] [stdout] 37 |     let item = po_item::find_by_id(pool, line_item.po_item_id)
[INFO] [stdout] 38 |         .await?
[INFO] [stdout] 39 |         .ok_or(AppError::NotFound)?;
[INFO] [stdout]    |          ^^^^^ method not found in `!`
[INFO] [stdout] 
[INFO] [stdout] 
[INFO] [stdout] warning: method call on a diverging inference variable
[INFO] [stdout]   --> src/services/po_defect.rs:43:10
[INFO] [stdout]    |
[INFO] [stdout] 43 |         .ok_or(AppError::NotFound)?;
[INFO] [stdout]    |          ^^^^^
[INFO] [stdout]    |
[INFO] [stdout]    = help: consider providing a type annotation
[INFO] [stdout]    = warning: this was previously accepted by the compiler but is being phased out; it will become a hard error in a future release!
[INFO] [stdout]    = note: for more information, see issue #156047 <https://github.com/rust-lang/rust/issues/156047>
[INFO] [stdout] 
[INFO] [stdout] 
[INFO] [stdout] error[E0599]: no method named `ok_or` found for type `!` in the current scope
[INFO] [stdout]   --> src/services/po_defect.rs:43:10
[INFO] [stdout]    |
[INFO] [stdout] 41 |     let order = purchase_order::find_by_id(pool, item.purchase_order_id)
[INFO] [stdout] 42 |         .await?
[INFO] [stdout] 43 |         .ok_or(AppError::NotFound)?;
[INFO] [stdout]    |          ^^^^^ method not found in `!`
[INFO] [stdout] 
[INFO] [stdout] 
[INFO] [stdout] warning: method call on a diverging inference variable
[INFO] [stdout]   --> src/services/po_defect.rs:93:10
[INFO] [stdout]    |
[INFO] [stdout] 93 |         .ok_or(AppError::NotFound)?;
[INFO] [stdout]    |          ^^^^^
[INFO] [stdout]    |
[INFO] [stdout]    = help: consider providing a type annotation
[INFO] [stdout]    = warning: this was previously accepted by the compiler but is being phased out; it will become a hard error in a future release!
[INFO] [stdout]    = note: for more information, see issue #156047 <https://github.com/rust-lang/rust/issues/156047>
[INFO] [stdout] 
[INFO] [stdout] 
[INFO] [stdout] error[E0599]: no method named `ok_or` found for type `!` in the current scope
[INFO] [stdout]   --> src/services/po_defect.rs:93:10
[INFO] [stdout]    |
[INFO] [stdout] 91 |     let existing = po_defect::find_by_id(pool, defect_id)
[INFO] [stdout] 92 |         .await?
[INFO] [stdout] 93 |         .ok_or(AppError::NotFound)?;
[INFO] [stdout]    |          ^^^^^ method not found in `!`
[INFO] [stdout] 
[INFO] [stdout] 
[INFO] [stdout] warning: method call on a diverging inference variable
[INFO] [stdout]    --> src/services/po_dashboard.rs:123:59
[INFO] [stdout]     |
[INFO] [stdout] 123 |     let mut recent_orders = Vec::with_capacity(recent_raw.len());
[INFO] [stdout]     |                                                           ^^^
[INFO] [stdout]     |
[INFO] [stdout]     = help: consider providing a type annotation
[INFO] [stdout]     = warning: this was previously accepted by the compiler but is being phased out; it will become a hard error in a future release!
[INFO] [stdout]     = note: for more information, see issue #156047 <https://github.com/rust-lang/rust/issues/156047>
[INFO] [stdout] 
[INFO] [stdout] 
[INFO] [stdout] error[E0599]: no method named `len` found for type `!` in the current scope
[INFO] [stdout]    --> src/services/po_dashboard.rs:123:59
[INFO] [stdout]     |
[INFO] [stdout] 123 |     let mut recent_orders = Vec::with_capacity(recent_raw.len());
[INFO] [stdout]     |                                                           ^^^
[INFO] [stdout]     |
[INFO] [stdout] help: there is a method `le` with a similar name, but with different arguments
[INFO] [stdout]    --> /rustc/3154cc1a3e6424e44f438a95007d043ed5ceaaf6/library/core/src/cmp.rs:1520:4
[INFO] [stdout] 
[INFO] [stdout] 
[INFO] [stdout] warning: unreachable call
[INFO] [stdout]    --> src/services/po_dashboard.rs:125:18
[INFO] [stdout]     |
[INFO] [stdout] 125 |     for order in recent_raw {
[INFO] [stdout]     |                  ^^^^^^^^^^
[INFO] [stdout]     |                  |
[INFO] [stdout]     |                  unreachable call
[INFO] [stdout]     |                  any code following this expression is unreachable
[INFO] [stdout] 
[INFO] [stdout] 
[INFO] [stdout] error[E0599]: no method named `ok_or` found for type `!` in the current scope
[INFO] [stdout]   --> src/services/po_receipt.rs:30:10
[INFO] [stdout]    |
[INFO] [stdout] 28 |     let order = purchase_order::find_by_id(pool, purchase_order_id)
[INFO] [stdout] 29 |         .await?
[INFO] [stdout] 30 |         .ok_or(AppError::NotFound)?;
[INFO] [stdout]    |          ^^^^^ method not found in `!`
[INFO] [stdout] 
[INFO] [stdout] 
[INFO] [stdout] warning: method call on a diverging inference variable
[INFO] [stdout]    --> src/services/po_dashboard.rs:142:31
[INFO] [stdout]     |
[INFO] [stdout] 142 |             total: all_inputs.len() as i64,
[INFO] [stdout]     |                               ^^^
[INFO] [stdout]     |
[INFO] [stdout]     = help: consider providing a type annotation
[INFO] [stdout]     = warning: this was previously accepted by the compiler but is being phased out; it will become a hard error in a future release!
[INFO] [stdout]     = note: for more information, see issue #156047 <https://github.com/rust-lang/rust/issues/156047>
[INFO] [stdout] 
[INFO] [stdout] 
[INFO] [stdout] warning: method call on a diverging inference variable
[INFO] [stdout]   --> src/services/po_receipt.rs:51:14
[INFO] [stdout]    |
[INFO] [stdout] 51 |             .ok_or(AppError::NotFound)?;
[INFO] [stdout]    |              ^^^^^
[INFO] [stdout]    |
[INFO] [stdout]    = help: consider providing a type annotation
[INFO] [stdout]    = warning: this was previously accepted by the compiler but is being phased out; it will become a hard error in a future release!
[INFO] [stdout]    = note: for more information, see issue #156047 <https://github.com/rust-lang/rust/issues/156047>
[INFO] [stdout] 
[INFO] [stdout] 
[INFO] [stdout] error[E0599]: no method named `len` found for type `!` in the current scope
[INFO] [stdout]    --> src/services/po_dashboard.rs:142:31
[INFO] [stdout]     |
[INFO] [stdout] 142 |             total: all_inputs.len() as i64,
[INFO] [stdout]     |                               ^^^
[INFO] [stdout]     |
[INFO] [stdout] help: there is a method `le` with a similar name, but with different arguments
[INFO] [stdout]    --> /rustc/3154cc1a3e6424e44f438a95007d043ed5ceaaf6/library/core/src/cmp.rs:1520:4
[INFO] [stdout] 
[INFO] [stdout] 
[INFO] [stdout] error[E0277]: `&!` is not an iterator
[INFO] [stdout]   --> src/services/po_dashboard.rs:48:19
[INFO] [stdout]    |
[INFO] [stdout] 48 |     for inputs in &all_inputs {
[INFO] [stdout]    |                   ^^^^^^^^^^^ `&!` is not an iterator
[INFO] [stdout]    |
[INFO] [stdout]    = help: the trait `Iterator` is not implemented for `&!`
[INFO] [stdout]    = note: required for `&!` to implement `IntoIterator`
[INFO] [stdout] 
[INFO] [stdout] 
[INFO] [stdout] error[E0599]: no method named `ok_or` found for type `!` in the current scope
[INFO] [stdout]   --> src/services/po_receipt.rs:51:14
[INFO] [stdout]    |
[INFO] [stdout] 49 |         let line_item = po_line_item::find_by_id(pool, line.po_line_item_id)
[INFO] [stdout] 50 |             .await?
[INFO] [stdout] 51 |             .ok_or(AppError::NotFound)?;
[INFO] [stdout]    |              ^^^^^ method not found in `!`
[INFO] [stdout] 
[INFO] [stdout] 
[INFO] [stdout] warning: method call on a diverging inference variable
[INFO] [stdout]   --> src/services/po_receipt.rs:55:14
[INFO] [stdout]    |
[INFO] [stdout] 55 |             .ok_or(AppError::NotFound)?;
[INFO] [stdout]    |              ^^^^^
[INFO] [stdout]    |
[INFO] [stdout]    = help: consider providing a type annotation
[INFO] [stdout]    = warning: this was previously accepted by the compiler but is being phased out; it will become a hard error in a future release!
[INFO] [stdout]    = note: for more information, see issue #156047 <https://github.com/rust-lang/rust/issues/156047>
[INFO] [stdout] 
[INFO] [stdout] 
[INFO] [stdout] error[E0599]: no method named `ok_or` found for type `!` in the current scope
[INFO] [stdout]   --> src/services/po_receipt.rs:55:14
[INFO] [stdout]    |
[INFO] [stdout] 53 |         let item = po_item::find_by_id(pool, line_item.po_item_id)
[INFO] [stdout] 54 |             .await?
[INFO] [stdout] 55 |             .ok_or(AppError::NotFound)?;
[INFO] [stdout]    |              ^^^^^ method not found in `!`
[INFO] [stdout] 
[INFO] [stdout] 
[INFO] [stdout] warning: method call on a diverging inference variable
[INFO] [stdout]   --> src/services/po_defect.rs:35:10
[INFO] [stdout]    |
[INFO] [stdout] 35 |         .ok_or(AppError::NotFound)?;
[INFO] [stdout]    |          ^^^^^
[INFO] [stdout]    |
[INFO] [stdout]    = help: consider providing a type annotation
[INFO] [stdout]    = warning: this was previously accepted by the compiler but is being phased out; it will become a hard error in a future release!
[INFO] [stdout]    = note: for more information, see issue #156047 <https://github.com/rust-lang/rust/issues/156047>
[INFO] [stdout] 
[INFO] [stdout] 
[INFO] [stdout] error[E0599]: no method named `ok_or` found for type `!` in the current scope
[INFO] [stdout]   --> src/services/po_defect.rs:35:10
[INFO] [stdout]    |
[INFO] [stdout] 33 |     let line_item = po_line_item::find_by_id(pool, po_line_item_id)
[INFO] [stdout] 34 |         .await?
[INFO] [stdout] 35 |         .ok_or(AppError::NotFound)?;
[INFO] [stdout]    |          ^^^^^ method not found in `!`
[INFO] [stdout] 
[INFO] [stdout] 
[INFO] [stdout] warning: method call on a diverging inference variable
[INFO] [stdout]   --> src/services/po_defect.rs:39:10
[INFO] [stdout]    |
[INFO] [stdout] 39 |         .ok_or(AppError::NotFound)?;
[INFO] [stdout]    |          ^^^^^
[INFO] [stdout]    |
[INFO] [stdout]    = help: consider providing a type annotation
[INFO] [stdout]    = warning: this was previously accepted by the compiler but is being phased out; it will become a hard error in a future release!
[INFO] [stdout]    = note: for more information, see issue #156047 <https://github.com/rust-lang/rust/issues/156047>
[INFO] [stdout] 
[INFO] [stdout] 
[INFO] [stdout] error[E0599]: no method named `ok_or` found for type `!` in the current scope
[INFO] [stdout]   --> src/services/po_defect.rs:39:10
[INFO] [stdout]    |
[INFO] [stdout] 37 |     let item = po_item::find_by_id(pool, line_item.po_item_id)
[INFO] [stdout] 38 |         .await?
[INFO] [stdout] 39 |         .ok_or(AppError::NotFound)?;
[INFO] [stdout]    |          ^^^^^ method not found in `!`
[INFO] [stdout] 
[INFO] [stdout] 
[INFO] [stdout] warning: method call on a diverging inference variable
[INFO] [stdout]   --> src/services/po_defect.rs:43:10
[INFO] [stdout]    |
[INFO] [stdout] 43 |         .ok_or(AppError::NotFound)?;
[INFO] [stdout]    |          ^^^^^
[INFO] [stdout]    |
[INFO] [stdout]    = help: consider providing a type annotation
[INFO] [stdout]    = warning: this was previously accepted by the compiler but is being phased out; it will become a hard error in a future release!
[INFO] [stdout]    = note: for more information, see issue #156047 <https://github.com/rust-lang/rust/issues/156047>
[INFO] [stdout] 
[INFO] [stdout] 
[INFO] [stdout] error[E0599]: no method named `ok_or` found for type `!` in the current scope
[INFO] [stdout]   --> src/services/po_defect.rs:43:10
[INFO] [stdout]    |
[INFO] [stdout] 41 |     let order = purchase_order::find_by_id(pool, item.purchase_order_id)
[INFO] [stdout] 42 |         .await?
[INFO] [stdout] 43 |         .ok_or(AppError::NotFound)?;
[INFO] [stdout]    |          ^^^^^ method not found in `!`
[INFO] [stdout] 
[INFO] [stdout] 
[INFO] [stdout] warning: method call on a diverging inference variable
[INFO] [stdout]   --> src/services/po_defect.rs:93:10
[INFO] [stdout]    |
[INFO] [stdout] 93 |         .ok_or(AppError::NotFound)?;
[INFO] [stdout]    |          ^^^^^
[INFO] [stdout]    |
[INFO] [stdout]    = help: consider providing a type annotation
[INFO] [stdout]    = warning: this was previously accepted by the compiler but is being phased out; it will become a hard error in a future release!
[INFO] [stdout]    = note: for more information, see issue #156047 <https://github.com/rust-lang/rust/issues/156047>
[INFO] [stdout] 
[INFO] [stdout] 
[INFO] [stdout] error[E0599]: no method named `ok_or` found for type `!` in the current scope
[INFO] [stdout]   --> src/services/po_defect.rs:93:10
[INFO] [stdout]    |
[INFO] [stdout] 91 |     let existing = po_defect::find_by_id(pool, defect_id)
[INFO] [stdout] 92 |         .await?
[INFO] [stdout] 93 |         .ok_or(AppError::NotFound)?;
[INFO] [stdout]    |          ^^^^^ method not found in `!`
[INFO] [stdout] 
[INFO] [stdout] 
[INFO] [stdout] warning: method call on a diverging inference variable
[INFO] [stdout]    --> src/services/po_dashboard.rs:123:59
[INFO] [stdout]     |
[INFO] [stdout] 123 |     let mut recent_orders = Vec::with_capacity(recent_raw.len());
[INFO] [stdout]     |                                                           ^^^
[INFO] [stdout]     |
[INFO] [stdout]     = help: consider providing a type annotation
[INFO] [stdout]     = warning: this was previously accepted by the compiler but is being phased out; it will become a hard error in a future release!
[INFO] [stdout]     = note: for more information, see issue #156047 <https://github.com/rust-lang/rust/issues/156047>
[INFO] [stdout] 
[INFO] [stdout] 
[INFO] [stdout] error[E0599]: no method named `len` found for type `!` in the current scope
[INFO] [stdout]    --> src/services/po_dashboard.rs:123:59
[INFO] [stdout]     |
[INFO] [stdout] 123 |     let mut recent_orders = Vec::with_capacity(recent_raw.len());
[INFO] [stdout]     |                                                           ^^^
[INFO] [stdout]     |
[INFO] [stdout] help: there is a method `le` with a similar name, but with different arguments
[INFO] [stdout]    --> /rustc/3154cc1a3e6424e44f438a95007d043ed5ceaaf6/library/core/src/cmp.rs:1520:4
[INFO] [stdout] 
[INFO] [stdout] 
[INFO] [stdout] warning: unreachable call
[INFO] [stdout]    --> src/services/po_dashboard.rs:125:18
[INFO] [stdout]     |
[INFO] [stdout] 125 |     for order in recent_raw {
[INFO] [stdout]     |                  ^^^^^^^^^^
[INFO] [stdout]     |                  |
[INFO] [stdout]     |                  unreachable call
[INFO] [stdout]     |                  any code following this expression is unreachable
[INFO] [stdout] 
[INFO] [stdout] 
[INFO] [stdout] warning: method call on a diverging inference variable
[INFO] [stdout]    --> src/services/po_dashboard.rs:142:31
[INFO] [stdout]     |
[INFO] [stdout] 142 |             total: all_inputs.len() as i64,
[INFO] [stdout]     |                               ^^^
[INFO] [stdout]     |
[INFO] [stdout]     = help: consider providing a type annotation
[INFO] [stdout]     = warning: this was previously accepted by the compiler but is being phased out; it will become a hard error in a future release!
[INFO] [stdout]     = note: for more information, see issue #156047 <https://github.com/rust-lang/rust/issues/156047>
[INFO] [stdout] 
[INFO] [stdout] 
[INFO] [stdout] error[E0599]: no method named `len` found for type `!` in the current scope
[INFO] [stdout]    --> src/services/po_dashboard.rs:142:31
[INFO] [stdout]     |
[INFO] [stdout] 142 |             total: all_inputs.len() as i64,
[INFO] [stdout]     |                               ^^^
[INFO] [stdout]     |
[INFO] [stdout] help: there is a method `le` with a similar name, but with different arguments
[INFO] [stdout]    --> /rustc/3154cc1a3e6424e44f438a95007d043ed5ceaaf6/library/core/src/cmp.rs:1520:4
[INFO] [stdout] 
[INFO] [stdout] 
[INFO] [stdout] error[E0277]: `&!` is not an iterator
[INFO] [stdout]   --> src/services/po_dashboard.rs:48:19
[INFO] [stdout]    |
[INFO] [stdout] 48 |     for inputs in &all_inputs {
[INFO] [stdout]    |                   ^^^^^^^^^^^ `&!` is not an iterator
[INFO] [stdout]    |
[INFO] [stdout]    = help: the trait `Iterator` is not implemented for `&!`
[INFO] [stdout]    = note: required for `&!` to implement `IntoIterator`
[INFO] [stdout] 
[INFO] [stdout] 
[INFO] [stdout] Some errors have detailed explanations: E0277, E0308, E0432, E0599.
[INFO] [stdout] 
[INFO] [stdout] For more information about an error, try `rustc --explain E0277`.
[INFO] [stdout] 
[INFO] [stderr] error: could not compile `wso-tracker` (bin "wso-tracker" test) due to 56 previous errors; 111 warnings emitted
[INFO] [stderr] warning: build failed, waiting for other jobs to finish...
[INFO] [stdout] Some errors have detailed explanations: E0277, E0308, E0432, E0599.
[INFO] [stdout] 
[INFO] [stdout] For more information about an error, try `rustc --explain E0277`.
[INFO] [stdout] 
[INFO] [stderr] error: could not compile `wso-tracker` (bin "wso-tracker") due to 56 previous errors; 111 warnings emitted
[INFO] running `Command { std: "docker" "inspect" "54ef2b4d0664103c38984f0ca78965a5fe170e727c88d3e9af28abbaeab28256", kill_on_drop: false }`
[INFO] running `Command { std: "docker" "rm" "-f" "54ef2b4d0664103c38984f0ca78965a5fe170e727c88d3e9af28abbaeab28256", kill_on_drop: false }`
[INFO] [stdout] 54ef2b4d0664103c38984f0ca78965a5fe170e727c88d3e9af28abbaeab28256
