[INFO] cloning repository https://github.com/Quelfth/dispa
[INFO] running `Command { std: "git" "-c" "credential.helper=" "-c" "credential.helper=/workspace/cargo-home/bin/git-credential-null" "clone" "--bare" "https://github.com/Quelfth/dispa" "/workspace/cache/git-repos/https%3A%2F%2Fgithub.com%2FQuelfth%2Fdispa", kill_on_drop: false }`
[INFO] [stderr] Cloning into bare repository '/workspace/cache/git-repos/https%3A%2F%2Fgithub.com%2FQuelfth%2Fdispa'...
[INFO] running `Command { std: "git" "rev-parse" "HEAD", kill_on_drop: false }`
[INFO] [stdout] b15022a41c16605c3fb64898abadbeb2c58b38ef
[INFO] checking Quelfth/dispa against 3154cc1a3e6424e44f438a95007d043ed5ceaaf6 for pr-133502-30
[INFO] running `Command { std: "git" "clone" "/workspace/cache/git-repos/https%3A%2F%2Fgithub.com%2FQuelfth%2Fdispa" "/workspace/builds/worker-3-tc2/source", kill_on_drop: false }`
[INFO] [stderr] Cloning into '/workspace/builds/worker-3-tc2/source'...
[INFO] [stderr] done.
[INFO] started tweaking git repo https://github.com/Quelfth/dispa
[INFO] finished tweaking git repo https://github.com/Quelfth/dispa
[INFO] tweaked toml for git repo https://github.com/Quelfth/dispa written to /workspace/builds/worker-3-tc2/source/Cargo.toml
[INFO] validating manifest of git repo https://github.com/Quelfth/dispa on toolchain 3154cc1a3e6424e44f438a95007d043ed5ceaaf6
[INFO] running `Command { std: CARGO_HOME="/workspace/cargo-home" RUSTUP_HOME="/workspace/rustup-home" "/workspace/cargo-home/bin/cargo" "+3154cc1a3e6424e44f438a95007d043ed5ceaaf6" "metadata" "--manifest-path" "Cargo.toml" "--no-deps", kill_on_drop: false }`
[INFO] crate git repo https://github.com/Quelfth/dispa already has a lockfile, it will not be regenerated
[INFO] running `Command { std: CARGO_HOME="/workspace/cargo-home" RUSTUP_HOME="/workspace/rustup-home" "/workspace/cargo-home/bin/cargo" "+3154cc1a3e6424e44f438a95007d043ed5ceaaf6" "fetch" "--manifest-path" "Cargo.toml", kill_on_drop: false }`
[INFO] [stderr]     Updating git repository `https://github.com/Quelfth/dispa-macros`
[INFO] [stderr]      Locking 1 package to highest Rust 1.101.0-nightly compatible version
[INFO] [stderr]       Adding dispa-macros v0.1.0 (https://github.com/Quelfth/dispa-macros#af46da12)
[INFO] running `Command { std: "docker" "create" "-v" "/var/lib/crater-agent-workspace/builds/worker-3-tc2/source:/opt/rustwide/workdir:ro,Z" "-v" "/var/lib/crater-agent-workspace/builds/worker-3-tc2/target:/opt/rustwide/target:rw,Z" "-v" "/var/lib/crater-agent-workspace/cargo-home:/opt/rustwide/cargo-home:ro,Z" "-v" "/var/lib/crater-agent-workspace/rustup-home:/opt/rustwide/rustup-home:ro,Z" "-m" "1610612736" "--network" "none" "ghcr.io/rust-lang/crates-build-env/linux@sha256:77db811e55d90add9212f6832c23229e3de5f1c1f9905e8cb07319ea15df73ac" "sleep" "infinity", kill_on_drop: false }`
[INFO] [stdout] 328a1cb9f1f3dcb7859ba6b6cb8fdab96cfd05f2ad3e692548f181116ff0a872
[INFO] running `Command { std: "docker" "start" "328a1cb9f1f3dcb7859ba6b6cb8fdab96cfd05f2ad3e692548f181116ff0a872", kill_on_drop: false }`
[INFO] running `Command { std: "docker" "inspect" "328a1cb9f1f3dcb7859ba6b6cb8fdab96cfd05f2ad3e692548f181116ff0a872", kill_on_drop: false }`
[INFO] running `Command { std: "docker" "exec" "-e" "SOURCE_DIR=/opt/rustwide/workdir" "-e" "CARGO_HOME=/opt/rustwide/cargo-home" "-e" "RUSTUP_HOME=/opt/rustwide/rustup-home" "-e" "CARGO_TARGET_DIR=/opt/rustwide/target" "-w" "/opt/rustwide/workdir" "--user" "0:0" "328a1cb9f1f3dcb7859ba6b6cb8fdab96cfd05f2ad3e692548f181116ff0a872" "/opt/rustwide/cargo-home/bin/cargo" "+3154cc1a3e6424e44f438a95007d043ed5ceaaf6" "metadata" "--no-deps" "--format-version=1", kill_on_drop: false }`
[INFO] running `Command { std: "docker" "inspect" "328a1cb9f1f3dcb7859ba6b6cb8fdab96cfd05f2ad3e692548f181116ff0a872", kill_on_drop: false }`
[INFO] running `Command { std: "docker" "exec" "-e" "SOURCE_DIR=/opt/rustwide/workdir" "-e" "CARGO_HOME=/opt/rustwide/cargo-home" "-e" "RUSTUP_HOME=/opt/rustwide/rustup-home" "-e" "CARGO_TARGET_DIR=/opt/rustwide/target" "-e" "CARGO_INCREMENTAL=0" "-e" "RUST_BACKTRACE=full" "-e" "RUSTFLAGS=--cap-lints=forbid" "-e" "RUSTDOCFLAGS=--cap-lints=forbid" "-w" "/opt/rustwide/workdir" "--user" "0:0" "328a1cb9f1f3dcb7859ba6b6cb8fdab96cfd05f2ad3e692548f181116ff0a872" "/opt/rustwide/cargo-home/bin/cargo" "+3154cc1a3e6424e44f438a95007d043ed5ceaaf6" "check" "--frozen" "--all" "--all-targets" "--message-format=json", kill_on_drop: false }`
[INFO] [stderr]    Compiling proc-macro2 v1.0.106
[INFO] [stderr]    Compiling quote v1.0.44
[INFO] [stderr]    Compiling syn v2.0.114
[INFO] [stderr]    Compiling proclamation v0.1.0 (https://github.com/Quelfth/proclamation#5c68ae67)
[INFO] [stderr]    Compiling dispa-macros v0.1.0 (https://github.com/Quelfth/dispa-macros#af46da12)
[INFO] [stdout] error[E0422]: cannot find struct, variant or union type `TraitBoundModifiers` in this scope
[INFO] [stdout]   --> /opt/rustwide/cargo-home/git/checkouts/dispa-macros-d05d30f7413b9d3e/af46da1/src/implementation/iterator.rs:12:32
[INFO] [stdout]    |
[INFO] [stdout] 12 |                     modifiers: TraitBoundModifiers{..},
[INFO] [stdout]    |                                ^^^^^^^^^^^^^^^^^^^ not found in this scope
[INFO] [stdout] 
[INFO] [stdout] 
[INFO] [stdout] error[E0433]: cannot find type `Safety` in this scope
[INFO] [stdout]    --> /opt/rustwide/cargo-home/git/checkouts/dispa-macros-d05d30f7413b9d3e/af46da1/src/implementation/trait.rs:124:41
[INFO] [stdout]     |
[INFO] [stdout] 124 |                     if matches!(safety, Safety::Unsafe(_)) {
[INFO] [stdout]     |                                         ^^^^^^ use of undeclared type `Safety`
[INFO] [stdout]     |
[INFO] [stdout] help: consider importing this enum
[INFO] [stdout]     |
[INFO] [stdout]   1 + use std::intrinsics::mir::Safety;
[INFO] [stdout]     |
[INFO] [stdout] 
[INFO] [stdout] 
[INFO] [stdout] error[E0026]: struct `proclamation::prelude::TraitBound` does not have fields named `modifiers`, `maybe`
[INFO] [stdout]   --> /opt/rustwide/cargo-home/git/checkouts/dispa-macros-d05d30f7413b9d3e/af46da1/src/implementation/iterator.rs:12:21
[INFO] [stdout]    |
[INFO] [stdout] 12 |                     modifiers: TraitBoundModifiers{..},
[INFO] [stdout]    |                     ^^^^^^^^^
[INFO] [stdout] 13 |                     maybe: None,
[INFO] [stdout]    |                     ^^^^^ struct `proclamation::prelude::TraitBound` does not have these fields
[INFO] [stdout] 
[INFO] [stdout] 
[INFO] [stdout] error[E0027]: pattern does not mention field `modifier`
[INFO] [stdout]   --> /opt/rustwide/cargo-home/git/checkouts/dispa-macros-d05d30f7413b9d3e/af46da1/src/implementation/iterator.rs:10:39
[INFO] [stdout]    |
[INFO] [stdout] 10 |                   TypeParamBound::Trait(TraitBound {
[INFO] [stdout]    |  _______________________________________^
[INFO] [stdout] 11 | |                     paren_token: None,
[INFO] [stdout] 12 | |                     modifiers: TraitBoundModifiers{..},
[INFO] [stdout] 13 | |                     maybe: None,
[INFO] [stdout] 14 | |                     lifetimes: None,
[INFO] [stdout] 15 | |                     path,
[INFO] [stdout] 16 | |                 }) => iter_item_from_path(path),
[INFO] [stdout]    | |_________________^ missing field `modifier`
[INFO] [stdout]    |
[INFO] [stdout] help: include the missing field in the pattern
[INFO] [stdout]    |
[INFO] [stdout] 15 -                     path,
[INFO] [stdout] 16 -                 }) => iter_item_from_path(path),
[INFO] [stdout] 15 +                     path, modifier }) => iter_item_from_path(path),
[INFO] [stdout]    |
[INFO] [stdout] help: if you don't care about this missing field, you can explicitly ignore it
[INFO] [stdout]    |
[INFO] [stdout] 15 -                     path,
[INFO] [stdout] 16 -                 }) => iter_item_from_path(path),
[INFO] [stdout] 15 +                     path, modifier: _ }) => iter_item_from_path(path),
[INFO] [stdout]    |
[INFO] [stdout] help: or always ignore missing fields here
[INFO] [stdout]    |
[INFO] [stdout] 15 -                     path,
[INFO] [stdout] 16 -                 }) => iter_item_from_path(path),
[INFO] [stdout] 15 +                     path, .. }) => iter_item_from_path(path),
[INFO] [stdout]    |
[INFO] [stdout] 
[INFO] [stdout] 
[INFO] [stdout] error[E0026]: struct `proclamation::prelude::Signature` does not have a field named `safety`
[INFO] [stdout]   --> /opt/rustwide/cargo-home/git/checkouts/dispa-macros-d05d30f7413b9d3e/af46da1/src/implementation/trait.rs:24:29
[INFO] [stdout]    |
[INFO] [stdout] 24 | ...                   safety,
[INFO] [stdout]    |                       ^^^^^^ struct `proclamation::prelude::Signature` does not have this field
[INFO] [stdout] 
[INFO] [stdout] 
[INFO] [stdout] error[E0026]: struct `proclamation::prelude::Receiver` does not have a field named `kind`
[INFO] [stdout]   --> /opt/rustwide/cargo-home/git/checkouts/dispa-macros-d05d30f7413b9d3e/af46da1/src/implementation/trait.rs:63:64
[INFO] [stdout]    |
[INFO] [stdout] 63 |                         FnArg::Receiver(Receiver { self_token, kind, .. }) => {
[INFO] [stdout]    |                                                                ^^^^ struct `proclamation::prelude::Receiver` does not have this field
[INFO] [stdout] 
[INFO] [stdout] 
[INFO] [stdout] error[E0433]: cannot find type `ReceiverKind` in this scope
[INFO] [stdout]   --> /opt/rustwide/cargo-home/git/checkouts/dispa-macros-d05d30f7413b9d3e/af46da1/src/implementation/trait.rs:67:33
[INFO] [stdout]    |
[INFO] [stdout] 67 | ...                   ReceiverKind::Value => quote!{ #self_token },
[INFO] [stdout]    |                       ^^^^^^^^^^^^ use of undeclared type `ReceiverKind`
[INFO] [stdout]    |
[INFO] [stdout] help: a struct with a similar name exists
[INFO] [stdout]    |
[INFO] [stdout] 67 -                                 ReceiverKind::Value => quote!{ #self_token },
[INFO] [stdout] 67 +                                 Receiver::Value => quote!{ #self_token },
[INFO] [stdout]    |
[INFO] [stdout] 
[INFO] [stdout] 
[INFO] [stdout] error[E0433]: cannot find type `ReceiverKind` in this scope
[INFO] [stdout]   --> /opt/rustwide/cargo-home/git/checkouts/dispa-macros-d05d30f7413b9d3e/af46da1/src/implementation/trait.rs:68:33
[INFO] [stdout]    |
[INFO] [stdout] 68 | ...                   ReceiverKind::Reference(and, lifetime, r#mut) => quote!{ #and #lifetime #r#mut #self_token },
[INFO] [stdout]    |                       ^^^^^^^^^^^^ use of undeclared type `ReceiverKind`
[INFO] [stdout]    |
[INFO] [stdout] help: a struct with a similar name exists
[INFO] [stdout]    |
[INFO] [stdout] 68 -                                 ReceiverKind::Reference(and, lifetime, r#mut) => quote!{ #and #lifetime #r#mut #self_token },
[INFO] [stdout] 68 +                                 Receiver::Reference(and, lifetime, r#mut) => quote!{ #and #lifetime #r#mut #self_token },
[INFO] [stdout]    |
[INFO] [stdout] 
[INFO] [stdout] 
[INFO] [stdout] error[E0433]: cannot find type `ReceiverKind` in this scope
[INFO] [stdout]   --> /opt/rustwide/cargo-home/git/checkouts/dispa-macros-d05d30f7413b9d3e/af46da1/src/implementation/trait.rs:69:33
[INFO] [stdout]    |
[INFO] [stdout] 69 | ...                   ReceiverKind::Typed(colon, r#type) => quote!{ #colon #r#type },
[INFO] [stdout]    |                       ^^^^^^^^^^^^ use of undeclared type `ReceiverKind`
[INFO] [stdout]    |
[INFO] [stdout] help: a struct with a similar name exists
[INFO] [stdout]    |
[INFO] [stdout] 69 -                                 ReceiverKind::Typed(colon, r#type) => quote!{ #colon #r#type },
[INFO] [stdout] 69 +                                 Receiver::Typed(colon, r#type) => quote!{ #colon #r#type },
[INFO] [stdout]    |
[INFO] [stdout] 
[INFO] [stdout] 
[INFO] [stdout] Some errors have detailed explanations: E0026, E0027, E0422, E0433.
[INFO] [stdout] 
[INFO] [stdout] For more information about an error, try `rustc --explain E0026`.
[INFO] [stdout] 
[INFO] [stderr] error: could not compile `dispa-macros` (lib) due to 9 previous errors
[INFO] running `Command { std: "docker" "inspect" "328a1cb9f1f3dcb7859ba6b6cb8fdab96cfd05f2ad3e692548f181116ff0a872", kill_on_drop: false }`
[INFO] running `Command { std: "docker" "rm" "-f" "328a1cb9f1f3dcb7859ba6b6cb8fdab96cfd05f2ad3e692548f181116ff0a872", kill_on_drop: false }`
[INFO] [stdout] 328a1cb9f1f3dcb7859ba6b6cb8fdab96cfd05f2ad3e692548f181116ff0a872
