[INFO] cloning repository https://github.com/Quarmire/ndn-rs
[INFO] running `Command { std: "git" "-c" "credential.helper=" "-c" "credential.helper=/workspace/cargo-home/bin/git-credential-null" "clone" "--bare" "https://github.com/Quarmire/ndn-rs" "/workspace/cache/git-repos/https%3A%2F%2Fgithub.com%2FQuarmire%2Fndn-rs", kill_on_drop: false }`
[INFO] [stderr] Cloning into bare repository '/workspace/cache/git-repos/https%3A%2F%2Fgithub.com%2FQuarmire%2Fndn-rs'...
[INFO] running `Command { std: "git" "rev-parse" "HEAD", kill_on_drop: false }`
[INFO] [stdout] 33956cd993ef05c26b1b02b9aed8a5bb11bba786
[INFO] checking Quarmire/ndn-rs against 3154cc1a3e6424e44f438a95007d043ed5ceaaf6 for pr-133502-30
[INFO] running `Command { std: "git" "clone" "/workspace/cache/git-repos/https%3A%2F%2Fgithub.com%2FQuarmire%2Fndn-rs" "/workspace/builds/worker-4-tc2/source", kill_on_drop: false }`
[INFO] [stderr] Cloning into '/workspace/builds/worker-4-tc2/source'...
[INFO] [stderr] done.
[INFO] removed /workspace/builds/worker-4-tc2/source/rust-toolchain.toml
[INFO] started tweaking git repo https://github.com/Quarmire/ndn-rs
[INFO] finished tweaking git repo https://github.com/Quarmire/ndn-rs
[INFO] tweaked toml for git repo https://github.com/Quarmire/ndn-rs written to /workspace/builds/worker-4-tc2/source/Cargo.toml
[INFO] validating manifest of git repo https://github.com/Quarmire/ndn-rs on toolchain 3154cc1a3e6424e44f438a95007d043ed5ceaaf6
[INFO] running `Command { std: CARGO_HOME="/workspace/cargo-home" RUSTUP_HOME="/workspace/rustup-home" "/workspace/cargo-home/bin/cargo" "+3154cc1a3e6424e44f438a95007d043ed5ceaaf6" "metadata" "--manifest-path" "Cargo.toml" "--no-deps", kill_on_drop: false }`
[INFO] running `Command { std: CARGO_HOME="/workspace/cargo-home" RUSTUP_HOME="/workspace/rustup-home" "/workspace/cargo-home/bin/cargo" "+3154cc1a3e6424e44f438a95007d043ed5ceaaf6" "generate-lockfile" "--manifest-path" "Cargo.toml", kill_on_drop: false }`
[INFO] [stderr]     Updating crates.io index
[INFO] [stderr]      Locking 333 packages to highest compatible versions
[INFO] [stderr]       Adding aes v0.8.4 (available: v0.9.3)
[INFO] [stderr]       Adding aes-gcm v0.10.3 (available: v0.11.1)
[INFO] [stderr]       Adding base64 v0.22.1 (available: v0.23.1)
[INFO] [stderr]       Adding bincode v1.3.3 (available: v3.0.0)
[INFO] [stderr]       Adding cbc v0.1.2 (available: v0.2.1)
[INFO] [stderr]       Adding chacha20poly1305 v0.10.1 (available: v0.11.0)
[INFO] [stderr]       Adding criterion v0.5.1 (available: v0.8.2)
[INFO] [stderr]       Adding ed25519-dalek v2.2.0 (available: v3.0.0)
[INFO] [stderr]       Adding generic-array v0.14.7 (available: v0.14.9)
[INFO] [stderr]       Adding getrandom v0.2.17 (available: v0.4.3)
[INFO] [stderr]       Adding gloo-timers v0.3.0 (available: v0.4.0)
[INFO] [stderr]       Adding lru v0.12.5 (available: v0.18.5)
[INFO] [stderr]       Adding p256 v0.13.2 (available: v0.14.0)
[INFO] [stderr]       Adding pbkdf2 v0.12.2 (available: v0.13.0)
[INFO] [stderr]       Adding pkcs5 v0.7.1 (available: v0.8.1)
[INFO] [stderr]       Adding pkcs8 v0.10.2 (available: v0.11.0)
[INFO] [stderr]       Adding psm v0.1.24 (available: v0.1.32)
[INFO] [stderr]       Adding rand v0.8.8 (available: v0.10.3)
[INFO] [stderr]       Adding rand_core v0.6.4 (available: v0.10.1)
[INFO] [stderr]       Adding rusqlite v0.32.1 (available: v0.40.2)
[INFO] [stderr]       Adding sec1 v0.7.3 (available: v0.8.1)
[INFO] [stderr]       Adding toml v0.8.23 (available: v1.1.8+spec-1.1.0)
[INFO] running `Command { std: CARGO_HOME="/workspace/cargo-home" RUSTUP_HOME="/workspace/rustup-home" "/workspace/cargo-home/bin/cargo" "+3154cc1a3e6424e44f438a95007d043ed5ceaaf6" "fetch" "--manifest-path" "Cargo.toml", kill_on_drop: false }`
[INFO] [stderr] warning: unused workspace dependency `ndn-identity`
[INFO] [stderr]    --> Cargo.toml:100:25
[INFO] [stderr]     |
[INFO] [stderr] 100 | [workspace.dependencies.ndn-identity]
[INFO] [stderr]     |                         ^^^^^^^^^^^^
[INFO] [stderr]     |
[INFO] [stderr]     = note: `cargo::unused_workspace_dependencies` is set to `warn` by default
[INFO] [stderr] help: consider removing the workspace dependency `ndn-identity`
[INFO] [stderr] warning: unused workspace dependency `ndn-observability`
[INFO] [stderr]    --> Cargo.toml:112:25
[INFO] [stderr]     |
[INFO] [stderr] 112 | [workspace.dependencies.ndn-observability]
[INFO] [stderr]     |                         ^^^^^^^^^^^^^^^^^
[INFO] [stderr]     |
[INFO] [stderr] help: consider removing the workspace dependency `ndn-observability`
[INFO] [stderr] warning: unused workspace dependency `ndn-time`
[INFO] [stderr]    --> Cargo.toml:150:25
[INFO] [stderr]     |
[INFO] [stderr] 150 | [workspace.dependencies.ndn-time]
[INFO] [stderr]     |                         ^^^^^^^^
[INFO] [stderr]     |
[INFO] [stderr] help: consider removing the workspace dependency `ndn-time`
[INFO] [stderr] warning: workspace (manifest) generated 3 warnings
[INFO] running `Command { std: "docker" "create" "-v" "/var/lib/crater-agent-workspace/builds/worker-4-tc2/source:/opt/rustwide/workdir:ro,Z" "-v" "/var/lib/crater-agent-workspace/builds/worker-4-tc2/target:/opt/rustwide/target:rw,Z" "-v" "/var/lib/crater-agent-workspace/cargo-home:/opt/rustwide/cargo-home:ro,Z" "-v" "/var/lib/crater-agent-workspace/rustup-home:/opt/rustwide/rustup-home:ro,Z" "-m" "1610612736" "--network" "none" "ghcr.io/rust-lang/crates-build-env/linux@sha256:77db811e55d90add9212f6832c23229e3de5f1c1f9905e8cb07319ea15df73ac" "sleep" "infinity", kill_on_drop: false }`
[INFO] [stdout] 869a953a2e0d41cb7a5a739e4112dd96e57bf2be728fcc10a232fb215816cd7f
[INFO] running `Command { std: "docker" "start" "869a953a2e0d41cb7a5a739e4112dd96e57bf2be728fcc10a232fb215816cd7f", kill_on_drop: false }`
[INFO] running `Command { std: "docker" "inspect" "869a953a2e0d41cb7a5a739e4112dd96e57bf2be728fcc10a232fb215816cd7f", kill_on_drop: false }`
[INFO] running `Command { std: "docker" "exec" "-e" "SOURCE_DIR=/opt/rustwide/workdir" "-e" "CARGO_HOME=/opt/rustwide/cargo-home" "-e" "RUSTUP_HOME=/opt/rustwide/rustup-home" "-e" "CARGO_TARGET_DIR=/opt/rustwide/target" "-w" "/opt/rustwide/workdir" "--user" "0:0" "869a953a2e0d41cb7a5a739e4112dd96e57bf2be728fcc10a232fb215816cd7f" "/opt/rustwide/cargo-home/bin/cargo" "+3154cc1a3e6424e44f438a95007d043ed5ceaaf6" "metadata" "--no-deps" "--format-version=1", kill_on_drop: false }`
[INFO] running `Command { std: "docker" "inspect" "869a953a2e0d41cb7a5a739e4112dd96e57bf2be728fcc10a232fb215816cd7f", kill_on_drop: false }`
[INFO] running `Command { std: "docker" "exec" "-e" "SOURCE_DIR=/opt/rustwide/workdir" "-e" "CARGO_HOME=/opt/rustwide/cargo-home" "-e" "RUSTUP_HOME=/opt/rustwide/rustup-home" "-e" "CARGO_TARGET_DIR=/opt/rustwide/target" "-e" "CARGO_INCREMENTAL=0" "-e" "RUST_BACKTRACE=full" "-e" "RUSTFLAGS=--cap-lints=forbid" "-e" "RUSTDOCFLAGS=--cap-lints=forbid" "-w" "/opt/rustwide/workdir" "--user" "0:0" "869a953a2e0d41cb7a5a739e4112dd96e57bf2be728fcc10a232fb215816cd7f" "/opt/rustwide/cargo-home/bin/cargo" "+3154cc1a3e6424e44f438a95007d043ed5ceaaf6" "check" "--frozen" "--all" "--all-targets" "--message-format=json", kill_on_drop: false }`
[INFO] [stderr] warning: unused workspace dependency `ndn-identity`
[INFO] [stderr]    --> Cargo.toml:100:25
[INFO] [stderr]     |
[INFO] [stderr] 100 | [workspace.dependencies.ndn-identity]
[INFO] [stderr]     |                         ^^^^^^^^^^^^
[INFO] [stderr]     |
[INFO] [stderr]     = note: `cargo::unused_workspace_dependencies` is set to `warn` by default
[INFO] [stderr] help: consider removing the workspace dependency `ndn-identity`
[INFO] [stderr] warning: unused workspace dependency `ndn-observability`
[INFO] [stderr]    --> Cargo.toml:112:25
[INFO] [stderr]     |
[INFO] [stderr] 112 | [workspace.dependencies.ndn-observability]
[INFO] [stderr]     |                         ^^^^^^^^^^^^^^^^^
[INFO] [stderr]     |
[INFO] [stderr] help: consider removing the workspace dependency `ndn-observability`
[INFO] [stderr] warning: unused workspace dependency `ndn-time`
[INFO] [stderr]    --> Cargo.toml:150:25
[INFO] [stderr]     |
[INFO] [stderr] 150 | [workspace.dependencies.ndn-time]
[INFO] [stderr]     |                         ^^^^^^^^
[INFO] [stderr]     |
[INFO] [stderr] help: consider removing the workspace dependency `ndn-time`
[INFO] [stderr] warning: workspace (manifest) generated 3 warnings
[INFO] [stderr]    Compiling unicode-ident v1.0.26
[INFO] [stderr]     Checking cfg-if v1.0.5
[INFO] [stderr]    Compiling libc v0.2.190
[INFO] [stderr]     Checking smallvec v1.16.3
[INFO] [stderr]     Checking cmov v0.5.4
[INFO] [stderr]    Compiling find-msvc-tools v0.1.14
[INFO] [stderr]    Compiling generic-array v0.14.7
[INFO] [stderr]     Checking ndn-tlv v0.1.0 (/opt/rustwide/workdir/crates/core/ndn-tlv)
[INFO] [stderr]    Compiling proc-macro2 v1.0.107
[INFO] [stderr]    Compiling zerocopy v0.8.62
[INFO] [stderr]     Checking subtle v2.6.1
[INFO] [stderr]    Compiling portable-atomic v1.15.0
[INFO] [stderr]    Compiling cc v1.7.0
[INFO] [stderr]     Checking bitflags v2.13.2
[INFO] [stderr]     Checking futures-channel v0.3.34
[INFO] [stderr]     Checking ctutils v0.4.3
[INFO] [stderr]    Compiling serde_json v1.0.152
[INFO] [stderr]    Compiling curve25519-dalek v4.1.3
[INFO] [stderr]     Checking base16ct v0.2.0
[INFO] [stderr]     Checking lazy_static v1.5.1
[INFO] [stderr]     Checking num-integer v0.1.47
[INFO] [stderr]     Checking digest v0.11.3
[INFO] [stderr]    Compiling num-bigint-dig v0.8.6
[INFO] [stderr]     Checking base64 v0.22.1
[INFO] [stderr]    Compiling quote v1.0.47
[INFO] [stderr]     Checking sha2 v0.11.0
[INFO] [stderr]     Checking num-iter v0.1.46
[INFO] [stderr]    Compiling syn v2.0.119
[INFO] [stderr]    Compiling syn v3.0.7
[INFO] [stderr]     Checking ndn-signals-core v0.1.0 (/opt/rustwide/workdir/crates/core/ndn-signals-core)
[INFO] [stderr]     Checking ndn-fwd-core v0.1.0 (/opt/rustwide/workdir/crates/forwarding/ndn-fwd-core)
[INFO] [stderr]     Checking hmac v0.13.0
[INFO] [stderr]    Compiling linkme-impl v0.3.37
[INFO] [stderr]    Compiling linkme v0.3.37
[INFO] [stderr]     Checking regex-automata v0.4.18
[INFO] [stderr]    Compiling crc32fast v1.5.2
[INFO] [stderr]     Checking ndn-foundation-types v0.1.0 (/opt/rustwide/workdir/crates/core/ndn-foundation-types)
[INFO] [stderr]     Checking critical-section v1.2.0
[INFO] [stderr]     Checking miniz_oxide v0.9.1
[INFO] [stderr]     Checking rustix v1.1.5
[INFO] [stderr]     Checking getrandom v0.2.17
[INFO] [stderr]     Checking mio v1.2.4
[INFO] [stderr]     Checking rand_core v0.6.4
[INFO] [stderr]     Checking socket2 v0.6.5
[INFO] [stderr]     Checking parking_lot_core v0.9.12
[INFO] [stderr]     Checking ff v0.13.1
[INFO] [stderr]     Checking group v0.13.0
[INFO] [stderr]     Checking flate2 v1.1.10
[INFO] [stderr]     Checking getrandom v0.4.3
[INFO] [stderr]     Checking either v1.19.0
[INFO] [stderr]     Checking clap_lex v1.1.1
[INFO] [stderr]     Checking clap_builder v4.6.7
[INFO] [stderr]    Compiling blake3 v1.8.7
[INFO] [stderr]    Compiling libsqlite3-sys v0.30.1
[INFO] [stderr]    Compiling ring v0.17.14
[INFO] [stderr]     Checking ndn-packet v0.1.0 (/opt/rustwide/workdir/crates/core/ndn-packet)
[INFO] [stderr]     Checking tempfile v3.27.0
[INFO] [stderr]     Checking itertools v0.10.5
[INFO] [stderr]     Checking regex v1.13.1
[INFO] [stderr]     Checking ndn-ble-framing v0.1.0 (/opt/rustwide/workdir/crates/core/ndn-ble-framing)
[INFO] [stderr]     Checking rayon v1.12.0
[INFO] [stderr]     Checking plotters v0.3.7
[INFO] [stderr]     Checking clap v4.6.7
[INFO] [stderr]     Checking is-terminal v0.4.17
[INFO] [stderr]     Checking log v0.4.34
[INFO] [stderr]     Checking hkdf v0.13.0
[INFO] [stderr]     Checking wait-timeout v0.2.1
[INFO] [stderr]     Checking bit-vec v0.10.1
[INFO] [stderr]     Checking rusty-fork v0.3.1
[INFO] [stderr]     Checking bit-set v0.11.1
[INFO] [stderr]     Checking rand v0.10.3
[INFO] [stderr]     Checking criterion-plot v0.5.0
[INFO] [stderr]     Checking chacha20 v0.10.2
[INFO] [stderr]     Checking rand_xorshift v0.5.0
[INFO] [stderr]     Checking core_detect v1.0.0
[INFO] [stderr]     Checking tracing-log v0.2.0
[INFO] [stderr]     Checking matchers v0.2.0
[INFO] [stderr]     Checking proptest v1.12.0
[INFO] [stderr]     Checking sharded-slab v0.1.7
[INFO] [stderr]     Checking thread_local v1.1.10
[INFO] [stderr]     Checking parking_lot v0.12.5
[INFO] [stderr]     Checking toml_write v0.1.2
[INFO] [stderr]    Compiling serde_derive v1.0.229
[INFO] [stderr]    Compiling thiserror-impl v2.0.21
[INFO] [stderr]    Compiling tokio-macros v2.7.2
[INFO] [stderr]    Compiling zeroize_derive v1.5.0
[INFO] [stderr]    Compiling zerocopy-derive v0.8.62
[INFO] [stderr]     Checking tokio v1.53.2
[INFO] [stderr]    Compiling futures-macro v0.3.34
[INFO] [stderr]     Checking zeroize v1.9.1
[INFO] [stderr]     Checking thiserror v2.0.21
[INFO] [stderr]     Checking der v0.7.10
[INFO] [stderr]     Checking crypto-common v0.1.7
[INFO] [stderr]     Checking block-padding v0.3.3
[INFO] [stderr]     Checking inout v0.1.4
[INFO] [stderr]     Checking block-buffer v0.10.4
[INFO] [stderr]     Checking digest v0.10.7
[INFO] [stderr]     Checking cipher v0.4.4
[INFO] [stderr]     Checking futures-util v0.3.34
[INFO] [stderr]     Checking salsa20 v0.10.2
[INFO] [stderr]     Checking hmac v0.12.1
[INFO] [stderr]     Checking sha2 v0.10.9
[INFO] [stderr]     Checking pbkdf2 v0.12.2
[INFO] [stderr]     Checking aes v0.8.4
[INFO] [stderr]     Checking scrypt v0.11.0
[INFO] [stderr]     Checking cbc v0.1.2
[INFO] [stderr]     Checking spki v0.7.3
[INFO] [stderr]    Compiling tracing-attributes v0.1.31
[INFO] [stderr]     Checking signature v2.2.0
[INFO] [stderr]     Checking pkcs5 v0.7.1
[INFO] [stderr]     Checking universal-hash v0.5.1
[INFO] [stderr]    Compiling async-trait v0.1.92
[INFO] [stderr]     Checking pkcs8 v0.10.2
[INFO] [stderr]     Checking sec1 v0.7.3
[INFO] [stderr]     Checking hkdf v0.12.4
[INFO] [stderr]     Checking aead v0.5.2
[INFO] [stderr]     Checking crypto-bigint v0.5.5
[INFO] [stderr]     Checking serde v1.0.229
[INFO] [stderr]    Compiling curve25519-dalek-derive v0.1.1
[INFO] [stderr]     Checking tracing v0.1.44
[INFO] [stderr]     Checking ed25519 v2.2.3
[INFO] [stderr]     Checking poly1305 v0.8.0
[INFO] [stderr]     Checking chacha20 v0.9.1
[INFO] [stderr]     Checking merlin v3.0.0
[INFO] [stderr]     Checking chacha20poly1305 v0.10.1
[INFO] [stderr]     Checking rfc6979 v0.4.0
[INFO] [stderr]     Checking pkcs1 v0.7.5
[INFO] [stderr]     Checking ndn-storage v0.1.0 (/opt/rustwide/workdir/crates/core/ndn-storage)
[INFO] [stderr]     Checking tokio-stream v0.1.19
[INFO] [stderr]     Checking elliptic-curve v0.13.8
[INFO] [stderr]     Checking ndn-svs-core v0.1.0 (/opt/rustwide/workdir/crates/protocols/ndn-svs-core)
[INFO] [stderr]     Checking ndn-mgmt-wire v0.1.0 (/opt/rustwide/workdir/crates/core/ndn-mgmt-wire)
[INFO] [stderr]     Checking tinytemplate v1.2.1
[INFO] [stderr]     Checking polyval v0.6.2
[INFO] [stderr]     Checking ed25519-dalek v2.2.0
[INFO] [stderr]     Checking ecdsa v0.16.9
[INFO] [stderr]     Checking futures-executor v0.3.34
[INFO] [stderr]     Checking primeorder v0.13.6
[INFO] [stderr]     Checking tokio-util v0.7.20
[INFO] [stderr]     Checking ghash v0.5.1
[INFO] [stderr]     Checking futures v0.3.34
[INFO] [stderr]     Checking ctr v0.9.2
[INFO] [stderr]     Checking ndn-runtime v0.1.0 (/opt/rustwide/workdir/crates/core/ndn-runtime)
[INFO] [stderr]     Checking ndn-sync v0.1.0 (/opt/rustwide/workdir/crates/protocols/ndn-sync)
[INFO] [stderr]     Checking ndn-crypto-core v0.1.0 (/opt/rustwide/workdir/crates/core/ndn-crypto-core)
[INFO] [stderr]     Checking tracing-subscriber v0.3.23
[INFO] [stderr]     Checking toml_datetime v0.6.11
[INFO] [stderr]     Checking serde_spanned v0.6.9
[INFO] [stderr]     Checking aes-gcm v0.10.3
[INFO] [stderr]     Checking hashbrown v0.16.1
[INFO] [stderr]     Checking xxhash-rust v0.8.19
[INFO] [stderr]     Checking p256 v0.13.2
[INFO] [stderr]     Checking twox-hash v2.1.5
[INFO] [stderr]     Checking compare v0.0.6
[INFO] [stderr]     Checking sfa v1.0.0
[INFO] [stderr]     Checking interval-heap v0.0.5
[INFO] [stderr]     Checking toml_edit v0.22.27
[INFO] [stderr]     Checking lz4_flex v0.13.1
[INFO] [stderr]    Compiling enum_dispatch v0.3.13
[INFO] [stderr]     Checking crossbeam-skiplist v0.1.3
[INFO] [stderr]     Checking quick_cache v0.6.24
[INFO] [stderr]     Checking varint-rs v2.2.1
[INFO] [stderr]     Checking self_cell v1.3.0
[INFO] [stderr]     Checking byteview v0.10.2
[INFO] [stderr]     Checking flume v0.12.0
[INFO] [stderr]     Checking ndn-time v0.1.0 (/opt/rustwide/workdir/crates/core/ndn-time)
[INFO] [stderr]     Checking lsm-tree v3.1.10
[INFO] [stderr]     Checking toml v0.8.23
[INFO] [stderr]     Checking ahash v0.8.12
[INFO] [stderr]     Checking ppv-lite86 v0.2.21
[INFO] [stderr]     Checking half v2.7.1
[INFO] [stderr]     Checking hashbrown v0.14.5
[INFO] [stderr]     Checking ciborium-ll v0.2.2
[INFO] [stderr]     Checking ciborium v0.2.2
[INFO] [stderr]     Checking rand_chacha v0.3.1
[INFO] [stderr]     Checking rand v0.8.8
[INFO] [stderr]     Checking dashmap v6.2.1
[INFO] [stderr]     Checking hashlink v0.9.1
[INFO] [stderr]     Checking criterion v0.5.1
[INFO] [stderr]     Checking rusqlite v0.32.1
[INFO] [stderr]     Checking ndn-transport v0.1.0 (/opt/rustwide/workdir/crates/core/ndn-transport)
[INFO] [stderr]     Checking ndn-store v0.1.0 (/opt/rustwide/workdir/crates/forwarding/ndn-store)
[INFO] [stderr]     Checking ndn-pathcontrol v0.1.0 (/opt/rustwide/workdir/crates/forwarding/ndn-pathcontrol)
[INFO] [stderr]     Checking fjall v3.1.12
[INFO] [stderr]     Checking ndn-face-local v0.1.0 (/opt/rustwide/workdir/crates/faces/ndn-face-local)
[INFO] [stderr]     Checking ndn-strategy v0.1.0 (/opt/rustwide/workdir/crates/forwarding/ndn-strategy)
[INFO] [stderr]     Checking ndn-discovery-core v0.1.0 (/opt/rustwide/workdir/crates/forwarding/ndn-discovery-core)
[INFO] [stdout] warning: unused doc comment
[INFO] [stdout]   --> crates/forwarding/ndn-discovery-core/src/scope.rs:54:1
[INFO] [stdout]    |
[INFO] [stdout] 54 | #[doc(hidden)]
[INFO] [stdout]    | ^^^^^^^^^^^^^^ rustdoc does not generate documentation for macro invocations
[INFO] [stdout]    |
[INFO] [stdout]    = help: to document an item produced by a macro, the macro must produce the documentation as part of its expansion
[INFO] [stdout]    = note: `#[warn(unused_doc_comments)]` (part of `#[warn(unused)]`) on by default
[INFO] [stdout] 
[INFO] [stdout] 
[INFO] [stdout] warning: unused doc comment
[INFO] [stdout]   --> crates/forwarding/ndn-discovery-core/src/scope.rs:56:1
[INFO] [stdout]    |
[INFO] [stdout] 56 | #[doc(hidden)]
[INFO] [stdout]    | ^^^^^^^^^^^^^^ rustdoc does not generate documentation for macro invocations
[INFO] [stdout]    |
[INFO] [stdout]    = help: to document an item produced by a macro, the macro must produce the documentation as part of its expansion
[INFO] [stdout] 
[INFO] [stdout] 
[INFO] [stdout] warning: unused doc comment
[INFO] [stdout]   --> crates/forwarding/ndn-discovery-core/src/scope.rs:54:1
[INFO] [stdout]    |
[INFO] [stdout] 54 | #[doc(hidden)]
[INFO] [stdout]    | ^^^^^^^^^^^^^^ rustdoc does not generate documentation for macro invocations
[INFO] [stdout]    |
[INFO] [stdout]    = help: to document an item produced by a macro, the macro must produce the documentation as part of its expansion
[INFO] [stdout]    = note: `#[warn(unused_doc_comments)]` (part of `#[warn(unused)]`) on by default
[INFO] [stdout] 
[INFO] [stdout] 
[INFO] [stdout] warning: unused doc comment
[INFO] [stdout]   --> crates/forwarding/ndn-discovery-core/src/scope.rs:56:1
[INFO] [stdout]    |
[INFO] [stdout] 56 | #[doc(hidden)]
[INFO] [stdout]    | ^^^^^^^^^^^^^^ rustdoc does not generate documentation for macro invocations
[INFO] [stdout]    |
[INFO] [stdout]    = help: to document an item produced by a macro, the macro must produce the documentation as part of its expansion
[INFO] [stdout] 
[INFO] [stdout] 
[INFO] [stderr]     Checking ndn-face v0.1.0 (/opt/rustwide/workdir/crates/faces/ndn-face)
[INFO] [stderr]     Checking rsa v0.9.10
[INFO] [stderr]     Checking ndn-security v0.1.0 (/opt/rustwide/workdir/crates/security/ndn-security)
[INFO] [stderr]     Checking ndn-engine v0.1.0 (/opt/rustwide/workdir/crates/forwarding/ndn-engine)
[INFO] [stderr]     Checking ndn-ipc v0.1.0 (/opt/rustwide/workdir/crates/forwarding/ndn-ipc)
[INFO] [stderr]     Checking ndn-cert v0.1.0 (/opt/rustwide/workdir/crates/security/ndn-cert)
[INFO] [stderr]     Checking ndn-app v0.1.0 (/opt/rustwide/workdir/crates/app/ndn-app)
[INFO] [stderr]     Checking ndn-observability v0.1.0 (/opt/rustwide/workdir/crates/platform/ndn-observability)
[INFO] [stdout] error[E0063]: missing field `face_table` in initializer of `PitCheckStage`
[INFO] [stdout]    --> crates/forwarding/ndn-engine/benches/pipeline.rs:184:25
[INFO] [stdout]     |
[INFO] [stdout] 184 |             let stage = PitCheckStage {
[INFO] [stdout]     |                         ^^^^^^^^^^^^^ missing `face_table`
[INFO] [stdout] 
[INFO] [stdout] 
[INFO] [stdout] error[E0063]: missing field `face_table` in initializer of `PitCheckStage`
[INFO] [stdout]    --> crates/forwarding/ndn-engine/benches/pipeline.rs:202:21
[INFO] [stdout]     |
[INFO] [stdout] 202 |         let stage = PitCheckStage {
[INFO] [stdout]     |                     ^^^^^^^^^^^^^ missing `face_table`
[INFO] [stdout] 
[INFO] [stdout] 
[INFO] [stdout] error[E0063]: missing field `admit_unverified` in initializer of `CsInsertStage`
[INFO] [stdout]    --> crates/forwarding/ndn-engine/benches/pipeline.rs:336:21
[INFO] [stdout]     |
[INFO] [stdout] 336 |         let stage = CsInsertStage {
[INFO] [stdout]     |                     ^^^^^^^^^^^^^ missing `admit_unverified`
[INFO] [stdout] 
[INFO] [stdout] 
[INFO] [stdout] error[E0063]: missing field `admit_unverified` in initializer of `CsInsertStage`
[INFO] [stdout]    --> crates/forwarding/ndn-engine/benches/pipeline.rs:365:21
[INFO] [stdout]     |
[INFO] [stdout] 365 |         let stage = CsInsertStage {
[INFO] [stdout]     |                     ^^^^^^^^^^^^^ missing `admit_unverified`
[INFO] [stdout] 
[INFO] [stdout] 
[INFO] [stdout] error[E0063]: missing field `face_table` in initializer of `PitCheckStage`
[INFO] [stdout]    --> crates/forwarding/ndn-engine/benches/pipeline.rs:491:29
[INFO] [stdout]     |
[INFO] [stdout] 491 |             let pit_check = PitCheckStage {
[INFO] [stdout]     |                             ^^^^^^^^^^^^^ missing `face_table`
[INFO] [stdout] 
[INFO] [stdout] 
[INFO] [stdout] error[E0063]: missing field `admit_unverified` in initializer of `CsInsertStage`
[INFO] [stdout]    --> crates/forwarding/ndn-engine/benches/pipeline.rs:596:33
[INFO] [stdout]     |
[INFO] [stdout] 596 |                 let cs_insert = CsInsertStage {
[INFO] [stdout]     |                                 ^^^^^^^^^^^^^ missing `admit_unverified`
[INFO] [stdout] 
[INFO] [stdout] 
[INFO] [stdout] For more information about this error, try `rustc --explain E0063`.
[INFO] [stdout] 
[INFO] [stderr] error: could not compile `ndn-engine` (bench "pipeline") due to 6 previous errors
[INFO] [stderr] warning: build failed, waiting for other jobs to finish...
[INFO] [stderr] warning: unused dependency `critical-section`
[INFO] [stderr]   --> crates/core/ndn-storage/Cargo.toml:43:1
[INFO] [stderr]    |
[INFO] [stderr] 43 | critical-section = { version = "1", optional = true }
[INFO] [stderr]    | ^^^^^^^^^^^^^^^^^^^^^^^^^^^^^^^^^^^^^^^^^^^^^^^^^^^^^
[INFO] [stderr]    |
[INFO] [stderr]    = note: `cargo::unused_dependencies` is set to `warn` by default
[INFO] [stderr] help: consider removing the dependency on `critical-section`
[INFO] [stderr] warning: unused dependency `critical-section`
[INFO] [stderr]   --> crates/core/ndn-storage/Cargo.toml:54:1
[INFO] [stderr]    |
[INFO] [stderr] 54 | critical-section = { version = "1", features = ["std"] }
[INFO] [stderr]    | ^^^^^^^^^^^^^^^^^^^^^^^^^^^^^^^^^^^^^^^^^^^^^^^^^^^^^^^^
[INFO] [stderr]    |
[INFO] [stderr] help: consider removing the dependency on `critical-section`
[INFO] [stderr] warning: unused dependency `portable-atomic`
[INFO] [stderr]   --> crates/core/ndn-storage/Cargo.toml:39:1
[INFO] [stderr]    |
[INFO] [stderr] 39 | portable-atomic = { workspace = true }
[INFO] [stderr]    | ^^^^^^^^^^^^^^^^^^^^^^^^^^^^^^^^^^^^^^
[INFO] [stderr]    |
[INFO] [stderr] help: consider removing the dependency on `portable-atomic`
[INFO] [stderr] warning: `ndn-storage` (manifest) generated 3 warnings
[INFO] [stderr] warning: unused dependency `thiserror`
[INFO] [stderr]   --> crates/forwarding/ndn-store/Cargo.toml:28:1
[INFO] [stderr]    |
[INFO] [stderr] 28 | thiserror = { workspace = true }
[INFO] [stderr]    | ^^^^^^^^^^^^^^^^^^^^^^^^^^^^^^^^
[INFO] [stderr]    |
[INFO] [stderr]    = note: `cargo::unused_dependencies` is set to `warn` by default
[INFO] [stderr] help: consider removing the dependency on `thiserror`
[INFO] [stderr] warning: `ndn-store` (manifest) generated 1 warning
[INFO] running `Command { std: "docker" "inspect" "869a953a2e0d41cb7a5a739e4112dd96e57bf2be728fcc10a232fb215816cd7f", kill_on_drop: false }`
[INFO] running `Command { std: "docker" "rm" "-f" "869a953a2e0d41cb7a5a739e4112dd96e57bf2be728fcc10a232fb215816cd7f", kill_on_drop: false }`
[INFO] [stdout] 869a953a2e0d41cb7a5a739e4112dd96e57bf2be728fcc10a232fb215816cd7f
