[INFO] cloning repository https://github.com/QinKunming/RControl
[INFO] running `Command { std: "git" "-c" "credential.helper=" "-c" "credential.helper=/workspace/cargo-home/bin/git-credential-null" "clone" "--bare" "https://github.com/QinKunming/RControl" "/workspace/cache/git-repos/https%3A%2F%2Fgithub.com%2FQinKunming%2FRControl", kill_on_drop: false }`
[INFO] [stderr] Cloning into bare repository '/workspace/cache/git-repos/https%3A%2F%2Fgithub.com%2FQinKunming%2FRControl'...
[INFO] running `Command { std: "git" "rev-parse" "HEAD", kill_on_drop: false }`
[INFO] [stdout] 75158d57d04e0de83e684cab8485280d8ee69a2c
[INFO] checking QinKunming/RControl against 3154cc1a3e6424e44f438a95007d043ed5ceaaf6+rustflags=-Znext-solver=coherence for pr-133502-30
[INFO] running `Command { std: "git" "clone" "/workspace/cache/git-repos/https%3A%2F%2Fgithub.com%2FQinKunming%2FRControl" "/workspace/builds/worker-1-tc1/source", kill_on_drop: false }`
[INFO] [stderr] Cloning into '/workspace/builds/worker-1-tc1/source'...
[INFO] [stderr] done.
[INFO] started tweaking git repo https://github.com/QinKunming/RControl
[INFO] finished tweaking git repo https://github.com/QinKunming/RControl
[INFO] tweaked toml for git repo https://github.com/QinKunming/RControl written to /workspace/builds/worker-1-tc1/source/Cargo.toml
[INFO] validating manifest of git repo https://github.com/QinKunming/RControl on toolchain 3154cc1a3e6424e44f438a95007d043ed5ceaaf6
[INFO] running `Command { std: CARGO_HOME="/workspace/cargo-home" RUSTUP_HOME="/workspace/rustup-home" "/workspace/cargo-home/bin/cargo" "+3154cc1a3e6424e44f438a95007d043ed5ceaaf6" "metadata" "--manifest-path" "Cargo.toml" "--no-deps", kill_on_drop: false }`
[INFO] crate git repo https://github.com/QinKunming/RControl already has a lockfile, it will not be regenerated
[INFO] running `Command { std: CARGO_HOME="/workspace/cargo-home" RUSTUP_HOME="/workspace/rustup-home" "/workspace/cargo-home/bin/cargo" "+3154cc1a3e6424e44f438a95007d043ed5ceaaf6" "fetch" "--manifest-path" "Cargo.toml", kill_on_drop: false }`
[INFO] [stderr]     Updating crates.io index
[INFO] [stderr]  Downloading crates ...
[INFO] [stderr]   Downloaded toml_edit v0.22.14
[INFO] [stderr]   Downloaded minifb v0.28.0
[INFO] [stderr]   Downloaded toml v0.8.14
[INFO] [stderr]   Downloaded embed-resource v2.4.3
[INFO] [stderr]   Downloaded sdl2 v0.38.0
[INFO] [stderr]   Downloaded windows-service v0.8.0
[INFO] [stderr]   Downloaded jpeg-encoder v0.6.1
[INFO] [stderr]   Downloaded sdl2-sys v0.38.0
[INFO] running `Command { std: "docker" "create" "-v" "/var/lib/crater-agent-workspace/builds/worker-1-tc1/source:/opt/rustwide/workdir:ro,Z" "-v" "/var/lib/crater-agent-workspace/builds/worker-1-tc1/target:/opt/rustwide/target:rw,Z" "-v" "/var/lib/crater-agent-workspace/cargo-home:/opt/rustwide/cargo-home:ro,Z" "-v" "/var/lib/crater-agent-workspace/rustup-home:/opt/rustwide/rustup-home:ro,Z" "-m" "1610612736" "--network" "none" "ghcr.io/rust-lang/crates-build-env/linux@sha256:77db811e55d90add9212f6832c23229e3de5f1c1f9905e8cb07319ea15df73ac" "sleep" "infinity", kill_on_drop: false }`
[INFO] [stdout] 0bb26963fb3e12037269ea8c150819a60a02a9f5a520f7b7ab97c2439dda0941
[INFO] running `Command { std: "docker" "start" "0bb26963fb3e12037269ea8c150819a60a02a9f5a520f7b7ab97c2439dda0941", kill_on_drop: false }`
[INFO] running `Command { std: "docker" "inspect" "0bb26963fb3e12037269ea8c150819a60a02a9f5a520f7b7ab97c2439dda0941", kill_on_drop: false }`
[INFO] running `Command { std: "docker" "exec" "-e" "SOURCE_DIR=/opt/rustwide/workdir" "-e" "CARGO_HOME=/opt/rustwide/cargo-home" "-e" "RUSTUP_HOME=/opt/rustwide/rustup-home" "-e" "CARGO_TARGET_DIR=/opt/rustwide/target" "-w" "/opt/rustwide/workdir" "--user" "0:0" "0bb26963fb3e12037269ea8c150819a60a02a9f5a520f7b7ab97c2439dda0941" "/opt/rustwide/cargo-home/bin/cargo" "+3154cc1a3e6424e44f438a95007d043ed5ceaaf6" "metadata" "--no-deps" "--format-version=1", kill_on_drop: false }`
[INFO] running `Command { std: "docker" "inspect" "0bb26963fb3e12037269ea8c150819a60a02a9f5a520f7b7ab97c2439dda0941", kill_on_drop: false }`
[INFO] running `Command { std: "docker" "exec" "-e" "SOURCE_DIR=/opt/rustwide/workdir" "-e" "CARGO_HOME=/opt/rustwide/cargo-home" "-e" "RUSTUP_HOME=/opt/rustwide/rustup-home" "-e" "CARGO_TARGET_DIR=/opt/rustwide/target" "-e" "CARGO_INCREMENTAL=0" "-e" "RUST_BACKTRACE=full" "-e" "RUSTFLAGS=--cap-lints=forbid -Znext-solver=coherence" "-e" "RUSTDOCFLAGS=--cap-lints=forbid" "-w" "/opt/rustwide/workdir" "--user" "0:0" "0bb26963fb3e12037269ea8c150819a60a02a9f5a520f7b7ab97c2439dda0941" "/opt/rustwide/cargo-home/bin/cargo" "+3154cc1a3e6424e44f438a95007d043ed5ceaaf6" "check" "--frozen" "--all" "--all-targets" "--message-format=json", kill_on_drop: false }`
[INFO] [stderr]    Compiling libc v0.2.189
[INFO] [stderr]    Compiling serde v1.0.229
[INFO] [stderr]    Compiling hashbrown v0.15.5
[INFO] [stderr]    Compiling windows_x86_64_gnu v0.52.6
[INFO] [stderr]    Compiling winnow v0.6.26
[INFO] [stderr]    Compiling xml-rs v0.8.29
[INFO] [stderr]    Compiling serde_core v1.0.229
[INFO] [stderr]    Compiling memoffset v0.6.5
[INFO] [stderr]    Compiling anyhow v1.0.104
[INFO] [stderr]    Compiling wayland-sys v0.29.5
[INFO] [stderr]    Compiling either v1.18.0
[INFO] [stderr]    Compiling syn v2.0.119
[INFO] [stderr]    Compiling syn v3.0.4
[INFO] [stderr]     Checking inout v0.1.4
[INFO] [stderr]     Checking opaque-debug v0.3.1
[INFO] [stderr]     Checking windows-targets v0.52.6
[INFO] [stderr]     Checking windows-result v0.2.0
[INFO] [stderr]     Checking smallvec v1.15.2
[INFO] [stderr]     Checking windows-strings v0.1.0
[INFO] [stderr]    Compiling x11-dl v2.21.0
[INFO] [stderr]    Compiling minifb v0.28.0
[INFO] [stderr]     Checking xcursor v0.3.11
[INFO] [stderr]    Compiling itertools v0.12.1
[INFO] [stderr]     Checking raw-window-handle v0.6.2
[INFO] [stderr]     Checking zune-core v0.4.12
[INFO] [stderr]     Checking windows-service v0.8.0
[INFO] [stderr]     Checking jpeg-encoder v0.6.1
[INFO] [stderr]    Compiling indexmap v2.6.0
[INFO] [stderr]     Checking zune-jpeg v0.4.21
[INFO] [stderr]    Compiling wayland-scanner v0.29.5
[INFO] [stderr]     Checking getrandom v0.2.17
[INFO] [stderr]     Checking nix v0.24.3
[INFO] [stderr]     Checking getrandom v0.4.3
[INFO] [stderr]     Checking socket2 v0.5.8
[INFO] [stderr]     Checking mio v1.0.3
[INFO] [stderr]     Checking rand_core v0.6.4
[INFO] [stderr]     Checking tempfile v3.27.0
[INFO] [stderr]     Checking crypto-common v0.1.7
[INFO] [stderr]     Checking rand_chacha v0.3.1
[INFO] [stderr]     Checking digest v0.10.7
[INFO] [stderr]     Checking cipher v0.4.4
[INFO] [stderr]     Checking universal-hash v0.5.1
[INFO] [stderr]     Checking aead v0.5.2
[INFO] [stderr]     Checking polyval v0.6.2
[INFO] [stderr]     Checking hmac v0.12.1
[INFO] [stderr]     Checking sha2 v0.10.9
[INFO] [stderr]     Checking rand v0.8.8
[INFO] [stderr]     Checking hkdf v0.12.4
[INFO] [stderr]    Compiling wayland-client v0.29.5
[INFO] [stderr]    Compiling wayland-protocols v0.29.5
[INFO] [stderr]     Checking ghash v0.5.1
[INFO] [stderr]     Checking aes v0.8.4
[INFO] [stderr]     Checking ctr v0.9.2
[INFO] [stderr]     Checking aes-gcm v0.10.3
[INFO] [stderr]     Checking wayland-commons v0.29.5
[INFO] [stderr]    Compiling serde_derive v1.0.229
[INFO] [stderr]    Compiling toml_datetime v0.6.11
[INFO] [stderr]    Compiling serde_spanned v0.6.9
[INFO] [stderr]    Compiling toml_edit v0.22.14
[INFO] [stderr]     Checking wayland-cursor v0.29.5
[INFO] [stderr]    Compiling prost-derive v0.12.6
[INFO] [stderr]    Compiling windows-interface v0.58.0
[INFO] [stderr]    Compiling windows-implement v0.58.0
[INFO] [stderr]    Compiling tokio-macros v2.5.0
[INFO] [stderr]     Checking tokio v1.46.1
[INFO] [stderr]     Checking windows-core v0.58.0
[INFO] [stderr]     Checking prost v0.12.6
[INFO] [stderr]     Checking windows v0.58.0
[INFO] [stderr]    Compiling toml v0.8.14
[INFO] [stderr]    Compiling embed-resource v2.4.3
[INFO] [stderr]    Compiling rcontrol_client v1.0.0 (/opt/rustwide/workdir/rcontrol_client)
[INFO] [stderr]    Compiling rcontrol_server v1.0.0 (/opt/rustwide/workdir/rcontrol_server)
[INFO] [stderr] warning: rcontrol_client@1.0.0: 资源编译跳过 (仅影响按钮主题样式): 找不到 rc.exe
[INFO] [stderr] warning: rcontrol_server@1.0.0: 资源编译跳过 (仅影响按钮主题样式): 找不到 rc.exe
[INFO] [stderr]     Checking rcontrol_common v1.0.0 (/opt/rustwide/workdir/rcontrol_common)
[INFO] [stdout] error[E0433]: cannot find `Win32` in `windows`
[INFO] [stdout]  --> rcontrol_server/src/capture.rs:6:14
[INFO] [stdout]   |
[INFO] [stdout] 6 | use windows::Win32::Graphics::Gdi::{
[INFO] [stdout]   |              ^^^^^ could not find `Win32` in `windows`
[INFO] [stdout] 
[INFO] [stdout] 
[INFO] [stdout] error[E0433]: cannot find `Win32` in `windows`
[INFO] [stdout]   --> rcontrol_server/src/capture.rs:11:14
[INFO] [stdout]    |
[INFO] [stdout] 11 | use windows::Win32::UI::WindowsAndMessaging::{
[INFO] [stdout]    |              ^^^^^ could not find `Win32` in `windows`
[INFO] [stdout] 
[INFO] [stdout] 
[INFO] [stdout] error[E0433]: cannot find `Win32` in `windows`
[INFO] [stdout]  --> rcontrol_server/src/clip.rs:6:14
[INFO] [stdout]   |
[INFO] [stdout] 6 | use windows::Win32::Foundation::{HANDLE, HGLOBAL};
[INFO] [stdout]   |              ^^^^^ could not find `Win32` in `windows`
[INFO] [stdout] 
[INFO] [stdout] 
[INFO] [stdout] error[E0433]: cannot find `Win32` in `windows`
[INFO] [stdout]  --> rcontrol_server/src/clip.rs:7:14
[INFO] [stdout]   |
[INFO] [stdout] 7 | use windows::Win32::System::DataExchange::{
[INFO] [stdout]   |              ^^^^^ could not find `Win32` in `windows`
[INFO] [stdout] 
[INFO] [stdout] 
[INFO] [stdout] error[E0433]: cannot find `Win32` in `windows`
[INFO] [stdout]   --> rcontrol_server/src/clip.rs:10:14
[INFO] [stdout]    |
[INFO] [stdout] 10 | use windows::Win32::System::Memory::{GlobalAlloc, GlobalLock, GlobalUnlock, GMEM_MOVEABLE};
[INFO] [stdout]    |              ^^^^^ could not find `Win32` in `windows`
[INFO] [stdout] 
[INFO] [stdout] 
[INFO] [stdout] error[E0433]: cannot find `Win32` in `windows`
[INFO] [stdout]   --> rcontrol_server/src/clip.rs:11:14
[INFO] [stdout]    |
[INFO] [stdout] 11 | use windows::Win32::System::Ole::CF_UNICODETEXT;
[INFO] [stdout]    |              ^^^^^ could not find `Win32` in `windows`
[INFO] [stdout] 
[INFO] [stdout] 
[INFO] [stdout] error[E0433]: cannot find `Win32` in `windows`
[INFO] [stdout]  --> rcontrol_server/src/desktop.rs:6:14
[INFO] [stdout]   |
[INFO] [stdout] 6 | use windows::Win32::Foundation::{CloseHandle, HANDLE};
[INFO] [stdout]   |              ^^^^^ could not find `Win32` in `windows`
[INFO] [stdout] 
[INFO] [stdout] 
[INFO] [stdout] error[E0433]: cannot find `Win32` in `windows`
[INFO] [stdout]  --> rcontrol_server/src/desktop.rs:7:14
[INFO] [stdout]   |
[INFO] [stdout] 7 | use windows::Win32::System::StationsAndDesktops::{
[INFO] [stdout]   |              ^^^^^ could not find `Win32` in `windows`
[INFO] [stdout] 
[INFO] [stdout] 
[INFO] [stdout] error[E0432]: unresolved import `windows::core`
[INFO] [stdout]  --> rcontrol_server/src/desktop.rs:5:14
[INFO] [stdout]   |
[INFO] [stdout] 5 | use windows::core::PCWSTR;
[INFO] [stdout]   |              ^^^^ could not find `core` in `windows`
[INFO] [stdout] 
[INFO] [stdout] 
[INFO] [stdout] error[E0433]: cannot find `Win32` in `windows`
[INFO] [stdout]  --> rcontrol_server/src/gui.rs:6:14
[INFO] [stdout]   |
[INFO] [stdout] 6 | use windows::Win32::Foundation::{BOOL, HINSTANCE, HWND, LPARAM, LRESULT, WPARAM, RECT};
[INFO] [stdout]   |              ^^^^^ could not find `Win32` in `windows`
[INFO] [stdout] 
[INFO] [stdout] 
[INFO] [stdout] error[E0433]: cannot find `Win32` in `windows`
[INFO] [stdout]  --> rcontrol_server/src/gui.rs:7:14
[INFO] [stdout]   |
[INFO] [stdout] 7 | use windows::Win32::Graphics::Gdi::{
[INFO] [stdout]   |              ^^^^^ could not find `Win32` in `windows`
[INFO] [stdout] 
[INFO] [stdout] 
[INFO] [stdout] error[E0433]: cannot find `Win32` in `windows`
[INFO] [stdout]   --> rcontrol_server/src/gui.rs:12:14
[INFO] [stdout]    |
[INFO] [stdout] 12 | use windows::Win32::System::LibraryLoader::GetModuleHandleW;
[INFO] [stdout]    |              ^^^^^ could not find `Win32` in `windows`
[INFO] [stdout] 
[INFO] [stdout] 
[INFO] [stdout] error[E0433]: cannot find `Win32` in `windows`
[INFO] [stdout]   --> rcontrol_server/src/gui.rs:13:14
[INFO] [stdout]    |
[INFO] [stdout] 13 | use windows::Win32::UI::WindowsAndMessaging::*;
[INFO] [stdout]    |              ^^^^^ could not find `Win32` in `windows`
[INFO] [stdout] 
[INFO] [stdout] 
[INFO] [stdout] error[E0433]: cannot find `windows` in `os`
[INFO] [stdout]    --> rcontrol_server/src/gui.rs:501:18
[INFO] [stdout]     |
[INFO] [stdout] 501 |     use std::os::windows::process::CommandExt;
[INFO] [stdout]     |                  ^^^^^^^ could not find `windows` in `os`
[INFO] [stdout]     |
[INFO] [stdout] note: found an item that was configured out
[INFO] [stdout]    --> /rustc/3154cc1a3e6424e44f438a95007d043ed5ceaaf6/library/std/src/os/mod.rs:62:4
[INFO] [stdout]     |
[INFO] [stdout]     = note: the item is gated behind the `windows` feature
[INFO] [stdout] 
[INFO] [stdout] 
[INFO] [stdout] error[E0433]: cannot find `Win32` in `windows`
[INFO] [stdout]  --> rcontrol_server/src/input.rs:8:14
[INFO] [stdout]   |
[INFO] [stdout] 8 | use windows::Win32::UI::Input::KeyboardAndMouse::{
[INFO] [stdout]   |              ^^^^^ could not find `Win32` in `windows`
[INFO] [stdout] 
[INFO] [stdout] 
[INFO] [stdout] error[E0433]: cannot find `Win32` in `windows`
[INFO] [stdout]   --> rcontrol_server/src/input.rs:28:14
[INFO] [stdout]    |
[INFO] [stdout] 28 | use windows::Win32::UI::WindowsAndMessaging::{GetSystemMetrics, SM_CXVIRTUALSCREEN, SM_CYVIRTUALSCREEN};
[INFO] [stdout]    |              ^^^^^ could not find `Win32` in `windows`
[INFO] [stdout] 
[INFO] [stdout] 
[INFO] [stdout] error[E0432]: unresolved import `windows::core`
[INFO] [stdout]  --> rcontrol_server/src/gui.rs:5:14
[INFO] [stdout]   |
[INFO] [stdout] 5 | use windows::core::PCWSTR;
[INFO] [stdout]   |              ^^^^ could not find `core` in `windows`
[INFO] [stdout] 
[INFO] [stdout] 
[INFO] [stdout] error[E0433]: cannot find `Win32` in `windows`
[INFO] [stdout]    --> rcontrol_server/src/input.rs:180:18
[INFO] [stdout]     |
[INFO] [stdout] 180 |     use windows::Win32::System::Registry::{
[INFO] [stdout]     |                  ^^^^^ could not find `Win32` in `windows`
[INFO] [stdout] 
[INFO] [stdout] 
[INFO] [stdout] error[E0433]: cannot find `Win32` in `windows`
[INFO] [stdout]    --> rcontrol_server/src/input.rs:184:18
[INFO] [stdout]     |
[INFO] [stdout] 184 |     use windows::Win32::Foundation::BOOL;
[INFO] [stdout]     |                  ^^^^^ could not find `Win32` in `windows`
[INFO] [stdout] 
[INFO] [stdout] 
[INFO] [stdout] error[E0432]: unresolved import `windows::core`
[INFO] [stdout]    --> rcontrol_server/src/input.rs:179:18
[INFO] [stdout]     |
[INFO] [stdout] 179 |     use windows::core::PCWSTR;
[INFO] [stdout]     |                  ^^^^ could not find `core` in `windows`
[INFO] [stdout] 
[INFO] [stdout] 
[INFO] [stdout] error[E0433]: cannot find `Win32` in `windows`
[INFO] [stdout]    --> rcontrol_server/src/input.rs:248:18
[INFO] [stdout]     |
[INFO] [stdout] 248 |     use windows::Win32::System::LibraryLoader::{GetProcAddress, LoadLibraryW};
[INFO] [stdout]     |                  ^^^^^ could not find `Win32` in `windows`
[INFO] [stdout] 
[INFO] [stdout] 
[INFO] [stdout] error[E0433]: cannot find `Win32` in `windows`
[INFO] [stdout]   --> rcontrol_server/src/logger.rs:42:18
[INFO] [stdout]    |
[INFO] [stdout] 42 |     use windows::Win32::Foundation::*;
[INFO] [stdout]    |                  ^^^^^ could not find `Win32` in `windows`
[INFO] [stdout] 
[INFO] [stdout] 
[INFO] [stdout] error[E0432]: unresolved import `windows::core`
[INFO] [stdout]    --> rcontrol_server/src/input.rs:247:18
[INFO] [stdout]     |
[INFO] [stdout] 247 |     use windows::core::{PCSTR, PCWSTR};
[INFO] [stdout]     |                  ^^^^ could not find `core` in `windows`
[INFO] [stdout] 
[INFO] [stdout] 
[INFO] [stdout] error[E0432]: unresolved import `windows_service::service`
[INFO] [stdout]  --> rcontrol_server/src/service.rs:8:22
[INFO] [stdout]   |
[INFO] [stdout] 8 | use windows_service::service::{
[INFO] [stdout]   |                      ^^^^^^^ could not find `service` in `windows_service`
[INFO] [stdout] 
[INFO] [stdout] 
[INFO] [stdout] error[E0432]: unresolved import `windows_service::service_control_handler`
[INFO] [stdout]   --> rcontrol_server/src/service.rs:11:22
[INFO] [stdout]    |
[INFO] [stdout] 11 | use windows_service::service_control_handler::{self, ServiceControlHandlerResult};
[INFO] [stdout]    |                      ^^^^^^^^^^^^^^^^^^^^^^^ could not find `service_control_handler` in `windows_service`
[INFO] [stdout] 
[INFO] [stdout] 
[INFO] [stdout] error[E0433]: cannot find `windows` in `os`
[INFO] [stdout]  --> rcontrol_server/src/service_manager.rs:4:14
[INFO] [stdout]   |
[INFO] [stdout] 4 | use std::os::windows::process::CommandExt;
[INFO] [stdout]   |              ^^^^^^^ could not find `windows` in `os`
[INFO] [stdout]   |
[INFO] [stdout] note: found an item that was configured out
[INFO] [stdout]  --> /rustc/3154cc1a3e6424e44f438a95007d043ed5ceaaf6/library/std/src/os/mod.rs:62:4
[INFO] [stdout]   |
[INFO] [stdout]   = note: the item is gated behind the `windows` feature
[INFO] [stdout] 
[INFO] [stdout] 
[INFO] [stdout] error[E0432]: unresolved imports `windows_service::define_windows_service`, `windows_service::service_dispatcher`
[INFO] [stdout]   --> rcontrol_server/src/service.rs:12:23
[INFO] [stdout]    |
[INFO] [stdout] 12 | use windows_service::{define_windows_service, service_dispatcher};
[INFO] [stdout]    |                       ^^^^^^^^^^^^^^^^^^^^^^  ^^^^^^^^^^^^^^^^^^ no `service_dispatcher` in the root
[INFO] [stdout]    |                       |
[INFO] [stdout]    |                       no `define_windows_service` in the root
[INFO] [stdout] 
[INFO] [stdout] 
[INFO] [stdout] error[E0432]: unresolved import `windows_service::service`
[INFO] [stdout]  --> rcontrol_server/src/service_manager.rs:7:22
[INFO] [stdout]   |
[INFO] [stdout] 7 | use windows_service::service::{
[INFO] [stdout]   |                      ^^^^^^^ could not find `service` in `windows_service`
[INFO] [stdout] 
[INFO] [stdout] 
[INFO] [stdout] error[E0432]: unresolved import `windows_service::service_manager`
[INFO] [stdout]   --> rcontrol_server/src/service_manager.rs:10:22
[INFO] [stdout]    |
[INFO] [stdout] 10 | use windows_service::service_manager::{ServiceManager, ServiceManagerAccess};
[INFO] [stdout]    |                      ^^^^^^^^^^^^^^^ could not find `service_manager` in `windows_service`
[INFO] [stdout] 
[INFO] [stdout] 
[INFO] [stdout] error[E0433]: cannot find `Win32` in `windows`
[INFO] [stdout]  --> rcontrol_server/src/session.rs:5:14
[INFO] [stdout]   |
[INFO] [stdout] 5 | use windows::Win32::Foundation::{CloseHandle, HANDLE, STILL_ACTIVE};
[INFO] [stdout]   |              ^^^^^ could not find `Win32` in `windows`
[INFO] [stdout] 
[INFO] [stdout] 
[INFO] [stdout] error[E0433]: cannot find `Win32` in `windows`
[INFO] [stdout]  --> rcontrol_server/src/session.rs:6:14
[INFO] [stdout]   |
[INFO] [stdout] 6 | use windows::Win32::System::Diagnostics::ToolHelp::{
[INFO] [stdout]   |              ^^^^^ could not find `Win32` in `windows`
[INFO] [stdout] 
[INFO] [stdout] 
[INFO] [stdout] error[E0433]: cannot find `Win32` in `windows`
[INFO] [stdout]  --> rcontrol_server/src/session.rs:9:14
[INFO] [stdout]   |
[INFO] [stdout] 9 | use windows::Win32::System::RemoteDesktop::{ProcessIdToSessionId, WTSGetActiveConsoleSessionId};
[INFO] [stdout]   |              ^^^^^ could not find `Win32` in `windows`
[INFO] [stdout] 
[INFO] [stdout] 
[INFO] [stdout] error[E0433]: cannot find `Win32` in `windows`
[INFO] [stdout]   --> rcontrol_server/src/session.rs:10:14
[INFO] [stdout]    |
[INFO] [stdout] 10 | use windows::Win32::Security::TOKEN_ALL_ACCESS;
[INFO] [stdout]    |              ^^^^^ could not find `Win32` in `windows`
[INFO] [stdout] 
[INFO] [stdout] 
[INFO] [stdout] error[E0433]: cannot find `Win32` in `windows`
[INFO] [stdout]   --> rcontrol_server/src/session.rs:11:14
[INFO] [stdout]    |
[INFO] [stdout] 11 | use windows::Win32::System::Threading::{
[INFO] [stdout]    |              ^^^^^ could not find `Win32` in `windows`
[INFO] [stdout] 
[INFO] [stdout] 
[INFO] [stdout] error[E0433]: cannot find `Win32` in `windows`
[INFO] [stdout]    --> rcontrol_server/src/worker.rs:639:22
[INFO] [stdout]     |
[INFO] [stdout] 639 |         use windows::Win32::Foundation::HANDLE;
[INFO] [stdout]     |                      ^^^^^ could not find `Win32` in `windows`
[INFO] [stdout] 
[INFO] [stdout] 
[INFO] [stdout] error[E0433]: cannot find `Win32` in `windows`
[INFO] [stdout]    --> rcontrol_server/src/worker.rs:640:22
[INFO] [stdout]     |
[INFO] [stdout] 640 |         use windows::Win32::Security::Authorization::ConvertSidToStringSidA;
[INFO] [stdout]     |                      ^^^^^ could not find `Win32` in `windows`
[INFO] [stdout] 
[INFO] [stdout] 
[INFO] [stdout] error[E0433]: cannot find `Win32` in `windows`
[INFO] [stdout]    --> rcontrol_server/src/worker.rs:641:22
[INFO] [stdout]     |
[INFO] [stdout] 641 |         use windows::Win32::Security::{GetTokenInformation, TokenUser, TOKEN_QUERY};
[INFO] [stdout]     |                      ^^^^^ could not find `Win32` in `windows`
[INFO] [stdout] 
[INFO] [stdout] 
[INFO] [stdout] error[E0433]: cannot find `Win32` in `windows`
[INFO] [stdout]    --> rcontrol_server/src/worker.rs:642:22
[INFO] [stdout]     |
[INFO] [stdout] 642 |         use windows::Win32::System::Threading::{GetCurrentProcess, OpenProcessToken};
[INFO] [stdout]     |                      ^^^^^ could not find `Win32` in `windows`
[INFO] [stdout] 
[INFO] [stdout] 
[INFO] [stdout] error[E0432]: unresolved import `windows::core`
[INFO] [stdout]  --> rcontrol_server/src/session.rs:4:14
[INFO] [stdout]   |
[INFO] [stdout] 4 | use windows::core::{PCWSTR, PWSTR};
[INFO] [stdout]   |              ^^^^ could not find `core` in `windows`
[INFO] [stdout] 
[INFO] [stdout] 
[INFO] [stdout] error[E0432]: unresolved import `windows::core`
[INFO] [stdout]    --> rcontrol_server/src/worker.rs:643:22
[INFO] [stdout]     |
[INFO] [stdout] 643 |         use windows::core::PSTR;
[INFO] [stdout]     |                      ^^^^ could not find `core` in `windows`
[INFO] [stdout] 
[INFO] [stdout] 
[INFO] [stdout] error[E0433]: cannot find `Win32` in `windows`
[INFO] [stdout]   --> rcontrol_server/src/capture.rs:33:26
[INFO] [stdout]    |
[INFO] [stdout] 33 |     bmp: Option<windows::Win32::Graphics::Gdi::HBITMAP>,
[INFO] [stdout]    |                          ^^^^^ could not find `Win32` in `windows`
[INFO] [stdout] 
[INFO] [stdout] 
[INFO] [stdout] error[E0433]: cannot find `Win32` in `windows`
[INFO] [stdout]    --> rcontrol_server/src/capture.rs:116:40
[INFO] [stdout]     |
[INFO] [stdout] 116 |             SelectObject(mem, windows::Win32::Graphics::Gdi::HGDIOBJ(bmp.0));
[INFO] [stdout]     |                                        ^^^^^ could not find `Win32` in `windows`
[INFO] [stdout] 
[INFO] [stdout] 
[INFO] [stdout] error[E0433]: cannot find `Win32` in `windows`
[INFO] [stdout]    --> rcontrol_server/src/capture.rs:144:47
[INFO] [stdout]     |
[INFO] [stdout] 144 |                 let _ = DeleteObject(windows::Win32::Graphics::Gdi::HGDIOBJ(b.0));
[INFO] [stdout]     |                                               ^^^^^ could not find `Win32` in `windows`
[INFO] [stdout] 
[INFO] [stdout] 
[INFO] [stdout] error[E0433]: cannot find `Win32` in `windows`
[INFO] [stdout]    --> rcontrol_server/src/desktop.rs:112:26
[INFO] [stdout]     |
[INFO] [stdout] 112 |         let _ = windows::Win32::UI::WindowsAndMessaging::SetProcessDPIAware();
[INFO] [stdout]     |                          ^^^^^ could not find `Win32` in `windows`
[INFO] [stdout] 
[INFO] [stdout] 
[INFO] [stdout] error[E0433]: cannot find `Win32` in `windows`
[INFO] [stdout]  --> rcontrol_server/src/capture.rs:6:14
[INFO] [stdout]   |
[INFO] [stdout] 6 | use windows::Win32::Graphics::Gdi::{
[INFO] [stdout]   |              ^^^^^ could not find `Win32` in `windows`
[INFO] [stdout] 
[INFO] [stdout] 
[INFO] [stdout] error[E0433]: cannot find `Win32` in `windows`
[INFO] [stdout]   --> rcontrol_server/src/capture.rs:11:14
[INFO] [stdout]    |
[INFO] [stdout] 11 | use windows::Win32::UI::WindowsAndMessaging::{
[INFO] [stdout]    |              ^^^^^ could not find `Win32` in `windows`
[INFO] [stdout] 
[INFO] [stdout] 
[INFO] [stdout] error[E0433]: cannot find `Win32` in `windows`
[INFO] [stdout]  --> rcontrol_server/src/clip.rs:6:14
[INFO] [stdout]   |
[INFO] [stdout] 6 | use windows::Win32::Foundation::{HANDLE, HGLOBAL};
[INFO] [stdout]   |              ^^^^^ could not find `Win32` in `windows`
[INFO] [stdout] 
[INFO] [stdout] 
[INFO] [stdout] error[E0433]: cannot find `Win32` in `windows`
[INFO] [stdout]  --> rcontrol_server/src/clip.rs:7:14
[INFO] [stdout]   |
[INFO] [stdout] 7 | use windows::Win32::System::DataExchange::{
[INFO] [stdout]   |              ^^^^^ could not find `Win32` in `windows`
[INFO] [stdout] 
[INFO] [stdout] 
[INFO] [stdout] error[E0433]: cannot find `Win32` in `windows`
[INFO] [stdout]   --> rcontrol_server/src/clip.rs:10:14
[INFO] [stdout]    |
[INFO] [stdout] 10 | use windows::Win32::System::Memory::{GlobalAlloc, GlobalLock, GlobalUnlock, GMEM_MOVEABLE};
[INFO] [stdout]    |              ^^^^^ could not find `Win32` in `windows`
[INFO] [stdout] 
[INFO] [stdout] 
[INFO] [stdout] error[E0433]: cannot find `Win32` in `windows`
[INFO] [stdout]   --> rcontrol_server/src/clip.rs:11:14
[INFO] [stdout]    |
[INFO] [stdout] 11 | use windows::Win32::System::Ole::CF_UNICODETEXT;
[INFO] [stdout]    |              ^^^^^ could not find `Win32` in `windows`
[INFO] [stdout] 
[INFO] [stdout] 
[INFO] [stdout] error[E0433]: cannot find `Win32` in `windows`
[INFO] [stdout]    --> rcontrol_server/src/files.rs:101:35
[INFO] [stdout]     |
[INFO] [stdout] 101 |             let drives = windows::Win32::Storage::FileSystem::GetLogicalDrives();
[INFO] [stdout]     |                                   ^^^^^ could not find `Win32` in `windows`
[INFO] [stdout] 
[INFO] [stdout] 
[INFO] [stdout] error[E0433]: cannot find `Win32` in `windows`
[INFO] [stdout]  --> rcontrol_server/src/desktop.rs:6:14
[INFO] [stdout]   |
[INFO] [stdout] 6 | use windows::Win32::Foundation::{CloseHandle, HANDLE};
[INFO] [stdout]   |              ^^^^^ could not find `Win32` in `windows`
[INFO] [stdout] 
[INFO] [stdout] 
[INFO] [stdout] error[E0433]: cannot find `Win32` in `windows`
[INFO] [stdout]  --> rcontrol_server/src/desktop.rs:7:14
[INFO] [stdout]   |
[INFO] [stdout] 7 | use windows::Win32::System::StationsAndDesktops::{
[INFO] [stdout]   |              ^^^^^ could not find `Win32` in `windows`
[INFO] [stdout] 
[INFO] [stdout] 
[INFO] [stdout] error[E0432]: unresolved import `windows::core`
[INFO] [stdout]  --> rcontrol_server/src/desktop.rs:5:14
[INFO] [stdout]   |
[INFO] [stdout] 5 | use windows::core::PCWSTR;
[INFO] [stdout]   |              ^^^^ could not find `core` in `windows`
[INFO] [stdout] 
[INFO] [stdout] 
[INFO] [stdout] error[E0433]: cannot find `Win32` in `windows`
[INFO] [stdout]  --> rcontrol_server/src/gui.rs:6:14
[INFO] [stdout]   |
[INFO] [stdout] 6 | use windows::Win32::Foundation::{BOOL, HINSTANCE, HWND, LPARAM, LRESULT, WPARAM, RECT};
[INFO] [stdout]   |              ^^^^^ could not find `Win32` in `windows`
[INFO] [stdout] 
[INFO] [stdout] 
[INFO] [stdout] error[E0433]: cannot find `Win32` in `windows`
[INFO] [stdout]  --> rcontrol_server/src/gui.rs:7:14
[INFO] [stdout]   |
[INFO] [stdout] 7 | use windows::Win32::Graphics::Gdi::{
[INFO] [stdout]   |              ^^^^^ could not find `Win32` in `windows`
[INFO] [stdout] 
[INFO] [stdout] 
[INFO] [stdout] error[E0433]: cannot find `Win32` in `windows`
[INFO] [stdout]   --> rcontrol_server/src/gui.rs:12:14
[INFO] [stdout]    |
[INFO] [stdout] 12 | use windows::Win32::System::LibraryLoader::GetModuleHandleW;
[INFO] [stdout]    |              ^^^^^ could not find `Win32` in `windows`
[INFO] [stdout] 
[INFO] [stdout] 
[INFO] [stdout] error[E0433]: cannot find `Win32` in `windows`
[INFO] [stdout]   --> rcontrol_server/src/gui.rs:13:14
[INFO] [stdout]    |
[INFO] [stdout] 13 | use windows::Win32::UI::WindowsAndMessaging::*;
[INFO] [stdout]    |              ^^^^^ could not find `Win32` in `windows`
[INFO] [stdout] 
[INFO] [stdout] 
[INFO] [stdout] error[E0433]: cannot find `windows` in `os`
[INFO] [stdout]    --> rcontrol_server/src/gui.rs:501:18
[INFO] [stdout]     |
[INFO] [stdout] 501 |     use std::os::windows::process::CommandExt;
[INFO] [stdout]     |                  ^^^^^^^ could not find `windows` in `os`
[INFO] [stdout]     |
[INFO] [stdout] note: found an item that was configured out
[INFO] [stdout]    --> /rustc/3154cc1a3e6424e44f438a95007d043ed5ceaaf6/library/std/src/os/mod.rs:62:4
[INFO] [stdout]     |
[INFO] [stdout]     = note: the item is gated behind the `windows` feature
[INFO] [stdout] 
[INFO] [stdout] 
[INFO] [stdout] error[E0433]: cannot find `Win32` in `windows`
[INFO] [stdout]  --> rcontrol_server/src/input.rs:8:14
[INFO] [stdout]   |
[INFO] [stdout] 8 | use windows::Win32::UI::Input::KeyboardAndMouse::{
[INFO] [stdout]   |              ^^^^^ could not find `Win32` in `windows`
[INFO] [stdout] 
[INFO] [stdout] 
[INFO] [stdout] error[E0433]: cannot find `Win32` in `windows`
[INFO] [stdout]   --> rcontrol_server/src/input.rs:28:14
[INFO] [stdout]    |
[INFO] [stdout] 28 | use windows::Win32::UI::WindowsAndMessaging::{GetSystemMetrics, SM_CXVIRTUALSCREEN, SM_CYVIRTUALSCREEN};
[INFO] [stdout]    |              ^^^^^ could not find `Win32` in `windows`
[INFO] [stdout] 
[INFO] [stdout] 
[INFO] [stdout] error[E0432]: unresolved import `windows::core`
[INFO] [stdout]  --> rcontrol_server/src/gui.rs:5:14
[INFO] [stdout]   |
[INFO] [stdout] 5 | use windows::core::PCWSTR;
[INFO] [stdout]   |              ^^^^ could not find `core` in `windows`
[INFO] [stdout] 
[INFO] [stdout] 
[INFO] [stdout] error[E0433]: cannot find `Win32` in `windows`
[INFO] [stdout]    --> rcontrol_server/src/input.rs:180:18
[INFO] [stdout]     |
[INFO] [stdout] 180 |     use windows::Win32::System::Registry::{
[INFO] [stdout]     |                  ^^^^^ could not find `Win32` in `windows`
[INFO] [stdout] 
[INFO] [stdout] 
[INFO] [stdout] error[E0433]: cannot find `Win32` in `windows`
[INFO] [stdout]    --> rcontrol_server/src/input.rs:184:18
[INFO] [stdout]     |
[INFO] [stdout] 184 |     use windows::Win32::Foundation::BOOL;
[INFO] [stdout]     |                  ^^^^^ could not find `Win32` in `windows`
[INFO] [stdout] 
[INFO] [stdout] 
[INFO] [stdout] error[E0432]: unresolved import `windows::core`
[INFO] [stdout]    --> rcontrol_server/src/input.rs:179:18
[INFO] [stdout]     |
[INFO] [stdout] 179 |     use windows::core::PCWSTR;
[INFO] [stdout]     |                  ^^^^ could not find `core` in `windows`
[INFO] [stdout] 
[INFO] [stdout] 
[INFO] [stdout] error[E0433]: cannot find `Win32` in `windows`
[INFO] [stdout]    --> rcontrol_server/src/input.rs:248:18
[INFO] [stdout]     |
[INFO] [stdout] 248 |     use windows::Win32::System::LibraryLoader::{GetProcAddress, LoadLibraryW};
[INFO] [stdout]     |                  ^^^^^ could not find `Win32` in `windows`
[INFO] [stdout] 
[INFO] [stdout] 
[INFO] [stdout] error[E0433]: cannot find `Win32` in `windows`
[INFO] [stdout]   --> rcontrol_server/src/logger.rs:42:18
[INFO] [stdout]    |
[INFO] [stdout] 42 |     use windows::Win32::Foundation::*;
[INFO] [stdout]    |                  ^^^^^ could not find `Win32` in `windows`
[INFO] [stdout] 
[INFO] [stdout] 
[INFO] [stdout] error[E0432]: unresolved import `windows::core`
[INFO] [stdout]    --> rcontrol_server/src/input.rs:247:18
[INFO] [stdout]     |
[INFO] [stdout] 247 |     use windows::core::{PCSTR, PCWSTR};
[INFO] [stdout]     |                  ^^^^ could not find `core` in `windows`
[INFO] [stdout] 
[INFO] [stdout] 
[INFO] [stdout] error[E0432]: unresolved import `windows_service::service`
[INFO] [stdout]  --> rcontrol_server/src/service.rs:8:22
[INFO] [stdout]   |
[INFO] [stdout] 8 | use windows_service::service::{
[INFO] [stdout]   |                      ^^^^^^^ could not find `service` in `windows_service`
[INFO] [stdout] 
[INFO] [stdout] 
[INFO] [stdout] error[E0432]: unresolved import `windows_service::service_control_handler`
[INFO] [stdout]   --> rcontrol_server/src/service.rs:11:22
[INFO] [stdout]    |
[INFO] [stdout] 11 | use windows_service::service_control_handler::{self, ServiceControlHandlerResult};
[INFO] [stdout]    |                      ^^^^^^^^^^^^^^^^^^^^^^^ could not find `service_control_handler` in `windows_service`
[INFO] [stdout] 
[INFO] [stdout] 
[INFO] [stdout] error[E0433]: cannot find `windows` in `os`
[INFO] [stdout]  --> rcontrol_server/src/service_manager.rs:4:14
[INFO] [stdout]   |
[INFO] [stdout] 4 | use std::os::windows::process::CommandExt;
[INFO] [stdout]   |              ^^^^^^^ could not find `windows` in `os`
[INFO] [stdout]   |
[INFO] [stdout] note: found an item that was configured out
[INFO] [stdout]  --> /rustc/3154cc1a3e6424e44f438a95007d043ed5ceaaf6/library/std/src/os/mod.rs:62:4
[INFO] [stdout]   |
[INFO] [stdout]   = note: the item is gated behind the `windows` feature
[INFO] [stdout] 
[INFO] [stdout] 
[INFO] [stdout] error[E0432]: unresolved imports `windows_service::define_windows_service`, `windows_service::service_dispatcher`
[INFO] [stdout]   --> rcontrol_server/src/service.rs:12:23
[INFO] [stdout]    |
[INFO] [stdout] 12 | use windows_service::{define_windows_service, service_dispatcher};
[INFO] [stdout]    |                       ^^^^^^^^^^^^^^^^^^^^^^  ^^^^^^^^^^^^^^^^^^ no `service_dispatcher` in the root
[INFO] [stdout]    |                       |
[INFO] [stdout]    |                       no `define_windows_service` in the root
[INFO] [stdout] 
[INFO] [stdout] 
[INFO] [stdout] error[E0432]: unresolved import `windows_service::service`
[INFO] [stdout]  --> rcontrol_server/src/service_manager.rs:7:22
[INFO] [stdout]   |
[INFO] [stdout] 7 | use windows_service::service::{
[INFO] [stdout]   |                      ^^^^^^^ could not find `service` in `windows_service`
[INFO] [stdout] 
[INFO] [stdout] 
[INFO] [stdout] error[E0432]: unresolved import `windows_service::service_manager`
[INFO] [stdout]   --> rcontrol_server/src/service_manager.rs:10:22
[INFO] [stdout]    |
[INFO] [stdout] 10 | use windows_service::service_manager::{ServiceManager, ServiceManagerAccess};
[INFO] [stdout]    |                      ^^^^^^^^^^^^^^^ could not find `service_manager` in `windows_service`
[INFO] [stdout] 
[INFO] [stdout] 
[INFO] [stdout] error[E0433]: cannot find `Win32` in `windows`
[INFO] [stdout]  --> rcontrol_server/src/session.rs:5:14
[INFO] [stdout]   |
[INFO] [stdout] 5 | use windows::Win32::Foundation::{CloseHandle, HANDLE, STILL_ACTIVE};
[INFO] [stdout]   |              ^^^^^ could not find `Win32` in `windows`
[INFO] [stdout] 
[INFO] [stdout] 
[INFO] [stdout] error[E0433]: cannot find `Win32` in `windows`
[INFO] [stdout]  --> rcontrol_server/src/session.rs:6:14
[INFO] [stdout]   |
[INFO] [stdout] 6 | use windows::Win32::System::Diagnostics::ToolHelp::{
[INFO] [stdout]   |              ^^^^^ could not find `Win32` in `windows`
[INFO] [stdout] 
[INFO] [stdout] 
[INFO] [stdout] error[E0433]: cannot find `Win32` in `windows`
[INFO] [stdout]  --> rcontrol_server/src/session.rs:9:14
[INFO] [stdout]   |
[INFO] [stdout] 9 | use windows::Win32::System::RemoteDesktop::{ProcessIdToSessionId, WTSGetActiveConsoleSessionId};
[INFO] [stdout]   |              ^^^^^ could not find `Win32` in `windows`
[INFO] [stdout] 
[INFO] [stdout] 
[INFO] [stdout] error[E0433]: cannot find `Win32` in `windows`
[INFO] [stdout]   --> rcontrol_server/src/session.rs:10:14
[INFO] [stdout]    |
[INFO] [stdout] 10 | use windows::Win32::Security::TOKEN_ALL_ACCESS;
[INFO] [stdout]    |              ^^^^^ could not find `Win32` in `windows`
[INFO] [stdout] 
[INFO] [stdout] 
[INFO] [stdout] error[E0433]: cannot find `Win32` in `windows`
[INFO] [stdout]   --> rcontrol_server/src/session.rs:11:14
[INFO] [stdout]    |
[INFO] [stdout] 11 | use windows::Win32::System::Threading::{
[INFO] [stdout]    |              ^^^^^ could not find `Win32` in `windows`
[INFO] [stdout] 
[INFO] [stdout] 
[INFO] [stdout] error[E0433]: cannot find `Win32` in `windows`
[INFO] [stdout]    --> rcontrol_server/src/worker.rs:639:22
[INFO] [stdout]     |
[INFO] [stdout] 639 |         use windows::Win32::Foundation::HANDLE;
[INFO] [stdout]     |                      ^^^^^ could not find `Win32` in `windows`
[INFO] [stdout] 
[INFO] [stdout] 
[INFO] [stdout] error[E0433]: cannot find `Win32` in `windows`
[INFO] [stdout]    --> rcontrol_server/src/worker.rs:640:22
[INFO] [stdout]     |
[INFO] [stdout] 640 |         use windows::Win32::Security::Authorization::ConvertSidToStringSidA;
[INFO] [stdout]     |                      ^^^^^ could not find `Win32` in `windows`
[INFO] [stdout] 
[INFO] [stdout] 
[INFO] [stdout] error[E0433]: cannot find `Win32` in `windows`
[INFO] [stdout]    --> rcontrol_server/src/worker.rs:641:22
[INFO] [stdout]     |
[INFO] [stdout] 641 |         use windows::Win32::Security::{GetTokenInformation, TokenUser, TOKEN_QUERY};
[INFO] [stdout]     |                      ^^^^^ could not find `Win32` in `windows`
[INFO] [stdout] 
[INFO] [stdout] 
[INFO] [stdout] error[E0433]: cannot find `Win32` in `windows`
[INFO] [stdout]    --> rcontrol_server/src/worker.rs:642:22
[INFO] [stdout]     |
[INFO] [stdout] 642 |         use windows::Win32::System::Threading::{GetCurrentProcess, OpenProcessToken};
[INFO] [stdout]     |                      ^^^^^ could not find `Win32` in `windows`
[INFO] [stdout] 
[INFO] [stdout] 
[INFO] [stdout] error[E0432]: unresolved import `windows::core`
[INFO] [stdout]  --> rcontrol_server/src/session.rs:4:14
[INFO] [stdout]   |
[INFO] [stdout] 4 | use windows::core::{PCWSTR, PWSTR};
[INFO] [stdout]   |              ^^^^ could not find `core` in `windows`
[INFO] [stdout] 
[INFO] [stdout] 
[INFO] [stdout] error[E0432]: unresolved import `windows::core`
[INFO] [stdout]    --> rcontrol_server/src/worker.rs:643:22
[INFO] [stdout]     |
[INFO] [stdout] 643 |         use windows::core::PSTR;
[INFO] [stdout]     |                      ^^^^ could not find `core` in `windows`
[INFO] [stdout] 
[INFO] [stdout] 
[INFO] [stdout] error[E0433]: cannot find `Win32` in `windows`
[INFO] [stdout]   --> rcontrol_server/src/capture.rs:33:26
[INFO] [stdout]    |
[INFO] [stdout] 33 |     bmp: Option<windows::Win32::Graphics::Gdi::HBITMAP>,
[INFO] [stdout]    |                          ^^^^^ could not find `Win32` in `windows`
[INFO] [stdout] 
[INFO] [stdout] 
[INFO] [stdout] error[E0433]: cannot find `Win32` in `windows`
[INFO] [stdout]    --> rcontrol_server/src/gui.rs:141:33
[INFO] [stdout]     |
[INFO] [stdout] 141 |             lfCharSet: windows::Win32::Graphics::Gdi::DEFAULT_CHARSET,
[INFO] [stdout]     |                                 ^^^^^ could not find `Win32` in `windows`
[INFO] [stdout] 
[INFO] [stdout] 
[INFO] [stdout] error[E0433]: cannot find `Win32` in `windows`
[INFO] [stdout]    --> rcontrol_server/src/capture.rs:116:40
[INFO] [stdout]     |
[INFO] [stdout] 116 |             SelectObject(mem, windows::Win32::Graphics::Gdi::HGDIOBJ(bmp.0));
[INFO] [stdout]     |                                        ^^^^^ could not find `Win32` in `windows`
[INFO] [stdout] 
[INFO] [stdout] 
[INFO] [stdout] error[E0433]: cannot find `Win32` in `windows`
[INFO] [stdout]    --> rcontrol_server/src/capture.rs:144:47
[INFO] [stdout]     |
[INFO] [stdout] 144 |                 let _ = DeleteObject(windows::Win32::Graphics::Gdi::HGDIOBJ(b.0));
[INFO] [stdout]     |                                               ^^^^^ could not find `Win32` in `windows`
[INFO] [stdout] 
[INFO] [stdout] 
[INFO] [stdout] error[E0433]: cannot find `Win32` in `windows`
[INFO] [stdout]    --> rcontrol_server/src/desktop.rs:112:26
[INFO] [stdout]     |
[INFO] [stdout] 112 |         let _ = windows::Win32::UI::WindowsAndMessaging::SetProcessDPIAware();
[INFO] [stdout]     |                          ^^^^^ could not find `Win32` in `windows`
[INFO] [stdout] 
[INFO] [stdout] 
[INFO] [stdout] error[E0433]: cannot find `Win32` in `windows`
[INFO] [stdout]    --> rcontrol_server/src/files.rs:101:35
[INFO] [stdout]     |
[INFO] [stdout] 101 |             let drives = windows::Win32::Storage::FileSystem::GetLogicalDrives();
[INFO] [stdout]     |                                   ^^^^^ could not find `Win32` in `windows`
[INFO] [stdout] 
[INFO] [stdout] 
[INFO] [stdout] error[E0433]: cannot find `Win32` in `windows`
[INFO] [stdout]    --> rcontrol_server/src/gui.rs:141:33
[INFO] [stdout]     |
[INFO] [stdout] 141 |             lfCharSet: windows::Win32::Graphics::Gdi::DEFAULT_CHARSET,
[INFO] [stdout]     |                                 ^^^^^ could not find `Win32` in `windows`
[INFO] [stdout] 
[INFO] [stdout] 
[INFO] [stdout] error[E0433]: cannot find `Win32` in `windows`
[INFO] [stdout]    --> rcontrol_server/src/input.rs:102:33
[INFO] [stdout]     |
[INFO] [stdout] 102 |             Anonymous: windows::Win32::UI::Input::KeyboardAndMouse::INPUT_0 {
[INFO] [stdout]     |                                 ^^^^^ could not find `Win32` in `windows`
[INFO] [stdout] 
[INFO] [stdout] 
[INFO] [stdout] error[E0433]: cannot find `Win32` in `windows`
[INFO] [stdout]    --> rcontrol_server/src/input.rs:161:29
[INFO] [stdout]     |
[INFO] [stdout] 161 |         Anonymous: windows::Win32::UI::Input::KeyboardAndMouse::INPUT_0 {
[INFO] [stdout]     |                             ^^^^^ could not find `Win32` in `windows`
[INFO] [stdout] 
[INFO] [stdout] 
[INFO] [stdout] error[E0433]: cannot find `Win32` in `windows`
[INFO] [stdout]    --> rcontrol_server/src/input.rs:163:31
[INFO] [stdout]     |
[INFO] [stdout] 163 |                 wVk: windows::Win32::UI::Input::KeyboardAndMouse::VIRTUAL_KEY(0),
[INFO] [stdout]     |                               ^^^^^ could not find `Win32` in `windows`
[INFO] [stdout] 
[INFO] [stdout] 
[INFO] [stdout] error[E0433]: cannot find `Win32` in `windows`
[INFO] [stdout]    --> rcontrol_server/src/input.rs:246:75
[INFO] [stdout]     |
[INFO] [stdout] 246 | unsafe fn resolve_send_sas() -> Option<unsafe extern "system" fn(windows::Win32::Foundation::BOOL)> {
[INFO] [stdout]     |                                                                           ^^^^^ could not find `Win32` in `windows`
[INFO] [stdout] 
[INFO] [stdout] 
[INFO] [stdout] error[E0433]: cannot find `service` in `windows_service`
[INFO] [stdout]   --> rcontrol_server/src/service.rs:42:48
[INFO] [stdout]    |
[INFO] [stdout] 42 |                 service_type: windows_service::service::ServiceType::OWN_PROCESS,
[INFO] [stdout]    |                                                ^^^^^^^ could not find `service` in `windows_service`
[INFO] [stdout] 
[INFO] [stdout] 
[INFO] [stdout] error[E0433]: cannot find `Win32` in `windows`
[INFO] [stdout]   --> rcontrol_server/src/service.rs:62:37
[INFO] [stdout]    |
[INFO] [stdout] 62 |     let mut worker: Option<windows::Win32::Foundation::HANDLE> = None;
[INFO] [stdout]    |                                     ^^^^^ could not find `Win32` in `windows`
[INFO] [stdout] 
[INFO] [stdout] 
[INFO] [stdout] error[E0433]: cannot find `Win32` in `windows`
[INFO] [stdout]    --> rcontrol_server/src/input.rs:102:33
[INFO] [stdout]     |
[INFO] [stdout] 102 |             Anonymous: windows::Win32::UI::Input::KeyboardAndMouse::INPUT_0 {
[INFO] [stdout]     |                                 ^^^^^ could not find `Win32` in `windows`
[INFO] [stdout] 
[INFO] [stdout] 
[INFO] [stdout] error[E0433]: cannot find `Win32` in `windows`
[INFO] [stdout]   --> rcontrol_server/src/session.rs:91:22
[INFO] [stdout]    |
[INFO] [stdout] 91 |             windows::Win32::System::Threading::DETACHED_PROCESS,
[INFO] [stdout]    |                      ^^^^^ could not find `Win32` in `windows`
[INFO] [stdout] 
[INFO] [stdout] 
[INFO] [stdout] error[E0433]: cannot find `Win32` in `windows`
[INFO] [stdout]    --> rcontrol_server/src/worker.rs:628:26
[INFO] [stdout]     |
[INFO] [stdout] 628 |         let _ = windows::Win32::System::RemoteDesktop::ProcessIdToSessionId(
[INFO] [stdout]     |                          ^^^^^ could not find `Win32` in `windows`
[INFO] [stdout] 
[INFO] [stdout] 
[INFO] [stdout] error[E0433]: cannot find `Win32` in `windows`
[INFO] [stdout]    --> rcontrol_server/src/worker.rs:629:22
[INFO] [stdout]     |
[INFO] [stdout] 629 |             windows::Win32::System::Threading::GetCurrentProcessId(),
[INFO] [stdout]     |                      ^^^^^ could not find `Win32` in `windows`
[INFO] [stdout] 
[INFO] [stdout] 
[INFO] [stdout] error[E0433]: cannot find `Win32` in `windows`
[INFO] [stdout]    --> rcontrol_server/src/input.rs:161:29
[INFO] [stdout]     |
[INFO] [stdout] 161 |         Anonymous: windows::Win32::UI::Input::KeyboardAndMouse::INPUT_0 {
[INFO] [stdout]     |                             ^^^^^ could not find `Win32` in `windows`
[INFO] [stdout] 
[INFO] [stdout] 
[INFO] [stdout] error[E0433]: cannot find `Win32` in `windows`
[INFO] [stdout]    --> rcontrol_server/src/worker.rs:658:53
[INFO] [stdout]     |
[INFO] [stdout] 658 |         let tu = &*(buf.as_ptr() as *const windows::Win32::Security::TOKEN_USER);
[INFO] [stdout]     |                                                     ^^^^^ could not find `Win32` in `windows`
[INFO] [stdout] 
[INFO] [stdout] 
[INFO] [stdout] error[E0433]: cannot find `Win32` in `windows`
[INFO] [stdout]    --> rcontrol_server/src/worker.rs:664:26
[INFO] [stdout]     |
[INFO] [stdout] 664 |         let _ = windows::Win32::Foundation::LocalFree(windows::Win32::Foundation::HLOCAL(sid_str.0 as _));
[INFO] [stdout]     |                          ^^^^^ could not find `Win32` in `windows`
[INFO] [stdout] 
[INFO] [stdout] 
[INFO] [stdout] error[E0433]: cannot find `Win32` in `windows`
[INFO] [stdout]    --> rcontrol_server/src/worker.rs:664:64
[INFO] [stdout]     |
[INFO] [stdout] 664 |         let _ = windows::Win32::Foundation::LocalFree(windows::Win32::Foundation::HLOCAL(sid_str.0 as _));
[INFO] [stdout]     |                                                                ^^^^^ could not find `Win32` in `windows`
[INFO] [stdout] 
[INFO] [stdout] 
[INFO] [stdout] error[E0433]: cannot find `Win32` in `windows`
[INFO] [stdout]    --> rcontrol_server/src/worker.rs:673:21
[INFO] [stdout]     |
[INFO] [stdout] 673 |         if windows::Win32::System::WindowsProgramming::GetComputerNameW(
[INFO] [stdout]     |                     ^^^^^ could not find `Win32` in `windows`
[INFO] [stdout] 
[INFO] [stdout] 
[INFO] [stdout] error[E0433]: cannot find `Win32` in `windows`
[INFO] [stdout]    --> rcontrol_server/src/input.rs:163:31
[INFO] [stdout]     |
[INFO] [stdout] 163 |                 wVk: windows::Win32::UI::Input::KeyboardAndMouse::VIRTUAL_KEY(0),
[INFO] [stdout]     |                               ^^^^^ could not find `Win32` in `windows`
[INFO] [stdout] 
[INFO] [stdout] 
[INFO] [stdout] error[E0433]: cannot find `core` in `windows`
[INFO] [stdout]    --> rcontrol_server/src/worker.rs:674:22
[INFO] [stdout]     |
[INFO] [stdout] 674 |             windows::core::PWSTR(buf.as_mut_ptr()),
[INFO] [stdout]     |                      ^^^^ could not find `core` in `windows`
[INFO] [stdout] 
[INFO] [stdout] 
[INFO] [stdout] error[E0433]: cannot find `Win32` in `windows`
[INFO] [stdout]    --> rcontrol_server/src/input.rs:246:75
[INFO] [stdout]     |
[INFO] [stdout] 246 | unsafe fn resolve_send_sas() -> Option<unsafe extern "system" fn(windows::Win32::Foundation::BOOL)> {
[INFO] [stdout]     |                                                                           ^^^^^ could not find `Win32` in `windows`
[INFO] [stdout] 
[INFO] [stdout] 
[INFO] [stdout] error[E0425]: cannot find value `WM_SETFONT` in this scope
[INFO] [stdout]    --> rcontrol_server/src/gui.rs:106:28
[INFO] [stdout]     |
[INFO] [stdout] 106 |         SendMessageW(hwnd, WM_SETFONT, WPARAM(*f as usize), LPARAM(1));
[INFO] [stdout]     |                            ^^^^^^^^^^ not found in this scope
[INFO] [stdout] 
[INFO] [stdout] 
[INFO] [stdout] error[E0425]: cannot find value `WM_GETTEXTLENGTH` in this scope
[INFO] [stdout]    --> rcontrol_server/src/gui.rs:112:34
[INFO] [stdout]     |
[INFO] [stdout] 112 |     let len = SendMessageW(hwnd, WM_GETTEXTLENGTH, WPARAM(0), LPARAM(0)).0 as usize;
[INFO] [stdout]     |                                  ^^^^^^^^^^^^^^^^ not found in this scope
[INFO] [stdout] 
[INFO] [stdout] 
[INFO] [stdout] error[E0425]: cannot find value `WM_GETTEXT` in this scope
[INFO] [stdout]    --> rcontrol_server/src/gui.rs:117:24
[INFO] [stdout]     |
[INFO] [stdout] 117 |     SendMessageW(hwnd, WM_GETTEXT, WPARAM(len + 1), LPARAM(buf.as_mut_ptr() as isize));
[INFO] [stdout]     |                        ^^^^^^^^^^ not found in this scope
[INFO] [stdout] 
[INFO] [stdout] 
[INFO] [stdout] error[E0422]: cannot find struct, variant or union type `WNDCLASSW` in this scope
[INFO] [stdout]    --> rcontrol_server/src/gui.rs:154:18
[INFO] [stdout]     |
[INFO] [stdout] 154 |         let wc = WNDCLASSW {
[INFO] [stdout]     |                  ^^^^^^^^^ not found in this scope
[INFO] [stdout] 
[INFO] [stdout] 
[INFO] [stdout] error[E0425]: cannot find value `IDC_ARROW` in this scope
[INFO] [stdout]    --> rcontrol_server/src/gui.rs:158:40
[INFO] [stdout]     |
[INFO] [stdout] 158 |             hCursor: LoadCursorW(None, IDC_ARROW).unwrap(),
[INFO] [stdout]     |                                        ^^^^^^^^^ not found in this scope
[INFO] [stdout] 
[INFO] [stdout] 
[INFO] [stdout] error[E0425]: cannot find value `WS_OVERLAPPED` in this scope
[INFO] [stdout]    --> rcontrol_server/src/gui.rs:165:21
[INFO] [stdout]     |
[INFO] [stdout] 165 |         let style = WS_OVERLAPPED | WS_SYSMENU | WS_CAPTION | WS_MINIMIZEBOX;
[INFO] [stdout]     |                     ^^^^^^^^^^^^^ not found in this scope
[INFO] [stdout] 
[INFO] [stdout] 
[INFO] [stdout] error[E0425]: cannot find value `WS_SYSMENU` in this scope
[INFO] [stdout]    --> rcontrol_server/src/gui.rs:165:37
[INFO] [stdout]     |
[INFO] [stdout] 165 |         let style = WS_OVERLAPPED | WS_SYSMENU | WS_CAPTION | WS_MINIMIZEBOX;
[INFO] [stdout]     |                                     ^^^^^^^^^^ not found in this scope
[INFO] [stdout] 
[INFO] [stdout] 
[INFO] [stdout] error[E0425]: cannot find value `WS_CAPTION` in this scope
[INFO] [stdout]    --> rcontrol_server/src/gui.rs:165:50
[INFO] [stdout]     |
[INFO] [stdout] 165 |         let style = WS_OVERLAPPED | WS_SYSMENU | WS_CAPTION | WS_MINIMIZEBOX;
[INFO] [stdout]     |                                                  ^^^^^^^^^^ not found in this scope
[INFO] [stdout] 
[INFO] [stdout] 
[INFO] [stdout] error[E0425]: cannot find value `WS_MINIMIZEBOX` in this scope
[INFO] [stdout]    --> rcontrol_server/src/gui.rs:165:63
[INFO] [stdout]     |
[INFO] [stdout] 165 |         let style = WS_OVERLAPPED | WS_SYSMENU | WS_CAPTION | WS_MINIMIZEBOX;
[INFO] [stdout]     |                                                               ^^^^^^^^^^^^^^ not found in this scope
[INFO] [stdout] 
[INFO] [stdout] 
[INFO] [stdout] error[E0425]: cannot find value `CW_USEDEFAULT` in this scope
[INFO] [stdout]    --> rcontrol_server/src/gui.rs:176:13
[INFO] [stdout]     |
[INFO] [stdout] 176 |             CW_USEDEFAULT,
[INFO] [stdout]     |             ^^^^^^^^^^^^^ not found in this scope
[INFO] [stdout] 
[INFO] [stdout] 
[INFO] [stdout] error[E0425]: cannot find value `CW_USEDEFAULT` in this scope
[INFO] [stdout]    --> rcontrol_server/src/gui.rs:177:13
[INFO] [stdout]     |
[INFO] [stdout] 177 |             CW_USEDEFAULT,
[INFO] [stdout]     |             ^^^^^^^^^^^^^ not found in this scope
[INFO] [stdout] 
[INFO] [stdout] 
[INFO] [stdout] error[E0425]: cannot find value `SW_SHOW` in this scope
[INFO] [stdout]    --> rcontrol_server/src/gui.rs:187:26
[INFO] [stdout]     |
[INFO] [stdout] 187 |         ShowWindow(hwnd, SW_SHOW);
[INFO] [stdout]     |                          ^^^^^^^ not found in this scope
[INFO] [stdout] 
[INFO] [stdout] 
[INFO] [stdout] error[E0425]: cannot find value `GWLP_USERDATA` in this scope
[INFO] [stdout]    --> rcontrol_server/src/gui.rs:200:37
[INFO] [stdout]     |
[INFO] [stdout] 200 |     let p = GetWindowLongPtrW(hwnd, GWLP_USERDATA) as *mut GuiState;
[INFO] [stdout]     |                                     ^^^^^^^^^^^^^ not found in this scope
[INFO] [stdout] 
[INFO] [stdout] 
[INFO] [stdout] error[E0425]: cannot find value `WM_SETFONT` in this scope
[INFO] [stdout]    --> rcontrol_server/src/gui.rs:236:28
[INFO] [stdout]     |
[INFO] [stdout] 236 |         SendMessageW(hwnd, WM_SETFONT, WPARAM(*f as usize), LPARAM(1));
[INFO] [stdout]     |                            ^^^^^^^^^^ not found in this scope
[INFO] [stdout] 
[INFO] [stdout] 
[INFO] [stdout] error[E0425]: cannot find value `GWLP_USERDATA` in this scope
[INFO] [stdout]    --> rcontrol_server/src/gui.rs:323:37
[INFO] [stdout]     |
[INFO] [stdout] 323 |             SetWindowLongPtrW(hwnd, GWLP_USERDATA, Box::into_raw(state) as isize);
[INFO] [stdout]     |                                     ^^^^^^^^^^^^^ not found in this scope
[INFO] [stdout] 
[INFO] [stdout] 
[INFO] [stdout] error[E0425]: cannot find value `GWLP_USERDATA` in this scope
[INFO] [stdout]    --> rcontrol_server/src/gui.rs:353:45
[INFO] [stdout]     |
[INFO] [stdout] 353 |             let p = GetWindowLongPtrW(hwnd, GWLP_USERDATA) as *mut GuiState;
[INFO] [stdout]     |                                             ^^^^^^^^^^^^^ not found in this scope
[INFO] [stdout] 
[INFO] [stdout] 
[INFO] [stdout] error[E0425]: cannot find value `GWLP_USERDATA` in this scope
[INFO] [stdout]    --> rcontrol_server/src/gui.rs:356:41
[INFO] [stdout]     |
[INFO] [stdout] 356 |                 SetWindowLongPtrW(hwnd, GWLP_USERDATA, 0);
[INFO] [stdout]     |                                         ^^^^^^^^^^^^^ not found in this scope
[INFO] [stdout] 
[INFO] [stdout] 
[INFO] [stdout] error[E0425]: cannot find value `BM_GETCHECK` in this scope
[INFO] [stdout]    --> rcontrol_server/src/gui.rs:383:47
[INFO] [stdout]     |
[INFO] [stdout] 383 |     let allow_file = SendMessageW(g.chk_file, BM_GETCHECK as u32, WPARAM(0), LPARAM(0)).0 != 0;
[INFO] [stdout]     |                                               ^^^^^^^^^^^ not found in this scope
[INFO] [stdout] 
[INFO] [stdout] 
[INFO] [stdout] error[E0425]: cannot find value `BM_GETCHECK` in this scope
[INFO] [stdout]    --> rcontrol_server/src/gui.rs:384:52
[INFO] [stdout]     |
[INFO] [stdout] 384 |     let allow_clipboard = SendMessageW(g.chk_clip, BM_GETCHECK as u32, WPARAM(0), LPARAM(0)).0 != 0;
[INFO] [stdout]     |                                                    ^^^^^^^^^^^ not found in this scope
[INFO] [stdout] 
[INFO] [stdout] 
[INFO] [stdout] error[E0425]: cannot find value `BM_SETCHECK` in this scope
[INFO] [stdout]    --> rcontrol_server/src/gui.rs:404:30
[INFO] [stdout]     |
[INFO] [stdout] 404 |     SendMessageW(g.chk_file, BM_SETCHECK as u32, WPARAM(cfg.allow_file as usize), LPARAM(0));
[INFO] [stdout]     |                              ^^^^^^^^^^^ not found in this scope
[INFO] [stdout] 
[INFO] [stdout] 
[INFO] [stdout] error[E0425]: cannot find value `BM_SETCHECK` in this scope
[INFO] [stdout]    --> rcontrol_server/src/gui.rs:405:30
[INFO] [stdout]     |
[INFO] [stdout] 405 |     SendMessageW(g.chk_clip, BM_SETCHECK as u32, WPARAM(cfg.allow_clipboard as usize), LPARAM(0));
[INFO] [stdout]     |                              ^^^^^^^^^^^ not found in this scope
[INFO] [stdout] 
[INFO] [stdout] 
[INFO] [stdout] error[E0425]: cannot find value `MB_OK` in this scope
[INFO] [stdout]    --> rcontrol_server/src/gui.rs:411:26
[INFO] [stdout]     |
[INFO] [stdout] 411 |     let flags = if err { MB_OK | MB_ICONERROR } else { MB_OK | MB_ICONINFORMATION };
[INFO] [stdout]     |                          ^^^^^ not found in this scope
[INFO] [stdout] 
[INFO] [stdout] 
[INFO] [stdout] error[E0425]: cannot find value `MB_ICONERROR` in this scope
[INFO] [stdout]    --> rcontrol_server/src/gui.rs:411:34
[INFO] [stdout]     |
[INFO] [stdout] 411 |     let flags = if err { MB_OK | MB_ICONERROR } else { MB_OK | MB_ICONINFORMATION };
[INFO] [stdout]     |                                  ^^^^^^^^^^^^ not found in this scope
[INFO] [stdout] 
[INFO] [stdout] 
[INFO] [stdout] error[E0425]: cannot find value `MB_OK` in this scope
[INFO] [stdout]    --> rcontrol_server/src/gui.rs:411:56
[INFO] [stdout]     |
[INFO] [stdout] 411 |     let flags = if err { MB_OK | MB_ICONERROR } else { MB_OK | MB_ICONINFORMATION };
[INFO] [stdout]     |                                                        ^^^^^ not found in this scope
[INFO] [stdout] 
[INFO] [stdout] 
[INFO] [stdout] error[E0425]: cannot find value `MB_ICONINFORMATION` in this scope
[INFO] [stdout]    --> rcontrol_server/src/gui.rs:411:64
[INFO] [stdout]     |
[INFO] [stdout] 411 |     let flags = if err { MB_OK | MB_ICONERROR } else { MB_OK | MB_ICONINFORMATION };
[INFO] [stdout]     |                                                                ^^^^^^^^^^^^^^^^^^ not found in this scope
[INFO] [stdout] 
[INFO] [stdout] 
[INFO] [stdout] error[E0433]: cannot find `Win32` in `windows`
[INFO] [stdout]   --> rcontrol_server/src/logger.rs:51:26
[INFO] [stdout]    |
[INFO] [stdout] 51 |         let _ = windows::Win32::System::Time::FileTimeToSystemTime(&ft, &mut st);
[INFO] [stdout]    |                          ^^^^^ could not find `Win32` in `windows`
[INFO] [stdout]    |
[INFO] [stdout] help: consider importing this struct
[INFO] [stdout]    |
[INFO] [stdout]  3 + use toml::value::Time;
[INFO] [stdout]    |
[INFO] [stdout] help: if you import `Time`, refer to it directly
[INFO] [stdout]    |
[INFO] [stdout] 51 -         let _ = windows::Win32::System::Time::FileTimeToSystemTime(&ft, &mut st);
[INFO] [stdout] 51 +         let _ = Time::FileTimeToSystemTime(&ft, &mut st);
[INFO] [stdout]    |
[INFO] [stdout] 
[INFO] [stdout] 
[INFO] [stdout] error[E0425]: cannot find value `ffi_service_main` in this scope
[INFO] [stdout]   --> rcontrol_server/src/service.rs:21:61
[INFO] [stdout]    |
[INFO] [stdout] 21 |     if let Err(e) = service_dispatcher::start(SERVICE_NAME, ffi_service_main) {
[INFO] [stdout]    |                                                             ^^^^^^^^^^^^^^^^ not found in this scope
[INFO] [stdout]    |
[INFO] [stdout] note: similarly named function `service_main` defined here
[INFO] [stdout]   --> rcontrol_server/src/service.rs:26:1
[INFO] [stdout]    |
[INFO] [stdout] 26 | fn service_main(_args: Vec<std::ffi::OsString>) {
[INFO] [stdout]    | ^^^^^^^^^^^^^^^^^^^^^^^^^^^^^^^^^^^^^^^^^^^^^^^
[INFO] [stdout] help: a function with a similar name exists
[INFO] [stdout]    |
[INFO] [stdout] 21 -     if let Err(e) = service_dispatcher::start(SERVICE_NAME, ffi_service_main) {
[INFO] [stdout] 21 +     if let Err(e) = service_dispatcher::start(SERVICE_NAME, service_main) {
[INFO] [stdout]    |
[INFO] [stdout] 
[INFO] [stdout] 
[INFO] [stdout] error[E0433]: cannot find `service` in `windows_service`
[INFO] [stdout]   --> rcontrol_server/src/service.rs:42:48
[INFO] [stdout]    |
[INFO] [stdout] 42 |                 service_type: windows_service::service::ServiceType::OWN_PROCESS,
[INFO] [stdout]    |                                                ^^^^^^^ could not find `service` in `windows_service`
[INFO] [stdout] 
[INFO] [stdout] 
[INFO] [stdout] error[E0433]: cannot find `Win32` in `windows`
[INFO] [stdout]   --> rcontrol_server/src/service.rs:62:37
[INFO] [stdout]    |
[INFO] [stdout] 62 |     let mut worker: Option<windows::Win32::Foundation::HANDLE> = None;
[INFO] [stdout]    |                                     ^^^^^ could not find `Win32` in `windows`
[INFO] [stdout] 
[INFO] [stdout] 
[INFO] [stdout] error[E0433]: cannot find `Win32` in `windows`
[INFO] [stdout]   --> rcontrol_server/src/session.rs:91:22
[INFO] [stdout]    |
[INFO] [stdout] 91 |             windows::Win32::System::Threading::DETACHED_PROCESS,
[INFO] [stdout]    |                      ^^^^^ could not find `Win32` in `windows`
[INFO] [stdout] 
[INFO] [stdout] 
[INFO] [stdout] error[E0433]: cannot find `Win32` in `windows`
[INFO] [stdout]    --> rcontrol_server/src/worker.rs:628:26
[INFO] [stdout]     |
[INFO] [stdout] 628 |         let _ = windows::Win32::System::RemoteDesktop::ProcessIdToSessionId(
[INFO] [stdout]     |                          ^^^^^ could not find `Win32` in `windows`
[INFO] [stdout] 
[INFO] [stdout] 
[INFO] [stdout] error[E0433]: cannot find `Win32` in `windows`
[INFO] [stdout]    --> rcontrol_server/src/worker.rs:629:22
[INFO] [stdout]     |
[INFO] [stdout] 629 |             windows::Win32::System::Threading::GetCurrentProcessId(),
[INFO] [stdout]     |                      ^^^^^ could not find `Win32` in `windows`
[INFO] [stdout] 
[INFO] [stdout] 
[INFO] [stdout] error[E0433]: cannot find `Win32` in `windows`
[INFO] [stdout]    --> rcontrol_server/src/worker.rs:658:53
[INFO] [stdout]     |
[INFO] [stdout] 658 |         let tu = &*(buf.as_ptr() as *const windows::Win32::Security::TOKEN_USER);
[INFO] [stdout]     |                                                     ^^^^^ could not find `Win32` in `windows`
[INFO] [stdout] 
[INFO] [stdout] 
[INFO] [stdout] error[E0433]: cannot find `Win32` in `windows`
[INFO] [stdout]    --> rcontrol_server/src/worker.rs:664:26
[INFO] [stdout]     |
[INFO] [stdout] 664 |         let _ = windows::Win32::Foundation::LocalFree(windows::Win32::Foundation::HLOCAL(sid_str.0 as _));
[INFO] [stdout]     |                          ^^^^^ could not find `Win32` in `windows`
[INFO] [stdout] 
[INFO] [stdout] 
[INFO] [stdout] error[E0433]: cannot find `Win32` in `windows`
[INFO] [stdout]    --> rcontrol_server/src/worker.rs:664:64
[INFO] [stdout]     |
[INFO] [stdout] 664 |         let _ = windows::Win32::Foundation::LocalFree(windows::Win32::Foundation::HLOCAL(sid_str.0 as _));
[INFO] [stdout]     |                                                                ^^^^^ could not find `Win32` in `windows`
[INFO] [stdout] 
[INFO] [stdout] 
[INFO] [stdout] error[E0433]: cannot find `Win32` in `windows`
[INFO] [stdout]    --> rcontrol_server/src/worker.rs:673:21
[INFO] [stdout]     |
[INFO] [stdout] 673 |         if windows::Win32::System::WindowsProgramming::GetComputerNameW(
[INFO] [stdout]     |                     ^^^^^ could not find `Win32` in `windows`
[INFO] [stdout] 
[INFO] [stdout] 
[INFO] [stdout] error[E0433]: cannot find `core` in `windows`
[INFO] [stdout]    --> rcontrol_server/src/worker.rs:674:22
[INFO] [stdout]     |
[INFO] [stdout] 674 |             windows::core::PWSTR(buf.as_mut_ptr()),
[INFO] [stdout]     |                      ^^^^ could not find `core` in `windows`
[INFO] [stdout] 
[INFO] [stdout] 
[INFO] [stdout] error[E0425]: cannot find value `WM_SETFONT` in this scope
[INFO] [stdout]    --> rcontrol_server/src/gui.rs:106:28
[INFO] [stdout]     |
[INFO] [stdout] 106 |         SendMessageW(hwnd, WM_SETFONT, WPARAM(*f as usize), LPARAM(1));
[INFO] [stdout]     |                            ^^^^^^^^^^ not found in this scope
[INFO] [stdout] 
[INFO] [stdout] 
[INFO] [stdout] error[E0425]: cannot find value `WM_GETTEXTLENGTH` in this scope
[INFO] [stdout]    --> rcontrol_server/src/gui.rs:112:34
[INFO] [stdout]     |
[INFO] [stdout] 112 |     let len = SendMessageW(hwnd, WM_GETTEXTLENGTH, WPARAM(0), LPARAM(0)).0 as usize;
[INFO] [stdout]     |                                  ^^^^^^^^^^^^^^^^ not found in this scope
[INFO] [stdout] 
[INFO] [stdout] 
[INFO] [stdout] error[E0425]: cannot find value `WM_GETTEXT` in this scope
[INFO] [stdout]    --> rcontrol_server/src/gui.rs:117:24
[INFO] [stdout]     |
[INFO] [stdout] 117 |     SendMessageW(hwnd, WM_GETTEXT, WPARAM(len + 1), LPARAM(buf.as_mut_ptr() as isize));
[INFO] [stdout]     |                        ^^^^^^^^^^ not found in this scope
[INFO] [stdout] 
[INFO] [stdout] 
[INFO] [stdout] error[E0422]: cannot find struct, variant or union type `WNDCLASSW` in this scope
[INFO] [stdout]    --> rcontrol_server/src/gui.rs:154:18
[INFO] [stdout]     |
[INFO] [stdout] 154 |         let wc = WNDCLASSW {
[INFO] [stdout]     |                  ^^^^^^^^^ not found in this scope
[INFO] [stdout] 
[INFO] [stdout] 
[INFO] [stdout] error[E0425]: cannot find value `IDC_ARROW` in this scope
[INFO] [stdout]    --> rcontrol_server/src/gui.rs:158:40
[INFO] [stdout]     |
[INFO] [stdout] 158 |             hCursor: LoadCursorW(None, IDC_ARROW).unwrap(),
[INFO] [stdout]     |                                        ^^^^^^^^^ not found in this scope
[INFO] [stdout] 
[INFO] [stdout] 
[INFO] [stdout] error[E0425]: cannot find value `WS_OVERLAPPED` in this scope
[INFO] [stdout]    --> rcontrol_server/src/gui.rs:165:21
[INFO] [stdout]     |
[INFO] [stdout] 165 |         let style = WS_OVERLAPPED | WS_SYSMENU | WS_CAPTION | WS_MINIMIZEBOX;
[INFO] [stdout]     |                     ^^^^^^^^^^^^^ not found in this scope
[INFO] [stdout] 
[INFO] [stdout] 
[INFO] [stdout] error[E0425]: cannot find value `WS_SYSMENU` in this scope
[INFO] [stdout]    --> rcontrol_server/src/gui.rs:165:37
[INFO] [stdout]     |
[INFO] [stdout] 165 |         let style = WS_OVERLAPPED | WS_SYSMENU | WS_CAPTION | WS_MINIMIZEBOX;
[INFO] [stdout]     |                                     ^^^^^^^^^^ not found in this scope
[INFO] [stdout] 
[INFO] [stdout] 
[INFO] [stdout] error[E0425]: cannot find value `WS_CAPTION` in this scope
[INFO] [stdout]    --> rcontrol_server/src/gui.rs:165:50
[INFO] [stdout]     |
[INFO] [stdout] 165 |         let style = WS_OVERLAPPED | WS_SYSMENU | WS_CAPTION | WS_MINIMIZEBOX;
[INFO] [stdout]     |                                                  ^^^^^^^^^^ not found in this scope
[INFO] [stdout] 
[INFO] [stdout] 
[INFO] [stdout] error[E0425]: cannot find value `WS_MINIMIZEBOX` in this scope
[INFO] [stdout]    --> rcontrol_server/src/gui.rs:165:63
[INFO] [stdout]     |
[INFO] [stdout] 165 |         let style = WS_OVERLAPPED | WS_SYSMENU | WS_CAPTION | WS_MINIMIZEBOX;
[INFO] [stdout]     |                                                               ^^^^^^^^^^^^^^ not found in this scope
[INFO] [stdout] 
[INFO] [stdout] 
[INFO] [stdout] error[E0425]: cannot find value `CW_USEDEFAULT` in this scope
[INFO] [stdout]    --> rcontrol_server/src/gui.rs:176:13
[INFO] [stdout]     |
[INFO] [stdout] 176 |             CW_USEDEFAULT,
[INFO] [stdout]     |             ^^^^^^^^^^^^^ not found in this scope
[INFO] [stdout] 
[INFO] [stdout] 
[INFO] [stdout] error[E0425]: cannot find value `CW_USEDEFAULT` in this scope
[INFO] [stdout]    --> rcontrol_server/src/gui.rs:177:13
[INFO] [stdout]     |
[INFO] [stdout] 177 |             CW_USEDEFAULT,
[INFO] [stdout]     |             ^^^^^^^^^^^^^ not found in this scope
[INFO] [stdout] 
[INFO] [stdout] 
[INFO] [stdout] error[E0425]: cannot find value `SW_SHOW` in this scope
[INFO] [stdout]    --> rcontrol_server/src/gui.rs:187:26
[INFO] [stdout]     |
[INFO] [stdout] 187 |         ShowWindow(hwnd, SW_SHOW);
[INFO] [stdout]     |                          ^^^^^^^ not found in this scope
[INFO] [stdout] 
[INFO] [stdout] 
[INFO] [stdout] error[E0425]: cannot find value `GWLP_USERDATA` in this scope
[INFO] [stdout]    --> rcontrol_server/src/gui.rs:200:37
[INFO] [stdout]     |
[INFO] [stdout] 200 |     let p = GetWindowLongPtrW(hwnd, GWLP_USERDATA) as *mut GuiState;
[INFO] [stdout]     |                                     ^^^^^^^^^^^^^ not found in this scope
[INFO] [stdout] 
[INFO] [stdout] 
[INFO] [stdout] error[E0425]: cannot find value `WM_SETFONT` in this scope
[INFO] [stdout]    --> rcontrol_server/src/gui.rs:236:28
[INFO] [stdout]     |
[INFO] [stdout] 236 |         SendMessageW(hwnd, WM_SETFONT, WPARAM(*f as usize), LPARAM(1));
[INFO] [stdout]     |                            ^^^^^^^^^^ not found in this scope
[INFO] [stdout] 
[INFO] [stdout] 
[INFO] [stdout] error[E0425]: cannot find value `GWLP_USERDATA` in this scope
[INFO] [stdout]    --> rcontrol_server/src/gui.rs:323:37
[INFO] [stdout]     |
[INFO] [stdout] 323 |             SetWindowLongPtrW(hwnd, GWLP_USERDATA, Box::into_raw(state) as isize);
[INFO] [stdout]     |                                     ^^^^^^^^^^^^^ not found in this scope
[INFO] [stdout] 
[INFO] [stdout] 
[INFO] [stdout] error[E0425]: cannot find value `GWLP_USERDATA` in this scope
[INFO] [stdout]    --> rcontrol_server/src/gui.rs:353:45
[INFO] [stdout]     |
[INFO] [stdout] 353 |             let p = GetWindowLongPtrW(hwnd, GWLP_USERDATA) as *mut GuiState;
[INFO] [stdout]     |                                             ^^^^^^^^^^^^^ not found in this scope
[INFO] [stdout] 
[INFO] [stdout] 
[INFO] [stdout] error[E0425]: cannot find value `GWLP_USERDATA` in this scope
[INFO] [stdout]    --> rcontrol_server/src/gui.rs:356:41
[INFO] [stdout]     |
[INFO] [stdout] 356 |                 SetWindowLongPtrW(hwnd, GWLP_USERDATA, 0);
[INFO] [stdout]     |                                         ^^^^^^^^^^^^^ not found in this scope
[INFO] [stdout] 
[INFO] [stdout] 
[INFO] [stdout] error[E0425]: cannot find value `BM_GETCHECK` in this scope
[INFO] [stdout]    --> rcontrol_server/src/gui.rs:383:47
[INFO] [stdout]     |
[INFO] [stdout] 383 |     let allow_file = SendMessageW(g.chk_file, BM_GETCHECK as u32, WPARAM(0), LPARAM(0)).0 != 0;
[INFO] [stdout]     |                                               ^^^^^^^^^^^ not found in this scope
[INFO] [stdout] 
[INFO] [stdout] 
[INFO] [stdout] error[E0425]: cannot find value `BM_GETCHECK` in this scope
[INFO] [stdout]    --> rcontrol_server/src/gui.rs:384:52
[INFO] [stdout]     |
[INFO] [stdout] 384 |     let allow_clipboard = SendMessageW(g.chk_clip, BM_GETCHECK as u32, WPARAM(0), LPARAM(0)).0 != 0;
[INFO] [stdout]     |                                                    ^^^^^^^^^^^ not found in this scope
[INFO] [stdout] 
[INFO] [stdout] 
[INFO] [stdout] error[E0425]: cannot find value `BM_SETCHECK` in this scope
[INFO] [stdout]    --> rcontrol_server/src/gui.rs:404:30
[INFO] [stdout]     |
[INFO] [stdout] 404 |     SendMessageW(g.chk_file, BM_SETCHECK as u32, WPARAM(cfg.allow_file as usize), LPARAM(0));
[INFO] [stdout]     |                              ^^^^^^^^^^^ not found in this scope
[INFO] [stdout] 
[INFO] [stdout] 
[INFO] [stdout] error[E0425]: cannot find value `BM_SETCHECK` in this scope
[INFO] [stdout]    --> rcontrol_server/src/gui.rs:405:30
[INFO] [stdout]     |
[INFO] [stdout] 405 |     SendMessageW(g.chk_clip, BM_SETCHECK as u32, WPARAM(cfg.allow_clipboard as usize), LPARAM(0));
[INFO] [stdout]     |                              ^^^^^^^^^^^ not found in this scope
[INFO] [stdout] 
[INFO] [stdout] 
[INFO] [stdout] error[E0425]: cannot find value `MB_OK` in this scope
[INFO] [stdout]    --> rcontrol_server/src/gui.rs:411:26
[INFO] [stdout]     |
[INFO] [stdout] 411 |     let flags = if err { MB_OK | MB_ICONERROR } else { MB_OK | MB_ICONINFORMATION };
[INFO] [stdout]     |                          ^^^^^ not found in this scope
[INFO] [stdout] 
[INFO] [stdout] 
[INFO] [stdout] error[E0425]: cannot find value `MB_ICONERROR` in this scope
[INFO] [stdout]    --> rcontrol_server/src/gui.rs:411:34
[INFO] [stdout]     |
[INFO] [stdout] 411 |     let flags = if err { MB_OK | MB_ICONERROR } else { MB_OK | MB_ICONINFORMATION };
[INFO] [stdout]     |                                  ^^^^^^^^^^^^ not found in this scope
[INFO] [stdout] 
[INFO] [stdout] 
[INFO] [stdout] error[E0425]: cannot find value `MB_OK` in this scope
[INFO] [stdout]    --> rcontrol_server/src/gui.rs:411:56
[INFO] [stdout]     |
[INFO] [stdout] 411 |     let flags = if err { MB_OK | MB_ICONERROR } else { MB_OK | MB_ICONINFORMATION };
[INFO] [stdout]     |                                                        ^^^^^ not found in this scope
[INFO] [stdout] 
[INFO] [stdout] 
[INFO] [stdout] error[E0425]: cannot find value `MB_ICONINFORMATION` in this scope
[INFO] [stdout]    --> rcontrol_server/src/gui.rs:411:64
[INFO] [stdout]     |
[INFO] [stdout] 411 |     let flags = if err { MB_OK | MB_ICONERROR } else { MB_OK | MB_ICONINFORMATION };
[INFO] [stdout]     |                                                                ^^^^^^^^^^^^^^^^^^ not found in this scope
[INFO] [stdout] 
[INFO] [stdout] 
[INFO] [stdout] error[E0433]: cannot find `Win32` in `windows`
[INFO] [stdout]   --> rcontrol_server/src/logger.rs:51:26
[INFO] [stdout]    |
[INFO] [stdout] 51 |         let _ = windows::Win32::System::Time::FileTimeToSystemTime(&ft, &mut st);
[INFO] [stdout]    |                          ^^^^^ could not find `Win32` in `windows`
[INFO] [stdout]    |
[INFO] [stdout] help: consider importing this struct
[INFO] [stdout]    |
[INFO] [stdout]  3 + use toml::value::Time;
[INFO] [stdout]    |
[INFO] [stdout] help: if you import `Time`, refer to it directly
[INFO] [stdout]    |
[INFO] [stdout] 51 -         let _ = windows::Win32::System::Time::FileTimeToSystemTime(&ft, &mut st);
[INFO] [stdout] 51 +         let _ = Time::FileTimeToSystemTime(&ft, &mut st);
[INFO] [stdout]    |
[INFO] [stdout] 
[INFO] [stdout] 
[INFO] [stdout] error[E0425]: cannot find value `ffi_service_main` in this scope
[INFO] [stdout]   --> rcontrol_server/src/service.rs:21:61
[INFO] [stdout]    |
[INFO] [stdout] 21 |     if let Err(e) = service_dispatcher::start(SERVICE_NAME, ffi_service_main) {
[INFO] [stdout]    |                                                             ^^^^^^^^^^^^^^^^ not found in this scope
[INFO] [stdout]    |
[INFO] [stdout] note: similarly named function `service_main` defined here
[INFO] [stdout]   --> rcontrol_server/src/service.rs:26:1
[INFO] [stdout]    |
[INFO] [stdout] 26 | fn service_main(_args: Vec<std::ffi::OsString>) {
[INFO] [stdout]    | ^^^^^^^^^^^^^^^^^^^^^^^^^^^^^^^^^^^^^^^^^^^^^^^
[INFO] [stdout] help: a function with a similar name exists
[INFO] [stdout]    |
[INFO] [stdout] 21 -     if let Err(e) = service_dispatcher::start(SERVICE_NAME, ffi_service_main) {
[INFO] [stdout] 21 +     if let Err(e) = service_dispatcher::start(SERVICE_NAME, service_main) {
[INFO] [stdout]    |
[INFO] [stdout] 
[INFO] [stdout] 
[INFO] [stdout] error[E0425]: cannot find function, tuple struct or tuple variant `WINDOW_EX_STYLE` in this scope
[INFO] [stdout]   --> rcontrol_server/src/gui.rs:91:9
[INFO] [stdout]    |
[INFO] [stdout] 91 |         WINDOW_EX_STYLE(0),
[INFO] [stdout]    |         ^^^^^^^^^^^^^^^ not found in this scope
[INFO] [stdout] 
[INFO] [stdout] 
[INFO] [stdout] error[E0425]: cannot find function, tuple struct or tuple variant `WINDOW_STYLE` in this scope
[INFO] [stdout]   --> rcontrol_server/src/gui.rs:94:9
[INFO] [stdout]    |
[INFO] [stdout] 94 |         WINDOW_STYLE(style),
[INFO] [stdout]    |         ^^^^^^^^^^^^ not found in this scope
[INFO] [stdout] 
[INFO] [stdout] 
[INFO] [stdout] error[E0425]: cannot find function, tuple struct or tuple variant `HMENU` in this scope
[INFO] [stdout]    --> rcontrol_server/src/gui.rs:100:9
[INFO] [stdout]     |
[INFO] [stdout] 100 |         HMENU(id as isize as *mut _),
[INFO] [stdout]     |         ^^^^^ not found in this scope
[INFO] [stdout] 
[INFO] [stdout] 
[INFO] [stdout] error[E0425]: cannot find function, tuple struct or tuple variant `CreateWindowExW` in this scope
[INFO] [stdout]   --> rcontrol_server/src/gui.rs:90:16
[INFO] [stdout]    |
[INFO] [stdout] 90 |     let hwnd = CreateWindowExW(
[INFO] [stdout]    |                ^^^^^^^^^^^^^^^ not found in this scope
[INFO] [stdout] 
[INFO] [stdout] 
[INFO] [stdout] error[E0425]: cannot find function, tuple struct or tuple variant `SendMessageW` in this scope
[INFO] [stdout]    --> rcontrol_server/src/gui.rs:106:9
[INFO] [stdout]     |
[INFO] [stdout] 106 |         SendMessageW(hwnd, WM_SETFONT, WPARAM(*f as usize), LPARAM(1));
[INFO] [stdout]     |         ^^^^^^^^^^^^ not found in this scope
[INFO] [stdout] 
[INFO] [stdout] 
[INFO] [stdout] error[E0425]: cannot find function, tuple struct or tuple variant `SendMessageW` in this scope
[INFO] [stdout]    --> rcontrol_server/src/gui.rs:112:15
[INFO] [stdout]     |
[INFO] [stdout] 112 |     let len = SendMessageW(hwnd, WM_GETTEXTLENGTH, WPARAM(0), LPARAM(0)).0 as usize;
[INFO] [stdout]     |               ^^^^^^^^^^^^ not found in this scope
[INFO] [stdout] 
[INFO] [stdout] 
[INFO] [stdout] error[E0425]: cannot find function, tuple struct or tuple variant `SendMessageW` in this scope
[INFO] [stdout]    --> rcontrol_server/src/gui.rs:117:5
[INFO] [stdout]     |
[INFO] [stdout] 117 |     SendMessageW(hwnd, WM_GETTEXT, WPARAM(len + 1), LPARAM(buf.as_mut_ptr() as isize));
[INFO] [stdout]     |     ^^^^^^^^^^^^ not found in this scope
[INFO] [stdout] 
[INFO] [stdout] 
[INFO] [stdout] error[E0425]: cannot find function, tuple struct or tuple variant `SetWindowTextW` in this scope
[INFO] [stdout]    --> rcontrol_server/src/gui.rs:123:5
[INFO] [stdout]     |
[INFO] [stdout] 123 |     SetWindowTextW(hwnd, PCWSTR::from_raw(v.as_ptr()));
[INFO] [stdout]     |     ^^^^^^^^^^^^^^ not found in this scope
[INFO] [stdout] 
[INFO] [stdout] 
[INFO] [stdout] error[E0425]: cannot find function, tuple struct or tuple variant `SetProcessDPIAware` in this scope
[INFO] [stdout]    --> rcontrol_server/src/gui.rs:129:17
[INFO] [stdout]     |
[INFO] [stdout] 129 |         let _ = SetProcessDPIAware();
[INFO] [stdout]     |                 ^^^^^^^^^^^^^^^^^^ not found in this scope
[INFO] [stdout] 
[INFO] [stdout] 
[INFO] [stdout] error[E0425]: cannot find function, tuple struct or tuple variant `LoadCursorW` in this scope
[INFO] [stdout]    --> rcontrol_server/src/gui.rs:158:22
[INFO] [stdout]     |
[INFO] [stdout] 158 |             hCursor: LoadCursorW(None, IDC_ARROW).unwrap(),
[INFO] [stdout]     |                      ^^^^^^^^^^^ not found in this scope
[INFO] [stdout] 
[INFO] [stdout] 
[INFO] [stdout] error[E0425]: cannot find function, tuple struct or tuple variant `RegisterClassW` in this scope
[INFO] [stdout]    --> rcontrol_server/src/gui.rs:162:9
[INFO] [stdout]     |
[INFO] [stdout] 162 |         RegisterClassW(&wc);
[INFO] [stdout]     |         ^^^^^^^^^^^^^^ not found in this scope
[INFO] [stdout] 
[INFO] [stdout] 
[INFO] [stdout] error[E0425]: cannot find function, tuple struct or tuple variant `AdjustWindowRect` in this scope
[INFO] [stdout]    --> rcontrol_server/src/gui.rs:167:12
[INFO] [stdout]     |
[INFO] [stdout] 167 |         if AdjustWindowRect(&mut rc, style, BOOL(0)).is_err() {
[INFO] [stdout]     |            ^^^^^^^^^^^^^^^^ not found in this scope
[INFO] [stdout] 
[INFO] [stdout] 
[INFO] [stdout] error[E0425]: cannot find function, tuple struct or tuple variant `WINDOW_EX_STYLE` in this scope
[INFO] [stdout]    --> rcontrol_server/src/gui.rs:172:13
[INFO] [stdout]     |
[INFO] [stdout] 172 |             WINDOW_EX_STYLE(0),
[INFO] [stdout]     |             ^^^^^^^^^^^^^^^ not found in this scope
[INFO] [stdout] 
[INFO] [stdout] 
[INFO] [stdout] error[E0425]: cannot find function, tuple struct or tuple variant `CreateWindowExW` in this scope
[INFO] [stdout]    --> rcontrol_server/src/gui.rs:171:20
[INFO] [stdout]     |
[INFO] [stdout] 171 |         let hwnd = CreateWindowExW(
[INFO] [stdout]     |                    ^^^^^^^^^^^^^^^ not found in this scope
[INFO] [stdout] 
[INFO] [stdout] 
[INFO] [stdout] error[E0425]: cannot find function, tuple struct or tuple variant `ShowWindow` in this scope
[INFO] [stdout]    --> rcontrol_server/src/gui.rs:187:9
[INFO] [stdout]     |
[INFO] [stdout] 187 |         ShowWindow(hwnd, SW_SHOW);
[INFO] [stdout]     |         ^^^^^^^^^^ not found in this scope
[INFO] [stdout] 
[INFO] [stdout] 
[INFO] [stdout] error[E0425]: cannot find function, tuple struct or tuple variant `SetTimer` in this scope
[INFO] [stdout]    --> rcontrol_server/src/gui.rs:189:17
[INFO] [stdout]     |
[INFO] [stdout] 189 |         let _ = SetTimer(hwnd, 1, 2000, None);
[INFO] [stdout]     |                 ^^^^^^^^ not found in this scope
[INFO] [stdout] 
[INFO] [stdout] 
[INFO] [stdout] error[E0433]: cannot find type `MSG` in this scope
[INFO] [stdout]    --> rcontrol_server/src/gui.rs:191:23
[INFO] [stdout]     |
[INFO] [stdout] 191 |         let mut msg = MSG::default();
[INFO] [stdout]     |                       ^^^ use of undeclared type `MSG`
[INFO] [stdout] 
[INFO] [stdout] 
[INFO] [stdout] error[E0425]: cannot find function, tuple struct or tuple variant `GetMessageW` in this scope
[INFO] [stdout]    --> rcontrol_server/src/gui.rs:192:15
[INFO] [stdout]     |
[INFO] [stdout] 192 |         while GetMessageW(&mut msg, None, 0, 0).as_bool() {
[INFO] [stdout]     |               ^^^^^^^^^^^ not found in this scope
[INFO] [stdout] 
[INFO] [stdout] 
[INFO] [stdout] error[E0425]: cannot find function, tuple struct or tuple variant `TranslateMessage` in this scope
[INFO] [stdout]    --> rcontrol_server/src/gui.rs:193:21
[INFO] [stdout]     |
[INFO] [stdout] 193 |             let _ = TranslateMessage(&msg);
[INFO] [stdout]     |                     ^^^^^^^^^^^^^^^^ not found in this scope
[INFO] [stdout] 
[INFO] [stdout] 
[INFO] [stdout] error[E0425]: cannot find function, tuple struct or tuple variant `DispatchMessageW` in this scope
[INFO] [stdout]    --> rcontrol_server/src/gui.rs:194:13
[INFO] [stdout]     |
[INFO] [stdout] 194 |             DispatchMessageW(&msg);
[INFO] [stdout]     |             ^^^^^^^^^^^^^^^^ not found in this scope
[INFO] [stdout] 
[INFO] [stdout] 
[INFO] [stdout] error[E0425]: cannot find function, tuple struct or tuple variant `GetWindowLongPtrW` in this scope
[INFO] [stdout]    --> rcontrol_server/src/gui.rs:200:13
[INFO] [stdout]     |
[INFO] [stdout] 200 |     let p = GetWindowLongPtrW(hwnd, GWLP_USERDATA) as *mut GuiState;
[INFO] [stdout]     |             ^^^^^^^^^^^^^^^^^ not found in this scope
[INFO] [stdout] 
[INFO] [stdout] 
[INFO] [stdout] error[E0425]: cannot find function, tuple struct or tuple variant `WINDOW_EX_STYLE` in this scope
[INFO] [stdout]    --> rcontrol_server/src/gui.rs:221:9
[INFO] [stdout]     |
[INFO] [stdout] 221 |         WINDOW_EX_STYLE(ex),
[INFO] [stdout]     |         ^^^^^^^^^^^^^^^ not found in this scope
[INFO] [stdout] 
[INFO] [stdout] 
[INFO] [stdout] error[E0425]: cannot find function, tuple struct or tuple variant `WINDOW_STYLE` in this scope
[INFO] [stdout]    --> rcontrol_server/src/gui.rs:224:9
[INFO] [stdout]     |
[INFO] [stdout] 224 |         WINDOW_STYLE(style),
[INFO] [stdout]     |         ^^^^^^^^^^^^ not found in this scope
[INFO] [stdout] 
[INFO] [stdout] 
[INFO] [stdout] error[E0425]: cannot find function, tuple struct or tuple variant `HMENU` in this scope
[INFO] [stdout]    --> rcontrol_server/src/gui.rs:230:9
[INFO] [stdout]     |
[INFO] [stdout] 230 |         HMENU(id as isize as *mut _),
[INFO] [stdout]     |         ^^^^^ not found in this scope
[INFO] [stdout] 
[INFO] [stdout] 
[INFO] [stdout] error[E0425]: cannot find function, tuple struct or tuple variant `CreateWindowExW` in this scope
[INFO] [stdout]    --> rcontrol_server/src/gui.rs:220:16
[INFO] [stdout]     |
[INFO] [stdout] 220 |     let hwnd = CreateWindowExW(
[INFO] [stdout]     |                ^^^^^^^^^^^^^^^ not found in this scope
[INFO] [stdout] 
[INFO] [stdout] 
[INFO] [stdout] error[E0425]: cannot find function, tuple struct or tuple variant `SendMessageW` in this scope
[INFO] [stdout]    --> rcontrol_server/src/gui.rs:236:9
[INFO] [stdout]     |
[INFO] [stdout] 236 |         SendMessageW(hwnd, WM_SETFONT, WPARAM(*f as usize), LPARAM(1));
[INFO] [stdout]     |         ^^^^^^^^^^^^ not found in this scope
[INFO] [stdout] 
[INFO] [stdout] 
[INFO] [stdout] error[E0425]: cannot find function, tuple struct or tuple variant `SetWindowLongPtrW` in this scope
[INFO] [stdout]    --> rcontrol_server/src/gui.rs:323:13
[INFO] [stdout]     |
[INFO] [stdout] 323 |             SetWindowLongPtrW(hwnd, GWLP_USERDATA, Box::into_raw(state) as isize);
[INFO] [stdout]     |             ^^^^^^^^^^^^^^^^^ not found in this scope
[INFO] [stdout] 
[INFO] [stdout] 
[INFO] [stdout] error[E0425]: cannot find function, tuple struct or tuple variant `DestroyWindow` in this scope
[INFO] [stdout]    --> rcontrol_server/src/gui.rs:349:13
[INFO] [stdout]     |
[INFO] [stdout] 349 |             DestroyWindow(hwnd);
[INFO] [stdout]     |             ^^^^^^^^^^^^^ not found in this scope
[INFO] [stdout] 
[INFO] [stdout] 
[INFO] [stdout] error[E0425]: cannot find function, tuple struct or tuple variant `GetWindowLongPtrW` in this scope
[INFO] [stdout]    --> rcontrol_server/src/gui.rs:353:21
[INFO] [stdout]     |
[INFO] [stdout] 353 |             let p = GetWindowLongPtrW(hwnd, GWLP_USERDATA) as *mut GuiState;
[INFO] [stdout]     |                     ^^^^^^^^^^^^^^^^^ not found in this scope
[INFO] [stdout] 
[INFO] [stdout] 
[INFO] [stdout] error[E0425]: cannot find function, tuple struct or tuple variant `SetWindowLongPtrW` in this scope
[INFO] [stdout]    --> rcontrol_server/src/gui.rs:356:17
[INFO] [stdout]     |
[INFO] [stdout] 356 |                 SetWindowLongPtrW(hwnd, GWLP_USERDATA, 0);
[INFO] [stdout]     |                 ^^^^^^^^^^^^^^^^^ not found in this scope
[INFO] [stdout] 
[INFO] [stdout] 
[INFO] [stdout] error[E0425]: cannot find function, tuple struct or tuple variant `PostQuitMessage` in this scope
[INFO] [stdout]    --> rcontrol_server/src/gui.rs:358:13
[INFO] [stdout]     |
[INFO] [stdout] 358 |             PostQuitMessage(0);
[INFO] [stdout]     |             ^^^^^^^^^^^^^^^ not found in this scope
[INFO] [stdout] 
[INFO] [stdout] 
[INFO] [stdout] error[E0425]: cannot find function, tuple struct or tuple variant `DefWindowProcW` in this scope
[INFO] [stdout]    --> rcontrol_server/src/gui.rs:361:14
[INFO] [stdout]     |
[INFO] [stdout] 361 |         _ => DefWindowProcW(hwnd, msg, wp, lp),
[INFO] [stdout]     |              ^^^^^^^^^^^^^^ not found in this scope
[INFO] [stdout] 
[INFO] [stdout] 
[INFO] [stdout] error[E0425]: cannot find function, tuple struct or tuple variant `SendMessageW` in this scope
[INFO] [stdout]    --> rcontrol_server/src/gui.rs:383:22
[INFO] [stdout]     |
[INFO] [stdout] 383 |     let allow_file = SendMessageW(g.chk_file, BM_GETCHECK as u32, WPARAM(0), LPARAM(0)).0 != 0;
[INFO] [stdout]     |                      ^^^^^^^^^^^^ not found in this scope
[INFO] [stdout] 
[INFO] [stdout] 
[INFO] [stdout] error[E0425]: cannot find function, tuple struct or tuple variant `SendMessageW` in this scope
[INFO] [stdout]    --> rcontrol_server/src/gui.rs:384:27
[INFO] [stdout]     |
[INFO] [stdout] 384 |     let allow_clipboard = SendMessageW(g.chk_clip, BM_GETCHECK as u32, WPARAM(0), LPARAM(0)).0 != 0;
[INFO] [stdout]     |                           ^^^^^^^^^^^^ not found in this scope
[INFO] [stdout] 
[INFO] [stdout] 
[INFO] [stdout] error[E0425]: cannot find function, tuple struct or tuple variant `SendMessageW` in this scope
[INFO] [stdout]    --> rcontrol_server/src/gui.rs:404:5
[INFO] [stdout]     |
[INFO] [stdout] 404 |     SendMessageW(g.chk_file, BM_SETCHECK as u32, WPARAM(cfg.allow_file as usize), LPARAM(0));
[INFO] [stdout]     |     ^^^^^^^^^^^^ not found in this scope
[INFO] [stdout] 
[INFO] [stdout] 
[INFO] [stdout] error[E0425]: cannot find function, tuple struct or tuple variant `SendMessageW` in this scope
[INFO] [stdout]    --> rcontrol_server/src/gui.rs:405:5
[INFO] [stdout]     |
[INFO] [stdout] 405 |     SendMessageW(g.chk_clip, BM_SETCHECK as u32, WPARAM(cfg.allow_clipboard as usize), LPARAM(0));
[INFO] [stdout]     |     ^^^^^^^^^^^^ not found in this scope
[INFO] [stdout] 
[INFO] [stdout] 
[INFO] [stdout] error[E0425]: cannot find function, tuple struct or tuple variant `MessageBoxW` in this scope
[INFO] [stdout]    --> rcontrol_server/src/gui.rs:412:5
[INFO] [stdout]     |
[INFO] [stdout] 412 |     MessageBoxW(None, PCWSTR::from_raw(t.as_ptr()), PCWSTR::from_raw(c.as_ptr()), flags);
[INFO] [stdout]     |     ^^^^^^^^^^^ not found in this scope
[INFO] [stdout] 
[INFO] [stdout] 
[INFO] [stdout] error[E0599]: no method named `creation_flags` found for mutable reference `&mut Command` in the current scope
[INFO] [stdout]    --> rcontrol_server/src/gui.rs:510:26
[INFO] [stdout]     |
[INFO] [stdout] 508 |                     let out = std::process::Command::new("taskkill")
[INFO] [stdout] 509 |                         .args(["/PID", &pid.to_string(), "/F"])
[INFO] [stdout] 510 |                         .creation_flags(0x0800_0000)
[INFO] [stdout]     |                          ^^^^^^^^^^^^^^ method not found in `&mut Command`
[INFO] [stdout] 
[INFO] [stdout] 
[INFO] [stdout] error[E0433]: cannot find type `SYSTEMTIME` in this scope
[INFO] [stdout]   --> rcontrol_server/src/logger.rs:45:22
[INFO] [stdout]    |
[INFO] [stdout] 45 |         let mut st = SYSTEMTIME::default();
[INFO] [stdout]    |                      ^^^^^^^^^^ use of undeclared type `SYSTEMTIME`
[INFO] [stdout]    |
[INFO] [stdout] help: a struct with a similar name exists
[INFO] [stdout]    |
[INFO] [stdout] 45 -         let mut st = SYSTEMTIME::default();
[INFO] [stdout] 45 +         let mut st = SystemTime::default();
[INFO] [stdout]    |
[INFO] [stdout] 
[INFO] [stdout] 
[INFO] [stdout] error[E0433]: cannot find type `FILETIME` in this scope
[INFO] [stdout]   --> rcontrol_server/src/logger.rs:46:22
[INFO] [stdout]    |
[INFO] [stdout] 46 |         let mut ft = FILETIME::default();
[INFO] [stdout]    |                      ^^^^^^^^ use of undeclared type `FILETIME`
[INFO] [stdout] 
[INFO] [stdout] 
[INFO] [stdout] warning: method call on a diverging inference variable
[INFO] [stdout]   --> rcontrol_server/src/service_manager.rs:82:33
[INFO] [stdout]    |
[INFO] [stdout] 82 |     let service = match manager.open_service(SERVICE_NAME, ServiceAccess::QUERY_STATUS) {
[INFO] [stdout]    |                                 ^^^^^^^^^^^^
[INFO] [stdout]    |
[INFO] [stdout]    = help: consider providing a type annotation
[INFO] [stdout]    = warning: this was previously accepted by the compiler but is being phased out; it will become a hard error in a future release!
[INFO] [stdout]    = note: for more information, see issue #156047 <https://github.com/rust-lang/rust/issues/156047>
[INFO] [stdout]    = note: `#[warn(method_call_on_diverging_infer_var)]` (part of `#[warn(future_incompatible)]`) on by default
[INFO] [stdout] 
[INFO] [stdout] 
[INFO] [stdout] error[E0599]: no method named `open_service` found for type `!` in the current scope
[INFO] [stdout]   --> rcontrol_server/src/service_manager.rs:82:33
[INFO] [stdout]    |
[INFO] [stdout] 82 |     let service = match manager.open_service(SERVICE_NAME, ServiceAccess::QUERY_STATUS) {
[INFO] [stdout]    |                                 ^^^^^^^^^^^^ method not found in `!`
[INFO] [stdout] 
[INFO] [stdout] 
[INFO] [stdout] warning: method call on a diverging inference variable
[INFO] [stdout]   --> rcontrol_server/src/service_manager.rs:86:19
[INFO] [stdout]    |
[INFO] [stdout] 86 |     match service.query_status() {
[INFO] [stdout]    |                   ^^^^^^^^^^^^
[INFO] [stdout]    |
[INFO] [stdout]    = help: consider providing a type annotation
[INFO] [stdout]    = warning: this was previously accepted by the compiler but is being phased out; it will become a hard error in a future release!
[INFO] [stdout]    = note: for more information, see issue #156047 <https://github.com/rust-lang/rust/issues/156047>
[INFO] [stdout] 
[INFO] [stdout] 
[INFO] [stdout] error[E0599]: no method named `query_status` found for type `!` in the current scope
[INFO] [stdout]   --> rcontrol_server/src/service_manager.rs:86:19
[INFO] [stdout]    |
[INFO] [stdout] 86 |     match service.query_status() {
[INFO] [stdout]    |                   ^^^^^^^^^^^^ method not found in `!`
[INFO] [stdout] 
[INFO] [stdout] 
[INFO] [stdout] error[E0599]: no method named `creation_flags` found for mutable reference `&mut Command` in the current scope
[INFO] [stdout]    --> rcontrol_server/src/service_manager.rs:114:10
[INFO] [stdout]     |
[INFO] [stdout] 112 |     let out = Command::new("netsh.exe")
[INFO] [stdout] 113 |         .args(&argv)
[INFO] [stdout] 114 |         .creation_flags(0x0800_0000)
[INFO] [stdout]     |          ^^^^^^^^^^^^^^ method not found in `&mut Command`
[INFO] [stdout] 
[INFO] [stdout] 
[INFO] [stdout] error[E0599]: no method named `creation_flags` found for mutable reference `&mut Command` in the current scope
[INFO] [stdout]    --> rcontrol_server/src/service_manager.rs:129:10
[INFO] [stdout]     |
[INFO] [stdout] 126 |     Command::new(exe)
[INFO] [stdout] 127 |         .arg("--worker")
[INFO] [stdout] 128 |         .arg("--user")
[INFO] [stdout] 129 |         .creation_flags(0x0800_0000)
[INFO] [stdout]     |          ^^^^^^^^^^^^^^ method not found in `&mut Command`
[INFO] [stdout] 
[INFO] [stdout] 
[INFO] [stdout] Some errors have detailed explanations: E0422, E0425, E0432, E0433, E0599.
[INFO] [stdout] 
[INFO] [stdout] error[E0425]: cannot find function, tuple struct or tuple variant `WINDOW_EX_STYLE` in this scope
[INFO] [stdout]   --> rcontrol_server/src/gui.rs:91:9
[INFO] [stdout]    |
[INFO] [stdout] 91 |         WINDOW_EX_STYLE(0),
[INFO] [stdout]    |         ^^^^^^^^^^^^^^^ not found in this scope
[INFO] [stdout] 
[INFO] [stdout] 
[INFO] [stdout] For more information about an error, try `rustc --explain E0422`.
[INFO] [stdout] 
[INFO] [stdout] error[E0425]: cannot find function, tuple struct or tuple variant `WINDOW_STYLE` in this scope
[INFO] [stdout]   --> rcontrol_server/src/gui.rs:94:9
[INFO] [stdout]    |
[INFO] [stdout] 94 |         WINDOW_STYLE(style),
[INFO] [stdout]    |         ^^^^^^^^^^^^ not found in this scope
[INFO] [stdout] 
[INFO] [stdout] 
[INFO] [stdout] error[E0425]: cannot find function, tuple struct or tuple variant `HMENU` in this scope
[INFO] [stdout]    --> rcontrol_server/src/gui.rs:100:9
[INFO] [stdout]     |
[INFO] [stdout] 100 |         HMENU(id as isize as *mut _),
[INFO] [stdout]     |         ^^^^^ not found in this scope
[INFO] [stdout] 
[INFO] [stdout] 
[INFO] [stdout] error[E0425]: cannot find function, tuple struct or tuple variant `CreateWindowExW` in this scope
[INFO] [stdout]   --> rcontrol_server/src/gui.rs:90:16
[INFO] [stdout]    |
[INFO] [stdout] 90 |     let hwnd = CreateWindowExW(
[INFO] [stdout]    |                ^^^^^^^^^^^^^^^ not found in this scope
[INFO] [stdout] 
[INFO] [stdout] 
[INFO] [stdout] error[E0425]: cannot find function, tuple struct or tuple variant `SendMessageW` in this scope
[INFO] [stdout]    --> rcontrol_server/src/gui.rs:106:9
[INFO] [stdout]     |
[INFO] [stdout] 106 |         SendMessageW(hwnd, WM_SETFONT, WPARAM(*f as usize), LPARAM(1));
[INFO] [stdout]     |         ^^^^^^^^^^^^ not found in this scope
[INFO] [stdout] 
[INFO] [stdout] 
[INFO] [stdout] error[E0425]: cannot find function, tuple struct or tuple variant `SendMessageW` in this scope
[INFO] [stdout]    --> rcontrol_server/src/gui.rs:112:15
[INFO] [stdout]     |
[INFO] [stdout] 112 |     let len = SendMessageW(hwnd, WM_GETTEXTLENGTH, WPARAM(0), LPARAM(0)).0 as usize;
[INFO] [stdout]     |               ^^^^^^^^^^^^ not found in this scope
[INFO] [stdout] 
[INFO] [stdout] 
[INFO] [stdout] error[E0425]: cannot find function, tuple struct or tuple variant `SendMessageW` in this scope
[INFO] [stdout]    --> rcontrol_server/src/gui.rs:117:5
[INFO] [stdout]     |
[INFO] [stdout] 117 |     SendMessageW(hwnd, WM_GETTEXT, WPARAM(len + 1), LPARAM(buf.as_mut_ptr() as isize));
[INFO] [stdout]     |     ^^^^^^^^^^^^ not found in this scope
[INFO] [stdout] 
[INFO] [stdout] 
[INFO] [stdout] error[E0425]: cannot find function, tuple struct or tuple variant `SetWindowTextW` in this scope
[INFO] [stdout]    --> rcontrol_server/src/gui.rs:123:5
[INFO] [stdout]     |
[INFO] [stdout] 123 |     SetWindowTextW(hwnd, PCWSTR::from_raw(v.as_ptr()));
[INFO] [stdout]     |     ^^^^^^^^^^^^^^ not found in this scope
[INFO] [stdout] 
[INFO] [stdout] 
[INFO] [stdout] error[E0425]: cannot find function, tuple struct or tuple variant `SetProcessDPIAware` in this scope
[INFO] [stdout]    --> rcontrol_server/src/gui.rs:129:17
[INFO] [stdout]     |
[INFO] [stdout] 129 |         let _ = SetProcessDPIAware();
[INFO] [stdout]     |                 ^^^^^^^^^^^^^^^^^^ not found in this scope
[INFO] [stdout] 
[INFO] [stdout] 
[INFO] [stdout] error[E0425]: cannot find function, tuple struct or tuple variant `LoadCursorW` in this scope
[INFO] [stdout]    --> rcontrol_server/src/gui.rs:158:22
[INFO] [stdout]     |
[INFO] [stdout] 158 |             hCursor: LoadCursorW(None, IDC_ARROW).unwrap(),
[INFO] [stdout]     |                      ^^^^^^^^^^^ not found in this scope
[INFO] [stdout] 
[INFO] [stdout] 
[INFO] [stdout] error[E0425]: cannot find function, tuple struct or tuple variant `RegisterClassW` in this scope
[INFO] [stdout]    --> rcontrol_server/src/gui.rs:162:9
[INFO] [stdout]     |
[INFO] [stdout] 162 |         RegisterClassW(&wc);
[INFO] [stdout]     |         ^^^^^^^^^^^^^^ not found in this scope
[INFO] [stdout] 
[INFO] [stdout] 
[INFO] [stdout] error[E0425]: cannot find function, tuple struct or tuple variant `AdjustWindowRect` in this scope
[INFO] [stdout]    --> rcontrol_server/src/gui.rs:167:12
[INFO] [stdout]     |
[INFO] [stdout] 167 |         if AdjustWindowRect(&mut rc, style, BOOL(0)).is_err() {
[INFO] [stdout]     |            ^^^^^^^^^^^^^^^^ not found in this scope
[INFO] [stdout] 
[INFO] [stdout] 
[INFO] [stdout] error[E0425]: cannot find function, tuple struct or tuple variant `WINDOW_EX_STYLE` in this scope
[INFO] [stdout]    --> rcontrol_server/src/gui.rs:172:13
[INFO] [stdout]     |
[INFO] [stdout] 172 |             WINDOW_EX_STYLE(0),
[INFO] [stdout]     |             ^^^^^^^^^^^^^^^ not found in this scope
[INFO] [stdout] 
[INFO] [stdout] 
[INFO] [stdout] error[E0425]: cannot find function, tuple struct or tuple variant `CreateWindowExW` in this scope
[INFO] [stdout]    --> rcontrol_server/src/gui.rs:171:20
[INFO] [stdout]     |
[INFO] [stdout] 171 |         let hwnd = CreateWindowExW(
[INFO] [stdout]     |                    ^^^^^^^^^^^^^^^ not found in this scope
[INFO] [stdout] 
[INFO] [stdout] 
[INFO] [stdout] error[E0425]: cannot find function, tuple struct or tuple variant `ShowWindow` in this scope
[INFO] [stdout]    --> rcontrol_server/src/gui.rs:187:9
[INFO] [stdout]     |
[INFO] [stdout] 187 |         ShowWindow(hwnd, SW_SHOW);
[INFO] [stdout]     |         ^^^^^^^^^^ not found in this scope
[INFO] [stdout] 
[INFO] [stdout] 
[INFO] [stdout] error[E0425]: cannot find function, tuple struct or tuple variant `SetTimer` in this scope
[INFO] [stdout]    --> rcontrol_server/src/gui.rs:189:17
[INFO] [stdout]     |
[INFO] [stdout] 189 |         let _ = SetTimer(hwnd, 1, 2000, None);
[INFO] [stdout]     |                 ^^^^^^^^ not found in this scope
[INFO] [stdout] 
[INFO] [stdout] 
[INFO] [stdout] error[E0433]: cannot find type `MSG` in this scope
[INFO] [stdout]    --> rcontrol_server/src/gui.rs:191:23
[INFO] [stdout]     |
[INFO] [stdout] 191 |         let mut msg = MSG::default();
[INFO] [stdout]     |                       ^^^ use of undeclared type `MSG`
[INFO] [stdout] 
[INFO] [stdout] 
[INFO] [stdout] error[E0425]: cannot find function, tuple struct or tuple variant `GetMessageW` in this scope
[INFO] [stdout]    --> rcontrol_server/src/gui.rs:192:15
[INFO] [stdout]     |
[INFO] [stdout] 192 |         while GetMessageW(&mut msg, None, 0, 0).as_bool() {
[INFO] [stdout]     |               ^^^^^^^^^^^ not found in this scope
[INFO] [stdout] 
[INFO] [stdout] 
[INFO] [stdout] error[E0425]: cannot find function, tuple struct or tuple variant `TranslateMessage` in this scope
[INFO] [stdout]    --> rcontrol_server/src/gui.rs:193:21
[INFO] [stdout]     |
[INFO] [stdout] 193 |             let _ = TranslateMessage(&msg);
[INFO] [stdout]     |                     ^^^^^^^^^^^^^^^^ not found in this scope
[INFO] [stdout] 
[INFO] [stdout] 
[INFO] [stdout] error[E0425]: cannot find function, tuple struct or tuple variant `DispatchMessageW` in this scope
[INFO] [stdout]    --> rcontrol_server/src/gui.rs:194:13
[INFO] [stdout]     |
[INFO] [stdout] 194 |             DispatchMessageW(&msg);
[INFO] [stdout]     |             ^^^^^^^^^^^^^^^^ not found in this scope
[INFO] [stdout] 
[INFO] [stdout] 
[INFO] [stdout] error[E0425]: cannot find function, tuple struct or tuple variant `GetWindowLongPtrW` in this scope
[INFO] [stdout]    --> rcontrol_server/src/gui.rs:200:13
[INFO] [stdout]     |
[INFO] [stdout] 200 |     let p = GetWindowLongPtrW(hwnd, GWLP_USERDATA) as *mut GuiState;
[INFO] [stdout]     |             ^^^^^^^^^^^^^^^^^ not found in this scope
[INFO] [stdout] 
[INFO] [stdout] 
[INFO] [stdout] error[E0425]: cannot find function, tuple struct or tuple variant `WINDOW_EX_STYLE` in this scope
[INFO] [stdout]    --> rcontrol_server/src/gui.rs:221:9
[INFO] [stdout]     |
[INFO] [stdout] 221 |         WINDOW_EX_STYLE(ex),
[INFO] [stdout]     |         ^^^^^^^^^^^^^^^ not found in this scope
[INFO] [stdout] 
[INFO] [stdout] 
[INFO] [stdout] error[E0425]: cannot find function, tuple struct or tuple variant `WINDOW_STYLE` in this scope
[INFO] [stdout]    --> rcontrol_server/src/gui.rs:224:9
[INFO] [stdout]     |
[INFO] [stdout] 224 |         WINDOW_STYLE(style),
[INFO] [stdout]     |         ^^^^^^^^^^^^ not found in this scope
[INFO] [stdout] 
[INFO] [stdout] 
[INFO] [stdout] error[E0425]: cannot find function, tuple struct or tuple variant `HMENU` in this scope
[INFO] [stdout]    --> rcontrol_server/src/gui.rs:230:9
[INFO] [stdout]     |
[INFO] [stdout] 230 |         HMENU(id as isize as *mut _),
[INFO] [stdout]     |         ^^^^^ not found in this scope
[INFO] [stdout] 
[INFO] [stdout] 
[INFO] [stdout] error[E0425]: cannot find function, tuple struct or tuple variant `CreateWindowExW` in this scope
[INFO] [stdout]    --> rcontrol_server/src/gui.rs:220:16
[INFO] [stdout]     |
[INFO] [stdout] 220 |     let hwnd = CreateWindowExW(
[INFO] [stdout]     |                ^^^^^^^^^^^^^^^ not found in this scope
[INFO] [stdout] 
[INFO] [stdout] 
[INFO] [stdout] error[E0425]: cannot find function, tuple struct or tuple variant `SendMessageW` in this scope
[INFO] [stdout]    --> rcontrol_server/src/gui.rs:236:9
[INFO] [stdout]     |
[INFO] [stdout] 236 |         SendMessageW(hwnd, WM_SETFONT, WPARAM(*f as usize), LPARAM(1));
[INFO] [stdout]     |         ^^^^^^^^^^^^ not found in this scope
[INFO] [stdout] 
[INFO] [stdout] 
[INFO] [stdout] error[E0425]: cannot find function, tuple struct or tuple variant `SetWindowLongPtrW` in this scope
[INFO] [stdout]    --> rcontrol_server/src/gui.rs:323:13
[INFO] [stdout]     |
[INFO] [stdout] 323 |             SetWindowLongPtrW(hwnd, GWLP_USERDATA, Box::into_raw(state) as isize);
[INFO] [stdout]     |             ^^^^^^^^^^^^^^^^^ not found in this scope
[INFO] [stdout] 
[INFO] [stdout] 
[INFO] [stderr] warning: rcontrol_server@1.0.0: 资源编译跳过 (仅影响按钮主题样式): 找不到 rc.exe
[INFO] [stdout] error[E0425]: cannot find function, tuple struct or tuple variant `DestroyWindow` in this scope
[INFO] [stdout]    --> rcontrol_server/src/gui.rs:349:13
[INFO] [stdout]     |
[INFO] [stdout] 349 |             DestroyWindow(hwnd);
[INFO] [stdout]     |             ^^^^^^^^^^^^^ not found in this scope
[INFO] [stdout] 
[INFO] [stdout] 
[INFO] [stderr] error: could not compile `rcontrol_server` (bin "rcontrol_server") due to 131 previous errors; 4 warnings emitted
[INFO] [stdout] error[E0425]: cannot find function, tuple struct or tuple variant `GetWindowLongPtrW` in this scope
[INFO] [stdout]    --> rcontrol_server/src/gui.rs:353:21
[INFO] [stdout]     |
[INFO] [stdout] 353 |             let p = GetWindowLongPtrW(hwnd, GWLP_USERDATA) as *mut GuiState;
[INFO] [stdout]     |                     ^^^^^^^^^^^^^^^^^ not found in this scope
[INFO] [stdout] 
[INFO] [stdout] 
[INFO] [stderr] warning: build failed, waiting for other jobs to finish...
[INFO] [stdout] error[E0425]: cannot find function, tuple struct or tuple variant `SetWindowLongPtrW` in this scope
[INFO] [stdout]    --> rcontrol_server/src/gui.rs:356:17
[INFO] [stdout]     |
[INFO] [stdout] 356 |                 SetWindowLongPtrW(hwnd, GWLP_USERDATA, 0);
[INFO] [stdout]     |                 ^^^^^^^^^^^^^^^^^ not found in this scope
[INFO] [stdout] 
[INFO] [stdout] 
[INFO] [stdout] error[E0425]: cannot find function, tuple struct or tuple variant `PostQuitMessage` in this scope
[INFO] [stdout]    --> rcontrol_server/src/gui.rs:358:13
[INFO] [stdout]     |
[INFO] [stdout] 358 |             PostQuitMessage(0);
[INFO] [stdout]     |             ^^^^^^^^^^^^^^^ not found in this scope
[INFO] [stdout] 
[INFO] [stdout] 
[INFO] [stdout] error[E0425]: cannot find function, tuple struct or tuple variant `DefWindowProcW` in this scope
[INFO] [stdout]    --> rcontrol_server/src/gui.rs:361:14
[INFO] [stdout]     |
[INFO] [stdout] 361 |         _ => DefWindowProcW(hwnd, msg, wp, lp),
[INFO] [stdout]     |              ^^^^^^^^^^^^^^ not found in this scope
[INFO] [stdout] 
[INFO] [stdout] 
[INFO] [stdout] error[E0425]: cannot find function, tuple struct or tuple variant `SendMessageW` in this scope
[INFO] [stdout]    --> rcontrol_server/src/gui.rs:383:22
[INFO] [stdout]     |
[INFO] [stdout] 383 |     let allow_file = SendMessageW(g.chk_file, BM_GETCHECK as u32, WPARAM(0), LPARAM(0)).0 != 0;
[INFO] [stdout]     |                      ^^^^^^^^^^^^ not found in this scope
[INFO] [stdout] 
[INFO] [stdout] 
[INFO] [stdout] error[E0425]: cannot find function, tuple struct or tuple variant `SendMessageW` in this scope
[INFO] [stdout]    --> rcontrol_server/src/gui.rs:384:27
[INFO] [stdout]     |
[INFO] [stdout] 384 |     let allow_clipboard = SendMessageW(g.chk_clip, BM_GETCHECK as u32, WPARAM(0), LPARAM(0)).0 != 0;
[INFO] [stdout]     |                           ^^^^^^^^^^^^ not found in this scope
[INFO] [stdout] 
[INFO] [stdout] 
[INFO] [stdout] error[E0425]: cannot find function, tuple struct or tuple variant `SendMessageW` in this scope
[INFO] [stdout]    --> rcontrol_server/src/gui.rs:404:5
[INFO] [stdout]     |
[INFO] [stdout] 404 |     SendMessageW(g.chk_file, BM_SETCHECK as u32, WPARAM(cfg.allow_file as usize), LPARAM(0));
[INFO] [stdout]     |     ^^^^^^^^^^^^ not found in this scope
[INFO] [stdout] 
[INFO] [stdout] 
[INFO] [stdout] error[E0425]: cannot find function, tuple struct or tuple variant `SendMessageW` in this scope
[INFO] [stdout]    --> rcontrol_server/src/gui.rs:405:5
[INFO] [stdout]     |
[INFO] [stdout] 405 |     SendMessageW(g.chk_clip, BM_SETCHECK as u32, WPARAM(cfg.allow_clipboard as usize), LPARAM(0));
[INFO] [stdout]     |     ^^^^^^^^^^^^ not found in this scope
[INFO] [stdout] 
[INFO] [stdout] 
[INFO] [stdout] error[E0425]: cannot find function, tuple struct or tuple variant `MessageBoxW` in this scope
[INFO] [stdout]    --> rcontrol_server/src/gui.rs:412:5
[INFO] [stdout]     |
[INFO] [stdout] 412 |     MessageBoxW(None, PCWSTR::from_raw(t.as_ptr()), PCWSTR::from_raw(c.as_ptr()), flags);
[INFO] [stdout]     |     ^^^^^^^^^^^ not found in this scope
[INFO] [stdout] 
[INFO] [stdout] 
[INFO] [stdout] error[E0599]: no method named `creation_flags` found for mutable reference `&mut Command` in the current scope
[INFO] [stdout]    --> rcontrol_server/src/gui.rs:510:26
[INFO] [stdout]     |
[INFO] [stdout] 508 |                     let out = std::process::Command::new("taskkill")
[INFO] [stdout] 509 |                         .args(["/PID", &pid.to_string(), "/F"])
[INFO] [stdout] 510 |                         .creation_flags(0x0800_0000)
[INFO] [stdout]     |                          ^^^^^^^^^^^^^^ method not found in `&mut Command`
[INFO] [stdout] 
[INFO] [stdout] 
[INFO] [stdout] error[E0433]: cannot find type `SYSTEMTIME` in this scope
[INFO] [stdout]   --> rcontrol_server/src/logger.rs:45:22
[INFO] [stdout]    |
[INFO] [stdout] 45 |         let mut st = SYSTEMTIME::default();
[INFO] [stdout]    |                      ^^^^^^^^^^ use of undeclared type `SYSTEMTIME`
[INFO] [stdout]    |
[INFO] [stdout] help: a struct with a similar name exists
[INFO] [stdout]    |
[INFO] [stdout] 45 -         let mut st = SYSTEMTIME::default();
[INFO] [stdout] 45 +         let mut st = SystemTime::default();
[INFO] [stdout]    |
[INFO] [stdout] 
[INFO] [stdout] 
[INFO] [stdout] error[E0433]: cannot find type `FILETIME` in this scope
[INFO] [stdout]   --> rcontrol_server/src/logger.rs:46:22
[INFO] [stdout]    |
[INFO] [stdout] 46 |         let mut ft = FILETIME::default();
[INFO] [stdout]    |                      ^^^^^^^^ use of undeclared type `FILETIME`
[INFO] [stdout] 
[INFO] [stdout] 
[INFO] [stdout] warning: method call on a diverging inference variable
[INFO] [stdout]   --> rcontrol_server/src/service_manager.rs:82:33
[INFO] [stdout]    |
[INFO] [stdout] 82 |     let service = match manager.open_service(SERVICE_NAME, ServiceAccess::QUERY_STATUS) {
[INFO] [stdout]    |                                 ^^^^^^^^^^^^
[INFO] [stdout]    |
[INFO] [stdout]    = help: consider providing a type annotation
[INFO] [stdout]    = warning: this was previously accepted by the compiler but is being phased out; it will become a hard error in a future release!
[INFO] [stdout]    = note: for more information, see issue #156047 <https://github.com/rust-lang/rust/issues/156047>
[INFO] [stdout]    = note: `#[warn(method_call_on_diverging_infer_var)]` (part of `#[warn(future_incompatible)]`) on by default
[INFO] [stdout] 
[INFO] [stdout] 
[INFO] [stdout] error[E0599]: no method named `open_service` found for type `!` in the current scope
[INFO] [stdout]   --> rcontrol_server/src/service_manager.rs:82:33
[INFO] [stdout]    |
[INFO] [stdout] 82 |     let service = match manager.open_service(SERVICE_NAME, ServiceAccess::QUERY_STATUS) {
[INFO] [stdout]    |                                 ^^^^^^^^^^^^ method not found in `!`
[INFO] [stdout] 
[INFO] [stdout] 
[INFO] [stdout] warning: method call on a diverging inference variable
[INFO] [stdout]   --> rcontrol_server/src/service_manager.rs:86:19
[INFO] [stdout]    |
[INFO] [stdout] 86 |     match service.query_status() {
[INFO] [stdout]    |                   ^^^^^^^^^^^^
[INFO] [stdout]    |
[INFO] [stdout]    = help: consider providing a type annotation
[INFO] [stdout]    = warning: this was previously accepted by the compiler but is being phased out; it will become a hard error in a future release!
[INFO] [stdout]    = note: for more information, see issue #156047 <https://github.com/rust-lang/rust/issues/156047>
[INFO] [stdout] 
[INFO] [stdout] 
[INFO] [stdout] error[E0599]: no method named `query_status` found for type `!` in the current scope
[INFO] [stdout]   --> rcontrol_server/src/service_manager.rs:86:19
[INFO] [stdout]    |
[INFO] [stdout] 86 |     match service.query_status() {
[INFO] [stdout]    |                   ^^^^^^^^^^^^ method not found in `!`
[INFO] [stdout] 
[INFO] [stdout] 
[INFO] [stdout] error[E0599]: no method named `creation_flags` found for mutable reference `&mut Command` in the current scope
[INFO] [stdout]    --> rcontrol_server/src/service_manager.rs:114:10
[INFO] [stdout]     |
[INFO] [stdout] 112 |     let out = Command::new("netsh.exe")
[INFO] [stdout] 113 |         .args(&argv)
[INFO] [stdout] 114 |         .creation_flags(0x0800_0000)
[INFO] [stdout]     |          ^^^^^^^^^^^^^^ method not found in `&mut Command`
[INFO] [stdout] 
[INFO] [stdout] 
[INFO] [stdout] error[E0599]: no method named `creation_flags` found for mutable reference `&mut Command` in the current scope
[INFO] [stdout]    --> rcontrol_server/src/service_manager.rs:129:10
[INFO] [stdout]     |
[INFO] [stdout] 126 |     Command::new(exe)
[INFO] [stdout] 127 |         .arg("--worker")
[INFO] [stdout] 128 |         .arg("--user")
[INFO] [stdout] 129 |         .creation_flags(0x0800_0000)
[INFO] [stdout]     |          ^^^^^^^^^^^^^^ method not found in `&mut Command`
[INFO] [stdout] 
[INFO] [stdout] 
[INFO] [stdout] Some errors have detailed explanations: E0422, E0425, E0432, E0433, E0599.
[INFO] [stdout] 
[INFO] [stdout] For more information about an error, try `rustc --explain E0422`.
[INFO] [stdout] 
[INFO] [stderr] warning: rcontrol_server@1.0.0: 资源编译跳过 (仅影响按钮主题样式): 找不到 rc.exe
[INFO] [stderr] error: could not compile `rcontrol_server` (bin "rcontrol_server" test) due to 131 previous errors; 4 warnings emitted
[INFO] running `Command { std: "docker" "inspect" "0bb26963fb3e12037269ea8c150819a60a02a9f5a520f7b7ab97c2439dda0941", kill_on_drop: false }`
[INFO] running `Command { std: "docker" "rm" "-f" "0bb26963fb3e12037269ea8c150819a60a02a9f5a520f7b7ab97c2439dda0941", kill_on_drop: false }`
[INFO] [stdout] 0bb26963fb3e12037269ea8c150819a60a02a9f5a520f7b7ab97c2439dda0941
