[INFO] cloning repository https://github.com/QAQTam/QAQ-Harness
[INFO] running `Command { std: "git" "-c" "credential.helper=" "-c" "credential.helper=/workspace/cargo-home/bin/git-credential-null" "clone" "--bare" "https://github.com/QAQTam/QAQ-Harness" "/workspace/cache/git-repos/https%3A%2F%2Fgithub.com%2FQAQTam%2FQAQ-Harness", kill_on_drop: false }`
[INFO] [stderr] Cloning into bare repository '/workspace/cache/git-repos/https%3A%2F%2Fgithub.com%2FQAQTam%2FQAQ-Harness'...
[INFO] running `Command { std: "git" "rev-parse" "HEAD", kill_on_drop: false }`
[INFO] [stdout] a1588898da9814e5b57df16ec6952b6bd8948697
[INFO] checking QAQTam/QAQ-Harness against 3154cc1a3e6424e44f438a95007d043ed5ceaaf6+rustflags=-Znext-solver=coherence for pr-133502-30
[INFO] running `Command { std: "git" "clone" "/workspace/cache/git-repos/https%3A%2F%2Fgithub.com%2FQAQTam%2FQAQ-Harness" "/workspace/builds/worker-6-tc1/source", kill_on_drop: false }`
[INFO] [stderr] Cloning into '/workspace/builds/worker-6-tc1/source'...
[INFO] [stderr] done.
[INFO] removed /workspace/builds/worker-6-tc1/source/.cargo/config.toml
[INFO] started tweaking git repo https://github.com/QAQTam/QAQ-Harness
[INFO] finished tweaking git repo https://github.com/QAQTam/QAQ-Harness
[INFO] tweaked toml for git repo https://github.com/QAQTam/QAQ-Harness written to /workspace/builds/worker-6-tc1/source/Cargo.toml
[INFO] validating manifest of git repo https://github.com/QAQTam/QAQ-Harness on toolchain 3154cc1a3e6424e44f438a95007d043ed5ceaaf6
[INFO] running `Command { std: CARGO_HOME="/workspace/cargo-home" RUSTUP_HOME="/workspace/rustup-home" "/workspace/cargo-home/bin/cargo" "+3154cc1a3e6424e44f438a95007d043ed5ceaaf6" "metadata" "--manifest-path" "Cargo.toml" "--no-deps", kill_on_drop: false }`
[INFO] crate git repo https://github.com/QAQTam/QAQ-Harness already has a lockfile, it will not be regenerated
[INFO] running `Command { std: CARGO_HOME="/workspace/cargo-home" RUSTUP_HOME="/workspace/rustup-home" "/workspace/cargo-home/bin/cargo" "+3154cc1a3e6424e44f438a95007d043ed5ceaaf6" "fetch" "--manifest-path" "Cargo.toml", kill_on_drop: false }`
[INFO] [stderr] warning: missing `[lints]` to inherit `[workspace.lints]`
[INFO] [stderr]   --> crates/sbx-win/Cargo.toml
[INFO] [stderr]    = note: `cargo::missing_lints_inheritance` is set to `warn` by default
[INFO] [stderr] help: to inherit `workspace.lints, add:
[INFO] [stderr]    |
[INFO] [stderr] 29 ~ ] }
[INFO] [stderr] 30 + [lints]
[INFO] [stderr] 31 + workspace = true
[INFO] [stderr]    |
[INFO] [stderr] help: to clarify your intent to not inherit, add:
[INFO] [stderr]    |
[INFO] [stderr] 29 ~ ] }
[INFO] [stderr] 30 + [lints]
[INFO] [stderr]    |
[INFO] [stderr] warning: `sbx-win` (manifest) generated 1 warning
[INFO] [stderr] warning: missing `[lints]` to inherit `[workspace.lints]`
[INFO] [stderr]  --> crates/sbx-nt/Cargo.toml
[INFO] [stderr]   = note: `cargo::missing_lints_inheritance` is set to `warn` by default
[INFO] [stderr] help: to inherit `workspace.lints, add:
[INFO] [stderr]   |
[INFO] [stderr] 6 ~ [dependencies]
[INFO] [stderr] 7 + [lints]
[INFO] [stderr] 8 + workspace = true
[INFO] [stderr]   |
[INFO] [stderr] help: to clarify your intent to not inherit, add:
[INFO] [stderr]   |
[INFO] [stderr] 6 ~ [dependencies]
[INFO] [stderr] 7 + [lints]
[INFO] [stderr]   |
[INFO] [stderr] warning: `sbx-nt` (manifest) generated 1 warning
[INFO] [stderr] warning: missing `[lints]` to inherit `[workspace.lints]`
[INFO] [stderr]   --> crates/sbx-cli/Cargo.toml
[INFO] [stderr]    = note: `cargo::missing_lints_inheritance` is set to `warn` by default
[INFO] [stderr] help: to inherit `workspace.lints, add:
[INFO] [stderr]    |
[INFO] [stderr] 14 ~ windows = { version = "0.58" }
[INFO] [stderr] 15 + [lints]
[INFO] [stderr] 16 + workspace = true
[INFO] [stderr]    |
[INFO] [stderr] help: to clarify your intent to not inherit, add:
[INFO] [stderr]    |
[INFO] [stderr] 14 ~ windows = { version = "0.58" }
[INFO] [stderr] 15 + [lints]
[INFO] [stderr]    |
[INFO] [stderr] warning: `sbx-cli` (manifest) generated 1 warning
[INFO] [stderr]     Updating crates.io index
[INFO] [stderr]  Downloading crates ...
[INFO] [stderr]   Downloaded ts-rs v12.0.1
[INFO] [stderr]   Downloaded rustls-platform-verifier-android v0.2.0
[INFO] [stderr]   Downloaded ts-rs-macros v12.0.1
[INFO] [stderr]   Downloaded rustls-platform-verifier v0.7.1
[INFO] [stderr]   Downloaded unit-prefix v0.5.2
[INFO] [stderr]   Downloaded reqwest v0.13.5
[INFO] [stderr]   Downloaded tokenizers v0.23.2
[INFO] [stderr]   Downloaded rcgen v0.14.10
[INFO] [stderr]   Downloaded daachorse v3.0.3
[INFO] [stderr]   Downloaded pem v4.0.0
[INFO] [stderr]   Downloaded ureq v3.4.2
[INFO] [stderr]   Downloaded ureq-proto v0.6.4
[INFO] [stderr]   Downloaded similar v3.2.0
[INFO] [stderr]   Downloaded serde-saphyr v1.3.0
[INFO] [stderr]   Downloaded granit-parser v1.3.0
[INFO] [stderr]   Downloaded seccompiler v0.5.0
[INFO] [stderr]   Downloaded landlock v0.4.7
[INFO] [stderr]   Downloaded tiny_http v0.12.0
[INFO] [stderr]   Downloaded ascii v1.1.0
[INFO] [stderr]   Downloaded grep-matcher v0.1.9
[INFO] [stderr]   Downloaded grep-regex v0.1.14
[INFO] [stderr]   Downloaded html2text v0.17.1
[INFO] [stderr]   Downloaded async-lsp v0.2.4
[INFO] [stderr]   Downloaded sse-stream v0.2.6
[INFO] [stderr]   Downloaded grep-searcher v0.1.17
[INFO] [stderr]   Downloaded process-wrap v9.1.1
[INFO] [stderr]   Downloaded rmcp v3.2.0
[INFO] [stderr]   Downloaded lsp-types v0.95.1
[INFO] [stderr]   Downloaded git2 v0.21.0
[INFO] [stderr]   Downloaded libz-sys v1.1.29
[INFO] [stderr]   Downloaded mutil-ai v0.3.2
[INFO] [stderr]   Downloaded libgit2-sys v0.18.8+1.9.7
[INFO] running `Command { std: "docker" "create" "-v" "/var/lib/crater-agent-workspace/builds/worker-6-tc1/source:/opt/rustwide/workdir:ro,Z" "-v" "/var/lib/crater-agent-workspace/builds/worker-6-tc1/target:/opt/rustwide/target:rw,Z" "-v" "/var/lib/crater-agent-workspace/cargo-home:/opt/rustwide/cargo-home:ro,Z" "-v" "/var/lib/crater-agent-workspace/rustup-home:/opt/rustwide/rustup-home:ro,Z" "-m" "1610612736" "--network" "none" "ghcr.io/rust-lang/crates-build-env/linux@sha256:77db811e55d90add9212f6832c23229e3de5f1c1f9905e8cb07319ea15df73ac" "sleep" "infinity", kill_on_drop: false }`
[INFO] [stdout] f7b9bba0c4561864db2f0e35a9e4f60b4b3c426593f2faa6e8172295ed4c5a55
[INFO] running `Command { std: "docker" "start" "f7b9bba0c4561864db2f0e35a9e4f60b4b3c426593f2faa6e8172295ed4c5a55", kill_on_drop: false }`
[INFO] running `Command { std: "docker" "inspect" "f7b9bba0c4561864db2f0e35a9e4f60b4b3c426593f2faa6e8172295ed4c5a55", kill_on_drop: false }`
[INFO] running `Command { std: "docker" "exec" "-e" "SOURCE_DIR=/opt/rustwide/workdir" "-e" "CARGO_HOME=/opt/rustwide/cargo-home" "-e" "RUSTUP_HOME=/opt/rustwide/rustup-home" "-e" "CARGO_TARGET_DIR=/opt/rustwide/target" "-w" "/opt/rustwide/workdir" "--user" "0:0" "f7b9bba0c4561864db2f0e35a9e4f60b4b3c426593f2faa6e8172295ed4c5a55" "/opt/rustwide/cargo-home/bin/cargo" "+3154cc1a3e6424e44f438a95007d043ed5ceaaf6" "metadata" "--no-deps" "--format-version=1", kill_on_drop: false }`
[INFO] running `Command { std: "docker" "inspect" "f7b9bba0c4561864db2f0e35a9e4f60b4b3c426593f2faa6e8172295ed4c5a55", kill_on_drop: false }`
[INFO] running `Command { std: "docker" "exec" "-e" "SOURCE_DIR=/opt/rustwide/workdir" "-e" "CARGO_HOME=/opt/rustwide/cargo-home" "-e" "RUSTUP_HOME=/opt/rustwide/rustup-home" "-e" "CARGO_TARGET_DIR=/opt/rustwide/target" "-e" "CARGO_INCREMENTAL=0" "-e" "RUST_BACKTRACE=full" "-e" "RUSTFLAGS=--cap-lints=forbid -Znext-solver=coherence" "-e" "RUSTDOCFLAGS=--cap-lints=forbid" "-w" "/opt/rustwide/workdir" "--user" "0:0" "f7b9bba0c4561864db2f0e35a9e4f60b4b3c426593f2faa6e8172295ed4c5a55" "/opt/rustwide/cargo-home/bin/cargo" "+3154cc1a3e6424e44f438a95007d043ed5ceaaf6" "check" "--frozen" "--all" "--all-targets" "--message-format=json", kill_on_drop: false }`
[INFO] [stderr] warning: missing `[lints]` to inherit `[workspace.lints]`
[INFO] [stderr]   --> crates/sbx-win/Cargo.toml
[INFO] [stderr]    = note: `cargo::missing_lints_inheritance` is set to `warn` by default
[INFO] [stderr] help: to inherit `workspace.lints, add:
[INFO] [stderr]    |
[INFO] [stderr] 29 ~ ] }
[INFO] [stderr] 30 + [lints]
[INFO] [stderr] 31 + workspace = true
[INFO] [stderr]    |
[INFO] [stderr] help: to clarify your intent to not inherit, add:
[INFO] [stderr]    |
[INFO] [stderr] 29 ~ ] }
[INFO] [stderr] 30 + [lints]
[INFO] [stderr]    |
[INFO] [stderr] warning: `sbx-win` (manifest) generated 1 warning
[INFO] [stderr] warning: missing `[lints]` to inherit `[workspace.lints]`
[INFO] [stderr]  --> crates/sbx-nt/Cargo.toml
[INFO] [stderr]   = note: `cargo::missing_lints_inheritance` is set to `warn` by default
[INFO] [stderr] help: to inherit `workspace.lints, add:
[INFO] [stderr]   |
[INFO] [stderr] 6 ~ [dependencies]
[INFO] [stderr] 7 + [lints]
[INFO] [stderr] 8 + workspace = true
[INFO] [stderr]   |
[INFO] [stderr] help: to clarify your intent to not inherit, add:
[INFO] [stderr]   |
[INFO] [stderr] 6 ~ [dependencies]
[INFO] [stderr] 7 + [lints]
[INFO] [stderr]   |
[INFO] [stderr] warning: `sbx-nt` (manifest) generated 1 warning
[INFO] [stderr] warning: missing `[lints]` to inherit `[workspace.lints]`
[INFO] [stderr]   --> crates/sbx-cli/Cargo.toml
[INFO] [stderr]    = note: `cargo::missing_lints_inheritance` is set to `warn` by default
[INFO] [stderr] help: to inherit `workspace.lints, add:
[INFO] [stderr]    |
[INFO] [stderr] 14 ~ windows = { version = "0.58" }
[INFO] [stderr] 15 + [lints]
[INFO] [stderr] 16 + workspace = true
[INFO] [stderr]    |
[INFO] [stderr] help: to clarify your intent to not inherit, add:
[INFO] [stderr]    |
[INFO] [stderr] 14 ~ windows = { version = "0.58" }
[INFO] [stderr] 15 + [lints]
[INFO] [stderr]    |
[INFO] [stderr] warning: `sbx-cli` (manifest) generated 1 warning
[INFO] [stderr]    Compiling unicode-ident v1.0.26
[INFO] [stderr]     Checking cfg-if v1.0.5
[INFO] [stderr]    Compiling find-msvc-tools v0.1.14
[INFO] [stderr]     Checking smallvec v1.16.2
[INFO] [stderr]     Checking hashbrown v0.17.1
[INFO] [stderr]    Compiling serde_json v1.0.151
[INFO] [stderr]    Compiling thiserror v2.0.21
[INFO] [stderr]    Compiling crossbeam-utils v0.8.23
[INFO] [stderr]     Checking aho-corasick v1.1.5
[INFO] [stderr]    Compiling crossbeam-epoch v0.9.21
[INFO] [stderr]    Compiling crossbeam-deque v0.8.8
[INFO] [stderr]    Compiling proc-macro2 v1.0.107
[INFO] [stderr]    Compiling zerocopy v0.8.59
[INFO] [stderr]    Compiling portable-atomic v1.15.0
[INFO] [stderr]     Checking cpufeatures v0.3.1
[INFO] [stderr]     Checking getrandom v0.3.4
[INFO] [stderr]     Checking either v1.18.0
[INFO] [stderr]    Compiling ahash v0.8.12
[INFO] [stderr]    Compiling cc v1.5.1
[INFO] [stderr]    Compiling pastey v0.2.3
[INFO] [stderr]     Checking nom v7.1.3
[INFO] [stderr]     Checking rand_core v0.9.5
[INFO] [stderr]     Checking itertools v0.14.0
[INFO] [stderr]     Checking block-buffer v0.12.1
[INFO] [stderr]     Checking console v0.16.6
[INFO] [stderr]     Checking castaway v0.2.4
[INFO] [stderr]     Checking unit-prefix v0.5.2
[INFO] [stderr]    Compiling macro_rules_attribute-proc_macro v0.2.3
[INFO] [stderr]     Checking base64 v0.13.1
[INFO] [stderr]     Checking unicode-normalization-alignments v0.1.12
[INFO] [stderr]     Checking digest v0.11.3
[INFO] [stderr]     Checking toml_datetime v1.1.1+spec-1.1.0
[INFO] [stderr]     Checking serde_spanned v1.1.1
[INFO] [stderr]     Checking unicode_categories v0.1.1
[INFO] [stderr]     Checking daachorse v3.0.3
[INFO] [stderr]     Checking sha2 v0.11.0
[INFO] [stderr]     Checking getrandom v0.4.3
[INFO] [stderr]     Checking parking_lot_core v0.9.12
[INFO] [stderr]     Checking toml v1.1.6+spec-1.1.0
[INFO] [stderr]    Compiling rustix v1.1.5
[INFO] [stderr]    Compiling quote v1.0.47
[INFO] [stderr]     Checking macro_rules_attribute v0.2.3
[INFO] [stderr]     Checking parking_lot v0.12.5
[INFO] [stderr]    Compiling syn v3.0.6
[INFO] [stderr]    Compiling syn v2.0.119
[INFO] [stderr]     Checking base64 v0.23.1
[INFO] [stderr]    Compiling crc32fast v1.5.2
[INFO] [stderr]     Checking regex-automata v0.4.18
[INFO] [stderr]     Checking indexmap v2.14.2
[INFO] [stderr]    Compiling aws-lc-rs v1.18.1
[INFO] [stderr]     Checking getrandom v0.2.17
[INFO] [stderr]    Compiling rustls v0.23.45
[INFO] [stderr]     Checking subtle v2.6.1
[INFO] [stderr]     Checking indicatif v0.18.6
[INFO] [stderr]     Checking flate2 v1.1.10
[INFO] [stderr]     Checking rayon-core v1.13.0
[INFO] [stderr]     Checking tinyvec v1.13.3
[INFO] [stderr]     Checking uuid v1.26.1
[INFO] [stderr]    Compiling encoding_rs v0.8.42
[INFO] [stderr]     Checking mio v1.2.3
[INFO] [stderr]     Checking simdutf8 v0.1.5
[INFO] [stderr]     Checking rayon v1.12.0
[INFO] [stderr]    Compiling multiversion_no_op v1.0.0
[INFO] [stderr]     Checking core_detect v1.0.0
[INFO] [stderr]     Checking anstyle v1.0.14
[INFO] [stderr]     Checking arraydeque v0.5.1
[INFO] [stderr]    Compiling cmake v0.1.58
[INFO] [stderr]     Checking seccompiler v0.5.0
[INFO] [stderr]     Checking unicode-normalization v0.1.25
[INFO] [stderr]     Checking annotate-snippets v0.12.16
[INFO] [stderr]    Compiling siphasher v1.0.4
[INFO] [stderr]     Checking granit-parser v1.3.0
[INFO] [stderr]    Compiling ref-cast v1.0.27
[INFO] [stderr]    Compiling phf_shared v0.13.1
[INFO] [stderr]     Checking similar v3.2.0
[INFO] [stderr]     Checking dyn-clone v1.0.20
[INFO] [stderr]     Checking precomputed-hash v0.1.1
[INFO] [stderr]     Checking grep-matcher v0.1.9
[INFO] [stderr]     Checking zune-core v0.5.3
[INFO] [stderr]     Checking weezl v0.1.12
[INFO] [stderr]     Checking image-webp v0.2.4
[INFO] [stderr]    Compiling phf_generator v0.13.1
[INFO] [stderr]     Checking png v0.18.1
[INFO] [stderr]    Compiling onig_sys v69.9.3
[INFO] [stderr]    Compiling esaxx-rs v0.1.10
[INFO] [stderr]    Compiling aws-lc-sys v0.45.0
[INFO] [stderr]    Compiling ring v0.17.14
[INFO] [stderr]    Compiling libz-sys v1.1.29
[INFO] [stderr]    Compiling phf_codegen v0.13.1
[INFO] [stderr]    Compiling string_cache_codegen v0.6.1
[INFO] [stderr]     Checking tempfile v3.27.0
[INFO] [stderr]    Compiling libgit2-sys v0.18.8+1.9.7
[INFO] [stderr]     Checking phf v0.13.1
[INFO] [stderr]     Checking encoding_rs_io v0.1.8
[INFO] [stderr]     Checking string_cache v0.9.0
[INFO] [stderr]     Checking zune-jpeg v0.5.15
[INFO] [stderr]     Checking gif v0.14.2
[INFO] [stderr]    Compiling web_atoms v0.2.6
[INFO] [stderr]     Checking tendril v0.5.1
[INFO] [stderr]     Checking serde-saphyr v1.3.0
[INFO] [stderr]     Checking bytemuck v1.25.2
[INFO] [stderr]     Checking ureq-proto v0.6.4
[INFO] [stderr]     Checking utf8-zero v0.8.1
[INFO] [stderr]    Compiling qaqh-workspace v2.0.0-beta.3 (/opt/rustwide/workdir/crates/qaqh-workspace)
[INFO] [stderr]     Checking compression-core v0.4.33
[INFO] [stderr]     Checking ipnet v2.12.2
[INFO] [stderr]     Checking compression-codecs v0.4.45
[INFO] [stderr]     Checking rustls-native-certs v0.8.4
[INFO] [stderr]    Compiling nix v0.31.3
[INFO] [stderr]     Checking chacha20 v0.10.2
[INFO] [stderr]    Compiling rmcp v3.2.0
[INFO] [stderr]     Checking time v0.3.55
[INFO] [stderr]     Checking image v0.25.10
[INFO] [stderr]     Checking regex v1.13.1
[INFO] [stderr]     Checking bstr v1.13.1
[INFO] [stderr]     Checking rand v0.10.3
[INFO] [stderr]     Checking rayon-cond v0.4.0
[INFO] [stderr]     Checking ascii v1.1.0
[INFO] [stderr]     Checking chunked_transfer v1.5.0
[INFO] [stderr]    Compiling serde_derive_internals v0.30.0
[INFO] [stderr]    Compiling synstructure v0.14.0
[INFO] [stderr]     Checking markup5ever v0.39.0
[INFO] [stderr]    Compiling darling_core v0.20.11
[INFO] [stderr]     Checking globset v0.4.20
[INFO] [stderr]     Checking grep-regex v0.1.14
[INFO] [stderr]     Checking grep-searcher v0.1.17
[INFO] [stderr]     Checking ignore v0.4.33
[INFO] [stderr]     Checking html5ever v0.39.0
[INFO] [stderr]     Checking tiny_http v0.12.0
[INFO] [stderr]     Checking os_pipe v1.2.3
[INFO] [stderr]     Checking serde_path_to_error v0.1.20
[INFO] [stderr]     Checking sbx-win v0.1.0 (/opt/rustwide/workdir/crates/sbx-win)
[INFO] [stderr]     Checking pem v4.0.0
[INFO] [stderr]    Compiling qaqh-daemon v2.0.0-beta.3 (/opt/rustwide/workdir/crates/qaqh-daemon)
[INFO] [stderr]     Checking rustls-pemfile v2.2.0
[INFO] [stdout] error[E0433]: cannot find `events` in `sbx_win`
[INFO] [stdout]   --> crates/sbx-win/tests/spike.rs:11:18
[INFO] [stdout]    |
[INFO] [stdout] 11 |         sbx_win::events::now_millis()
[INFO] [stdout]    |                  ^^^^^^ could not find `events` in `sbx_win`
[INFO] [stdout] 
[INFO] [stdout] 
[INFO] [stdout] error[E0433]: cannot find `acceptance` in `sbx_win`
[INFO] [stdout]   --> crates/sbx-win/tests/spike.rs:14:27
[INFO] [stdout]    |
[INFO] [stdout] 14 |     let report = sbx_win::acceptance::run_all(&base).expect("acceptance run");
[INFO] [stdout]    |                           ^^^^^^^^^^ could not find `acceptance` in `sbx_win`
[INFO] [stdout] 
[INFO] [stdout] 
[INFO] [stdout] For more information about this error, try `rustc --explain E0433`.
[INFO] [stdout] 
[INFO] [stderr] error: could not compile `sbx-win` (test "spike") due to 2 previous errors
[INFO] [stderr] warning: build failed, waiting for other jobs to finish...
[INFO] [stdout] error[E0432]: unresolved imports `sbx_win::acl`, `sbx_win::desktop`, `sbx_win::env`, `sbx_win::events`, `sbx_win::sid`, `sbx_win::spawn`, `sbx_win::token`
[INFO] [stdout]   --> crates/sbx-win/tests/escape_probe.rs:17:15
[INFO] [stdout]    |
[INFO] [stdout] 17 | use sbx_win::{acl, desktop, env, events, sid, spawn, token};
[INFO] [stdout]    |               ^^^  ^^^^^^^  ^^^  ^^^^^^  ^^^  ^^^^^  ^^^^^ no `token` in the root
[INFO] [stdout]    |               |    |        |    |       |    |
[INFO] [stdout]    |               |    |        |    |       |    no `spawn` in the root
[INFO] [stdout]    |               |    |        |    |       no `sid` in the root
[INFO] [stdout]    |               |    |        |    no `events` in the root
[INFO] [stdout]    |               |    |        no `env` in the root
[INFO] [stdout]    |               |    no `desktop` in the root
[INFO] [stdout]    |               no `acl` in the root
[INFO] [stdout]    |
[INFO] [stdout]    = help: consider importing this module instead:
[INFO] [stdout]            std::env
[INFO] [stdout] help: a similar name exists in the module
[INFO] [stdout]    |
[INFO] [stdout] 17 - use sbx_win::{acl, desktop, env, events, sid, spawn, token};
[INFO] [stdout] 17 + use sbx_win::{acl, desktop, env, events, std, spawn, token};
[INFO] [stdout]    |
[INFO] [stdout] 
[INFO] [stdout] 
[INFO] [stdout] error[E0433]: cannot find `policy` in `sbx_win`
[INFO] [stdout]   --> crates/sbx-win/tests/escape_probe.rs:50:56
[INFO] [stdout]    |
[INFO] [stdout] 50 |     acl::add_ace(&base.join("scratch"), &sid, sbx_win::policy::AceMode::Allow, true).unwrap();
[INFO] [stdout]    |                                                        ^^^^^^ could not find `policy` in `sbx_win`
[INFO] [stdout] 
[INFO] [stdout] 
[INFO] [stdout] error[E0433]: cannot find `windows` in `os`
[INFO] [stdout]  --> crates/sbx-win/tests/hardening.rs:4:14
[INFO] [stdout]   |
[INFO] [stdout] 4 | use std::os::windows::ffi::OsStrExt;
[INFO] [stdout]   |              ^^^^^^^ could not find `windows` in `os`
[INFO] [stdout]   |
[INFO] [stdout] note: found an item that was configured out
[INFO] [stdout]  --> /rustc/3154cc1a3e6424e44f438a95007d043ed5ceaaf6/library/std/src/os/mod.rs:62:4
[INFO] [stdout]   |
[INFO] [stdout]   = note: the item is gated behind the `windows` feature
[INFO] [stdout] 
[INFO] [stdout] 
[INFO] [stdout] error[E0432]: unresolved imports `sbx_win::acl`, `sbx_win::desktop`, `sbx_win::events`, `sbx_win::policy`, `sbx_win::policy`, `sbx_win::policy`, `sbx_win::policy`, `sbx_win::sid`, `sbx_win::spawn`, `sbx_win::token`
[INFO] [stdout]  --> crates/sbx-win/tests/hardening.rs:3:15
[INFO] [stdout]   |
[INFO] [stdout] 3 | use sbx_win::{acl, desktop, events, policy::AceOp, policy::AceTarget, policy::Precreate, policy::AceMode, sid, spawn, token};
[INFO] [stdout]   |               ^^^  ^^^^^^^  ^^^^^^  ^^^^^^         ^^^^^^             ^^^^^^             ^^^^^^           ^^^  ^^^^^  ^^^^^ no `token` in the root
[INFO] [stdout]   |               |    |        |       |              |                  |                  |                |    |
[INFO] [stdout]   |               |    |        |       |              |                  |                  |                |    no `spawn` in the root
[INFO] [stdout]   |               |    |        |       |              |                  |                  |                no `sid` in the root
[INFO] [stdout]   |               |    |        |       |              |                  |                  could not find `policy` in `sbx_win`
[INFO] [stdout]   |               |    |        |       |              |                  could not find `policy` in `sbx_win`
[INFO] [stdout]   |               |    |        |       |              could not find `policy` in `sbx_win`
[INFO] [stdout]   |               |    |        |       could not find `policy` in `sbx_win`
[INFO] [stdout]   |               |    |        no `events` in the root
[INFO] [stdout]   |               |    no `desktop` in the root
[INFO] [stdout]   |               no `acl` in the root
[INFO] [stdout]   |
[INFO] [stdout] help: a similar name exists in the module
[INFO] [stdout]   |
[INFO] [stdout] 3 - use sbx_win::{acl, desktop, events, policy::AceOp, policy::AceTarget, policy::Precreate, policy::AceMode, sid, spawn, token};
[INFO] [stdout] 3 + use sbx_win::{acl, desktop, events, policy::AceOp, policy::AceTarget, policy::Precreate, policy::AceMode, std, spawn, token};
[INFO] [stdout]   |
[INFO] [stdout] 
[INFO] [stdout] 
[INFO] [stdout] Some errors have detailed explanations: E0432, E0433.
[INFO] [stdout] 
[INFO] [stdout] For more information about an error, try `rustc --explain E0432`.
[INFO] [stdout] 
[INFO] [stdout] error[E0433]: cannot find `events` in `sbx_win`
[INFO] [stdout]   --> crates/sbx-win/tests/hardening.rs:20:18
[INFO] [stdout]    |
[INFO] [stdout] 20 |         sbx_win::events::now_millis()
[INFO] [stdout]    |                  ^^^^^^ could not find `events` in `sbx_win`
[INFO] [stdout] 
[INFO] [stdout] 
[INFO] [stdout] error[E0433]: cannot find `spawn` in `sbx_win`
[INFO] [stdout]   --> crates/sbx-win/tests/hardening.rs:40:44
[INFO] [stdout]    |
[INFO] [stdout] 40 | fn run(env: &Env, inner: &str) -> sbx_win::spawn::Exit {
[INFO] [stdout]    |                                            ^^^^^ could not find `spawn` in `sbx_win`
[INFO] [stdout] 
[INFO] [stdout] 
[INFO] [stdout] error[E0433]: cannot find `env` in `sbx_win`
[INFO] [stdout]   --> crates/sbx-win/tests/hardening.rs:43:26
[INFO] [stdout]    |
[INFO] [stdout] 43 |     let pairs = sbx_win::env::minimal_child_env(&scratch_tmp, &scratch_home);
[INFO] [stdout]    |                          ^^^ could not find `env` in `sbx_win`
[INFO] [stdout] 
[INFO] [stdout] 
[INFO] [stderr] error: could not compile `sbx-win` (test "escape_probe") due to 2 previous errors
[INFO] [stdout] error[E0433]: cannot find `spawn` in `sbx_win`
[INFO] [stdout]   --> crates/sbx-win/tests/hardening.rs:55:52
[INFO] [stdout]    |
[INFO] [stdout] 55 | fn run_no_wait(env: &Env, inner: &str) -> sbx_win::spawn::Child {
[INFO] [stdout]    |                                                    ^^^^^ could not find `spawn` in `sbx_win`
[INFO] [stdout] 
[INFO] [stdout] 
[INFO] [stdout] error[E0433]: cannot find `env` in `sbx_win`
[INFO] [stdout]   --> crates/sbx-win/tests/hardening.rs:58:26
[INFO] [stdout]    |
[INFO] [stdout] 58 |     let pairs = sbx_win::env::minimal_child_env(&scratch_tmp, &scratch_home);
[INFO] [stdout]    |                          ^^^ could not find `env` in `sbx_win`
[INFO] [stdout] 
[INFO] [stdout] 
[INFO] [stdout] error[E0433]: cannot find module or crate `windows` in this scope
[INFO] [stdout]    --> crates/sbx-win/tests/hardening.rs:128:9
[INFO] [stdout]     |
[INFO] [stdout] 128 |         windows::Win32::Storage::FileSystem::GetShortPathNameW(
[INFO] [stdout]     |         ^^^^^^^ use of unresolved module or unlinked crate `windows`
[INFO] [stdout]     |
[INFO] [stdout]     = help: if you wanted to use a crate named `windows`, use `cargo add windows` to add it to your `Cargo.toml`
[INFO] [stdout] 
[INFO] [stdout] 
[INFO] [stdout] error[E0433]: cannot find module or crate `windows` in this scope
[INFO] [stdout]    --> crates/sbx-win/tests/hardening.rs:129:13
[INFO] [stdout]     |
[INFO] [stdout] 129 |             windows::core::PCWSTR(wide.as_ptr()),
[INFO] [stdout]     |             ^^^^^^^ use of unresolved module or unlinked crate `windows`
[INFO] [stdout]     |
[INFO] [stdout]     = help: if you wanted to use a crate named `windows`, use `cargo add windows` to add it to your `Cargo.toml`
[INFO] [stdout] 
[INFO] [stdout] 
[INFO] [stdout] error[E0433]: cannot find `windows` in `os`
[INFO] [stdout]    --> crates/sbx-win/tests/hardening.rs:236:17
[INFO] [stdout]     |
[INFO] [stdout] 236 |     if std::os::windows::fs::symlink_file(&victim, &planted).is_err() {
[INFO] [stdout]     |                 ^^^^^^^ could not find `windows` in `os`
[INFO] [stdout]     |
[INFO] [stdout] note: found an item that was configured out
[INFO] [stdout]    --> /rustc/3154cc1a3e6424e44f438a95007d043ed5ceaaf6/library/std/src/os/mod.rs:62:4
[INFO] [stdout]     |
[INFO] [stdout]     = note: the item is gated behind the `windows` feature
[INFO] [stdout] 
[INFO] [stdout] 
[INFO] [stdout] error[E0599]: no method named `encode_wide` found for reference `&OsStr` in the current scope
[INFO] [stdout]    --> crates/sbx-win/tests/hardening.rs:126:48
[INFO] [stdout]     |
[INFO] [stdout] 126 |     let wide: Vec<u16> = protected.as_os_str().encode_wide().chain([0]).collect();
[INFO] [stdout]     |                                                ^^^^^^^^^^^ method not found in `&OsStr`
[INFO] [stdout] 
[INFO] [stdout] 
[INFO] [stdout] Some errors have detailed explanations: E0432, E0433, E0599.
[INFO] [stdout] 
[INFO] [stdout] For more information about an error, try `rustc --explain E0432`.
[INFO] [stdout] 
[INFO] [stderr] error: could not compile `sbx-win` (test "hardening") due to 11 previous errors
[INFO] running `Command { std: "docker" "inspect" "f7b9bba0c4561864db2f0e35a9e4f60b4b3c426593f2faa6e8172295ed4c5a55", kill_on_drop: false }`
[INFO] running `Command { std: "docker" "rm" "-f" "f7b9bba0c4561864db2f0e35a9e4f60b4b3c426593f2faa6e8172295ed4c5a55", kill_on_drop: false }`
[INFO] [stdout] f7b9bba0c4561864db2f0e35a9e4f60b4b3c426593f2faa6e8172295ed4c5a55
