[INFO] cloning repository https://github.com/PromptJang/promptjang-relay-one
[INFO] running `Command { std: "git" "-c" "credential.helper=" "-c" "credential.helper=/workspace/cargo-home/bin/git-credential-null" "clone" "--bare" "https://github.com/PromptJang/promptjang-relay-one" "/workspace/cache/git-repos/https%3A%2F%2Fgithub.com%2FPromptJang%2Fpromptjang-relay-one", kill_on_drop: false }`
[INFO] [stderr] Cloning into bare repository '/workspace/cache/git-repos/https%3A%2F%2Fgithub.com%2FPromptJang%2Fpromptjang-relay-one'...
[INFO] running `Command { std: "git" "rev-parse" "HEAD", kill_on_drop: false }`
[INFO] [stdout] a5781086ae8ad7396438fe10d9ac9413dd2dcf87
[INFO] checking PromptJang/promptjang-relay-one against 3154cc1a3e6424e44f438a95007d043ed5ceaaf6 for pr-133502-30
[INFO] running `Command { std: "git" "clone" "/workspace/cache/git-repos/https%3A%2F%2Fgithub.com%2FPromptJang%2Fpromptjang-relay-one" "/workspace/builds/worker-2-tc2/source", kill_on_drop: false }`
[INFO] [stderr] Cloning into '/workspace/builds/worker-2-tc2/source'...
[INFO] [stderr] done.
[INFO] started tweaking git repo https://github.com/PromptJang/promptjang-relay-one
[INFO] finished tweaking git repo https://github.com/PromptJang/promptjang-relay-one
[INFO] tweaked toml for git repo https://github.com/PromptJang/promptjang-relay-one written to /workspace/builds/worker-2-tc2/source/Cargo.toml
[INFO] validating manifest of git repo https://github.com/PromptJang/promptjang-relay-one on toolchain 3154cc1a3e6424e44f438a95007d043ed5ceaaf6
[INFO] running `Command { std: CARGO_HOME="/workspace/cargo-home" RUSTUP_HOME="/workspace/rustup-home" "/workspace/cargo-home/bin/cargo" "+3154cc1a3e6424e44f438a95007d043ed5ceaaf6" "metadata" "--manifest-path" "Cargo.toml" "--no-deps", kill_on_drop: false }`
[INFO] crate git repo https://github.com/PromptJang/promptjang-relay-one already has a lockfile, it will not be regenerated
[INFO] running `Command { std: CARGO_HOME="/workspace/cargo-home" RUSTUP_HOME="/workspace/rustup-home" "/workspace/cargo-home/bin/cargo" "+3154cc1a3e6424e44f438a95007d043ed5ceaaf6" "fetch" "--manifest-path" "Cargo.toml", kill_on_drop: false }`
[INFO] running `Command { std: "docker" "create" "-v" "/var/lib/crater-agent-workspace/builds/worker-2-tc2/source:/opt/rustwide/workdir:ro,Z" "-v" "/var/lib/crater-agent-workspace/builds/worker-2-tc2/target:/opt/rustwide/target:rw,Z" "-v" "/var/lib/crater-agent-workspace/cargo-home:/opt/rustwide/cargo-home:ro,Z" "-v" "/var/lib/crater-agent-workspace/rustup-home:/opt/rustwide/rustup-home:ro,Z" "-m" "1610612736" "--network" "none" "ghcr.io/rust-lang/crates-build-env/linux@sha256:77db811e55d90add9212f6832c23229e3de5f1c1f9905e8cb07319ea15df73ac" "sleep" "infinity", kill_on_drop: false }`
[INFO] [stdout] afa6fa24452f6fdd0d2609780bceec41a4da25cbf081cb8473ce55b52a3e1b4e
[INFO] running `Command { std: "docker" "start" "afa6fa24452f6fdd0d2609780bceec41a4da25cbf081cb8473ce55b52a3e1b4e", kill_on_drop: false }`
[INFO] running `Command { std: "docker" "inspect" "afa6fa24452f6fdd0d2609780bceec41a4da25cbf081cb8473ce55b52a3e1b4e", kill_on_drop: false }`
[INFO] running `Command { std: "docker" "exec" "-e" "SOURCE_DIR=/opt/rustwide/workdir" "-e" "CARGO_HOME=/opt/rustwide/cargo-home" "-e" "RUSTUP_HOME=/opt/rustwide/rustup-home" "-e" "CARGO_TARGET_DIR=/opt/rustwide/target" "-w" "/opt/rustwide/workdir" "--user" "0:0" "afa6fa24452f6fdd0d2609780bceec41a4da25cbf081cb8473ce55b52a3e1b4e" "/opt/rustwide/cargo-home/bin/cargo" "+3154cc1a3e6424e44f438a95007d043ed5ceaaf6" "metadata" "--no-deps" "--format-version=1", kill_on_drop: false }`
[INFO] running `Command { std: "docker" "inspect" "afa6fa24452f6fdd0d2609780bceec41a4da25cbf081cb8473ce55b52a3e1b4e", kill_on_drop: false }`
[INFO] running `Command { std: "docker" "exec" "-e" "SOURCE_DIR=/opt/rustwide/workdir" "-e" "CARGO_HOME=/opt/rustwide/cargo-home" "-e" "RUSTUP_HOME=/opt/rustwide/rustup-home" "-e" "CARGO_TARGET_DIR=/opt/rustwide/target" "-e" "CARGO_INCREMENTAL=0" "-e" "RUST_BACKTRACE=full" "-e" "RUSTFLAGS=--cap-lints=forbid" "-e" "RUSTDOCFLAGS=--cap-lints=forbid" "-w" "/opt/rustwide/workdir" "--user" "0:0" "afa6fa24452f6fdd0d2609780bceec41a4da25cbf081cb8473ce55b52a3e1b4e" "/opt/rustwide/cargo-home/bin/cargo" "+3154cc1a3e6424e44f438a95007d043ed5ceaaf6" "check" "--frozen" "--all" "--all-targets" "--message-format=json", kill_on_drop: false }`
[INFO] [stderr]    Compiling proc-macro2 v1.0.107
[INFO] [stderr]    Compiling unicode-ident v1.0.24
[INFO] [stderr]    Compiling quote v1.0.47
[INFO] [stderr]    Compiling libc v0.2.189
[INFO] [stderr]     Checking cfg-if v1.0.4
[INFO] [stderr]    Compiling version_check v0.9.5
[INFO] [stderr]    Compiling autocfg v1.5.1
[INFO] [stderr]     Checking typenum v1.20.1
[INFO] [stderr]    Compiling serde v1.0.229
[INFO] [stderr]     Checking memchr v2.8.3
[INFO] [stderr]     Checking once_cell v1.21.4
[INFO] [stderr]    Compiling generic-array v0.14.7
[INFO] [stderr]    Compiling icu_properties_data v2.3.0
[INFO] [stderr]    Compiling icu_normalizer_data v2.3.0
[INFO] [stderr]     Checking pin-project-lite v0.2.17
[INFO] [stderr]     Checking futures-core v0.3.34
[INFO] [stderr]    Compiling serde_core v1.0.229
[INFO] [stderr]    Compiling shlex v2.0.1
[INFO] [stderr]     Checking smallvec v1.15.2
[INFO] [stderr]    Compiling find-msvc-tools v0.1.11
[INFO] [stderr]     Checking stable_deref_trait v1.2.1
[INFO] [stderr]     Checking bytes v1.12.1
[INFO] [stderr]     Checking itoa v1.0.18
[INFO] [stderr]    Compiling cc v1.4.3
[INFO] [stderr]    Compiling zmij v1.0.23
[INFO] [stderr]    Compiling parking_lot_core v0.9.12
[INFO] [stderr]    Compiling num-traits v0.2.19
[INFO] [stderr]     Checking futures-sink v0.3.34
[INFO] [stderr]    Compiling syn v3.0.3
[INFO] [stderr]    Compiling syn v2.0.119
[INFO] [stderr]    Compiling serde_json v1.0.151
[INFO] [stderr]     Checking getrandom v0.2.17
[INFO] [stderr]     Checking rand_core v0.6.4
[INFO] [stderr]     Checking errno v0.3.14
[INFO] [stderr]     Checking signal-hook-registry v1.4.8
[INFO] [stderr]     Checking socket2 v0.6.5
[INFO] [stderr]     Checking mio v1.2.2
[INFO] [stderr]     Checking tracing-core v0.1.36
[INFO] [stderr]     Checking litemap v0.8.3
[INFO] [stderr]     Checking percent-encoding v2.3.2
[INFO] [stderr]     Checking writeable v0.6.4
[INFO] [stderr]     Checking crypto-common v0.1.7
[INFO] [stderr]     Checking log v0.4.33
[INFO] [stderr]     Checking futures-task v0.3.34
[INFO] [stderr]    Compiling crossbeam-utils v0.8.22
[INFO] [stderr]     Checking utf8_iter v1.0.4
[INFO] [stderr]     Checking slab v0.4.12
[INFO] [stderr]     Checking futures-io v0.3.34
[INFO] [stderr]    Compiling scopeguard v1.2.0
[INFO] [stderr]    Compiling thiserror v2.0.20
[INFO] [stderr]    Compiling lock_api v0.4.14
[INFO] [stderr]     Checking http v1.5.0
[INFO] [stderr]    Compiling vcpkg v0.2.15
[INFO] [stderr]     Checking equivalent v1.0.2
[INFO] [stderr]    Compiling pkg-config v0.3.34
[INFO] [stderr]     Checking form_urlencoded v1.2.2
[INFO] [stderr]    Compiling ring v0.17.14
[INFO] [stderr]     Checking http-body v1.1.0
[INFO] [stderr]     Checking subtle v2.6.1
[INFO] [stderr]    Compiling libsqlite3-sys v0.30.1
[INFO] [stderr]     Checking allocator-api2 v0.2.21
[INFO] [stderr]     Checking cpufeatures v0.2.17
[INFO] [stderr]    Compiling zerocopy v0.8.56
[INFO] [stderr]    Compiling unicase v2.9.0
[INFO] [stderr]    Compiling mime_guess v2.0.5
[INFO] [stderr]    Compiling block-buffer v0.10.4
[INFO] [stderr]    Compiling hybrid-array v0.4.14
[INFO] [stderr]    Compiling synstructure v0.13.2
[INFO] [stderr]     Checking futures-channel v0.3.34
[INFO] [stderr]    Compiling foldhash v0.1.5
[INFO] [stderr]     Checking regex-syntax v0.8.11
[INFO] [stderr]     Checking zeroize v1.9.0
[INFO] [stderr]     Checking tower-service v0.3.3
[INFO] [stderr]     Checking base64 v0.22.1
[INFO] [stderr]    Compiling httparse v1.10.1
[INFO] [stderr]    Compiling zerovec-derive v0.11.6
[INFO] [stderr]    Compiling displaydoc v0.2.7
[INFO] [stderr]    Compiling serde_derive v1.0.229
[INFO] [stderr]    Compiling tokio-macros v2.7.2
[INFO] [stderr]    Compiling zerofrom-derive v0.1.7
[INFO] [stderr]    Compiling yoke-derive v0.8.2
[INFO] [stderr]    Compiling tracing-attributes v0.1.31
[INFO] [stderr]     Checking tokio v1.53.1
[INFO] [stderr]    Compiling futures-macro v0.3.34
[INFO] [stderr]    Compiling thiserror-impl v2.0.20
[INFO] [stderr]     Checking zerofrom v0.1.8
[INFO] [stderr]     Checking yoke v0.8.3
[INFO] [stderr]     Checking zerovec v0.11.8
[INFO] [stderr]     Checking zerotrie v0.2.5
[INFO] [stderr]     Checking tracing v0.1.44
[INFO] [stderr]     Checking futures-util v0.3.34
[INFO] [stderr]     Checking tinystr v0.8.4
[INFO] [stderr]     Checking potential_utf v0.1.6
[INFO] [stderr]     Checking icu_locale_core v2.3.0
[INFO] [stderr]     Checking icu_collections v2.3.0
[INFO] [stderr]     Checking icu_provider v2.3.1
[INFO] [stderr]     Checking icu_normalizer v2.3.0
[INFO] [stderr]     Checking icu_properties v2.3.0
[INFO] [stderr]    Compiling hashbrown v0.15.5
[INFO] [stderr]    Compiling idna_adapter v1.2.2
[INFO] [stderr]     Checking idna v1.1.0
[INFO] [stderr]     Checking rustls-pki-types v1.15.1
[INFO] [stderr]     Checking parking_lot v0.12.5
[INFO] [stderr]    Compiling digest v0.10.7
[INFO] [stderr]     Checking num-integer v0.1.47
[INFO] [stderr]     Checking aho-corasick v1.1.5
[INFO] [stderr]     Checking untrusted v0.9.0
[INFO] [stderr]    Compiling iana-time-zone v0.1.65
[INFO] [stderr]     Checking try-lock v0.2.5
[INFO] [stderr]    Compiling hashbrown v0.17.1
[INFO] [stderr]    Compiling parking v2.2.1
[INFO] [stderr]     Checking httpdate v1.0.3
[INFO] [stderr]    Compiling crc-catalog v2.5.0
[INFO] [stderr]    Compiling getrandom v0.4.3
[INFO] [stderr]    Compiling sha2 v0.10.9
[INFO] [stderr]    Compiling indexmap v2.14.0
[INFO] [stderr]    Compiling crc v3.4.0
[INFO] [stderr]     Checking regex-automata v0.4.18
[INFO] [stderr]    Compiling event-listener v5.4.2
[INFO] [stderr]    Compiling tokio-stream v0.1.19
[INFO] [stderr]    Compiling chrono v0.4.45
[INFO] [stderr]     Checking want v0.3.1
[INFO] [stderr]    Compiling crossbeam-queue v0.3.13
[INFO] [stderr]    Compiling futures-intrusive v0.5.0
[INFO] [stderr]    Compiling url v2.5.8
[INFO] [stderr]    Compiling hashlink v0.10.0
[INFO] [stderr]    Compiling either v1.18.0
[INFO] [stderr]    Compiling block-buffer v0.12.1
[INFO] [stderr]    Compiling crypto-common v0.2.2
[INFO] [stderr]    Compiling spin v0.9.9
[INFO] [stderr]     Checking sync_wrapper v1.0.2
[INFO] [stderr]     Checking tower-layer v0.3.3
[INFO] [stderr]    Compiling heck v0.5.0
[INFO] [stderr]     Checking ryu v1.0.23
[INFO] [stderr]     Checking atomic-waker v1.1.2
[INFO] [stderr]    Compiling uuid v1.24.1
[INFO] [stderr]     Checking mime v0.3.17
[INFO] [stderr]    Compiling const-oid v0.10.2
[INFO] [stderr]    Compiling ref-cast v1.0.27
[INFO] [stderr]    Compiling rustls v0.23.43
[INFO] [stderr]    Compiling getrandom v0.3.4
[INFO] [stderr]    Compiling serde_urlencoded v0.7.1
[INFO] [stderr]     Checking hyper v1.11.0
[INFO] [stderr]    Compiling sqlx-core v0.8.6
[INFO] [stderr]    Compiling digest v0.11.3
[INFO] [stderr]    Compiling flume v0.11.1
[INFO] [stderr]     Checking rustls-webpki v0.103.14
[INFO] [stderr]    Compiling futures-executor v0.3.34
[INFO] [stderr]     Checking num-bigint v0.4.8
[INFO] [stderr]    Compiling ref-cast-impl v1.0.27
[INFO] [stderr]    Compiling atoi v2.0.0
[INFO] [stderr]     Checking http-body-util v0.1.5
[INFO] [stderr]     Checking inout v0.1.4
[INFO] [stderr]    Compiling ahash v0.8.12
[INFO] [stderr]     Checking lazy_static v1.5.0
[INFO] [stderr]     Checking utf8parse v0.2.2
[INFO] [stderr]     Checking ipnet v2.12.1
[INFO] [stderr]    Compiling same-file v1.0.6
[INFO] [stderr]    Compiling cpufeatures v0.3.0
[INFO] [stderr]    Compiling sha2 v0.11.0
[INFO] [stderr]    Compiling walkdir v2.5.0
[INFO] [stderr]     Checking hyper-util v0.1.20
[INFO] [stderr]     Checking anstyle-parse v1.0.0
[INFO] [stderr]     Checking cipher v0.4.4
[INFO] [stderr]     Checking num-rational v0.4.2
[INFO] [stderr]     Checking tower v0.5.3
[INFO] [stderr]     Checking num-iter v0.1.46
[INFO] [stderr]     Checking universal-hash v0.5.1
[INFO] [stderr]     Checking num-complex v0.4.6
[INFO] [stderr]     Checking bitflags v2.13.1
[INFO] [stderr]     Checking opaque-debug v0.3.1
[INFO] [stderr]    Compiling hex v0.4.3
[INFO] [stderr]    Compiling dotenvy v0.15.7
[INFO] [stderr]     Checking borrow-or-share v0.2.4
[INFO] [stderr]     Checking is_terminal_polyfill v1.70.2
[INFO] [stderr]    Compiling unicode-general-category v1.1.0
[INFO] [stderr]     Checking anstyle v1.0.14
[INFO] [stderr]     Checking anstyle-query v1.1.5
[INFO] [stderr]     Checking foldhash v0.2.0
[INFO] [stderr]     Checking colorchoice v1.0.5
[INFO] [stderr]     Checking bit-vec v0.8.0
[INFO] [stderr]     Checking num v0.4.3
[INFO] [stderr]     Checking hashbrown v0.16.1
[INFO] [stderr]     Checking anstream v1.0.0
[INFO] [stderr]     Checking bit-set v0.8.0
[INFO] [stderr]     Checking fluent-uri v0.4.1
[INFO] [stderr]     Checking polyval v0.6.2
[INFO] [stderr]    Compiling rust-embed-utils v8.12.0
[INFO] [stderr]     Checking ppv-lite86 v0.2.21
[INFO] [stderr]     Checking tokio-util v0.7.19
[INFO] [stderr]     Checking webpki-roots v1.0.9
[INFO] [stderr]    Compiling sqlx-sqlite v0.8.6
[INFO] [stderr]     Checking is-docker v0.2.0
[INFO] [stderr]     Checking outref v0.5.2
[INFO] [stderr]    Compiling pulldown-cmark v0.13.4
[INFO] [stderr]    Compiling anyhow v1.0.104
[INFO] [stderr]     Checking vsimd v0.8.0
[INFO] [stderr]     Checking clap_lex v1.1.0
[INFO] [stderr]     Checking http-range-header v0.4.2
[INFO] [stderr]     Checking strsim v0.11.1
[INFO] [stderr]     Checking micromap v0.3.0
[INFO] [stderr]     Checking option-ext v0.2.0
[INFO] [stderr]     Checking dirs-sys v0.5.0
[INFO] [stderr]     Checking clap_builder v4.6.6
[INFO] [stderr]     Checking tower-http v0.6.11
[INFO] [stderr]     Checking referencing v0.46.10
[INFO] [stderr]     Checking rand_chacha v0.3.1
[INFO] [stderr]     Checking uuid-simd v0.8.0
[INFO] [stderr]     Checking is-wsl v0.4.0
[INFO] [stderr]    Compiling rust-embed-impl v8.12.0
[INFO] [stderr]     Checking tokio-rustls v0.26.4
[INFO] [stderr]     Checking hyper-rustls v0.27.9
[INFO] [stderr]     Checking ghash v0.5.1
[INFO] [stderr]     Checking fancy-regex v0.18.0
[INFO] [stderr]     Checking fraction v0.15.4
[INFO] [stderr]     Checking ctr v0.9.2
[INFO] [stderr]     Checking aes v0.8.4
[INFO] [stderr]     Checking sharded-slab v0.1.7
[INFO] [stderr]     Checking axum-core v0.5.6
[INFO] [stderr]     Checking regex v1.13.1
[INFO] [stderr]     Checking matchers v0.2.0
[INFO] [stderr]    Compiling clap_derive v4.6.4
[INFO] [stderr]     Checking email_address v0.2.9
[INFO] [stderr]     Checking jsonschema-regex v0.46.10
[INFO] [stderr]     Checking serde_path_to_error v0.1.20
[INFO] [stderr]     Checking tracing-log v0.2.0
[INFO] [stderr]     Checking aead v0.5.2
[INFO] [stderr]     Checking thread_local v1.1.10
[INFO] [stderr]     Checking matchit v0.8.4
[INFO] [stderr]    Compiling sqlx-macros-core v0.8.6
[INFO] [stderr]     Checking pulldown-cmark-escape v0.11.0
[INFO] [stderr]     Checking data-encoding v2.11.1
[INFO] [stderr]     Checking num-cmp v0.1.0
[INFO] [stderr]     Checking bytecount v0.6.9
[INFO] [stderr]     Checking nu-ansi-term v0.50.3
[INFO] [stderr]     Checking jsonschema v0.46.10
[INFO] [stderr]     Checking tracing-subscriber v0.3.23
[INFO] [stderr]     Checking aes-gcm v0.10.3
[INFO] [stderr]     Checking rust-embed v8.12.0
[INFO] [stderr]     Checking reqwest v0.12.28
[INFO] [stderr]     Checking open v5.4.2
[INFO] [stderr]     Checking clap v4.6.6
[INFO] [stderr]     Checking rand v0.8.7
[INFO] [stderr]     Checking axum v0.8.9
[INFO] [stderr]     Checking directories v6.0.0
[INFO] [stderr]     Checking semver v1.0.28
[INFO] [stderr]    Compiling sqlx-macros v0.8.6
[INFO] [stderr]     Checking sqlx v0.8.6
[INFO] [stderr]     Checking promptjang-relay-one v0.4.0 (/opt/rustwide/workdir)
[INFO] [stdout] error: #[derive(RustEmbed)] folder '/opt/rustwide/workdir/web/dist/' does not exist. cwd: '/opt/rustwide/workdir'
[INFO] [stdout]   --> src/api/mod.rs:28:1
[INFO] [stdout]    |
[INFO] [stdout] 28 | / #[folder = "web/dist/"]
[INFO] [stdout] 29 | | struct Assets;
[INFO] [stdout]    | |______________^
[INFO] [stdout] 
[INFO] [stdout] 
[INFO] [stdout] error: #[derive(RustEmbed)] folder '/opt/rustwide/workdir/web/dist/' does not exist. cwd: '/opt/rustwide/workdir'
[INFO] [stdout]   --> src/api/mod.rs:28:1
[INFO] [stdout]    |
[INFO] [stdout] 28 | / #[folder = "web/dist/"]
[INFO] [stdout] 29 | | struct Assets;
[INFO] [stdout]    | |______________^
[INFO] [stdout] 
[INFO] [stdout] 
[INFO] [stdout] error[E0599]: no associated function or constant named `get` found for struct `Assets` in the current scope
[INFO] [stdout]   --> src/api/mod.rs:38:19
[INFO] [stdout]    |
[INFO] [stdout] 29 | struct Assets;
[INFO] [stdout]    | ------------- associated function or constant `get` not found for this struct
[INFO] [stdout] ...
[INFO] [stdout] 38 |     match Assets::get(name).or_else(|| Assets::get("index.html")) {
[INFO] [stdout]    |                   ^^^ associated function or constant not found in `Assets`
[INFO] [stdout]    |
[INFO] [stdout]    = help: items from traits can only be used if the trait is implemented and in scope
[INFO] [stdout]    = note: the following traits define an item `get`, perhaps you need to implement one of them:
[INFO] [stdout]            candidate #1: `Embed`
[INFO] [stdout]            candidate #2: `Row`
[INFO] [stdout]            candidate #3: `SliceIndex`
[INFO] [stdout]            candidate #4: `icu_collections::codepointtrie::cptrie::TypedCodePointTrie`
[INFO] [stdout]            candidate #5: `icu_properties::names::PropertyEnumToValueNameLookup`
[INFO] [stdout]            candidate #6: `icu_provider::baked::DataStore`
[INFO] [stdout]            candidate #7: `rustls::server::server_conn::StoresServerSessions`
[INFO] [stdout] 
[INFO] [stdout] 
[INFO] [stdout] error[E0599]: no associated function or constant named `get` found for struct `Assets` in the current scope
[INFO] [stdout]   --> src/api/mod.rs:38:19
[INFO] [stdout]    |
[INFO] [stdout] 29 | struct Assets;
[INFO] [stdout]    | ------------- associated function or constant `get` not found for this struct
[INFO] [stdout] ...
[INFO] [stdout] 38 |     match Assets::get(name).or_else(|| Assets::get("index.html")) {
[INFO] [stdout]    |                   ^^^ associated function or constant not found in `Assets`
[INFO] [stdout]    |
[INFO] [stdout]    = help: items from traits can only be used if the trait is implemented and in scope
[INFO] [stdout]    = note: the following traits define an item `get`, perhaps you need to implement one of them:
[INFO] [stdout]            candidate #1: `Embed`
[INFO] [stdout]            candidate #2: `Row`
[INFO] [stdout]            candidate #3: `SliceIndex`
[INFO] [stdout]            candidate #4: `icu_collections::codepointtrie::cptrie::TypedCodePointTrie`
[INFO] [stdout]            candidate #5: `icu_properties::names::PropertyEnumToValueNameLookup`
[INFO] [stdout]            candidate #6: `icu_provider::baked::DataStore`
[INFO] [stdout]            candidate #7: `rustls::server::server_conn::StoresServerSessions`
[INFO] [stdout] 
[INFO] [stdout] 
[INFO] [stdout] error[E0599]: no associated function or constant named `get` found for struct `Assets` in the current scope
[INFO] [stdout]   --> src/api/mod.rs:38:48
[INFO] [stdout]    |
[INFO] [stdout] 29 | struct Assets;
[INFO] [stdout]    | ------------- associated function or constant `get` not found for this struct
[INFO] [stdout] ...
[INFO] [stdout] 38 |     match Assets::get(name).or_else(|| Assets::get("index.html")) {
[INFO] [stdout]    |                                                ^^^ associated function or constant not found in `Assets`
[INFO] [stdout]    |
[INFO] [stdout]    = help: items from traits can only be used if the trait is implemented and in scope
[INFO] [stdout]    = note: the following traits define an item `get`, perhaps you need to implement one of them:
[INFO] [stdout]            candidate #1: `Embed`
[INFO] [stdout]            candidate #2: `Row`
[INFO] [stdout]            candidate #3: `SliceIndex`
[INFO] [stdout]            candidate #4: `icu_collections::codepointtrie::cptrie::TypedCodePointTrie`
[INFO] [stdout]            candidate #5: `icu_properties::names::PropertyEnumToValueNameLookup`
[INFO] [stdout]            candidate #6: `icu_provider::baked::DataStore`
[INFO] [stdout]            candidate #7: `rustls::server::server_conn::StoresServerSessions`
[INFO] [stdout] 
[INFO] [stdout] 
[INFO] [stdout] error[E0599]: no associated function or constant named `get` found for struct `Assets` in the current scope
[INFO] [stdout]   --> src/api/mod.rs:38:48
[INFO] [stdout]    |
[INFO] [stdout] 29 | struct Assets;
[INFO] [stdout]    | ------------- associated function or constant `get` not found for this struct
[INFO] [stdout] ...
[INFO] [stdout] 38 |     match Assets::get(name).or_else(|| Assets::get("index.html")) {
[INFO] [stdout]    |                                                ^^^ associated function or constant not found in `Assets`
[INFO] [stdout]    |
[INFO] [stdout]    = help: items from traits can only be used if the trait is implemented and in scope
[INFO] [stdout]    = note: the following traits define an item `get`, perhaps you need to implement one of them:
[INFO] [stdout]            candidate #1: `Embed`
[INFO] [stdout]            candidate #2: `Row`
[INFO] [stdout]            candidate #3: `SliceIndex`
[INFO] [stdout]            candidate #4: `icu_collections::codepointtrie::cptrie::TypedCodePointTrie`
[INFO] [stdout]            candidate #5: `icu_properties::names::PropertyEnumToValueNameLookup`
[INFO] [stdout]            candidate #6: `icu_provider::baked::DataStore`
[INFO] [stdout]            candidate #7: `rustls::server::server_conn::StoresServerSessions`
[INFO] [stdout] 
[INFO] [stdout] 
[INFO] [stdout] For more information about this error, try `rustc --explain E0599`.
[INFO] [stdout] 
[INFO] [stderr] error: could not compile `promptjang-relay-one` (lib) due to 3 previous errors
[INFO] [stderr] warning: build failed, waiting for other jobs to finish...
[INFO] [stdout] For more information about this error, try `rustc --explain E0599`.
[INFO] [stdout] 
[INFO] [stderr] error: could not compile `promptjang-relay-one` (lib test) due to 3 previous errors
[INFO] running `Command { std: "docker" "inspect" "afa6fa24452f6fdd0d2609780bceec41a4da25cbf081cb8473ce55b52a3e1b4e", kill_on_drop: false }`
[INFO] running `Command { std: "docker" "rm" "-f" "afa6fa24452f6fdd0d2609780bceec41a4da25cbf081cb8473ce55b52a3e1b4e", kill_on_drop: false }`
[INFO] [stdout] afa6fa24452f6fdd0d2609780bceec41a4da25cbf081cb8473ce55b52a3e1b4e
