[INFO] cloning repository https://github.com/Prayag887/tesseract_ocr_rs
[INFO] running `Command { std: "git" "-c" "credential.helper=" "-c" "credential.helper=/workspace/cargo-home/bin/git-credential-null" "clone" "--bare" "https://github.com/Prayag887/tesseract_ocr_rs" "/workspace/cache/git-repos/https%3A%2F%2Fgithub.com%2FPrayag887%2Ftesseract_ocr_rs", kill_on_drop: false }`
[INFO] [stderr] Cloning into bare repository '/workspace/cache/git-repos/https%3A%2F%2Fgithub.com%2FPrayag887%2Ftesseract_ocr_rs'...
[INFO] running `Command { std: "git" "rev-parse" "HEAD", kill_on_drop: false }`
[INFO] [stdout] 44144b27fc74b7337b0acd87796ab732ea99daee
[INFO] checking Prayag887/tesseract_ocr_rs against 3154cc1a3e6424e44f438a95007d043ed5ceaaf6 for pr-133502-30
[INFO] running `Command { std: "git" "clone" "/workspace/cache/git-repos/https%3A%2F%2Fgithub.com%2FPrayag887%2Ftesseract_ocr_rs" "/workspace/builds/worker-1-tc2/source", kill_on_drop: false }`
[INFO] [stderr] Cloning into '/workspace/builds/worker-1-tc2/source'...
[INFO] [stderr] done.
[INFO] removed /workspace/builds/worker-1-tc2/source/.cargo/config.toml
[INFO] started tweaking git repo https://github.com/Prayag887/tesseract_ocr_rs
[INFO] finished tweaking git repo https://github.com/Prayag887/tesseract_ocr_rs
[INFO] tweaked toml for git repo https://github.com/Prayag887/tesseract_ocr_rs written to /workspace/builds/worker-1-tc2/source/Cargo.toml
[INFO] validating manifest of git repo https://github.com/Prayag887/tesseract_ocr_rs on toolchain 3154cc1a3e6424e44f438a95007d043ed5ceaaf6
[INFO] running `Command { std: CARGO_HOME="/workspace/cargo-home" RUSTUP_HOME="/workspace/rustup-home" "/workspace/cargo-home/bin/cargo" "+3154cc1a3e6424e44f438a95007d043ed5ceaaf6" "metadata" "--manifest-path" "Cargo.toml" "--no-deps", kill_on_drop: false }`
[INFO] crate git repo https://github.com/Prayag887/tesseract_ocr_rs already has a lockfile, it will not be regenerated
[INFO] running `Command { std: CARGO_HOME="/workspace/cargo-home" RUSTUP_HOME="/workspace/rustup-home" "/workspace/cargo-home/bin/cargo" "+3154cc1a3e6424e44f438a95007d043ed5ceaaf6" "fetch" "--manifest-path" "Cargo.toml", kill_on_drop: false }`
[INFO] running `Command { std: "docker" "create" "-v" "/var/lib/crater-agent-workspace/builds/worker-1-tc2/source:/opt/rustwide/workdir:ro,Z" "-v" "/var/lib/crater-agent-workspace/builds/worker-1-tc2/target:/opt/rustwide/target:rw,Z" "-v" "/var/lib/crater-agent-workspace/cargo-home:/opt/rustwide/cargo-home:ro,Z" "-v" "/var/lib/crater-agent-workspace/rustup-home:/opt/rustwide/rustup-home:ro,Z" "-m" "1610612736" "--network" "none" "ghcr.io/rust-lang/crates-build-env/linux@sha256:77db811e55d90add9212f6832c23229e3de5f1c1f9905e8cb07319ea15df73ac" "sleep" "infinity", kill_on_drop: false }`
[INFO] [stdout] 0a956d3a58ba1e95bb293ae3ea3ba9ed762fe635d488dae695bbdacfeca4da55
[INFO] running `Command { std: "docker" "start" "0a956d3a58ba1e95bb293ae3ea3ba9ed762fe635d488dae695bbdacfeca4da55", kill_on_drop: false }`
[INFO] running `Command { std: "docker" "inspect" "0a956d3a58ba1e95bb293ae3ea3ba9ed762fe635d488dae695bbdacfeca4da55", kill_on_drop: false }`
[INFO] running `Command { std: "docker" "exec" "-e" "SOURCE_DIR=/opt/rustwide/workdir" "-e" "CARGO_HOME=/opt/rustwide/cargo-home" "-e" "RUSTUP_HOME=/opt/rustwide/rustup-home" "-e" "CARGO_TARGET_DIR=/opt/rustwide/target" "-w" "/opt/rustwide/workdir" "--user" "0:0" "0a956d3a58ba1e95bb293ae3ea3ba9ed762fe635d488dae695bbdacfeca4da55" "/opt/rustwide/cargo-home/bin/cargo" "+3154cc1a3e6424e44f438a95007d043ed5ceaaf6" "metadata" "--no-deps" "--format-version=1", kill_on_drop: false }`
[INFO] running `Command { std: "docker" "inspect" "0a956d3a58ba1e95bb293ae3ea3ba9ed762fe635d488dae695bbdacfeca4da55", kill_on_drop: false }`
[INFO] running `Command { std: "docker" "exec" "-e" "SOURCE_DIR=/opt/rustwide/workdir" "-e" "CARGO_HOME=/opt/rustwide/cargo-home" "-e" "RUSTUP_HOME=/opt/rustwide/rustup-home" "-e" "CARGO_TARGET_DIR=/opt/rustwide/target" "-e" "CARGO_INCREMENTAL=0" "-e" "RUST_BACKTRACE=full" "-e" "RUSTFLAGS=--cap-lints=forbid" "-e" "RUSTDOCFLAGS=--cap-lints=forbid" "-w" "/opt/rustwide/workdir" "--user" "0:0" "0a956d3a58ba1e95bb293ae3ea3ba9ed762fe635d488dae695bbdacfeca4da55" "/opt/rustwide/cargo-home/bin/cargo" "+3154cc1a3e6424e44f438a95007d043ed5ceaaf6" "check" "--frozen" "--all" "--all-targets" "--message-format=json", kill_on_drop: false }`
[INFO] [stderr]    Compiling find-msvc-tools v0.1.10
[INFO] [stderr]    Compiling syn v3.0.3
[INFO] [stderr]     Checking futures-task v0.3.34
[INFO] [stderr]     Checking slab v0.4.12
[INFO] [stderr]    Compiling clang-sys v1.9.1
[INFO] [stderr]    Compiling aho-corasick v1.1.5
[INFO] [stderr]     Checking futures-channel v0.3.34
[INFO] [stderr]    Compiling rustls v0.23.43
[INFO] [stderr]    Compiling cc v1.4.2
[INFO] [stderr]    Compiling percent-encoding v2.3.2
[INFO] [stderr]    Compiling num-traits v0.2.19
[INFO] [stderr]     Checking serde_json v1.0.151
[INFO] [stderr]     Checking futures-util v0.3.34
[INFO] [stderr]     Checking spin v0.9.9
[INFO] [stderr]     Checking axum-core v0.5.6
[INFO] [stderr]    Compiling regex-automata v0.4.18
[INFO] [stderr]     Checking serde_path_to_error v0.1.20
[INFO] [stderr]    Compiling clang v2.1.0
[INFO] [stderr]     Checking tracing-subscriber v0.3.23
[INFO] [stderr]     Checking uuid v1.24.0
[INFO] [stderr]    Compiling ring v0.17.14
[INFO] [stderr]     Checking multer v3.1.0
[INFO] [stderr]    Compiling displaydoc v0.2.7
[INFO] [stderr]    Compiling tokio-macros v2.7.2
[INFO] [stderr]    Compiling serde_derive v1.0.229
[INFO] [stderr]    Compiling thiserror-impl v2.0.20
[INFO] [stderr]     Checking tokio v1.53.1
[INFO] [stderr]     Checking tinystr v0.8.3
[INFO] [stderr]     Checking zerotrie v0.2.4
[INFO] [stderr]     Checking icu_collections v2.2.0
[INFO] [stderr]     Checking icu_locale_core v2.2.0
[INFO] [stderr]    Compiling regex v1.13.1
[INFO] [stderr]     Checking thiserror v2.0.20
[INFO] [stderr]    Compiling opencv-binding-generator v0.105.0
[INFO] [stderr]     Checking icu_provider v2.2.0
[INFO] [stderr]     Checking icu_normalizer v2.2.0
[INFO] [stderr]     Checking icu_properties v2.2.0
[INFO] [stderr]     Checking rustls-webpki v0.103.14
[INFO] [stderr]     Checking idna_adapter v1.2.2
[INFO] [stderr]     Checking idna v1.1.0
[INFO] [stderr]     Checking url v2.5.8
[INFO] [stderr]     Checking serde v1.0.229
[INFO] [stderr]     Checking serde_urlencoded v0.7.1
[INFO] [stderr]     Checking hyper v1.11.0
[INFO] [stderr]     Checking tower v0.5.3
[INFO] [stderr]     Checking tokio-util v0.7.19
[INFO] [stderr]     Checking tower-http v0.6.11
[INFO] [stderr]     Checking tokio-rustls v0.26.4
[INFO] [stderr]     Checking hyper-util v0.1.20
[INFO] [stderr]    Compiling opencv v0.100.1
[INFO] [stderr]     Checking hyper-rustls v0.27.9
[INFO] [stderr]     Checking axum v0.8.9
[INFO] [stderr]     Checking reqwest v0.12.28
[INFO] [stderr]     Checking tesseract v0.1.0 (/opt/rustwide/workdir)
[INFO] [stdout] error[E0432]: unresolved import `opencv::geometry`
[INFO] [stdout]  --> src/local_ocr.rs:7:19
[INFO] [stdout]   |
[INFO] [stdout] 7 | use opencv::{dnn, geometry, imgcodecs, imgproc};
[INFO] [stdout]   |                   ^^^^^^^^ no `geometry` in the root
[INFO] [stdout] 
[INFO] [stdout] 
[INFO] [stdout] error[E0432]: unresolved import `opencv::geometry`
[INFO] [stdout]  --> src/scanner.rs:5:19
[INFO] [stdout]   |
[INFO] [stdout] 5 | use opencv::{dnn, geometry, imgcodecs, imgproc};
[INFO] [stdout]   |                   ^^^^^^^^ no `geometry` in the root
[INFO] [stdout] 
[INFO] [stdout] 
[INFO] [stdout] error[E0432]: unresolved import `opencv::geometry`
[INFO] [stdout]  --> src/local_ocr.rs:7:19
[INFO] [stdout]   |
[INFO] [stdout] 7 | use opencv::{dnn, geometry, imgcodecs, imgproc};
[INFO] [stdout]   |                   ^^^^^^^^ no `geometry` in the root
[INFO] [stdout] 
[INFO] [stdout] 
[INFO] [stdout] error[E0432]: unresolved import `opencv::geometry`
[INFO] [stdout]  --> src/scanner.rs:5:19
[INFO] [stdout]   |
[INFO] [stdout] 5 | use opencv::{dnn, geometry, imgcodecs, imgproc};
[INFO] [stdout]   |                   ^^^^^^^^ no `geometry` in the root
[INFO] [stdout] 
[INFO] [stdout] 
[INFO] [stdout] error[E0425]: cannot find function `read_net_from_onnx_def` in module `dnn`
[INFO] [stdout]     --> src/local_ocr.rs:61:24
[INFO] [stdout]      |
[INFO] [stdout]   61 |         let det = dnn::read_net_from_onnx_def(DET_MODEL_PATH)?;
[INFO] [stdout]      |                        ^^^^^^^^^^^^^^^^^^^^^^ not found in `dnn`
[INFO] [stdout]      |
[INFO] [stdout] note: similarly named function `read_net_from_onnx_str` defined here
[INFO] [stdout]     --> /opt/rustwide/target/debug/build/opencv/0921f4899816b295/out/opencv/dnn.rs:1296:2
[INFO] [stdout]      |
[INFO] [stdout] 1296 |     pub fn read_net_from_onnx_str(buffer: &str, size_buffer: size_t) -> Result<crate::dnn::Net> {
[INFO] [stdout]      |     ^^^^^^^^^^^^^^^^^^^^^^^^^^^^^^^^^^^^^^^^^^^^^^^^^^^^^^^^^^^^^^^^^^^^^^^^^^^^^^^^^^^^^^^^^^^
[INFO] [stdout] help: a function with a similar name exists
[INFO] [stdout]      |
[INFO] [stdout]   61 -         let det = dnn::read_net_from_onnx_def(DET_MODEL_PATH)?;
[INFO] [stdout]   61 +         let det = dnn::read_net_from_onnx_str(DET_MODEL_PATH)?;
[INFO] [stdout]      |
[INFO] [stdout] 
[INFO] [stdout] 
[INFO] [stdout] error[E0425]: cannot find function `read_net_from_onnx_def` in module `dnn`
[INFO] [stdout]     --> src/local_ocr.rs:62:33
[INFO] [stdout]      |
[INFO] [stdout]   62 |         let textline_ori = dnn::read_net_from_onnx_def(TEXTLINE_ORI_MODEL_PATH)?;
[INFO] [stdout]      |                                 ^^^^^^^^^^^^^^^^^^^^^^ not found in `dnn`
[INFO] [stdout]      |
[INFO] [stdout] note: similarly named function `read_net_from_onnx_str` defined here
[INFO] [stdout]     --> /opt/rustwide/target/debug/build/opencv/0921f4899816b295/out/opencv/dnn.rs:1296:2
[INFO] [stdout]      |
[INFO] [stdout] 1296 |     pub fn read_net_from_onnx_str(buffer: &str, size_buffer: size_t) -> Result<crate::dnn::Net> {
[INFO] [stdout]      |     ^^^^^^^^^^^^^^^^^^^^^^^^^^^^^^^^^^^^^^^^^^^^^^^^^^^^^^^^^^^^^^^^^^^^^^^^^^^^^^^^^^^^^^^^^^^
[INFO] [stdout] help: a function with a similar name exists
[INFO] [stdout]      |
[INFO] [stdout]   62 -         let textline_ori = dnn::read_net_from_onnx_def(TEXTLINE_ORI_MODEL_PATH)?;
[INFO] [stdout]   62 +         let textline_ori = dnn::read_net_from_onnx_str(TEXTLINE_ORI_MODEL_PATH)?;
[INFO] [stdout]      |
[INFO] [stdout] 
[INFO] [stdout] 
[INFO] [stdout] error[E0425]: cannot find function `read_net_from_onnx_def` in module `dnn`
[INFO] [stdout]     --> src/local_ocr.rs:63:24
[INFO] [stdout]      |
[INFO] [stdout]   63 |         let rec = dnn::read_net_from_onnx_def(REC_MODEL_PATH)?;
[INFO] [stdout]      |                        ^^^^^^^^^^^^^^^^^^^^^^ not found in `dnn`
[INFO] [stdout]      |
[INFO] [stdout] note: similarly named function `read_net_from_onnx_str` defined here
[INFO] [stdout]     --> /opt/rustwide/target/debug/build/opencv/0921f4899816b295/out/opencv/dnn.rs:1296:2
[INFO] [stdout]      |
[INFO] [stdout] 1296 |     pub fn read_net_from_onnx_str(buffer: &str, size_buffer: size_t) -> Result<crate::dnn::Net> {
[INFO] [stdout]      |     ^^^^^^^^^^^^^^^^^^^^^^^^^^^^^^^^^^^^^^^^^^^^^^^^^^^^^^^^^^^^^^^^^^^^^^^^^^^^^^^^^^^^^^^^^^^
[INFO] [stdout] help: a function with a similar name exists
[INFO] [stdout]      |
[INFO] [stdout]   63 -         let rec = dnn::read_net_from_onnx_def(REC_MODEL_PATH)?;
[INFO] [stdout]   63 +         let rec = dnn::read_net_from_onnx_str(REC_MODEL_PATH)?;
[INFO] [stdout]      |
[INFO] [stdout] 
[INFO] [stdout] 
[INFO] [stdout] error[E0425]: cannot find function `read_net_from_onnx_def` in module `dnn`
[INFO] [stdout]     --> src/scanner.rs:59:24
[INFO] [stdout]      |
[INFO] [stdout]   59 |         let net = dnn::read_net_from_onnx_def(MODEL_PATH).map_err(AppError::Processing)?;
[INFO] [stdout]      |                        ^^^^^^^^^^^^^^^^^^^^^^ not found in `dnn`
[INFO] [stdout]      |
[INFO] [stdout] note: similarly named function `read_net_from_onnx_str` defined here
[INFO] [stdout]     --> /opt/rustwide/target/debug/build/opencv/0921f4899816b295/out/opencv/dnn.rs:1296:2
[INFO] [stdout]      |
[INFO] [stdout] 1296 |     pub fn read_net_from_onnx_str(buffer: &str, size_buffer: size_t) -> Result<crate::dnn::Net> {
[INFO] [stdout]      |     ^^^^^^^^^^^^^^^^^^^^^^^^^^^^^^^^^^^^^^^^^^^^^^^^^^^^^^^^^^^^^^^^^^^^^^^^^^^^^^^^^^^^^^^^^^^
[INFO] [stdout] help: a function with a similar name exists
[INFO] [stdout]      |
[INFO] [stdout]   59 -         let net = dnn::read_net_from_onnx_def(MODEL_PATH).map_err(AppError::Processing)?;
[INFO] [stdout]   59 +         let net = dnn::read_net_from_onnx_str(MODEL_PATH).map_err(AppError::Processing)?;
[INFO] [stdout]      |
[INFO] [stdout] 
[INFO] [stdout] 
[INFO] [stdout] error[E0425]: cannot find function `read_net_from_onnx_def` in module `dnn`
[INFO] [stdout]     --> src/local_ocr.rs:61:24
[INFO] [stdout]      |
[INFO] [stdout]   61 |         let det = dnn::read_net_from_onnx_def(DET_MODEL_PATH)?;
[INFO] [stdout]      |                        ^^^^^^^^^^^^^^^^^^^^^^ not found in `dnn`
[INFO] [stdout]      |
[INFO] [stdout] note: similarly named function `read_net_from_onnx_str` defined here
[INFO] [stdout]     --> /opt/rustwide/target/debug/build/opencv/0921f4899816b295/out/opencv/dnn.rs:1296:2
[INFO] [stdout]      |
[INFO] [stdout] 1296 |     pub fn read_net_from_onnx_str(buffer: &str, size_buffer: size_t) -> Result<crate::dnn::Net> {
[INFO] [stdout]      |     ^^^^^^^^^^^^^^^^^^^^^^^^^^^^^^^^^^^^^^^^^^^^^^^^^^^^^^^^^^^^^^^^^^^^^^^^^^^^^^^^^^^^^^^^^^^
[INFO] [stdout] help: a function with a similar name exists
[INFO] [stdout]      |
[INFO] [stdout]   61 -         let det = dnn::read_net_from_onnx_def(DET_MODEL_PATH)?;
[INFO] [stdout]   61 +         let det = dnn::read_net_from_onnx_str(DET_MODEL_PATH)?;
[INFO] [stdout]      |
[INFO] [stdout] 
[INFO] [stdout] 
[INFO] [stdout] error[E0425]: cannot find function `read_net_from_onnx_def` in module `dnn`
[INFO] [stdout]     --> src/local_ocr.rs:62:33
[INFO] [stdout]      |
[INFO] [stdout]   62 |         let textline_ori = dnn::read_net_from_onnx_def(TEXTLINE_ORI_MODEL_PATH)?;
[INFO] [stdout]      |                                 ^^^^^^^^^^^^^^^^^^^^^^ not found in `dnn`
[INFO] [stdout]      |
[INFO] [stdout] note: similarly named function `read_net_from_onnx_str` defined here
[INFO] [stdout]     --> /opt/rustwide/target/debug/build/opencv/0921f4899816b295/out/opencv/dnn.rs:1296:2
[INFO] [stdout]      |
[INFO] [stdout] 1296 |     pub fn read_net_from_onnx_str(buffer: &str, size_buffer: size_t) -> Result<crate::dnn::Net> {
[INFO] [stdout]      |     ^^^^^^^^^^^^^^^^^^^^^^^^^^^^^^^^^^^^^^^^^^^^^^^^^^^^^^^^^^^^^^^^^^^^^^^^^^^^^^^^^^^^^^^^^^^
[INFO] [stdout] help: a function with a similar name exists
[INFO] [stdout]      |
[INFO] [stdout]   62 -         let textline_ori = dnn::read_net_from_onnx_def(TEXTLINE_ORI_MODEL_PATH)?;
[INFO] [stdout]   62 +         let textline_ori = dnn::read_net_from_onnx_str(TEXTLINE_ORI_MODEL_PATH)?;
[INFO] [stdout]      |
[INFO] [stdout] 
[INFO] [stdout] 
[INFO] [stdout] error[E0425]: cannot find function `read_net_from_onnx_def` in module `dnn`
[INFO] [stdout]     --> src/local_ocr.rs:63:24
[INFO] [stdout]      |
[INFO] [stdout]   63 |         let rec = dnn::read_net_from_onnx_def(REC_MODEL_PATH)?;
[INFO] [stdout]      |                        ^^^^^^^^^^^^^^^^^^^^^^ not found in `dnn`
[INFO] [stdout]      |
[INFO] [stdout] note: similarly named function `read_net_from_onnx_str` defined here
[INFO] [stdout]     --> /opt/rustwide/target/debug/build/opencv/0921f4899816b295/out/opencv/dnn.rs:1296:2
[INFO] [stdout]      |
[INFO] [stdout] 1296 |     pub fn read_net_from_onnx_str(buffer: &str, size_buffer: size_t) -> Result<crate::dnn::Net> {
[INFO] [stdout]      |     ^^^^^^^^^^^^^^^^^^^^^^^^^^^^^^^^^^^^^^^^^^^^^^^^^^^^^^^^^^^^^^^^^^^^^^^^^^^^^^^^^^^^^^^^^^^
[INFO] [stdout] help: a function with a similar name exists
[INFO] [stdout]      |
[INFO] [stdout]   63 -         let rec = dnn::read_net_from_onnx_def(REC_MODEL_PATH)?;
[INFO] [stdout]   63 +         let rec = dnn::read_net_from_onnx_str(REC_MODEL_PATH)?;
[INFO] [stdout]      |
[INFO] [stdout] 
[INFO] [stdout] 
[INFO] [stdout] error[E0425]: cannot find function `read_net_from_onnx_def` in module `dnn`
[INFO] [stdout]     --> src/scanner.rs:59:24
[INFO] [stdout]      |
[INFO] [stdout]   59 |         let net = dnn::read_net_from_onnx_def(MODEL_PATH).map_err(AppError::Processing)?;
[INFO] [stdout]      |                        ^^^^^^^^^^^^^^^^^^^^^^ not found in `dnn`
[INFO] [stdout]      |
[INFO] [stdout] note: similarly named function `read_net_from_onnx_str` defined here
[INFO] [stdout]     --> /opt/rustwide/target/debug/build/opencv/0921f4899816b295/out/opencv/dnn.rs:1296:2
[INFO] [stdout]      |
[INFO] [stdout] 1296 |     pub fn read_net_from_onnx_str(buffer: &str, size_buffer: size_t) -> Result<crate::dnn::Net> {
[INFO] [stdout]      |     ^^^^^^^^^^^^^^^^^^^^^^^^^^^^^^^^^^^^^^^^^^^^^^^^^^^^^^^^^^^^^^^^^^^^^^^^^^^^^^^^^^^^^^^^^^^
[INFO] [stdout] help: a function with a similar name exists
[INFO] [stdout]      |
[INFO] [stdout]   59 -         let net = dnn::read_net_from_onnx_def(MODEL_PATH).map_err(AppError::Processing)?;
[INFO] [stdout]   59 +         let net = dnn::read_net_from_onnx_str(MODEL_PATH).map_err(AppError::Processing)?;
[INFO] [stdout]      |
[INFO] [stdout] 
[INFO] [stdout] 
[INFO] [stdout] Some errors have detailed explanations: E0425, E0432.
[INFO] [stdout] 
[INFO] [stdout] For more information about an error, try `rustc --explain E0425`.
[INFO] [stdout] 
[INFO] [stdout] Some errors have detailed explanations: E0425, E0432.
[INFO] [stdout] 
[INFO] [stdout] For more information about an error, try `rustc --explain E0425`.
[INFO] [stdout] 
[INFO] [stderr] error: could not compile `tesseract` (bin "tesseract" test) due to 6 previous errors
[INFO] [stderr] warning: build failed, waiting for other jobs to finish...
[INFO] [stderr] error: could not compile `tesseract` (bin "tesseract") due to 6 previous errors
[INFO] running `Command { std: "docker" "inspect" "0a956d3a58ba1e95bb293ae3ea3ba9ed762fe635d488dae695bbdacfeca4da55", kill_on_drop: false }`
[INFO] running `Command { std: "docker" "rm" "-f" "0a956d3a58ba1e95bb293ae3ea3ba9ed762fe635d488dae695bbdacfeca4da55", kill_on_drop: false }`
[INFO] [stdout] 0a956d3a58ba1e95bb293ae3ea3ba9ed762fe635d488dae695bbdacfeca4da55
