[INFO] cloning repository https://github.com/Prateek816/solana-wallet-cli
[INFO] running `Command { std: "git" "-c" "credential.helper=" "-c" "credential.helper=/workspace/cargo-home/bin/git-credential-null" "clone" "--bare" "https://github.com/Prateek816/solana-wallet-cli" "/workspace/cache/git-repos/https%3A%2F%2Fgithub.com%2FPrateek816%2Fsolana-wallet-cli", kill_on_drop: false }`
[INFO] [stderr] Cloning into bare repository '/workspace/cache/git-repos/https%3A%2F%2Fgithub.com%2FPrateek816%2Fsolana-wallet-cli'...
[INFO] running `Command { std: "git" "rev-parse" "HEAD", kill_on_drop: false }`
[INFO] [stdout] 07960c46516a22fc3bf3b66e52973c6be70356d3
[INFO] checking Prateek816/solana-wallet-cli against 3154cc1a3e6424e44f438a95007d043ed5ceaaf6 for pr-133502-30
[INFO] running `Command { std: "git" "clone" "/workspace/cache/git-repos/https%3A%2F%2Fgithub.com%2FPrateek816%2Fsolana-wallet-cli" "/workspace/builds/worker-0-tc2/source", kill_on_drop: false }`
[INFO] [stderr] Cloning into '/workspace/builds/worker-0-tc2/source'...
[INFO] [stderr] done.
[INFO] started tweaking git repo https://github.com/Prateek816/solana-wallet-cli
[INFO] finished tweaking git repo https://github.com/Prateek816/solana-wallet-cli
[INFO] tweaked toml for git repo https://github.com/Prateek816/solana-wallet-cli written to /workspace/builds/worker-0-tc2/source/Cargo.toml
[INFO] validating manifest of git repo https://github.com/Prateek816/solana-wallet-cli on toolchain 3154cc1a3e6424e44f438a95007d043ed5ceaaf6
[INFO] running `Command { std: CARGO_HOME="/workspace/cargo-home" RUSTUP_HOME="/workspace/rustup-home" "/workspace/cargo-home/bin/cargo" "+3154cc1a3e6424e44f438a95007d043ed5ceaaf6" "metadata" "--manifest-path" "Cargo.toml" "--no-deps", kill_on_drop: false }`
[INFO] crate git repo https://github.com/Prateek816/solana-wallet-cli already has a lockfile, it will not be regenerated
[INFO] running `Command { std: CARGO_HOME="/workspace/cargo-home" RUSTUP_HOME="/workspace/rustup-home" "/workspace/cargo-home/bin/cargo" "+3154cc1a3e6424e44f438a95007d043ed5ceaaf6" "fetch" "--manifest-path" "Cargo.toml", kill_on_drop: false }`
[INFO] running `Command { std: "docker" "create" "-v" "/var/lib/crater-agent-workspace/builds/worker-0-tc2/source:/opt/rustwide/workdir:ro,Z" "-v" "/var/lib/crater-agent-workspace/builds/worker-0-tc2/target:/opt/rustwide/target:rw,Z" "-v" "/var/lib/crater-agent-workspace/cargo-home:/opt/rustwide/cargo-home:ro,Z" "-v" "/var/lib/crater-agent-workspace/rustup-home:/opt/rustwide/rustup-home:ro,Z" "-m" "1610612736" "--network" "none" "ghcr.io/rust-lang/crates-build-env/linux@sha256:77db811e55d90add9212f6832c23229e3de5f1c1f9905e8cb07319ea15df73ac" "sleep" "infinity", kill_on_drop: false }`
[INFO] [stdout] 7139226697d13fbfeba1d7721a75ff9d1813d19cd7d49dd612239f0c27d9f6c1
[INFO] running `Command { std: "docker" "start" "7139226697d13fbfeba1d7721a75ff9d1813d19cd7d49dd612239f0c27d9f6c1", kill_on_drop: false }`
[INFO] running `Command { std: "docker" "inspect" "7139226697d13fbfeba1d7721a75ff9d1813d19cd7d49dd612239f0c27d9f6c1", kill_on_drop: false }`
[INFO] running `Command { std: "docker" "exec" "-e" "SOURCE_DIR=/opt/rustwide/workdir" "-e" "CARGO_HOME=/opt/rustwide/cargo-home" "-e" "RUSTUP_HOME=/opt/rustwide/rustup-home" "-e" "CARGO_TARGET_DIR=/opt/rustwide/target" "-w" "/opt/rustwide/workdir" "--user" "0:0" "7139226697d13fbfeba1d7721a75ff9d1813d19cd7d49dd612239f0c27d9f6c1" "/opt/rustwide/cargo-home/bin/cargo" "+3154cc1a3e6424e44f438a95007d043ed5ceaaf6" "metadata" "--no-deps" "--format-version=1", kill_on_drop: false }`
[INFO] running `Command { std: "docker" "inspect" "7139226697d13fbfeba1d7721a75ff9d1813d19cd7d49dd612239f0c27d9f6c1", kill_on_drop: false }`
[INFO] running `Command { std: "docker" "exec" "-e" "SOURCE_DIR=/opt/rustwide/workdir" "-e" "CARGO_HOME=/opt/rustwide/cargo-home" "-e" "RUSTUP_HOME=/opt/rustwide/rustup-home" "-e" "CARGO_TARGET_DIR=/opt/rustwide/target" "-e" "CARGO_INCREMENTAL=0" "-e" "RUST_BACKTRACE=full" "-e" "RUSTFLAGS=--cap-lints=forbid" "-e" "RUSTDOCFLAGS=--cap-lints=forbid" "-w" "/opt/rustwide/workdir" "--user" "0:0" "7139226697d13fbfeba1d7721a75ff9d1813d19cd7d49dd612239f0c27d9f6c1" "/opt/rustwide/cargo-home/bin/cargo" "+3154cc1a3e6424e44f438a95007d043ed5ceaaf6" "check" "--frozen" "--all" "--all-targets" "--message-format=json", kill_on_drop: false }`
[INFO] [stderr]     Checking smallvec v1.15.2
[INFO] [stderr]    Compiling syn v3.0.3
[INFO] [stderr]    Compiling syn v2.0.119
[INFO] [stderr]     Checking dirs-sys v0.4.1
[INFO] [stderr]     Checking clap_builder v4.6.6
[INFO] [stderr]     Checking digest v0.10.7
[INFO] [stderr]     Checking dirs v5.0.1
[INFO] [stderr]     Checking sha2 v0.10.9
[INFO] [stderr]     Checking parking_lot_core v0.9.12
[INFO] [stderr]     Checking parking_lot v0.12.5
[INFO] [stderr]    Compiling thiserror-impl v1.0.69
[INFO] [stderr]     Checking thiserror v1.0.69
[INFO] [stderr]    Compiling serde_derive v1.0.229
[INFO] [stderr]    Compiling tokio-macros v2.7.2
[INFO] [stderr]    Compiling clap_derive v4.6.4
[INFO] [stderr]     Checking tokio v1.53.1
[INFO] [stderr]     Checking clap v4.6.6
[INFO] [stderr]     Checking serde v1.0.229
[INFO] [stderr]     Checking solana-wallet-cli v0.1.0 (/opt/rustwide/workdir)
[INFO] [stdout] error[E0583]: file not found for module `tx`
[INFO] [stdout]  --> src/main.rs:5:1
[INFO] [stdout]   |
[INFO] [stdout] 5 | mod tx;      
[INFO] [stdout]   | ^^^^^^^
[INFO] [stdout]   |
[INFO] [stdout]   = help: to create the module `tx`, create file "src/tx.rs" or "src/tx/mod.rs"
[INFO] [stdout]   = note: if there is a `mod tx` elsewhere in the crate already, import it with `use crate::...` instead
[INFO] [stdout] 
[INFO] [stdout] 
[INFO] [stdout] error[E0583]: file not found for module `tx`
[INFO] [stdout]  --> src/main.rs:5:1
[INFO] [stdout]   |
[INFO] [stdout] 5 | mod tx;      
[INFO] [stdout]   | ^^^^^^^
[INFO] [stdout]   |
[INFO] [stdout]   = help: to create the module `tx`, create file "src/tx.rs" or "src/tx/mod.rs"
[INFO] [stdout]   = note: if there is a `mod tx` elsewhere in the crate already, import it with `use crate::...` instead
[INFO] [stdout] 
[INFO] [stdout] 
[INFO] [stdout] error[E0433]: cannot find module or crate `solana_sdk` in this scope
[INFO] [stdout]  --> src/wallet.rs:3:5
[INFO] [stdout]   |
[INFO] [stdout] 3 | use solana_sdk::signer::keypair::Keypair;
[INFO] [stdout]   |     ^^^^^^^^^^ use of unresolved module or unlinked crate `solana_sdk`
[INFO] [stdout]   |
[INFO] [stdout]   = help: if you wanted to use a crate named `solana_sdk`, use `cargo add solana_sdk` to add it to your `Cargo.toml`
[INFO] [stdout] 
[INFO] [stdout] 
[INFO] [stdout] error[E0433]: cannot find module or crate `solana_sdk` in this scope
[INFO] [stdout]  --> src/wallet.rs:4:5
[INFO] [stdout]   |
[INFO] [stdout] 4 | use solana_sdk::pubkey::Pubkey;
[INFO] [stdout]   |     ^^^^^^^^^^ use of unresolved module or unlinked crate `solana_sdk`
[INFO] [stdout]   |
[INFO] [stdout]   = help: if you wanted to use a crate named `solana_sdk`, use `cargo add solana_sdk` to add it to your `Cargo.toml`
[INFO] [stdout] 
[INFO] [stdout] 
[INFO] [stdout] error[E0433]: cannot find module or crate `solana_client` in this scope
[INFO] [stdout]  --> src/rpc.rs:2:5
[INFO] [stdout]   |
[INFO] [stdout] 2 | use solana_client::rpc_client::RpcClient;
[INFO] [stdout]   |     ^^^^^^^^^^^^^ use of unresolved module or unlinked crate `solana_client`
[INFO] [stdout]   |
[INFO] [stdout]   = help: if you wanted to use a crate named `solana_client`, use `cargo add solana_client` to add it to your `Cargo.toml`
[INFO] [stdout] 
[INFO] [stdout] 
[INFO] [stdout] error[E0433]: cannot find module or crate `solana_sdk` in this scope
[INFO] [stdout]  --> src/rpc.rs:3:5
[INFO] [stdout]   |
[INFO] [stdout] 3 | use solana_sdk::pubkey::Pubkey;
[INFO] [stdout]   |     ^^^^^^^^^^ use of unresolved module or unlinked crate `solana_sdk`
[INFO] [stdout]   |
[INFO] [stdout]   = help: if you wanted to use a crate named `solana_sdk`, use `cargo add solana_sdk` to add it to your `Cargo.toml`
[INFO] [stdout] 
[INFO] [stdout] 
[INFO] [stdout] error[E0433]: cannot find module or crate `solana_sdk` in this scope
[INFO] [stdout]  --> src/wallet.rs:3:5
[INFO] [stdout]   |
[INFO] [stdout] 3 | use solana_sdk::signer::keypair::Keypair;
[INFO] [stdout]   |     ^^^^^^^^^^ use of unresolved module or unlinked crate `solana_sdk`
[INFO] [stdout]   |
[INFO] [stdout]   = help: if you wanted to use a crate named `solana_sdk`, use `cargo add solana_sdk` to add it to your `Cargo.toml`
[INFO] [stdout] 
[INFO] [stdout] 
[INFO] [stdout] error[E0433]: cannot find module or crate `solana_sdk` in this scope
[INFO] [stdout]  --> src/wallet.rs:4:5
[INFO] [stdout]   |
[INFO] [stdout] 4 | use solana_sdk::pubkey::Pubkey;
[INFO] [stdout]   |     ^^^^^^^^^^ use of unresolved module or unlinked crate `solana_sdk`
[INFO] [stdout]   |
[INFO] [stdout]   = help: if you wanted to use a crate named `solana_sdk`, use `cargo add solana_sdk` to add it to your `Cargo.toml`
[INFO] [stdout] 
[INFO] [stdout] 
[INFO] [stdout] error[E0433]: cannot find module or crate `solana_client` in this scope
[INFO] [stdout]  --> src/rpc.rs:2:5
[INFO] [stdout]   |
[INFO] [stdout] 2 | use solana_client::rpc_client::RpcClient;
[INFO] [stdout]   |     ^^^^^^^^^^^^^ use of unresolved module or unlinked crate `solana_client`
[INFO] [stdout]   |
[INFO] [stdout]   = help: if you wanted to use a crate named `solana_client`, use `cargo add solana_client` to add it to your `Cargo.toml`
[INFO] [stdout] 
[INFO] [stdout] 
[INFO] [stdout] error[E0433]: cannot find module or crate `solana_sdk` in this scope
[INFO] [stdout]  --> src/rpc.rs:3:5
[INFO] [stdout]   |
[INFO] [stdout] 3 | use solana_sdk::pubkey::Pubkey;
[INFO] [stdout]   |     ^^^^^^^^^^ use of unresolved module or unlinked crate `solana_sdk`
[INFO] [stdout]   |
[INFO] [stdout]   = help: if you wanted to use a crate named `solana_sdk`, use `cargo add solana_sdk` to add it to your `Cargo.toml`
[INFO] [stdout] 
[INFO] [stdout] 
[INFO] [stdout] error[E0433]: cannot find module or crate `solana_sdk` in this scope
[INFO] [stdout]    --> src/rpc.rs:117:25
[INFO] [stdout]     |
[INFO] [stdout] 117 |         let signature = solana_sdk::signature::Signature::from_str(signature_str)
[INFO] [stdout]     |                         ^^^^^^^^^^ use of unresolved module or unlinked crate `solana_sdk`
[INFO] [stdout]     |
[INFO] [stdout]     = help: if you wanted to use a crate named `solana_sdk`, use `cargo add solana_sdk` to add it to your `Cargo.toml`
[INFO] [stdout] 
[INFO] [stdout] 
[INFO] [stdout] error[E0433]: cannot find type `Wallet` in this scope
[INFO] [stdout]    --> src/main.rs:111:22
[INFO] [stdout]     |
[INFO] [stdout] 111 |     let mut wallet = Wallet::new();
[INFO] [stdout]     |                      ^^^^^^ use of undeclared type `Wallet`
[INFO] [stdout]     |
[INFO] [stdout] help: consider importing this struct
[INFO] [stdout]     |
[INFO] [stdout]   7 + use crate::wallet::Wallet;
[INFO] [stdout]     |
[INFO] [stdout] 
[INFO] [stdout] 
[INFO] [stdout] error[E0433]: cannot find module or crate `solana_sdk` in this scope
[INFO] [stdout]    --> src/rpc.rs:117:25
[INFO] [stdout]     |
[INFO] [stdout] 117 |         let signature = solana_sdk::signature::Signature::from_str(signature_str)
[INFO] [stdout]     |                         ^^^^^^^^^^ use of unresolved module or unlinked crate `solana_sdk`
[INFO] [stdout]     |
[INFO] [stdout]     = help: if you wanted to use a crate named `solana_sdk`, use `cargo add solana_sdk` to add it to your `Cargo.toml`
[INFO] [stdout] 
[INFO] [stdout] 
[INFO] [stdout] error[E0433]: cannot find type `Wallet` in this scope
[INFO] [stdout]    --> src/main.rs:129:18
[INFO] [stdout]     |
[INFO] [stdout] 129 |     let wallet = Wallet::load_default()?;
[INFO] [stdout]     |                  ^^^^^^ use of undeclared type `Wallet`
[INFO] [stdout]     |
[INFO] [stdout] help: consider importing this struct
[INFO] [stdout]     |
[INFO] [stdout]   7 + use crate::wallet::Wallet;
[INFO] [stdout]     |
[INFO] [stdout] 
[INFO] [stdout] 
[INFO] [stdout] error[E0433]: cannot find type `Wallet` in this scope
[INFO] [stdout]    --> src/main.rs:160:22
[INFO] [stdout]     |
[INFO] [stdout] 160 |         let wallet = Wallet::load_default()?;
[INFO] [stdout]     |                      ^^^^^^ use of undeclared type `Wallet`
[INFO] [stdout]     |
[INFO] [stdout] help: consider importing this struct
[INFO] [stdout]     |
[INFO] [stdout]   7 + use crate::wallet::Wallet;
[INFO] [stdout]     |
[INFO] [stdout] 
[INFO] [stdout] 
[INFO] [stdout] error[E0433]: cannot find type `Wallet` in this scope
[INFO] [stdout]    --> src/main.rs:252:22
[INFO] [stdout]     |
[INFO] [stdout] 252 |         let wallet = Wallet::load_default()?;
[INFO] [stdout]     |                      ^^^^^^ use of undeclared type `Wallet`
[INFO] [stdout]     |
[INFO] [stdout] help: consider importing this struct
[INFO] [stdout]     |
[INFO] [stdout]   7 + use crate::wallet::Wallet;
[INFO] [stdout]     |
[INFO] [stdout] 
[INFO] [stdout] 
[INFO] [stdout] warning: unused import: `Path`
[INFO] [stdout]  --> src/config.rs:3:17
[INFO] [stdout]   |
[INFO] [stdout] 3 | use std::path::{Path,PathBuf};
[INFO] [stdout]   |                 ^^^^
[INFO] [stdout]   |
[INFO] [stdout]   = note: `#[warn(unused_imports)]` (part of `#[warn(unused)]`) on by default
[INFO] [stdout] 
[INFO] [stdout] 
[INFO] [stdout] warning: unused import: `std::str::FromStr`
[INFO] [stdout]  --> src/rpc.rs:4:5
[INFO] [stdout]   |
[INFO] [stdout] 4 | use std::str::FromStr;
[INFO] [stdout]   |     ^^^^^^^^^^^^^^^^^
[INFO] [stdout] 
[INFO] [stdout] 
[INFO] [stdout] error[E0433]: cannot find type `Wallet` in this scope
[INFO] [stdout]    --> src/main.rs:111:22
[INFO] [stdout]     |
[INFO] [stdout] 111 |     let mut wallet = Wallet::new();
[INFO] [stdout]     |                      ^^^^^^ use of undeclared type `Wallet`
[INFO] [stdout]     |
[INFO] [stdout] help: consider importing this struct
[INFO] [stdout]     |
[INFO] [stdout]   7 + use crate::wallet::Wallet;
[INFO] [stdout]     |
[INFO] [stdout] 
[INFO] [stdout] 
[INFO] [stdout] error[E0433]: cannot find type `Wallet` in this scope
[INFO] [stdout]    --> src/main.rs:129:18
[INFO] [stdout]     |
[INFO] [stdout] 129 |     let wallet = Wallet::load_default()?;
[INFO] [stdout]     |                  ^^^^^^ use of undeclared type `Wallet`
[INFO] [stdout]     |
[INFO] [stdout] help: consider importing this struct
[INFO] [stdout]     |
[INFO] [stdout]   7 + use crate::wallet::Wallet;
[INFO] [stdout]     |
[INFO] [stdout] 
[INFO] [stdout] 
[INFO] [stdout] error[E0433]: cannot find type `Wallet` in this scope
[INFO] [stdout]    --> src/main.rs:160:22
[INFO] [stdout]     |
[INFO] [stdout] 160 |         let wallet = Wallet::load_default()?;
[INFO] [stdout]     |                      ^^^^^^ use of undeclared type `Wallet`
[INFO] [stdout]     |
[INFO] [stdout] help: consider importing this struct
[INFO] [stdout]     |
[INFO] [stdout]   7 + use crate::wallet::Wallet;
[INFO] [stdout]     |
[INFO] [stdout] 
[INFO] [stdout] 
[INFO] [stdout] error[E0433]: cannot find type `Wallet` in this scope
[INFO] [stdout]    --> src/main.rs:252:22
[INFO] [stdout]     |
[INFO] [stdout] 252 |         let wallet = Wallet::load_default()?;
[INFO] [stdout]     |                      ^^^^^^ use of undeclared type `Wallet`
[INFO] [stdout]     |
[INFO] [stdout] help: consider importing this struct
[INFO] [stdout]     |
[INFO] [stdout]   7 + use crate::wallet::Wallet;
[INFO] [stdout]     |
[INFO] [stdout] 
[INFO] [stdout] 
[INFO] [stdout] warning: unused import: `Path`
[INFO] [stdout]  --> src/config.rs:3:17
[INFO] [stdout]   |
[INFO] [stdout] 3 | use std::path::{Path,PathBuf};
[INFO] [stdout]   |                 ^^^^
[INFO] [stdout]   |
[INFO] [stdout]   = note: `#[warn(unused_imports)]` (part of `#[warn(unused)]`) on by default
[INFO] [stdout] 
[INFO] [stdout] 
[INFO] [stdout] warning: unused import: `std::str::FromStr`
[INFO] [stdout]  --> src/rpc.rs:4:5
[INFO] [stdout]   |
[INFO] [stdout] 4 | use std::str::FromStr;
[INFO] [stdout]   |     ^^^^^^^^^^^^^^^^^
[INFO] [stdout] 
[INFO] [stdout] 
[INFO] [stdout] Some errors have detailed explanations: E0433, E0583.
[INFO] [stdout] 
[INFO] [stdout] For more information about an error, try `rustc --explain E0433`.
[INFO] [stdout] 
[INFO] [stderr] error: could not compile `solana-wallet-cli` (bin "solana-wallet-cli" test) due to 10 previous errors; 2 warnings emitted
[INFO] [stderr] warning: build failed, waiting for other jobs to finish...
[INFO] [stdout] Some errors have detailed explanations: E0433, E0583.
[INFO] [stdout] 
[INFO] [stdout] For more information about an error, try `rustc --explain E0433`.
[INFO] [stdout] 
[INFO] [stderr] error: could not compile `solana-wallet-cli` (bin "solana-wallet-cli") due to 10 previous errors; 2 warnings emitted
[INFO] [stderr] warning: unused dependency `sha2`
[INFO] [stderr]  --> Cargo.toml:4:1
[INFO] [stderr]   |
[INFO] [stderr] 4 | sha2 = "0.10"
[INFO] [stderr]   | ^^^^^^^^^^^^^
[INFO] [stderr]   |
[INFO] [stderr]   = note: `cargo::unused_dependencies` is set to `warn` by default
[INFO] [stderr] help: consider removing the dependency on `sha2`
[INFO] [stderr] warning: `solana-wallet-cli` (manifest) generated 1 warning
[INFO] running `Command { std: "docker" "inspect" "7139226697d13fbfeba1d7721a75ff9d1813d19cd7d49dd612239f0c27d9f6c1", kill_on_drop: false }`
[INFO] running `Command { std: "docker" "rm" "-f" "7139226697d13fbfeba1d7721a75ff9d1813d19cd7d49dd612239f0c27d9f6c1", kill_on_drop: false }`
[INFO] [stdout] 7139226697d13fbfeba1d7721a75ff9d1813d19cd7d49dd612239f0c27d9f6c1
