[INFO] cloning repository https://github.com/Praspoud/packet
[INFO] running `Command { std: "git" "-c" "credential.helper=" "-c" "credential.helper=/workspace/cargo-home/bin/git-credential-null" "clone" "--bare" "https://github.com/Praspoud/packet" "/workspace/cache/git-repos/https%3A%2F%2Fgithub.com%2FPraspoud%2Fpacket", kill_on_drop: false }`
[INFO] [stderr] Cloning into bare repository '/workspace/cache/git-repos/https%3A%2F%2Fgithub.com%2FPraspoud%2Fpacket'...
[INFO] running `Command { std: "git" "rev-parse" "HEAD", kill_on_drop: false }`
[INFO] [stdout] ef69b95c6298e79cb2d1a554c38cde191d28edb3
[INFO] checking Praspoud/packet against 3154cc1a3e6424e44f438a95007d043ed5ceaaf6+rustflags=-Znext-solver=coherence for pr-133502-30
[INFO] running `Command { std: "git" "clone" "/workspace/cache/git-repos/https%3A%2F%2Fgithub.com%2FPraspoud%2Fpacket" "/workspace/builds/worker-4-tc1/source", kill_on_drop: false }`
[INFO] [stderr] Cloning into '/workspace/builds/worker-4-tc1/source'...
[INFO] [stderr] done.
[INFO] started tweaking git repo https://github.com/Praspoud/packet
[INFO] finished tweaking git repo https://github.com/Praspoud/packet
[INFO] tweaked toml for git repo https://github.com/Praspoud/packet written to /workspace/builds/worker-4-tc1/source/Cargo.toml
[INFO] validating manifest of git repo https://github.com/Praspoud/packet on toolchain 3154cc1a3e6424e44f438a95007d043ed5ceaaf6
[INFO] running `Command { std: CARGO_HOME="/workspace/cargo-home" RUSTUP_HOME="/workspace/rustup-home" "/workspace/cargo-home/bin/cargo" "+3154cc1a3e6424e44f438a95007d043ed5ceaaf6" "metadata" "--manifest-path" "Cargo.toml" "--no-deps", kill_on_drop: false }`
[INFO] crate git repo https://github.com/Praspoud/packet already has a lockfile, it will not be regenerated
[INFO] running `Command { std: CARGO_HOME="/workspace/cargo-home" RUSTUP_HOME="/workspace/rustup-home" "/workspace/cargo-home/bin/cargo" "+3154cc1a3e6424e44f438a95007d043ed5ceaaf6" "fetch" "--manifest-path" "Cargo.toml", kill_on_drop: false }`
[INFO] [stderr]  Downloading crates ...
[INFO] [stderr]   Downloaded etherparse v0.21.0
[INFO] running `Command { std: "docker" "create" "-v" "/var/lib/crater-agent-workspace/builds/worker-4-tc1/source:/opt/rustwide/workdir:ro,Z" "-v" "/var/lib/crater-agent-workspace/builds/worker-4-tc1/target:/opt/rustwide/target:rw,Z" "-v" "/var/lib/crater-agent-workspace/cargo-home:/opt/rustwide/cargo-home:ro,Z" "-v" "/var/lib/crater-agent-workspace/rustup-home:/opt/rustwide/rustup-home:ro,Z" "-m" "1610612736" "--network" "none" "ghcr.io/rust-lang/crates-build-env/linux@sha256:77db811e55d90add9212f6832c23229e3de5f1c1f9905e8cb07319ea15df73ac" "sleep" "infinity", kill_on_drop: false }`
[INFO] [stdout] ea0a122e49eb4910fcfb24d5cfa48e4f37ad027626a844d12b4e4cd77942035c
[INFO] running `Command { std: "docker" "start" "ea0a122e49eb4910fcfb24d5cfa48e4f37ad027626a844d12b4e4cd77942035c", kill_on_drop: false }`
[INFO] running `Command { std: "docker" "inspect" "ea0a122e49eb4910fcfb24d5cfa48e4f37ad027626a844d12b4e4cd77942035c", kill_on_drop: false }`
[INFO] running `Command { std: "docker" "exec" "-e" "SOURCE_DIR=/opt/rustwide/workdir" "-e" "CARGO_HOME=/opt/rustwide/cargo-home" "-e" "RUSTUP_HOME=/opt/rustwide/rustup-home" "-e" "CARGO_TARGET_DIR=/opt/rustwide/target" "-w" "/opt/rustwide/workdir" "--user" "0:0" "ea0a122e49eb4910fcfb24d5cfa48e4f37ad027626a844d12b4e4cd77942035c" "/opt/rustwide/cargo-home/bin/cargo" "+3154cc1a3e6424e44f438a95007d043ed5ceaaf6" "metadata" "--no-deps" "--format-version=1", kill_on_drop: false }`
[INFO] running `Command { std: "docker" "inspect" "ea0a122e49eb4910fcfb24d5cfa48e4f37ad027626a844d12b4e4cd77942035c", kill_on_drop: false }`
[INFO] running `Command { std: "docker" "exec" "-e" "SOURCE_DIR=/opt/rustwide/workdir" "-e" "CARGO_HOME=/opt/rustwide/cargo-home" "-e" "RUSTUP_HOME=/opt/rustwide/rustup-home" "-e" "CARGO_TARGET_DIR=/opt/rustwide/target" "-e" "CARGO_INCREMENTAL=0" "-e" "RUST_BACKTRACE=full" "-e" "RUSTFLAGS=--cap-lints=forbid -Znext-solver=coherence" "-e" "RUSTDOCFLAGS=--cap-lints=forbid" "-w" "/opt/rustwide/workdir" "--user" "0:0" "ea0a122e49eb4910fcfb24d5cfa48e4f37ad027626a844d12b4e4cd77942035c" "/opt/rustwide/cargo-home/bin/cargo" "+3154cc1a3e6424e44f438a95007d043ed5ceaaf6" "check" "--frozen" "--all" "--all-targets" "--message-format=json", kill_on_drop: false }`
[INFO] [stderr]    Compiling serde_core v1.0.229
[INFO] [stderr]     Checking no-std-net v0.6.0
[INFO] [stderr]    Compiling serde v1.0.229
[INFO] [stderr]    Compiling aho-corasick v1.1.4
[INFO] [stderr]    Compiling thiserror v2.0.19
[INFO] [stderr]    Compiling syn v2.0.119
[INFO] [stderr]     Checking pnet_sys v0.35.0
[INFO] [stderr]    Compiling syn v3.0.3
[INFO] [stderr]     Checking pnet_base v0.35.0
[INFO] [stderr]     Checking bitflags v2.13.1
[INFO] [stderr]     Checking pnet_macros_support v0.35.0
[INFO] [stderr]    Compiling pnet v0.35.0
[INFO] [stderr]     Checking kqueue-sys v1.1.2
[INFO] [stderr]     Checking errno v0.2.8
[INFO] [stderr]     Checking etherparse v0.21.0
[INFO] [stdout] error[E0425]: cannot find type `EventFilter` in this scope
[INFO] [stdout]   --> /opt/rustwide/cargo-home/registry/src/index.crates.io-1949cf8c6b5b557f/kqueue-sys-1.1.2/src/lib.rs:23:17
[INFO] [stdout]    |
[INFO] [stdout] 23 |     pub filter: EventFilter,
[INFO] [stdout]    |                 ^^^^^^^^^^^ not found in this scope
[INFO] [stdout] 
[INFO] [stdout] 
[INFO] [stdout] error[E0425]: cannot find type `EventFlag` in this scope
[INFO] [stdout]   --> /opt/rustwide/cargo-home/registry/src/index.crates.io-1949cf8c6b5b557f/kqueue-sys-1.1.2/src/lib.rs:24:16
[INFO] [stdout]    |
[INFO] [stdout] 24 |     pub flags: EventFlag,
[INFO] [stdout]    |                ^^^^^^^^^ not found in this scope
[INFO] [stdout] 
[INFO] [stdout] 
[INFO] [stdout] error[E0425]: cannot find type `FilterFlag` in this scope
[INFO] [stdout]   --> /opt/rustwide/cargo-home/registry/src/index.crates.io-1949cf8c6b5b557f/kqueue-sys-1.1.2/src/lib.rs:25:17
[INFO] [stdout]    |
[INFO] [stdout] 25 |     pub fflags: FilterFlag,
[INFO] [stdout]    |                 ^^^^^^^^^^ not found in this scope
[INFO] [stdout] 
[INFO] [stdout] 
[INFO] [stdout] error[E0425]: cannot find type `EventFilter` in this scope
[INFO] [stdout]   --> /opt/rustwide/cargo-home/registry/src/index.crates.io-1949cf8c6b5b557f/kqueue-sys-1.1.2/src/lib.rs:23:17
[INFO] [stdout]    |
[INFO] [stdout] 19 | #[derive(Clone, Copy, Debug)]
[INFO] [stdout]    |          ----- in this derive macro
[INFO] [stdout] ...
[INFO] [stdout] 23 |     pub filter: EventFilter,
[INFO] [stdout]    |                 ^^^^^^^^^^^ not found in this scope
[INFO] [stdout] 
[INFO] [stdout] 
[INFO] [stdout] error[E0425]: cannot find type `EventFlag` in this scope
[INFO] [stdout]   --> /opt/rustwide/cargo-home/registry/src/index.crates.io-1949cf8c6b5b557f/kqueue-sys-1.1.2/src/lib.rs:24:16
[INFO] [stdout]    |
[INFO] [stdout] 19 | #[derive(Clone, Copy, Debug)]
[INFO] [stdout]    |          ----- in this derive macro
[INFO] [stdout] ...
[INFO] [stdout] 24 |     pub flags: EventFlag,
[INFO] [stdout]    |                ^^^^^^^^^ not found in this scope
[INFO] [stdout] 
[INFO] [stdout] 
[INFO] [stdout] error[E0425]: cannot find type `FilterFlag` in this scope
[INFO] [stdout]   --> /opt/rustwide/cargo-home/registry/src/index.crates.io-1949cf8c6b5b557f/kqueue-sys-1.1.2/src/lib.rs:25:17
[INFO] [stdout]    |
[INFO] [stdout] 19 | #[derive(Clone, Copy, Debug)]
[INFO] [stdout]    |          ----- in this derive macro
[INFO] [stdout] ...
[INFO] [stdout] 25 |     pub fflags: FilterFlag,
[INFO] [stdout]    |                 ^^^^^^^^^^ not found in this scope
[INFO] [stdout] 
[INFO] [stdout] 
[INFO] [stdout] error[E0425]: cannot find type `EventFilter` in this scope
[INFO] [stdout]   --> /opt/rustwide/cargo-home/registry/src/index.crates.io-1949cf8c6b5b557f/kqueue-sys-1.1.2/src/lib.rs:59:17
[INFO] [stdout]    |
[INFO] [stdout] 59 |         filter: EventFilter,
[INFO] [stdout]    |                 ^^^^^^^^^^^ not found in this scope
[INFO] [stdout] 
[INFO] [stdout] 
[INFO] [stdout] error[E0425]: cannot find type `EventFlag` in this scope
[INFO] [stdout]   --> /opt/rustwide/cargo-home/registry/src/index.crates.io-1949cf8c6b5b557f/kqueue-sys-1.1.2/src/lib.rs:60:16
[INFO] [stdout]    |
[INFO] [stdout] 60 |         flags: EventFlag,
[INFO] [stdout]    |                ^^^^^^^^^ not found in this scope
[INFO] [stdout] 
[INFO] [stdout] 
[INFO] [stdout] error[E0425]: cannot find type `FilterFlag` in this scope
[INFO] [stdout]   --> /opt/rustwide/cargo-home/registry/src/index.crates.io-1949cf8c6b5b557f/kqueue-sys-1.1.2/src/lib.rs:61:17
[INFO] [stdout]    |
[INFO] [stdout] 61 |         fflags: FilterFlag,
[INFO] [stdout]    |                 ^^^^^^^^^^ not found in this scope
[INFO] [stdout] 
[INFO] [stdout] 
[INFO] [stdout] For more information about this error, try `rustc --explain E0425`.
[INFO] [stdout] 
[INFO] [stderr] error: could not compile `kqueue-sys` (lib) due to 9 previous errors
[INFO] [stderr] warning: build failed, waiting for other jobs to finish...
[INFO] running `Command { std: "docker" "inspect" "ea0a122e49eb4910fcfb24d5cfa48e4f37ad027626a844d12b4e4cd77942035c", kill_on_drop: false }`
[INFO] running `Command { std: "docker" "rm" "-f" "ea0a122e49eb4910fcfb24d5cfa48e4f37ad027626a844d12b4e4cd77942035c", kill_on_drop: false }`
[INFO] [stdout] ea0a122e49eb4910fcfb24d5cfa48e4f37ad027626a844d12b4e4cd77942035c
