[INFO] cloning repository https://github.com/Portfoligno/memcordon
[INFO] running `Command { std: "git" "-c" "credential.helper=" "-c" "credential.helper=/workspace/cargo-home/bin/git-credential-null" "clone" "--bare" "https://github.com/Portfoligno/memcordon" "/workspace/cache/git-repos/https%3A%2F%2Fgithub.com%2FPortfoligno%2Fmemcordon", kill_on_drop: false }`
[INFO] [stderr] Cloning into bare repository '/workspace/cache/git-repos/https%3A%2F%2Fgithub.com%2FPortfoligno%2Fmemcordon'...
[INFO] running `Command { std: "git" "rev-parse" "HEAD", kill_on_drop: false }`
[INFO] [stdout] ebf359e7aff9e82b3431557dda0bcc70b0bc2e37
[INFO] checking Portfoligno/memcordon against 3154cc1a3e6424e44f438a95007d043ed5ceaaf6+rustflags=-Znext-solver=coherence for pr-133502-30
[INFO] running `Command { std: "git" "clone" "/workspace/cache/git-repos/https%3A%2F%2Fgithub.com%2FPortfoligno%2Fmemcordon" "/workspace/builds/worker-2-tc1/source", kill_on_drop: false }`
[INFO] [stderr] Cloning into '/workspace/builds/worker-2-tc1/source'...
[INFO] [stderr] done.
[INFO] removed /workspace/builds/worker-2-tc1/source/rust-toolchain.toml
[INFO] started tweaking git repo https://github.com/Portfoligno/memcordon
[INFO] finished tweaking git repo https://github.com/Portfoligno/memcordon
[INFO] tweaked toml for git repo https://github.com/Portfoligno/memcordon written to /workspace/builds/worker-2-tc1/source/Cargo.toml
[INFO] validating manifest of git repo https://github.com/Portfoligno/memcordon on toolchain 3154cc1a3e6424e44f438a95007d043ed5ceaaf6
[INFO] running `Command { std: CARGO_HOME="/workspace/cargo-home" RUSTUP_HOME="/workspace/rustup-home" "/workspace/cargo-home/bin/cargo" "+3154cc1a3e6424e44f438a95007d043ed5ceaaf6" "metadata" "--manifest-path" "Cargo.toml" "--no-deps", kill_on_drop: false }`
[INFO] crate git repo https://github.com/Portfoligno/memcordon already has a lockfile, it will not be regenerated
[INFO] running `Command { std: CARGO_HOME="/workspace/cargo-home" RUSTUP_HOME="/workspace/rustup-home" "/workspace/cargo-home/bin/cargo" "+3154cc1a3e6424e44f438a95007d043ed5ceaaf6" "fetch" "--manifest-path" "Cargo.toml", kill_on_drop: false }`
[INFO] [stderr] warning: unused workspace dependency `url`
[INFO] [stderr]   --> Cargo.toml:30:1
[INFO] [stderr]    |
[INFO] [stderr] 30 | url = "2.5.8"
[INFO] [stderr]    | ^^^
[INFO] [stderr]    |
[INFO] [stderr]    = note: `cargo::unused_workspace_dependencies` is set to `warn` by default
[INFO] [stderr] help: consider removing the workspace dependency `url`
[INFO] [stderr] warning: unused workspace dependency `zeroize`
[INFO] [stderr]   --> Cargo.toml:33:1
[INFO] [stderr]    |
[INFO] [stderr] 33 | zeroize = "1.9.0"
[INFO] [stderr]    | ^^^^^^^
[INFO] [stderr]    |
[INFO] [stderr] help: consider removing the workspace dependency `zeroize`
[INFO] [stderr] warning: unused field `readme` in `workspace.package`
[INFO] [stderr]   --> Cargo.toml:78:1
[INFO] [stderr]    |
[INFO] [stderr] 78 | readme = "README.md"
[INFO] [stderr]    | ^^^^^^
[INFO] [stderr]    |
[INFO] [stderr]    = note: `cargo::unused_workspace_package_fields` is set to `warn` by default
[INFO] [stderr] help: consider removing the field `workspace.package.readme`
[INFO] [stderr] warning: workspace (manifest) generated 3 warnings
[INFO] [stderr]     Updating crates.io index
[INFO] [stderr]  Downloading crates ...
[INFO] [stderr]   Downloaded static_vcruntime v3.0.0
[INFO] [stderr]   Downloaded yaml_serde v0.10.7
[INFO] [stderr]   Downloaded libyaml-rs v0.3.0
[INFO] [stderr]   Downloaded ureq-proto v0.6.4
[INFO] running `Command { std: "docker" "create" "-v" "/var/lib/crater-agent-workspace/builds/worker-2-tc1/source:/opt/rustwide/workdir:ro,Z" "-v" "/var/lib/crater-agent-workspace/builds/worker-2-tc1/target:/opt/rustwide/target:rw,Z" "-v" "/var/lib/crater-agent-workspace/cargo-home:/opt/rustwide/cargo-home:ro,Z" "-v" "/var/lib/crater-agent-workspace/rustup-home:/opt/rustwide/rustup-home:ro,Z" "-m" "1610612736" "--network" "none" "ghcr.io/rust-lang/crates-build-env/linux@sha256:77db811e55d90add9212f6832c23229e3de5f1c1f9905e8cb07319ea15df73ac" "sleep" "infinity", kill_on_drop: false }`
[INFO] [stdout] b860744ee12abedf8a92de3c5310c8e2cd4c32ad94a42c36925b94bada8dabcf
[INFO] running `Command { std: "docker" "start" "b860744ee12abedf8a92de3c5310c8e2cd4c32ad94a42c36925b94bada8dabcf", kill_on_drop: false }`
[INFO] running `Command { std: "docker" "inspect" "b860744ee12abedf8a92de3c5310c8e2cd4c32ad94a42c36925b94bada8dabcf", kill_on_drop: false }`
[INFO] running `Command { std: "docker" "exec" "-e" "SOURCE_DIR=/opt/rustwide/workdir" "-e" "CARGO_HOME=/opt/rustwide/cargo-home" "-e" "RUSTUP_HOME=/opt/rustwide/rustup-home" "-e" "CARGO_TARGET_DIR=/opt/rustwide/target" "-w" "/opt/rustwide/workdir" "--user" "0:0" "b860744ee12abedf8a92de3c5310c8e2cd4c32ad94a42c36925b94bada8dabcf" "/opt/rustwide/cargo-home/bin/cargo" "+3154cc1a3e6424e44f438a95007d043ed5ceaaf6" "metadata" "--no-deps" "--format-version=1", kill_on_drop: false }`
[INFO] running `Command { std: "docker" "inspect" "b860744ee12abedf8a92de3c5310c8e2cd4c32ad94a42c36925b94bada8dabcf", kill_on_drop: false }`
[INFO] running `Command { std: "docker" "exec" "-e" "SOURCE_DIR=/opt/rustwide/workdir" "-e" "CARGO_HOME=/opt/rustwide/cargo-home" "-e" "RUSTUP_HOME=/opt/rustwide/rustup-home" "-e" "CARGO_TARGET_DIR=/opt/rustwide/target" "-e" "CARGO_INCREMENTAL=0" "-e" "RUST_BACKTRACE=full" "-e" "RUSTFLAGS=--cap-lints=forbid -Znext-solver=coherence" "-e" "RUSTDOCFLAGS=--cap-lints=forbid" "-w" "/opt/rustwide/workdir" "--user" "0:0" "b860744ee12abedf8a92de3c5310c8e2cd4c32ad94a42c36925b94bada8dabcf" "/opt/rustwide/cargo-home/bin/cargo" "+3154cc1a3e6424e44f438a95007d043ed5ceaaf6" "check" "--frozen" "--all" "--all-targets" "--message-format=json", kill_on_drop: false }`
[INFO] [stderr] warning: unused workspace dependency `url`
[INFO] [stderr]   --> Cargo.toml:30:1
[INFO] [stderr]    |
[INFO] [stderr] 30 | url = "2.5.8"
[INFO] [stderr]    | ^^^
[INFO] [stderr]    |
[INFO] [stderr]    = note: `cargo::unused_workspace_dependencies` is set to `warn` by default
[INFO] [stderr] help: consider removing the workspace dependency `url`
[INFO] [stderr] warning: unused workspace dependency `zeroize`
[INFO] [stderr]   --> Cargo.toml:33:1
[INFO] [stderr]    |
[INFO] [stderr] 33 | zeroize = "1.9.0"
[INFO] [stderr]    | ^^^^^^^
[INFO] [stderr]    |
[INFO] [stderr] help: consider removing the workspace dependency `zeroize`
[INFO] [stderr] warning: unused field `readme` in `workspace.package`
[INFO] [stderr]   --> Cargo.toml:78:1
[INFO] [stderr]    |
[INFO] [stderr] 78 | readme = "README.md"
[INFO] [stderr]    | ^^^^^^
[INFO] [stderr]    |
[INFO] [stderr]    = note: `cargo::unused_workspace_package_fields` is set to `warn` by default
[INFO] [stderr] help: consider removing the field `workspace.package.readme`
[INFO] [stderr] warning: workspace (manifest) generated 3 warnings
[INFO] [stderr]    Compiling serde v1.0.229
[INFO] [stderr]    Compiling serde_json v1.0.151
[INFO] [stderr]    Compiling rustix v1.1.4
[INFO] [stderr]    Compiling syn v3.0.5
[INFO] [stderr]     Checking hybrid-array v0.4.15
[INFO] [stderr]     Checking bitflags v2.13.2
[INFO] [stderr]     Checking linux-raw-sys v0.12.1
[INFO] [stderr]     Checking getrandom v0.4.3
[INFO] [stderr]     Checking semver v1.0.28
[INFO] [stderr]     Checking clap_builder v4.6.7
[INFO] [stderr]    Compiling crc32fast v1.5.1
[INFO] [stderr]     Checking simd-adler32 v0.3.10
[INFO] [stderr]     Checking zlib-rs v0.6.7
[INFO] [stderr]     Checking filetime v0.2.29
[INFO] [stderr]     Checking miniz_oxide v0.9.1
[INFO] [stderr]     Checking serde_spanned v1.1.1
[INFO] [stderr]     Checking toml_datetime v1.1.1+spec-1.1.0
[INFO] [stderr]     Checking crypto-common v0.2.2
[INFO] [stderr]     Checking block-buffer v0.12.1
[INFO] [stderr]     Checking toml v1.1.6+spec-1.1.0
[INFO] [stderr]    Compiling syn v2.0.119
[INFO] [stderr]    Compiling cc v1.4.4
[INFO] [stderr]     Checking flate2 v1.1.10
[INFO] [stderr]     Checking digest v0.11.3
[INFO] [stderr]     Checking log v0.4.34
[INFO] [stderr]     Checking sha2 v0.11.0
[INFO] [stderr]     Checking errno v0.3.14
[INFO] [stderr]     Checking getrandom v0.2.17
[INFO] [stderr]    Compiling proc-macro2 v1.0.107
[INFO] [stderr]     Checking signal-hook-registry v1.4.8
[INFO] [stderr]     Checking mio v1.2.4
[INFO] [stderr]     Checking socket2 v0.6.5
[INFO] [stderr]    Compiling camino v1.2.5
[INFO] [stderr]    Compiling rustls v0.23.45
[INFO] [stderr]    Compiling quote v1.0.47
[INFO] [stderr]     Checking futures-channel v0.3.34
[INFO] [stderr]    Compiling getrandom v0.3.4
[INFO] [stderr]     Checking bumpalo v3.20.3
[INFO] [stderr]     Checking ureq-proto v0.6.4
[INFO] [stderr]     Checking zopfli v0.8.3
[INFO] [stderr]    Compiling ring v0.17.14
[INFO] [stderr]     Checking webpki-roots v1.0.9
[INFO] [stderr]     Checking cargo-platform v0.3.3
[INFO] [stderr]     Checking libyaml-rs v0.3.0
[INFO] [stderr]     Checking utf8-zero v0.8.1
[INFO] [stderr]     Checking typed-path v0.12.3
[INFO] [stderr]     Checking time v0.3.55
[INFO] [stderr]    Compiling synstructure v0.13.2
[INFO] [stderr]     Checking zip v8.6.0
[INFO] [stderr]    Compiling serde_core v1.0.229
[INFO] [stderr]    Compiling zerofrom-derive v0.1.7
[INFO] [stderr]    Compiling yoke-derive v0.8.2
[INFO] [stderr]    Compiling zmij v1.0.23
[INFO] [stderr]     Checking zerofrom v0.1.8
[INFO] [stderr]    Compiling static_vcruntime v3.0.0
[INFO] [stderr]     Checking tempfile v3.27.0
[INFO] [stderr]     Checking xattr v1.6.1
[INFO] [stderr]     Checking yoke v0.8.3
[INFO] [stderr]     Checking tar v0.4.46
[INFO] [stderr]    Compiling serde_derive v1.0.229
[INFO] [stderr]    Compiling thiserror-impl v2.0.20
[INFO] [stderr]    Compiling clap_derive v4.6.7
[INFO] [stderr]    Compiling zerovec-derive v0.11.6
[INFO] [stderr]    Compiling displaydoc v0.2.7
[INFO] [stderr]    Compiling tokio-macros v2.7.2
[INFO] [stderr]     Checking zerotrie v0.2.5
[INFO] [stderr]     Checking tokio v1.53.2
[INFO] [stderr]     Checking zerovec v0.11.8
[INFO] [stderr]     Checking thiserror v2.0.20
[INFO] [stderr]     Checking rustls-webpki v0.103.15
[INFO] [stderr]     Checking tinystr v0.8.4
[INFO] [stderr]     Checking potential_utf v0.1.6
[INFO] [stderr]     Checking icu_collections v2.3.0
[INFO] [stderr]     Checking icu_locale_core v2.3.0
[INFO] [stderr]     Checking clap v4.6.7
[INFO] [stderr]     Checking icu_provider v2.3.1
[INFO] [stderr]     Checking icu_normalizer v2.3.0
[INFO] [stderr]     Checking icu_properties v2.3.0
[INFO] [stderr]     Checking memcordon-core v0.5.8-dev (/opt/rustwide/workdir/crates/memcordon-core)
[INFO] [stderr]     Checking yaml_serde v0.10.7
[INFO] [stderr]     Checking cargo_metadata v0.23.1
[INFO] [stderr]     Checking memcordon-deadline-oracle v0.5.8-dev (/opt/rustwide/workdir/tools/memcordon-deadline-oracle)
[INFO] [stderr]    Compiling memcordon v0.5.8-dev (/opt/rustwide/workdir/crates/memcordon-cli)
[INFO] [stderr]     Checking hyper v1.11.1
[INFO] [stderr]     Checking idna_adapter v1.2.2
[INFO] [stderr]     Checking idna v1.1.0
[INFO] [stderr]     Checking url v2.5.8
[INFO] [stderr]     Checking hyper-util v0.1.21
[INFO] [stderr]     Checking ureq v3.4.2
[INFO] [stderr]     Checking memcordon-platform v0.5.8-dev (/opt/rustwide/workdir/crates/memcordon-platform)
[INFO] [stderr]     Checking memcordon-windows-launch-core v0.5.8-dev (/opt/rustwide/workdir/crates/memcordon-windows-launch-core)
[INFO] [stderr]     Checking memcordon-windows-loader-lab v0.5.8-dev (/opt/rustwide/workdir/tools/memcordon-windows-loader-lab)
[INFO] [stderr]     Checking memcordon-testkit v0.5.8-dev (/opt/rustwide/workdir/crates/memcordon-testkit)
[INFO] [stderr]     Checking memcordon-ci v0.5.8-dev (/opt/rustwide/workdir/tools/memcordon-ci)
[INFO] [stdout] error[E0432]: unresolved import `crate::linux::attempt::TransitionFault`
[INFO] [stdout]   --> crates/memcordon-cli/tests/sealed_agent/attempt_record_atomic.rs:3:44
[INFO] [stdout]    |
[INFO] [stdout]  3 | use crate::linux::attempt::{AttemptRecord, TransitionFault};
[INFO] [stdout]    |                                            ^^^^^^^^^^^^^^^ no `TransitionFault` in `linux::attempt`
[INFO] [stdout]    |
[INFO] [stdout] note: found an item that was configured out
[INFO] [stdout]   --> crates/memcordon-cli/tests/../src/bin/memcordon-sealed-agent/linux/attempt.rs:74:10
[INFO] [stdout]    |
[INFO] [stdout] 72 | #[cfg(feature = "test-support")]
[INFO] [stdout]    |       ------------------------ the item is gated behind the `test-support` feature
[INFO] [stdout] 73 | #[derive(Clone, Copy, Debug, Eq, PartialEq)]
[INFO] [stdout] 74 | pub enum TransitionFault {
[INFO] [stdout]    |          ^^^^^^^^^^^^^^^
[INFO] [stdout] 
[INFO] [stdout] 
[INFO] [stdout] error[E0432]: unresolved import `crate::linux::private_target::private_network_owner_for_test`
[INFO] [stdout]    --> crates/memcordon-cli/tests/sealed_agent/native_private_namespace_init.rs:9:5
[INFO] [stdout]     |
[INFO] [stdout]   9 | use crate::linux::private_target::private_network_owner_for_test;
[INFO] [stdout]     |     ^^^^^^^^^^^^^^^^^^^^^^^^^^^^^^------------------------------
[INFO] [stdout]     |                                   |
[INFO] [stdout]     |                                   no `private_network_owner_for_test` in `linux::private_target`
[INFO] [stdout]     |
[INFO] [stdout] note: found an item that was configured out
[INFO] [stdout]    --> crates/memcordon-cli/tests/../src/bin/memcordon-sealed-agent/linux/private_target.rs:181:8
[INFO] [stdout]     |
[INFO] [stdout] 180 | #[cfg(feature = "test-support")]
[INFO] [stdout]     |       ------------------------ the item is gated behind the `test-support` feature
[INFO] [stdout] 181 | pub fn private_network_owner_for_test(
[INFO] [stdout]     |        ^^^^^^^^^^^^^^^^^^^^^^^^^^^^^^
[INFO] [stdout] 
[INFO] [stdout] 
[INFO] [stdout] error[E0432]: unresolved import `crate::linux::entrypoint::seal_ticket_for_test`
[INFO] [stdout]   --> crates/memcordon-cli/tests/sealed_agent/native_private_tcp.rs:5:51
[INFO] [stdout]    |
[INFO] [stdout]  5 |     EntrypointObjectIdentity, VerifiedEntrypoint, seal_ticket_for_test,
[INFO] [stdout]    |                                                   ^^^^^^^^^^^^^^^^^^^^ no `seal_ticket_for_test` in `linux::entrypoint`
[INFO] [stdout]    |
[INFO] [stdout] note: found an item that was configured out
[INFO] [stdout]   --> crates/memcordon-cli/tests/../src/bin/memcordon-sealed-agent/linux/entrypoint.rs:54:8
[INFO] [stdout]    |
[INFO] [stdout] 53 | #[cfg(feature = "test-support")]
[INFO] [stdout]    |       ------------------------ the item is gated behind the `test-support` feature
[INFO] [stdout] 54 | pub fn seal_ticket_for_test(identity: EntrypointObjectIdentity) -> EntrypointSealTicket {
[INFO] [stdout]    |        ^^^^^^^^^^^^^^^^^^^^
[INFO] [stdout] 
[INFO] [stdout] 
[INFO] [stdout] error[E0432]: unresolved import `crate::linux::launch::private_cleanup_guard_gate_for_test`
[INFO] [stdout]    --> crates/memcordon-cli/tests/sealed_agent/native_private_tcp.rs:8:61
[INFO] [stdout]     |
[INFO] [stdout]   8 | use crate::linux::launch::{pin_private_prelaunch_authority, private_cleanup_guard_gate_for_test};
[INFO] [stdout]     |                                                             ^^^^^^^^^^^^^^^^^^^^^^^^^^^^^^^^^^^ no `private_cleanup_guard_gate_for_test` in `linux::launch`
[INFO] [stdout]     |
[INFO] [stdout] note: found an item that was configured out
[INFO] [stdout]    --> crates/memcordon-cli/tests/../src/bin/memcordon-sealed-agent/linux/launch.rs:615:8
[INFO] [stdout]     |
[INFO] [stdout] 614 | #[cfg(feature = "test-support")]
[INFO] [stdout]     |       ------------------------ the item is gated behind the `test-support` feature
[INFO] [stdout] 615 | pub fn private_cleanup_guard_gate_for_test(
[INFO] [stdout]     |        ^^^^^^^^^^^^^^^^^^^^^^^^^^^^^^^^^^^
[INFO] [stdout] 
[INFO] [stdout] 
[INFO] [stdout] error[E0432]: unresolved imports `crate::linux::private_target::encode_private_failure_packet_for_test`, `crate::linux::private_target::private_network_owner_for_test`
[INFO] [stdout]    --> crates/memcordon-cli/tests/sealed_agent/native_private_tcp.rs:20:5
[INFO] [stdout]     |
[INFO] [stdout]  20 |     encode_private_failure_packet_for_test, exact_private_authorization_packet,
[INFO] [stdout]     |     ^^^^^^^^^^^^^^^^^^^^^^^^^^^^^^^^^^^^^^ no `encode_private_failure_packet_for_test` in `linux::private_target`
[INFO] [stdout]  21 |     pin_private_network_namespace, private_network_owner_for_test,
[INFO] [stdout]     |                                    ^^^^^^^^^^^^^^^^^^^^^^^^^^^^^^ no `private_network_owner_for_test` in `linux::private_target`
[INFO] [stdout]     |
[INFO] [stdout] note: found an item that was configured out
[INFO] [stdout]    --> crates/memcordon-cli/tests/../src/bin/memcordon-sealed-agent/linux/private_target.rs:109:8
[INFO] [stdout]     |
[INFO] [stdout] 108 | #[cfg(feature = "test-support")]
[INFO] [stdout]     |       ------------------------ the item is gated behind the `test-support` feature
[INFO] [stdout] 109 | pub fn encode_private_failure_packet_for_test(phase: u8, detail: &str) -> Vec<u8> {
[INFO] [stdout]     |        ^^^^^^^^^^^^^^^^^^^^^^^^^^^^^^^^^^^^^^
[INFO] [stdout] note: found an item that was configured out
[INFO] [stdout]    --> crates/memcordon-cli/tests/../src/bin/memcordon-sealed-agent/linux/private_target.rs:181:8
[INFO] [stdout]     |
[INFO] [stdout] 180 | #[cfg(feature = "test-support")]
[INFO] [stdout]     |       ------------------------ the item is gated behind the `test-support` feature
[INFO] [stdout] 181 | pub fn private_network_owner_for_test(
[INFO] [stdout]     |        ^^^^^^^^^^^^^^^^^^^^^^^^^^^^^^
[INFO] [stdout] help: a similar name exists in the module
[INFO] [stdout]     |
[INFO] [stdout]  20 -     encode_private_failure_packet_for_test, exact_private_authorization_packet,
[INFO] [stdout]  20 +     encode_private_failure_packet, exact_private_authorization_packet,
[INFO] [stdout]     |
[INFO] [stdout] 
[INFO] [stdout] 
[INFO] [stdout] error[E0425]: cannot find function `observe_after_package_verification_for_test` in module `crate::linux::qualification`
[INFO] [stdout]    --> crates/memcordon-cli/tests/sealed_agent/linux_recovery.rs:79:46
[INFO] [stdout]     |
[INFO] [stdout]  79 |     let error = crate::linux::qualification::observe_after_package_verification_for_test()
[INFO] [stdout]     |                                              ^^^^^^^^^^^^^^^^^^^^^^^^^^^^^^^^^^^^^^^^^^^ not found in `crate::linux::qualification`
[INFO] [stdout]     |
[INFO] [stdout] note: similarly named function `observe_after_package_verification` defined here
[INFO] [stdout]    --> crates/memcordon-cli/tests/../src/bin/memcordon-sealed-agent/linux/qualification.rs:114:1
[INFO] [stdout]     |
[INFO] [stdout] 114 | fn observe_after_package_verification() -> Result<ReadinessObservation, String> {
[INFO] [stdout]     | ^^^^^^^^^^^^^^^^^^^^^^^^^^^^^^^^^^^^^^^^^^^^^^^^^^^^^^^^^^^^^^^^^^^^^^^^^^^^^^^
[INFO] [stdout] note: found an item that was configured out
[INFO] [stdout]    --> crates/memcordon-cli/tests/../src/bin/memcordon-sealed-agent/linux/qualification.rs:99:15
[INFO] [stdout]     |
[INFO] [stdout]  98 | #[cfg(feature = "test-support")]
[INFO] [stdout]     |       ------------------------ the item is gated behind the `test-support` feature
[INFO] [stdout]  99 | pub(crate) fn observe_after_package_verification_for_test() -> Result<ReadinessObservation, String>
[INFO] [stdout]     |               ^^^^^^^^^^^^^^^^^^^^^^^^^^^^^^^^^^^^^^^^^^^
[INFO] [stdout] help: a function with a similar name exists
[INFO] [stdout]     |
[INFO] [stdout]  79 -     let error = crate::linux::qualification::observe_after_package_verification_for_test()
[INFO] [stdout]  79 +     let error = crate::linux::qualification::observe_after_package_verification()
[INFO] [stdout]     |
[INFO] [stdout] 
[INFO] [stdout] 
[INFO] [stdout] error[E0425]: cannot find function `recover_test_roots` in module `crate::linux::recovery`
[INFO] [stdout]   --> crates/memcordon-cli/tests/sealed_agent/private_attempt.rs:40:33
[INFO] [stdout]    |
[INFO] [stdout] 40 |         crate::linux::recovery::recover_test_roots(state.path(), cgroup.path()).unwrap();
[INFO] [stdout]    |                                 ^^^^^^^^^^^^^^^^^^ not found in `crate::linux::recovery`
[INFO] [stdout]    |
[INFO] [stdout] note: similarly named function `recover_roots` defined here
[INFO] [stdout]   --> crates/memcordon-cli/tests/../src/bin/memcordon-sealed-agent/linux/recovery.rs:25:1
[INFO] [stdout]    |
[INFO] [stdout] 25 | fn recover_roots(state_root: &Path, cgroup_root: &Path) -> Result<Vec<String>, String> {
[INFO] [stdout]    | ^^^^^^^^^^^^^^^^^^^^^^^^^^^^^^^^^^^^^^^^^^^^^^^^^^^^^^^^^^^^^^^^^^^^^^^^^^^^^^^^^^^^^^
[INFO] [stdout] note: found an item that was configured out
[INFO] [stdout]   --> crates/memcordon-cli/tests/../src/bin/memcordon-sealed-agent/linux/recovery.rs:21:8
[INFO] [stdout]    |
[INFO] [stdout] 20 | #[cfg(feature = "test-support")]
[INFO] [stdout]    |       ------------------------ the item is gated behind the `test-support` feature
[INFO] [stdout] 21 | pub fn recover_test_roots(state_root: &Path, cgroup_root: &Path) -> Result<Vec<String>, String> {
[INFO] [stdout]    |        ^^^^^^^^^^^^^^^^^^
[INFO] [stdout] help: a function with a similar name exists
[INFO] [stdout]    |
[INFO] [stdout] 40 -         crate::linux::recovery::recover_test_roots(state.path(), cgroup.path()).unwrap();
[INFO] [stdout] 40 +         crate::linux::recovery::recover_roots(state.path(), cgroup.path()).unwrap();
[INFO] [stdout]    |
[INFO] [stdout] 
[INFO] [stdout] 
[INFO] [stdout] error[E0425]: cannot find function `recover_test_roots` in module `crate::linux::recovery`
[INFO] [stdout]   --> crates/memcordon-cli/tests/sealed_agent/private_attempt.rs:92:33
[INFO] [stdout]    |
[INFO] [stdout] 92 |         crate::linux::recovery::recover_test_roots(state.path(), cgroup.path()).unwrap();
[INFO] [stdout]    |                                 ^^^^^^^^^^^^^^^^^^ not found in `crate::linux::recovery`
[INFO] [stdout]    |
[INFO] [stdout] note: similarly named function `recover_roots` defined here
[INFO] [stdout]   --> crates/memcordon-cli/tests/../src/bin/memcordon-sealed-agent/linux/recovery.rs:25:1
[INFO] [stdout]    |
[INFO] [stdout] 25 | fn recover_roots(state_root: &Path, cgroup_root: &Path) -> Result<Vec<String>, String> {
[INFO] [stdout]    | ^^^^^^^^^^^^^^^^^^^^^^^^^^^^^^^^^^^^^^^^^^^^^^^^^^^^^^^^^^^^^^^^^^^^^^^^^^^^^^^^^^^^^^
[INFO] [stdout] note: found an item that was configured out
[INFO] [stdout]   --> crates/memcordon-cli/tests/../src/bin/memcordon-sealed-agent/linux/recovery.rs:21:8
[INFO] [stdout]    |
[INFO] [stdout] 20 | #[cfg(feature = "test-support")]
[INFO] [stdout]    |       ------------------------ the item is gated behind the `test-support` feature
[INFO] [stdout] 21 | pub fn recover_test_roots(state_root: &Path, cgroup_root: &Path) -> Result<Vec<String>, String> {
[INFO] [stdout]    |        ^^^^^^^^^^^^^^^^^^
[INFO] [stdout] help: a function with a similar name exists
[INFO] [stdout]    |
[INFO] [stdout] 92 -         crate::linux::recovery::recover_test_roots(state.path(), cgroup.path()).unwrap();
[INFO] [stdout] 92 +         crate::linux::recovery::recover_roots(state.path(), cgroup.path()).unwrap();
[INFO] [stdout]    |
[INFO] [stdout] 
[INFO] [stdout] 
[INFO] [stdout] error[E0425]: cannot find function `recover_test_roots` in module `crate::linux::recovery`
[INFO] [stdout]   --> crates/memcordon-cli/tests/sealed_agent/private_version_recovery.rs:26:45
[INFO] [stdout]    |
[INFO] [stdout] 26 |     let ambiguous = crate::linux::recovery::recover_test_roots(&state, &cgroups).unwrap();
[INFO] [stdout]    |                                             ^^^^^^^^^^^^^^^^^^ not found in `crate::linux::recovery`
[INFO] [stdout]    |
[INFO] [stdout] note: similarly named function `recover_roots` defined here
[INFO] [stdout]   --> crates/memcordon-cli/tests/../src/bin/memcordon-sealed-agent/linux/recovery.rs:25:1
[INFO] [stdout]    |
[INFO] [stdout] 25 | fn recover_roots(state_root: &Path, cgroup_root: &Path) -> Result<Vec<String>, String> {
[INFO] [stdout]    | ^^^^^^^^^^^^^^^^^^^^^^^^^^^^^^^^^^^^^^^^^^^^^^^^^^^^^^^^^^^^^^^^^^^^^^^^^^^^^^^^^^^^^^
[INFO] [stdout] note: found an item that was configured out
[INFO] [stdout]   --> crates/memcordon-cli/tests/../src/bin/memcordon-sealed-agent/linux/recovery.rs:21:8
[INFO] [stdout]    |
[INFO] [stdout] 20 | #[cfg(feature = "test-support")]
[INFO] [stdout]    |       ------------------------ the item is gated behind the `test-support` feature
[INFO] [stdout] 21 | pub fn recover_test_roots(state_root: &Path, cgroup_root: &Path) -> Result<Vec<String>, String> {
[INFO] [stdout]    |        ^^^^^^^^^^^^^^^^^^
[INFO] [stdout] help: a function with a similar name exists
[INFO] [stdout]    |
[INFO] [stdout] 26 -     let ambiguous = crate::linux::recovery::recover_test_roots(&state, &cgroups).unwrap();
[INFO] [stdout] 26 +     let ambiguous = crate::linux::recovery::recover_roots(&state, &cgroups).unwrap();
[INFO] [stdout]    |
[INFO] [stdout] 
[INFO] [stdout] 
[INFO] [stdout] error[E0425]: cannot find function `recover_test_roots` in module `crate::linux::recovery`
[INFO] [stdout]   --> crates/memcordon-cli/tests/sealed_agent/private_version_recovery.rs:45:45
[INFO] [stdout]    |
[INFO] [stdout] 45 |     let ambiguous = crate::linux::recovery::recover_test_roots(&state, &cgroups).unwrap();
[INFO] [stdout]    |                                             ^^^^^^^^^^^^^^^^^^ not found in `crate::linux::recovery`
[INFO] [stdout]    |
[INFO] [stdout] note: similarly named function `recover_roots` defined here
[INFO] [stdout]   --> crates/memcordon-cli/tests/../src/bin/memcordon-sealed-agent/linux/recovery.rs:25:1
[INFO] [stdout]    |
[INFO] [stdout] 25 | fn recover_roots(state_root: &Path, cgroup_root: &Path) -> Result<Vec<String>, String> {
[INFO] [stdout]    | ^^^^^^^^^^^^^^^^^^^^^^^^^^^^^^^^^^^^^^^^^^^^^^^^^^^^^^^^^^^^^^^^^^^^^^^^^^^^^^^^^^^^^^
[INFO] [stdout] note: found an item that was configured out
[INFO] [stdout]   --> crates/memcordon-cli/tests/../src/bin/memcordon-sealed-agent/linux/recovery.rs:21:8
[INFO] [stdout]    |
[INFO] [stdout] 20 | #[cfg(feature = "test-support")]
[INFO] [stdout]    |       ------------------------ the item is gated behind the `test-support` feature
[INFO] [stdout] 21 | pub fn recover_test_roots(state_root: &Path, cgroup_root: &Path) -> Result<Vec<String>, String> {
[INFO] [stdout]    |        ^^^^^^^^^^^^^^^^^^
[INFO] [stdout] help: a function with a similar name exists
[INFO] [stdout]    |
[INFO] [stdout] 45 -     let ambiguous = crate::linux::recovery::recover_test_roots(&state, &cgroups).unwrap();
[INFO] [stdout] 45 +     let ambiguous = crate::linux::recovery::recover_roots(&state, &cgroups).unwrap();
[INFO] [stdout]    |
[INFO] [stdout] 
[INFO] [stdout] 
[INFO] [stdout] error[E0599]: no associated function or constant named `create_for_test` found for struct `attempt::AttemptRecord` in the current scope
[INFO] [stdout]    --> crates/memcordon-cli/tests/sealed_agent/attempt_record_atomic.rs:11:33
[INFO] [stdout]     |
[INFO] [stdout]  11 |     let record = AttemptRecord::create_for_test(temporary.path(), IDENTITY.to_owned(), 1).unwrap();
[INFO] [stdout]     |                                 ^^^^^^^^^^^^^^^ associated function or constant not found in `attempt::AttemptRecord`
[INFO] [stdout]     |
[INFO] [stdout]    ::: crates/memcordon-cli/tests/../src/bin/memcordon-sealed-agent/linux/attempt.rs:10:1
[INFO] [stdout]     |
[INFO] [stdout]  10 | pub struct AttemptRecord {
[INFO] [stdout]     | ------------------------ associated function or constant `create_for_test` not found for this struct
[INFO] [stdout]     |
[INFO] [stdout] note: if you're trying to build a new `attempt::AttemptRecord` consider using one of the following associated functions:
[INFO] [stdout]       attempt::AttemptRecord::create
[INFO] [stdout]       attempt::AttemptRecord::create_v2
[INFO] [stdout]       attempt::AttemptRecord::adopt_v2
[INFO] [stdout]    --> crates/memcordon-cli/tests/../src/bin/memcordon-sealed-agent/linux/attempt.rs:80:5
[INFO] [stdout]     |
[INFO] [stdout]  80 |       pub fn create(identity: String, frontend_pid: libc::pid_t) -> Result<Self, String> {
[INFO] [stdout]     |       ^^^^^^^^^^^^^^^^^^^^^^^^^^^^^^^^^^^^^^^^^^^^^^^^^^^^^^^^^^^^^^^^^^^^^^^^^^^^^^^^^^
[INFO] [stdout] ...
[INFO] [stdout]  85 | /     pub fn create_v2(
[INFO] [stdout]  86 | |         identity: String,
[INFO] [stdout]  87 | |         frontend_pid: libc::pid_t,
[INFO] [stdout]  88 | |         caller_envelope_digest: String,
[INFO] [stdout]  89 | |     ) -> Result<Self, String> {
[INFO] [stdout]     | |_____________________________^
[INFO] [stdout] ...
[INFO] [stdout]  99 | /     pub fn adopt_v2(
[INFO] [stdout] 100 | |         identity: String,
[INFO] [stdout] 101 | |         frontend_pid: libc::pid_t,
[INFO] [stdout] 102 | |         caller_envelope_digest: String,
[INFO] [stdout] 103 | |     ) -> Result<Self, String> {
[INFO] [stdout]     | |_____________________________^
[INFO] [stdout] help: there is an associated function `create_v2` with a similar name
[INFO] [stdout]     |
[INFO] [stdout]  11 -     let record = AttemptRecord::create_for_test(temporary.path(), IDENTITY.to_owned(), 1).unwrap();
[INFO] [stdout]  11 +     let record = AttemptRecord::create_v2(temporary.path(), IDENTITY.to_owned(), 1).unwrap();
[INFO] [stdout]     |
[INFO] [stdout] 
[INFO] [stdout] 
[INFO] [stdout] error[E0599]: no associated function or constant named `create_for_test` found for struct `attempt::AttemptRecord` in the current scope
[INFO] [stdout]    --> crates/memcordon-cli/tests/sealed_agent/attempt_record_atomic.rs:38:33
[INFO] [stdout]     |
[INFO] [stdout]  38 |     let record = AttemptRecord::create_for_test(temporary.path(), IDENTITY.to_owned(), 1).unwrap();
[INFO] [stdout]     |                                 ^^^^^^^^^^^^^^^ associated function or constant not found in `attempt::AttemptRecord`
[INFO] [stdout]     |
[INFO] [stdout]    ::: crates/memcordon-cli/tests/../src/bin/memcordon-sealed-agent/linux/attempt.rs:10:1
[INFO] [stdout]     |
[INFO] [stdout]  10 | pub struct AttemptRecord {
[INFO] [stdout]     | ------------------------ associated function or constant `create_for_test` not found for this struct
[INFO] [stdout]     |
[INFO] [stdout] note: if you're trying to build a new `attempt::AttemptRecord` consider using one of the following associated functions:
[INFO] [stdout]       attempt::AttemptRecord::create
[INFO] [stdout]       attempt::AttemptRecord::create_v2
[INFO] [stdout]       attempt::AttemptRecord::adopt_v2
[INFO] [stdout]    --> crates/memcordon-cli/tests/../src/bin/memcordon-sealed-agent/linux/attempt.rs:80:5
[INFO] [stdout]     |
[INFO] [stdout]  80 |       pub fn create(identity: String, frontend_pid: libc::pid_t) -> Result<Self, String> {
[INFO] [stdout]     |       ^^^^^^^^^^^^^^^^^^^^^^^^^^^^^^^^^^^^^^^^^^^^^^^^^^^^^^^^^^^^^^^^^^^^^^^^^^^^^^^^^^
[INFO] [stdout] ...
[INFO] [stdout]  85 | /     pub fn create_v2(
[INFO] [stdout]  86 | |         identity: String,
[INFO] [stdout]  87 | |         frontend_pid: libc::pid_t,
[INFO] [stdout]  88 | |         caller_envelope_digest: String,
[INFO] [stdout]  89 | |     ) -> Result<Self, String> {
[INFO] [stdout]     | |_____________________________^
[INFO] [stdout] ...
[INFO] [stdout]  99 | /     pub fn adopt_v2(
[INFO] [stdout] 100 | |         identity: String,
[INFO] [stdout] 101 | |         frontend_pid: libc::pid_t,
[INFO] [stdout] 102 | |         caller_envelope_digest: String,
[INFO] [stdout] 103 | |     ) -> Result<Self, String> {
[INFO] [stdout]     | |_____________________________^
[INFO] [stdout] help: there is an associated function `create_v2` with a similar name
[INFO] [stdout]     |
[INFO] [stdout]  38 -     let record = AttemptRecord::create_for_test(temporary.path(), IDENTITY.to_owned(), 1).unwrap();
[INFO] [stdout]  38 +     let record = AttemptRecord::create_v2(temporary.path(), IDENTITY.to_owned(), 1).unwrap();
[INFO] [stdout]     |
[INFO] [stdout] 
[INFO] [stdout] 
[INFO] [stdout] error[E0599]: no associated function or constant named `create_for_test` found for struct `attempt::AttemptRecord` in the current scope
[INFO] [stdout]    --> crates/memcordon-cli/tests/sealed_agent/attempt_record_atomic.rs:57:33
[INFO] [stdout]     |
[INFO] [stdout]  57 |     let record = AttemptRecord::create_for_test(temporary.path(), IDENTITY.to_owned(), 1).unwrap();
[INFO] [stdout]     |                                 ^^^^^^^^^^^^^^^ associated function or constant not found in `attempt::AttemptRecord`
[INFO] [stdout]     |
[INFO] [stdout]    ::: crates/memcordon-cli/tests/../src/bin/memcordon-sealed-agent/linux/attempt.rs:10:1
[INFO] [stdout]     |
[INFO] [stdout]  10 | pub struct AttemptRecord {
[INFO] [stdout]     | ------------------------ associated function or constant `create_for_test` not found for this struct
[INFO] [stdout]     |
[INFO] [stdout] note: if you're trying to build a new `attempt::AttemptRecord` consider using one of the following associated functions:
[INFO] [stdout]       attempt::AttemptRecord::create
[INFO] [stdout]       attempt::AttemptRecord::create_v2
[INFO] [stdout]       attempt::AttemptRecord::adopt_v2
[INFO] [stdout]    --> crates/memcordon-cli/tests/../src/bin/memcordon-sealed-agent/linux/attempt.rs:80:5
[INFO] [stdout]     |
[INFO] [stdout]  80 |       pub fn create(identity: String, frontend_pid: libc::pid_t) -> Result<Self, String> {
[INFO] [stdout]     |       ^^^^^^^^^^^^^^^^^^^^^^^^^^^^^^^^^^^^^^^^^^^^^^^^^^^^^^^^^^^^^^^^^^^^^^^^^^^^^^^^^^
[INFO] [stdout] ...
[INFO] [stdout]  85 | /     pub fn create_v2(
[INFO] [stdout]  86 | |         identity: String,
[INFO] [stdout]  87 | |         frontend_pid: libc::pid_t,
[INFO] [stdout]  88 | |         caller_envelope_digest: String,
[INFO] [stdout]  89 | |     ) -> Result<Self, String> {
[INFO] [stdout]     | |_____________________________^
[INFO] [stdout] ...
[INFO] [stdout]  99 | /     pub fn adopt_v2(
[INFO] [stdout] 100 | |         identity: String,
[INFO] [stdout] 101 | |         frontend_pid: libc::pid_t,
[INFO] [stdout] 102 | |         caller_envelope_digest: String,
[INFO] [stdout] 103 | |     ) -> Result<Self, String> {
[INFO] [stdout]     | |_____________________________^
[INFO] [stdout] help: there is an associated function `create_v2` with a similar name
[INFO] [stdout]     |
[INFO] [stdout]  57 -     let record = AttemptRecord::create_for_test(temporary.path(), IDENTITY.to_owned(), 1).unwrap();
[INFO] [stdout]  57 +     let record = AttemptRecord::create_v2(temporary.path(), IDENTITY.to_owned(), 1).unwrap();
[INFO] [stdout]     |
[INFO] [stdout] 
[INFO] [stdout] 
[INFO] [stdout] error[E0599]: no associated function or constant named `create_for_test` found for struct `attempt::AttemptRecord` in the current scope
[INFO] [stdout]    --> crates/memcordon-cli/tests/sealed_agent/attempt_record_atomic.rs:80:33
[INFO] [stdout]     |
[INFO] [stdout]  80 |     let record = AttemptRecord::create_for_test(temporary.path(), IDENTITY.to_owned(), 1).unwrap();
[INFO] [stdout]     |                                 ^^^^^^^^^^^^^^^ associated function or constant not found in `attempt::AttemptRecord`
[INFO] [stdout]     |
[INFO] [stdout]    ::: crates/memcordon-cli/tests/../src/bin/memcordon-sealed-agent/linux/attempt.rs:10:1
[INFO] [stdout]     |
[INFO] [stdout]  10 | pub struct AttemptRecord {
[INFO] [stdout]     | ------------------------ associated function or constant `create_for_test` not found for this struct
[INFO] [stdout]     |
[INFO] [stdout] note: if you're trying to build a new `attempt::AttemptRecord` consider using one of the following associated functions:
[INFO] [stdout]       attempt::AttemptRecord::create
[INFO] [stdout]       attempt::AttemptRecord::create_v2
[INFO] [stdout]       attempt::AttemptRecord::adopt_v2
[INFO] [stdout]    --> crates/memcordon-cli/tests/../src/bin/memcordon-sealed-agent/linux/attempt.rs:80:5
[INFO] [stdout]     |
[INFO] [stdout]  80 |       pub fn create(identity: String, frontend_pid: libc::pid_t) -> Result<Self, String> {
[INFO] [stdout]     |       ^^^^^^^^^^^^^^^^^^^^^^^^^^^^^^^^^^^^^^^^^^^^^^^^^^^^^^^^^^^^^^^^^^^^^^^^^^^^^^^^^^
[INFO] [stdout] ...
[INFO] [stdout]  85 | /     pub fn create_v2(
[INFO] [stdout]  86 | |         identity: String,
[INFO] [stdout]  87 | |         frontend_pid: libc::pid_t,
[INFO] [stdout]  88 | |         caller_envelope_digest: String,
[INFO] [stdout]  89 | |     ) -> Result<Self, String> {
[INFO] [stdout]     | |_____________________________^
[INFO] [stdout] ...
[INFO] [stdout]  99 | /     pub fn adopt_v2(
[INFO] [stdout] 100 | |         identity: String,
[INFO] [stdout] 101 | |         frontend_pid: libc::pid_t,
[INFO] [stdout] 102 | |         caller_envelope_digest: String,
[INFO] [stdout] 103 | |     ) -> Result<Self, String> {
[INFO] [stdout]     | |_____________________________^
[INFO] [stdout] help: there is an associated function `create_v2` with a similar name
[INFO] [stdout]     |
[INFO] [stdout]  80 -     let record = AttemptRecord::create_for_test(temporary.path(), IDENTITY.to_owned(), 1).unwrap();
[INFO] [stdout]  80 +     let record = AttemptRecord::create_v2(temporary.path(), IDENTITY.to_owned(), 1).unwrap();
[INFO] [stdout]     |
[INFO] [stdout] 
[INFO] [stdout] 
[INFO] [stdout] error[E0599]: no associated function or constant named `create_for_test` found for struct `attempt::AttemptRecord` in the current scope
[INFO] [stdout]    --> crates/memcordon-cli/tests/sealed_agent/native_private_tcp.rs:362:33
[INFO] [stdout]     |
[INFO] [stdout] 362 |     let record = AttemptRecord::create_for_test(
[INFO] [stdout]     |                                 ^^^^^^^^^^^^^^^ associated function or constant not found in `attempt::AttemptRecord`
[INFO] [stdout]     |
[INFO] [stdout]    ::: crates/memcordon-cli/tests/../src/bin/memcordon-sealed-agent/linux/attempt.rs:10:1
[INFO] [stdout]     |
[INFO] [stdout]  10 | pub struct AttemptRecord {
[INFO] [stdout]     | ------------------------ associated function or constant `create_for_test` not found for this struct
[INFO] [stdout]     |
[INFO] [stdout] note: if you're trying to build a new `attempt::AttemptRecord` consider using one of the following associated functions:
[INFO] [stdout]       attempt::AttemptRecord::create
[INFO] [stdout]       attempt::AttemptRecord::create_v2
[INFO] [stdout]       attempt::AttemptRecord::adopt_v2
[INFO] [stdout]    --> crates/memcordon-cli/tests/../src/bin/memcordon-sealed-agent/linux/attempt.rs:80:5
[INFO] [stdout]     |
[INFO] [stdout]  80 |       pub fn create(identity: String, frontend_pid: libc::pid_t) -> Result<Self, String> {
[INFO] [stdout]     |       ^^^^^^^^^^^^^^^^^^^^^^^^^^^^^^^^^^^^^^^^^^^^^^^^^^^^^^^^^^^^^^^^^^^^^^^^^^^^^^^^^^
[INFO] [stdout] ...
[INFO] [stdout]  85 | /     pub fn create_v2(
[INFO] [stdout]  86 | |         identity: String,
[INFO] [stdout]  87 | |         frontend_pid: libc::pid_t,
[INFO] [stdout]  88 | |         caller_envelope_digest: String,
[INFO] [stdout]  89 | |     ) -> Result<Self, String> {
[INFO] [stdout]     | |_____________________________^
[INFO] [stdout] ...
[INFO] [stdout]  99 | /     pub fn adopt_v2(
[INFO] [stdout] 100 | |         identity: String,
[INFO] [stdout] 101 | |         frontend_pid: libc::pid_t,
[INFO] [stdout] 102 | |         caller_envelope_digest: String,
[INFO] [stdout] 103 | |     ) -> Result<Self, String> {
[INFO] [stdout]     | |_____________________________^
[INFO] [stdout] help: there is an associated function `create_v2` with a similar name
[INFO] [stdout]     |
[INFO] [stdout] 362 -     let record = AttemptRecord::create_for_test(
[INFO] [stdout] 362 +     let record = AttemptRecord::create_v2(
[INFO] [stdout]     |
[INFO] [stdout] 
[INFO] [stdout] 
[INFO] [stdout] error[E0599]: no associated function or constant named `create_for_test` found for struct `DurablePrivateAttempt` in the current scope
[INFO] [stdout]    --> crates/memcordon-cli/tests/sealed_agent/private_attempt.rs:30:42
[INFO] [stdout]     |
[INFO] [stdout]  30 |     let durable = DurablePrivateAttempt::create_for_test(state.path(), allocated()).unwrap();
[INFO] [stdout]     |                                          ^^^^^^^^^^^^^^^ associated function or constant not found in `DurablePrivateAttempt`
[INFO] [stdout]     |
[INFO] [stdout]    ::: crates/memcordon-cli/tests/../src/bin/memcordon-sealed-agent/linux/private_attempt.rs:391:1
[INFO] [stdout]     |
[INFO] [stdout] 391 | pub struct DurablePrivateAttempt {
[INFO] [stdout]     | -------------------------------- associated function or constant `create_for_test` not found for this struct
[INFO] [stdout]     |
[INFO] [stdout] note: if you're trying to build a new `DurablePrivateAttempt`, consider using `DurablePrivateAttempt::create` which returns `Result<DurablePrivateAttempt, std::string::String>`
[INFO] [stdout]    --> crates/memcordon-cli/tests/../src/bin/memcordon-sealed-agent/linux/private_attempt.rs:398:5
[INFO] [stdout]     |
[INFO] [stdout] 398 |     pub fn create(record: PrivateAttemptRecordV4) -> Result<Self, String> {
[INFO] [stdout]     |     ^^^^^^^^^^^^^^^^^^^^^^^^^^^^^^^^^^^^^^^^^^^^^^^^^^^^^^^^^^^^^^^^^^^^^
[INFO] [stdout] 
[INFO] [stdout] 
[INFO] [stdout] error[E0599]: no associated function or constant named `create_for_test` found for struct `DurablePrivateAttempt` in the current scope
[INFO] [stdout]    --> crates/memcordon-cli/tests/sealed_agent/private_attempt.rs:48:42
[INFO] [stdout]     |
[INFO] [stdout]  48 |     let durable = DurablePrivateAttempt::create_for_test(state.path(), allocated()).unwrap();
[INFO] [stdout]     |                                          ^^^^^^^^^^^^^^^ associated function or constant not found in `DurablePrivateAttempt`
[INFO] [stdout]     |
[INFO] [stdout]    ::: crates/memcordon-cli/tests/../src/bin/memcordon-sealed-agent/linux/private_attempt.rs:391:1
[INFO] [stdout]     |
[INFO] [stdout] 391 | pub struct DurablePrivateAttempt {
[INFO] [stdout]     | -------------------------------- associated function or constant `create_for_test` not found for this struct
[INFO] [stdout]     |
[INFO] [stdout] note: if you're trying to build a new `DurablePrivateAttempt`, consider using `DurablePrivateAttempt::create` which returns `Result<DurablePrivateAttempt, std::string::String>`
[INFO] [stdout]    --> crates/memcordon-cli/tests/../src/bin/memcordon-sealed-agent/linux/private_attempt.rs:398:5
[INFO] [stdout]     |
[INFO] [stdout] 398 |     pub fn create(record: PrivateAttemptRecordV4) -> Result<Self, String> {
[INFO] [stdout]     |     ^^^^^^^^^^^^^^^^^^^^^^^^^^^^^^^^^^^^^^^^^^^^^^^^^^^^^^^^^^^^^^^^^^^^^
[INFO] [stdout] 
[INFO] [stdout] 
[INFO] [stdout] error[E0599]: no associated function or constant named `create_for_test` found for struct `DurablePrivateAttempt` in the current scope
[INFO] [stdout]    --> crates/memcordon-cli/tests/sealed_agent/private_attempt.rs:87:43
[INFO] [stdout]     |
[INFO] [stdout]  87 |     let _durable = DurablePrivateAttempt::create_for_test(state.path(), allocated()).unwrap();
[INFO] [stdout]     |                                           ^^^^^^^^^^^^^^^ associated function or constant not found in `DurablePrivateAttempt`
[INFO] [stdout]     |
[INFO] [stdout]    ::: crates/memcordon-cli/tests/../src/bin/memcordon-sealed-agent/linux/private_attempt.rs:391:1
[INFO] [stdout]     |
[INFO] [stdout] 391 | pub struct DurablePrivateAttempt {
[INFO] [stdout]     | -------------------------------- associated function or constant `create_for_test` not found for this struct
[INFO] [stdout]     |
[INFO] [stdout] note: if you're trying to build a new `DurablePrivateAttempt`, consider using `DurablePrivateAttempt::create` which returns `Result<DurablePrivateAttempt, std::string::String>`
[INFO] [stdout]    --> crates/memcordon-cli/tests/../src/bin/memcordon-sealed-agent/linux/private_attempt.rs:398:5
[INFO] [stdout]     |
[INFO] [stdout] 398 |     pub fn create(record: PrivateAttemptRecordV4) -> Result<Self, String> {
[INFO] [stdout]     |     ^^^^^^^^^^^^^^^^^^^^^^^^^^^^^^^^^^^^^^^^^^^^^^^^^^^^^^^^^^^^^^^^^^^^^
[INFO] [stdout] 
[INFO] [stdout] 
[INFO] [stdout] error[E0599]: no associated function or constant named `create_for_test` found for struct `DurablePrivateAttempt` in the current scope
[INFO] [stdout]    --> crates/memcordon-cli/tests/sealed_agent/private_attempt.rs:115:42
[INFO] [stdout]     |
[INFO] [stdout] 115 |     let durable = DurablePrivateAttempt::create_for_test(state.path(), allocated()).unwrap();
[INFO] [stdout]     |                                          ^^^^^^^^^^^^^^^ associated function or constant not found in `DurablePrivateAttempt`
[INFO] [stdout]     |
[INFO] [stdout]    ::: crates/memcordon-cli/tests/../src/bin/memcordon-sealed-agent/linux/private_attempt.rs:391:1
[INFO] [stdout]     |
[INFO] [stdout] 391 | pub struct DurablePrivateAttempt {
[INFO] [stdout]     | -------------------------------- associated function or constant `create_for_test` not found for this struct
[INFO] [stdout]     |
[INFO] [stdout] note: if you're trying to build a new `DurablePrivateAttempt`, consider using `DurablePrivateAttempt::create` which returns `Result<DurablePrivateAttempt, std::string::String>`
[INFO] [stdout]    --> crates/memcordon-cli/tests/../src/bin/memcordon-sealed-agent/linux/private_attempt.rs:398:5
[INFO] [stdout]     |
[INFO] [stdout] 398 |     pub fn create(record: PrivateAttemptRecordV4) -> Result<Self, String> {
[INFO] [stdout]     |     ^^^^^^^^^^^^^^^^^^^^^^^^^^^^^^^^^^^^^^^^^^^^^^^^^^^^^^^^^^^^^^^^^^^^^
[INFO] [stdout] 
[INFO] [stdout] 
[INFO] [stdout] error[E0599]: no associated function or constant named `create_for_test` found for struct `DurablePrivateAttempt` in the current scope
[INFO] [stdout]    --> crates/memcordon-cli/tests/sealed_agent/private_attempt.rs:118:46
[INFO] [stdout]     |
[INFO] [stdout] 118 |     let mut durable = DurablePrivateAttempt::create_for_test(state.path(), allocated()).unwrap();
[INFO] [stdout]     |                                              ^^^^^^^^^^^^^^^ associated function or constant not found in `DurablePrivateAttempt`
[INFO] [stdout]     |
[INFO] [stdout]    ::: crates/memcordon-cli/tests/../src/bin/memcordon-sealed-agent/linux/private_attempt.rs:391:1
[INFO] [stdout]     |
[INFO] [stdout] 391 | pub struct DurablePrivateAttempt {
[INFO] [stdout]     | -------------------------------- associated function or constant `create_for_test` not found for this struct
[INFO] [stdout]     |
[INFO] [stdout] note: if you're trying to build a new `DurablePrivateAttempt`, consider using `DurablePrivateAttempt::create` which returns `Result<DurablePrivateAttempt, std::string::String>`
[INFO] [stdout]    --> crates/memcordon-cli/tests/../src/bin/memcordon-sealed-agent/linux/private_attempt.rs:398:5
[INFO] [stdout]     |
[INFO] [stdout] 398 |     pub fn create(record: PrivateAttemptRecordV4) -> Result<Self, String> {
[INFO] [stdout]     |     ^^^^^^^^^^^^^^^^^^^^^^^^^^^^^^^^^^^^^^^^^^^^^^^^^^^^^^^^^^^^^^^^^^^^^
[INFO] [stdout] 
[INFO] [stdout] 
[INFO] [stdout] error[E0599]: no associated function or constant named `create_for_test` found for struct `DurablePrivateAttempt` in the current scope
[INFO] [stdout]    --> crates/memcordon-cli/tests/sealed_agent/private_attempt.rs:127:46
[INFO] [stdout]     |
[INFO] [stdout] 127 |     let mut durable = DurablePrivateAttempt::create_for_test(state.path(), allocated()).unwrap();
[INFO] [stdout]     |                                              ^^^^^^^^^^^^^^^ associated function or constant not found in `DurablePrivateAttempt`
[INFO] [stdout]     |
[INFO] [stdout]    ::: crates/memcordon-cli/tests/../src/bin/memcordon-sealed-agent/linux/private_attempt.rs:391:1
[INFO] [stdout]     |
[INFO] [stdout] 391 | pub struct DurablePrivateAttempt {
[INFO] [stdout]     | -------------------------------- associated function or constant `create_for_test` not found for this struct
[INFO] [stdout]     |
[INFO] [stdout] note: if you're trying to build a new `DurablePrivateAttempt`, consider using `DurablePrivateAttempt::create` which returns `Result<DurablePrivateAttempt, std::string::String>`
[INFO] [stdout]    --> crates/memcordon-cli/tests/../src/bin/memcordon-sealed-agent/linux/private_attempt.rs:398:5
[INFO] [stdout]     |
[INFO] [stdout] 398 |     pub fn create(record: PrivateAttemptRecordV4) -> Result<Self, String> {
[INFO] [stdout]     |     ^^^^^^^^^^^^^^^^^^^^^^^^^^^^^^^^^^^^^^^^^^^^^^^^^^^^^^^^^^^^^^^^^^^^^
[INFO] [stdout] 
[INFO] [stdout] 
[INFO] [stdout] Some errors have detailed explanations: E0425, E0432, E0599.
[INFO] [stdout] 
[INFO] [stdout] For more information about an error, try `rustc --explain E0425`.
[INFO] [stdout] 
[INFO] [stderr] error: could not compile `memcordon` (test "sealed_agent") due to 21 previous errors
[INFO] [stderr] warning: build failed, waiting for other jobs to finish...
[INFO] [stderr] warning: unused dependency `clap`
[INFO] [stderr]   --> crates/memcordon-cli/Cargo.toml:63:1
[INFO] [stderr]    |
[INFO] [stderr] 63 | clap.workspace = true
[INFO] [stderr]    | ^^^^
[INFO] [stderr]    |
[INFO] [stderr]    = note: `cargo::unused_dependencies` is set to `warn` by default
[INFO] [stderr] help: consider removing the dependency on `clap`
[INFO] [stderr] warning: unused dependency `flate2`
[INFO] [stderr]   --> crates/memcordon-cli/Cargo.toml:74:1
[INFO] [stderr]    |
[INFO] [stderr] 74 | flate2.workspace = true
[INFO] [stderr]    | ^^^^^^
[INFO] [stderr]    |
[INFO] [stderr] help: consider removing the dependency on `flate2`
[INFO] [stderr] warning: unused dependency `memcordon-windows-launch-core`
[INFO] [stderr]   --> crates/memcordon-cli/Cargo.toml:67:1
[INFO] [stderr]    |
[INFO] [stderr] 67 | memcordon-windows-launch-core = { path = "../memcordon-windows-launch-core", version = "=0.5.8-dev" }
[INFO] [stderr]    | ^^^^^^^^^^^^^^^^^^^^^^^^^^^^^^^^^^^^^^^^^^^^^^^^^^^^^^^^^^^^^^^^^^^^^^^^^^^^^^^^^^^^^^^^^^^^^^^^^^^^^
[INFO] [stderr]    |
[INFO] [stderr] help: consider removing the dependency on `memcordon-windows-launch-core`
[INFO] [stderr] warning: unused dependency `tar`
[INFO] [stderr]   --> crates/memcordon-cli/Cargo.toml:75:1
[INFO] [stderr]    |
[INFO] [stderr] 75 | tar.workspace = true
[INFO] [stderr]    | ^^^
[INFO] [stderr]    |
[INFO] [stderr] help: consider removing the dependency on `tar`
[INFO] [stderr] warning: `memcordon` (manifest) generated 4 warnings
[INFO] [stderr] warning: unused dependency `libc`
[INFO] [stderr]   --> tools/memcordon-deadline-oracle/Cargo.toml:10:1
[INFO] [stderr]    |
[INFO] [stderr] 10 | libc.workspace = true
[INFO] [stderr]    | ^^^^
[INFO] [stderr]    |
[INFO] [stderr]    = note: `cargo::unused_dependencies` is set to `warn` by default
[INFO] [stderr] help: consider removing the dependency on `libc`
[INFO] [stderr] warning: unused dependency `serde`
[INFO] [stderr]   --> tools/memcordon-deadline-oracle/Cargo.toml:11:1
[INFO] [stderr]    |
[INFO] [stderr] 11 | serde.workspace = true
[INFO] [stderr]    | ^^^^^
[INFO] [stderr]    |
[INFO] [stderr] help: consider removing the dependency on `serde`
[INFO] [stderr] warning: unused dependency `serde_json`
[INFO] [stderr]   --> tools/memcordon-deadline-oracle/Cargo.toml:12:1
[INFO] [stderr]    |
[INFO] [stderr] 12 | serde_json.workspace = true
[INFO] [stderr]    | ^^^^^^^^^^
[INFO] [stderr]    |
[INFO] [stderr] help: consider removing the dependency on `serde_json`
[INFO] [stderr] warning: `memcordon-deadline-oracle` (manifest) generated 3 warnings
[INFO] running `Command { std: "docker" "inspect" "b860744ee12abedf8a92de3c5310c8e2cd4c32ad94a42c36925b94bada8dabcf", kill_on_drop: false }`
[INFO] running `Command { std: "docker" "rm" "-f" "b860744ee12abedf8a92de3c5310c8e2cd4c32ad94a42c36925b94bada8dabcf", kill_on_drop: false }`
[INFO] [stdout] b860744ee12abedf8a92de3c5310c8e2cd4c32ad94a42c36925b94bada8dabcf
