[INFO] cloning repository https://github.com/Pixdane/ShinySongTools
[INFO] running `Command { std: "git" "-c" "credential.helper=" "-c" "credential.helper=/workspace/cargo-home/bin/git-credential-null" "clone" "--bare" "https://github.com/Pixdane/ShinySongTools" "/workspace/cache/git-repos/https%3A%2F%2Fgithub.com%2FPixdane%2FShinySongTools", kill_on_drop: false }`
[INFO] [stderr] Cloning into bare repository '/workspace/cache/git-repos/https%3A%2F%2Fgithub.com%2FPixdane%2FShinySongTools'...
[INFO] running `Command { std: "git" "rev-parse" "HEAD", kill_on_drop: false }`
[INFO] [stdout] c02680a688dede92930fcbb7e380e98b935df61d
[INFO] checking Pixdane/ShinySongTools against 3154cc1a3e6424e44f438a95007d043ed5ceaaf6+rustflags=-Znext-solver=coherence for pr-133502-30
[INFO] running `Command { std: "git" "clone" "/workspace/cache/git-repos/https%3A%2F%2Fgithub.com%2FPixdane%2FShinySongTools" "/workspace/builds/worker-2-tc1/source", kill_on_drop: false }`
[INFO] [stderr] Cloning into '/workspace/builds/worker-2-tc1/source'...
[INFO] [stderr] done.
[INFO] removed /workspace/builds/worker-2-tc1/source/.cargo/config.toml
[INFO] removed /workspace/builds/worker-2-tc1/source/rust-toolchain.toml
[INFO] started tweaking git repo https://github.com/Pixdane/ShinySongTools
[INFO] finished tweaking git repo https://github.com/Pixdane/ShinySongTools
[INFO] tweaked toml for git repo https://github.com/Pixdane/ShinySongTools written to /workspace/builds/worker-2-tc1/source/Cargo.toml
[INFO] validating manifest of git repo https://github.com/Pixdane/ShinySongTools on toolchain 3154cc1a3e6424e44f438a95007d043ed5ceaaf6
[INFO] running `Command { std: CARGO_HOME="/workspace/cargo-home" RUSTUP_HOME="/workspace/rustup-home" "/workspace/cargo-home/bin/cargo" "+3154cc1a3e6424e44f438a95007d043ed5ceaaf6" "metadata" "--manifest-path" "Cargo.toml" "--no-deps", kill_on_drop: false }`
[INFO] crate git repo https://github.com/Pixdane/ShinySongTools already has a lockfile, it will not be regenerated
[INFO] running `Command { std: CARGO_HOME="/workspace/cargo-home" RUSTUP_HOME="/workspace/rustup-home" "/workspace/cargo-home/bin/cargo" "+3154cc1a3e6424e44f438a95007d043ed5ceaaf6" "fetch" "--manifest-path" "Cargo.toml", kill_on_drop: false }`
[INFO] [stderr]     Updating crates.io index
[INFO] [stderr]  Downloading crates ...
[INFO] [stderr]   Downloaded il2cpp-bridge-rs v0.1.4
[INFO] [stderr]   Downloaded lzma-rust2 v0.16.5
[INFO] [stderr]   Downloaded bevy_tasks v0.19.1
[INFO] [stderr]   Downloaded bevy_ecs v0.19.1
[INFO] [stderr]   Downloaded bevy_ecs_macros v0.19.1
[INFO] [stderr]   Downloaded trybuild v1.0.120
[INFO] [stderr]   Downloaded bevy_ecs_macro_logic v0.19.1
[INFO] [stderr]   Downloaded tracing-os-layer v0.2.1
[INFO] [stderr]   Downloaded rhusky v0.0.6
[INFO] [stderr]   Downloaded eventlog v0.4.0
[INFO] running `Command { std: "docker" "create" "-v" "/var/lib/crater-agent-workspace/builds/worker-2-tc1/source:/opt/rustwide/workdir:ro,Z" "-v" "/var/lib/crater-agent-workspace/builds/worker-2-tc1/target:/opt/rustwide/target:rw,Z" "-v" "/var/lib/crater-agent-workspace/cargo-home:/opt/rustwide/cargo-home:ro,Z" "-v" "/var/lib/crater-agent-workspace/rustup-home:/opt/rustwide/rustup-home:ro,Z" "-m" "1610612736" "--network" "none" "ghcr.io/rust-lang/crates-build-env/linux@sha256:77db811e55d90add9212f6832c23229e3de5f1c1f9905e8cb07319ea15df73ac" "sleep" "infinity", kill_on_drop: false }`
[INFO] [stdout] 7dfd943d8c714bd35efcb971dfc06dceeca62d9f9913186cdab9bdd0dba9339c
[INFO] running `Command { std: "docker" "start" "7dfd943d8c714bd35efcb971dfc06dceeca62d9f9913186cdab9bdd0dba9339c", kill_on_drop: false }`
[INFO] running `Command { std: "docker" "inspect" "7dfd943d8c714bd35efcb971dfc06dceeca62d9f9913186cdab9bdd0dba9339c", kill_on_drop: false }`
[INFO] running `Command { std: "docker" "exec" "-e" "SOURCE_DIR=/opt/rustwide/workdir" "-e" "CARGO_HOME=/opt/rustwide/cargo-home" "-e" "RUSTUP_HOME=/opt/rustwide/rustup-home" "-e" "CARGO_TARGET_DIR=/opt/rustwide/target" "-w" "/opt/rustwide/workdir" "--user" "0:0" "7dfd943d8c714bd35efcb971dfc06dceeca62d9f9913186cdab9bdd0dba9339c" "/opt/rustwide/cargo-home/bin/cargo" "+3154cc1a3e6424e44f438a95007d043ed5ceaaf6" "metadata" "--no-deps" "--format-version=1", kill_on_drop: false }`
[INFO] running `Command { std: "docker" "inspect" "7dfd943d8c714bd35efcb971dfc06dceeca62d9f9913186cdab9bdd0dba9339c", kill_on_drop: false }`
[INFO] running `Command { std: "docker" "exec" "-e" "SOURCE_DIR=/opt/rustwide/workdir" "-e" "CARGO_HOME=/opt/rustwide/cargo-home" "-e" "RUSTUP_HOME=/opt/rustwide/rustup-home" "-e" "CARGO_TARGET_DIR=/opt/rustwide/target" "-e" "CARGO_INCREMENTAL=0" "-e" "RUST_BACKTRACE=full" "-e" "RUSTFLAGS=--cap-lints=forbid -Znext-solver=coherence" "-e" "RUSTDOCFLAGS=--cap-lints=forbid" "-w" "/opt/rustwide/workdir" "--user" "0:0" "7dfd943d8c714bd35efcb971dfc06dceeca62d9f9913186cdab9bdd0dba9339c" "/opt/rustwide/cargo-home/bin/cargo" "+3154cc1a3e6424e44f438a95007d043ed5ceaaf6" "check" "--frozen" "--all" "--all-targets" "--message-format=json", kill_on_drop: false }`
[INFO] [stderr]     Checking hybrid-array v0.4.14
[INFO] [stderr]     Checking cmov v0.5.4
[INFO] [stderr]     Checking const-oid v0.10.2
[INFO] [stderr]    Compiling cc v1.4.4
[INFO] [stderr]    Compiling syn v3.0.4
[INFO] [stderr]     Checking smallvec v1.15.2
[INFO] [stderr]     Checking cpufeatures v0.3.1
[INFO] [stderr]    Compiling unicode-segmentation v1.13.3
[INFO] [stderr]     Checking indexmap v2.14.1
[INFO] [stderr]     Checking hashbrown v0.16.1
[INFO] [stderr]     Checking ctutils v0.4.2
[INFO] [stderr]     Checking foldhash v0.2.0
[INFO] [stderr]     Checking spin v0.10.1
[INFO] [stderr]    Compiling getrandom v0.4.3
[INFO] [stderr]    Compiling convert_case v0.10.0
[INFO] [stderr]    Compiling bevy_macro_utils v0.19.1
[INFO] [stderr]     Checking cpubits v0.1.1
[INFO] [stderr]     Checking zlib-rs v0.6.7
[INFO] [stderr]     Checking crypto-common v0.2.2
[INFO] [stderr]     Checking block-buffer v0.12.1
[INFO] [stderr]     Checking inout v0.2.2
[INFO] [stderr]     Checking bevy_platform v0.19.1
[INFO] [stderr]    Compiling derive_more-impl v2.1.1
[INFO] [stderr]     Checking simd-adler32 v0.3.10
[INFO] [stderr]     Checking libbz2-rs-sys v0.2.5
[INFO] [stderr]     Checking anstream v1.0.0
[INFO] [stderr]     Checking zopfli v0.8.3
[INFO] [stderr]     Checking time v0.3.55
[INFO] [stderr]     Checking digest v0.11.3
[INFO] [stderr]     Checking cipher v0.5.2
[INFO] [stderr]     Checking bzip2 v0.6.1
[INFO] [stderr]     Checking hmac v0.13.0
[INFO] [stderr]     Checking sha2 v0.11.0
[INFO] [stderr]     Checking pbkdf2 v0.13.0
[INFO] [stderr]     Checking sha1 v0.11.0
[INFO] [stderr]     Checking aes v0.9.3
[INFO] [stderr]     Checking futures-lite v2.6.1
[INFO] [stderr]     Checking flate2 v1.1.10
[INFO] [stderr]    Compiling zstd-sys v2.0.16+zstd.1.5.7
[INFO] [stderr]    Compiling bevy_ecs_macro_logic v0.19.1
[INFO] [stderr]     Checking parking_lot_core v0.9.12
[INFO] [stderr]     Checking crossbeam-queue v0.3.13
[INFO] [stderr]     Checking env_filter v2.0.0
[INFO] [stderr]     Checking lzma-rust2 v0.16.5
[INFO] [stderr]     Checking ppmd-rust v1.4.0
[INFO] [stderr]     Checking async-task v4.7.1
[INFO] [stderr]    Compiling il2cpp-bridge-rs v0.1.4
[INFO] [stderr]     Checking constant_time_eq v0.4.2
[INFO] [stderr]     Checking typed-path v0.12.3
[INFO] [stderr]     Checking deflate64 v0.1.12
[INFO] [stderr]     Checking disqualified v1.0.0
[INFO] [stderr]     Checking bevy_utils v0.19.1
[INFO] [stderr]     Checking dashmap v6.2.1
[INFO] [stderr]    Compiling bevy_ecs_macros v0.19.1
[INFO] [stderr]     Checking env_logger v0.11.11
[INFO] [stderr]    Compiling variadics_please v1.1.0
[INFO] [stderr]    Compiling thiserror-impl v2.0.20
[INFO] [stderr]    Compiling serde_derive v1.0.229
[INFO] [stderr]     Checking glam v0.32.1
[INFO] [stderr]     Checking nonmax v0.5.5
[INFO] [stderr]     Checking arrayvec v0.7.8
[INFO] [stderr]     Checking fixedbitset v0.5.7
[INFO] [stderr]     Checking bevy_ptr v0.19.1
[INFO] [stderr]     Checking tracing v0.1.44
[INFO] [stderr]     Checking winnow v1.0.4
[INFO] [stderr]     Checking tracing-log v0.2.0
[INFO] [stderr]     Checking serde_spanned v1.1.1
[INFO] [stderr]    Compiling rhusky v0.0.6
[INFO] [stderr]     Checking toml_parser v1.1.3+spec-1.1.0
[INFO] [stderr]     Checking thiserror v2.0.20
[INFO] [stderr]     Checking toml_writer v1.1.2+spec-1.1.0
[INFO] [stderr]     Checking tracing-subscriber v0.3.23
[INFO] [stderr]    Compiling tracing-os-layer v0.2.1
[INFO] [stderr]     Checking derive_more v2.1.1
[INFO] [stderr]     Checking bevy_tasks v0.19.1
[INFO] [stderr]    Compiling target-triple v1.0.1
[INFO] [stderr]     Checking toml_datetime v0.7.5+spec-1.1.0
[INFO] [stderr]     Checking toml_datetime v1.1.1+spec-1.1.0
[INFO] [stderr]     Checking winnow v0.7.15
[INFO] [stderr]     Checking toml v1.1.4+spec-1.1.0
[INFO] [stderr]     Checking glob v0.3.4
[INFO] [stderr]    Compiling fake-unity-framework v0.1.0 (/opt/rustwide/workdir/crates/testing/fake-unity-framework)
[INFO] [stderr]     Checking bevy_ecs v0.19.1
[INFO] [stderr]     Checking tracing-journald v0.3.2
[INFO] [stderr]     Checking toml v0.9.12+spec-1.1.0
[INFO] [stderr]     Checking serde v1.0.229
[INFO] [stderr]     Checking trybuild v1.0.120
[INFO] [stderr]    Compiling zstd-safe v7.2.4
[INFO] [stderr]     Checking zstd v0.13.3
[INFO] [stderr]     Checking zip v8.6.0
[INFO] [stderr]     Checking core v0.1.0 (/opt/rustwide/workdir/crates/core)
[INFO] [stdout] error[E0425]: cannot find function `_dyld_image_count` in crate `libc`
[INFO] [stdout]   --> crates/core/src/il2cpp_bridge.rs:45:32
[INFO] [stdout]    |
[INFO] [stdout] 45 |     let count = unsafe { libc::_dyld_image_count() };
[INFO] [stdout]    |                                ^^^^^^^^^^^^^^^^^ not found in `libc`
[INFO] [stdout] 
[INFO] [stdout] 
[INFO] [stdout] error[E0425]: cannot find function `_dyld_get_image_name` in crate `libc`
[INFO] [stdout]   --> crates/core/src/il2cpp_bridge.rs:48:35
[INFO] [stdout]    |
[INFO] [stdout] 48 |         let name = unsafe { libc::_dyld_get_image_name(index) };
[INFO] [stdout]    |                                   ^^^^^^^^^^^^^^^^^^^^ not found in `libc`
[INFO] [stdout] 
[INFO] [stdout] 
[INFO] [stdout] error[E0425]: cannot find function `_dyld_image_count` in crate `libc`
[INFO] [stdout]   --> crates/core/src/il2cpp_bridge.rs:45:32
[INFO] [stdout]    |
[INFO] [stdout] 45 |     let count = unsafe { libc::_dyld_image_count() };
[INFO] [stdout]    |                                ^^^^^^^^^^^^^^^^^ not found in `libc`
[INFO] [stdout] 
[INFO] [stdout] 
[INFO] [stdout] error[E0425]: cannot find function `_dyld_get_image_name` in crate `libc`
[INFO] [stdout]   --> crates/core/src/il2cpp_bridge.rs:48:35
[INFO] [stdout]    |
[INFO] [stdout] 48 |         let name = unsafe { libc::_dyld_get_image_name(index) };
[INFO] [stdout]    |                                   ^^^^^^^^^^^^^^^^^^^^ not found in `libc`
[INFO] [stdout] 
[INFO] [stdout] 
[INFO] [stdout] For more information about this error, try `rustc --explain E0425`.
[INFO] [stdout] 
[INFO] [stderr] error: could not compile `core` (lib test) due to 2 previous errors
[INFO] [stderr] warning: build failed, waiting for other jobs to finish...
[INFO] [stdout] For more information about this error, try `rustc --explain E0425`.
[INFO] [stdout] 
[INFO] [stderr] error: could not compile `core` (lib) due to 2 previous errors
[INFO] [stderr] warning: unused dependency `tracing`
[INFO] [stderr]   --> crates/core/Cargo.toml:22:1
[INFO] [stderr]    |
[INFO] [stderr] 22 | tracing = { workspace = true }
[INFO] [stderr]    | ^^^^^^^^^^^^^^^^^^^^^^^^^^^^^^
[INFO] [stderr]    |
[INFO] [stderr]    = note: `cargo::unused_dependencies` is set to `warn` by default
[INFO] [stderr] help: consider removing the dependency on `tracing`
[INFO] [stderr] warning: `core` (manifest) generated 1 warning
[INFO] running `Command { std: "docker" "inspect" "7dfd943d8c714bd35efcb971dfc06dceeca62d9f9913186cdab9bdd0dba9339c", kill_on_drop: false }`
[INFO] running `Command { std: "docker" "rm" "-f" "7dfd943d8c714bd35efcb971dfc06dceeca62d9f9913186cdab9bdd0dba9339c", kill_on_drop: false }`
[INFO] [stdout] 7dfd943d8c714bd35efcb971dfc06dceeca62d9f9913186cdab9bdd0dba9339c
