[INFO] cloning repository https://github.com/Perxenic-Acid/SSMT-Native
[INFO] running `Command { std: "git" "-c" "credential.helper=" "-c" "credential.helper=/workspace/cargo-home/bin/git-credential-null" "clone" "--bare" "https://github.com/Perxenic-Acid/SSMT-Native" "/workspace/cache/git-repos/https%3A%2F%2Fgithub.com%2FPerxenic-Acid%2FSSMT-Native", kill_on_drop: false }`
[INFO] [stderr] Cloning into bare repository '/workspace/cache/git-repos/https%3A%2F%2Fgithub.com%2FPerxenic-Acid%2FSSMT-Native'...
[INFO] running `Command { std: "git" "rev-parse" "HEAD", kill_on_drop: false }`
[INFO] [stdout] 48a2261e386709aa5f6ac3ebda6a96cace9c3c24
[INFO] checking Perxenic-Acid/SSMT-Native against 3154cc1a3e6424e44f438a95007d043ed5ceaaf6 for pr-133502-30
[INFO] running `Command { std: "git" "clone" "/workspace/cache/git-repos/https%3A%2F%2Fgithub.com%2FPerxenic-Acid%2FSSMT-Native" "/workspace/builds/worker-7-tc2/source", kill_on_drop: false }`
[INFO] [stderr] Cloning into '/workspace/builds/worker-7-tc2/source'...
[INFO] [stderr] done.
[INFO] started tweaking git repo https://github.com/Perxenic-Acid/SSMT-Native
[INFO] finished tweaking git repo https://github.com/Perxenic-Acid/SSMT-Native
[INFO] tweaked toml for git repo https://github.com/Perxenic-Acid/SSMT-Native written to /workspace/builds/worker-7-tc2/source/Cargo.toml
[INFO] validating manifest of git repo https://github.com/Perxenic-Acid/SSMT-Native on toolchain 3154cc1a3e6424e44f438a95007d043ed5ceaaf6
[INFO] running `Command { std: CARGO_HOME="/workspace/cargo-home" RUSTUP_HOME="/workspace/rustup-home" "/workspace/cargo-home/bin/cargo" "+3154cc1a3e6424e44f438a95007d043ed5ceaaf6" "metadata" "--manifest-path" "Cargo.toml" "--no-deps", kill_on_drop: false }`
[INFO] crate git repo https://github.com/Perxenic-Acid/SSMT-Native already has a lockfile, it will not be regenerated
[INFO] running `Command { std: CARGO_HOME="/workspace/cargo-home" RUSTUP_HOME="/workspace/rustup-home" "/workspace/cargo-home/bin/cargo" "+3154cc1a3e6424e44f438a95007d043ed5ceaaf6" "fetch" "--manifest-path" "Cargo.toml", kill_on_drop: false }`
[INFO] running `Command { std: "docker" "create" "-v" "/var/lib/crater-agent-workspace/builds/worker-7-tc2/source:/opt/rustwide/workdir:ro,Z" "-v" "/var/lib/crater-agent-workspace/builds/worker-7-tc2/target:/opt/rustwide/target:rw,Z" "-v" "/var/lib/crater-agent-workspace/cargo-home:/opt/rustwide/cargo-home:ro,Z" "-v" "/var/lib/crater-agent-workspace/rustup-home:/opt/rustwide/rustup-home:ro,Z" "-m" "1610612736" "--network" "none" "ghcr.io/rust-lang/crates-build-env/linux@sha256:77db811e55d90add9212f6832c23229e3de5f1c1f9905e8cb07319ea15df73ac" "sleep" "infinity", kill_on_drop: false }`
[INFO] [stdout] 5f861c4fcbc21fcb21d7d3cda48b7689014cbfe59057bcc35cfadbd658ca9b74
[INFO] running `Command { std: "docker" "start" "5f861c4fcbc21fcb21d7d3cda48b7689014cbfe59057bcc35cfadbd658ca9b74", kill_on_drop: false }`
[INFO] running `Command { std: "docker" "inspect" "5f861c4fcbc21fcb21d7d3cda48b7689014cbfe59057bcc35cfadbd658ca9b74", kill_on_drop: false }`
[INFO] running `Command { std: "docker" "exec" "-e" "SOURCE_DIR=/opt/rustwide/workdir" "-e" "CARGO_HOME=/opt/rustwide/cargo-home" "-e" "RUSTUP_HOME=/opt/rustwide/rustup-home" "-e" "CARGO_TARGET_DIR=/opt/rustwide/target" "-w" "/opt/rustwide/workdir" "--user" "0:0" "5f861c4fcbc21fcb21d7d3cda48b7689014cbfe59057bcc35cfadbd658ca9b74" "/opt/rustwide/cargo-home/bin/cargo" "+3154cc1a3e6424e44f438a95007d043ed5ceaaf6" "metadata" "--no-deps" "--format-version=1", kill_on_drop: false }`
[INFO] running `Command { std: "docker" "inspect" "5f861c4fcbc21fcb21d7d3cda48b7689014cbfe59057bcc35cfadbd658ca9b74", kill_on_drop: false }`
[INFO] running `Command { std: "docker" "exec" "-e" "SOURCE_DIR=/opt/rustwide/workdir" "-e" "CARGO_HOME=/opt/rustwide/cargo-home" "-e" "RUSTUP_HOME=/opt/rustwide/rustup-home" "-e" "CARGO_TARGET_DIR=/opt/rustwide/target" "-e" "CARGO_INCREMENTAL=0" "-e" "RUST_BACKTRACE=full" "-e" "RUSTFLAGS=--cap-lints=forbid" "-e" "RUSTDOCFLAGS=--cap-lints=forbid" "-w" "/opt/rustwide/workdir" "--user" "0:0" "5f861c4fcbc21fcb21d7d3cda48b7689014cbfe59057bcc35cfadbd658ca9b74" "/opt/rustwide/cargo-home/bin/cargo" "+3154cc1a3e6424e44f438a95007d043ed5ceaaf6" "check" "--frozen" "--all" "--all-targets" "--message-format=json", kill_on_drop: false }`
[INFO] [stderr]    Compiling proc-macro2 v1.0.107
[INFO] [stderr]    Compiling quote v1.0.47
[INFO] [stderr]    Compiling serde_core v1.0.229
[INFO] [stderr]     Checking ssmt-plugin-api v0.1.0 (/opt/rustwide/workdir/crates/plugin-api)
[INFO] [stderr]    Compiling serde v1.0.229
[INFO] [stderr]    Compiling serde_json v1.0.151
[INFO] [stderr]     Checking memchr v2.8.3
[INFO] [stderr]     Checking libloading v0.9.0
[INFO] [stderr]     Checking ssmt-test-plugin v0.1.0 (/opt/rustwide/workdir/crates/test-plugin)
[INFO] [stderr]    Compiling syn v3.0.5
[INFO] [stderr]    Compiling serde_derive v1.0.229
[INFO] [stderr]     Checking ssmt-plugin-host v0.1.0 (/opt/rustwide/workdir/crates/plugin-host)
[INFO] [stdout] error[E0433]: cannot find `windows` in `os`
[INFO] [stdout]   --> crates/plugin-host/src/config.rs:13:24
[INFO] [stdout]    |
[INFO] [stdout] 13 |     ffi::OsString, os::windows::ffi::OsStringExt, slice,
[INFO] [stdout]    |                        ^^^^^^^ could not find `windows` in `os`
[INFO] [stdout]    |
[INFO] [stdout] note: found an item that was configured out
[INFO] [stdout]   --> /rustc/3154cc1a3e6424e44f438a95007d043ed5ceaaf6/library/std/src/os/mod.rs:62:4
[INFO] [stdout]    |
[INFO] [stdout]    = note: the item is gated behind the `windows` feature
[INFO] [stdout] 
[INFO] [stdout] 
[INFO] [stdout] error[E0433]: cannot find `windows` in `os`
[INFO] [stdout]   --> crates/plugin-host/src/config.rs:13:24
[INFO] [stdout]    |
[INFO] [stdout] 13 |     ffi::OsString, os::windows::ffi::OsStringExt, slice,
[INFO] [stdout]    |                        ^^^^^^^ could not find `windows` in `os`
[INFO] [stdout]    |
[INFO] [stdout] note: found an item that was configured out
[INFO] [stdout]   --> /rustc/3154cc1a3e6424e44f438a95007d043ed5ceaaf6/library/std/src/os/mod.rs:62:4
[INFO] [stdout]    |
[INFO] [stdout]    = note: the item is gated behind the `windows` feature
[INFO] [stdout] 
[INFO] [stdout] 
[INFO] [stdout] error[E0599]: no associated function or constant named `from_wide` found for struct `OsString` in the current scope
[INFO] [stdout]   --> crates/plugin-host/src/config.rs:31:34
[INFO] [stdout]    |
[INFO] [stdout] 31 |     Some(PathBuf::from(OsString::from_wide(wide)))
[INFO] [stdout]    |                                  ^^^^^^^^^ associated function or constant not found in `OsString`
[INFO] [stdout]    |
[INFO] [stdout] note: if you're trying to build a new `OsString` consider using one of the following associated functions:
[INFO] [stdout]       OsString::new
[INFO] [stdout]       OsString::from_encoded_bytes_unchecked
[INFO] [stdout]       OsString::with_capacity
[INFO] [stdout]   --> /rustc/3154cc1a3e6424e44f438a95007d043ed5ceaaf6/library/std/src/ffi/os_str.rs:134:4
[INFO] [stdout] help: there is an associated function `from_iter` with a similar name
[INFO] [stdout]    |
[INFO] [stdout] 31 -     Some(PathBuf::from(OsString::from_wide(wide)))
[INFO] [stdout] 31 +     Some(PathBuf::from(OsString::from_iter(wide)))
[INFO] [stdout]    |
[INFO] [stdout] 
[INFO] [stdout] 
[INFO] [stdout] error[E0599]: no associated function or constant named `from_wide` found for struct `OsString` in the current scope
[INFO] [stdout]   --> crates/plugin-host/src/config.rs:31:34
[INFO] [stdout]    |
[INFO] [stdout] 31 |     Some(PathBuf::from(OsString::from_wide(wide)))
[INFO] [stdout]    |                                  ^^^^^^^^^ associated function or constant not found in `OsString`
[INFO] [stdout]    |
[INFO] [stdout] note: if you're trying to build a new `OsString` consider using one of the following associated functions:
[INFO] [stdout]       OsString::new
[INFO] [stdout]       OsString::from_encoded_bytes_unchecked
[INFO] [stdout]       OsString::with_capacity
[INFO] [stdout]   --> /rustc/3154cc1a3e6424e44f438a95007d043ed5ceaaf6/library/std/src/ffi/os_str.rs:134:4
[INFO] [stdout] help: there is an associated function `from_iter` with a similar name
[INFO] [stdout]    |
[INFO] [stdout] 31 -     Some(PathBuf::from(OsString::from_wide(wide)))
[INFO] [stdout] 31 +     Some(PathBuf::from(OsString::from_iter(wide)))
[INFO] [stdout]    |
[INFO] [stdout] 
[INFO] [stdout] 
[INFO] [stdout] Some errors have detailed explanations: E0433, E0599.
[INFO] [stdout] 
[INFO] [stdout] For more information about an error, try `rustc --explain E0433`.
[INFO] [stdout] 
[INFO] [stderr] error: could not compile `ssmt-plugin-host` (lib test) due to 2 previous errors
[INFO] [stderr] warning: build failed, waiting for other jobs to finish...
[INFO] [stdout] Some errors have detailed explanations: E0433, E0599.
[INFO] [stdout] 
[INFO] [stdout] For more information about an error, try `rustc --explain E0433`.
[INFO] [stdout] 
[INFO] [stderr] error: could not compile `ssmt-plugin-host` (lib) due to 2 previous errors
[INFO] running `Command { std: "docker" "inspect" "5f861c4fcbc21fcb21d7d3cda48b7689014cbfe59057bcc35cfadbd658ca9b74", kill_on_drop: false }`
[INFO] running `Command { std: "docker" "rm" "-f" "5f861c4fcbc21fcb21d7d3cda48b7689014cbfe59057bcc35cfadbd658ca9b74", kill_on_drop: false }`
[INFO] [stdout] 5f861c4fcbc21fcb21d7d3cda48b7689014cbfe59057bcc35cfadbd658ca9b74
