[INFO] cloning repository https://github.com/Parritap/bit
[INFO] running `Command { std: "git" "-c" "credential.helper=" "-c" "credential.helper=/workspace/cargo-home/bin/git-credential-null" "clone" "--bare" "https://github.com/Parritap/bit" "/workspace/cache/git-repos/https%3A%2F%2Fgithub.com%2FParritap%2Fbit", kill_on_drop: false }`
[INFO] [stderr] Cloning into bare repository '/workspace/cache/git-repos/https%3A%2F%2Fgithub.com%2FParritap%2Fbit'...
[INFO] running `Command { std: "git" "rev-parse" "HEAD", kill_on_drop: false }`
[INFO] [stdout] 9e739cc01a6f727df74a7bd905db0757d494df9e
[INFO] checking Parritap/bit against 3154cc1a3e6424e44f438a95007d043ed5ceaaf6 for pr-133502-30
[INFO] running `Command { std: "git" "clone" "/workspace/cache/git-repos/https%3A%2F%2Fgithub.com%2FParritap%2Fbit" "/workspace/builds/worker-3-tc2/source", kill_on_drop: false }`
[INFO] [stderr] Cloning into '/workspace/builds/worker-3-tc2/source'...
[INFO] [stderr] done.
[INFO] started tweaking git repo https://github.com/Parritap/bit
[INFO] finished tweaking git repo https://github.com/Parritap/bit
[INFO] tweaked toml for git repo https://github.com/Parritap/bit written to /workspace/builds/worker-3-tc2/source/Cargo.toml
[INFO] validating manifest of git repo https://github.com/Parritap/bit on toolchain 3154cc1a3e6424e44f438a95007d043ed5ceaaf6
[INFO] running `Command { std: CARGO_HOME="/workspace/cargo-home" RUSTUP_HOME="/workspace/rustup-home" "/workspace/cargo-home/bin/cargo" "+3154cc1a3e6424e44f438a95007d043ed5ceaaf6" "metadata" "--manifest-path" "Cargo.toml" "--no-deps", kill_on_drop: false }`
[INFO] crate git repo https://github.com/Parritap/bit already has a lockfile, it will not be regenerated
[INFO] running `Command { std: CARGO_HOME="/workspace/cargo-home" RUSTUP_HOME="/workspace/rustup-home" "/workspace/cargo-home/bin/cargo" "+3154cc1a3e6424e44f438a95007d043ed5ceaaf6" "fetch" "--manifest-path" "Cargo.toml", kill_on_drop: false }`
[INFO] running `Command { std: "docker" "create" "-v" "/var/lib/crater-agent-workspace/builds/worker-3-tc2/source:/opt/rustwide/workdir:ro,Z" "-v" "/var/lib/crater-agent-workspace/builds/worker-3-tc2/target:/opt/rustwide/target:rw,Z" "-v" "/var/lib/crater-agent-workspace/cargo-home:/opt/rustwide/cargo-home:ro,Z" "-v" "/var/lib/crater-agent-workspace/rustup-home:/opt/rustwide/rustup-home:ro,Z" "-m" "1610612736" "--network" "none" "ghcr.io/rust-lang/crates-build-env/linux@sha256:77db811e55d90add9212f6832c23229e3de5f1c1f9905e8cb07319ea15df73ac" "sleep" "infinity", kill_on_drop: false }`
[INFO] [stdout] 22d8bd63d689e5d757f2319a03acb9f18673e94ac526103dd8bb5f4aeb371074
[INFO] running `Command { std: "docker" "start" "22d8bd63d689e5d757f2319a03acb9f18673e94ac526103dd8bb5f4aeb371074", kill_on_drop: false }`
[INFO] running `Command { std: "docker" "inspect" "22d8bd63d689e5d757f2319a03acb9f18673e94ac526103dd8bb5f4aeb371074", kill_on_drop: false }`
[INFO] running `Command { std: "docker" "exec" "-e" "SOURCE_DIR=/opt/rustwide/workdir" "-e" "CARGO_HOME=/opt/rustwide/cargo-home" "-e" "RUSTUP_HOME=/opt/rustwide/rustup-home" "-e" "CARGO_TARGET_DIR=/opt/rustwide/target" "-w" "/opt/rustwide/workdir" "--user" "0:0" "22d8bd63d689e5d757f2319a03acb9f18673e94ac526103dd8bb5f4aeb371074" "/opt/rustwide/cargo-home/bin/cargo" "+3154cc1a3e6424e44f438a95007d043ed5ceaaf6" "metadata" "--no-deps" "--format-version=1", kill_on_drop: false }`
[INFO] running `Command { std: "docker" "inspect" "22d8bd63d689e5d757f2319a03acb9f18673e94ac526103dd8bb5f4aeb371074", kill_on_drop: false }`
[INFO] running `Command { std: "docker" "exec" "-e" "SOURCE_DIR=/opt/rustwide/workdir" "-e" "CARGO_HOME=/opt/rustwide/cargo-home" "-e" "RUSTUP_HOME=/opt/rustwide/rustup-home" "-e" "CARGO_TARGET_DIR=/opt/rustwide/target" "-e" "CARGO_INCREMENTAL=0" "-e" "RUST_BACKTRACE=full" "-e" "RUSTFLAGS=--cap-lints=forbid" "-e" "RUSTDOCFLAGS=--cap-lints=forbid" "-w" "/opt/rustwide/workdir" "--user" "0:0" "22d8bd63d689e5d757f2319a03acb9f18673e94ac526103dd8bb5f4aeb371074" "/opt/rustwide/cargo-home/bin/cargo" "+3154cc1a3e6424e44f438a95007d043ed5ceaaf6" "check" "--frozen" "--all" "--all-targets" "--message-format=json", kill_on_drop: false }`
[INFO] [stderr]    Compiling quote v1.0.46
[INFO] [stderr]     Checking typenum v1.20.1
[INFO] [stderr]    Compiling serde_core v1.0.228
[INFO] [stderr]     Checking clap_lex v1.1.0
[INFO] [stderr]     Checking simd-adler32 v0.3.10
[INFO] [stderr]     Checking const-oid v0.10.2
[INFO] [stderr]    Compiling serde v1.0.228
[INFO] [stderr]     Checking const-hex v1.19.1
[INFO] [stderr]     Checking strum v0.28.0
[INFO] [stderr]     Checking clap_builder v4.6.0
[INFO] [stderr]     Checking miniz_oxide v0.8.9
[INFO] [stderr]    Compiling syn v2.0.118
[INFO] [stderr]     Checking flate2 v1.1.9
[INFO] [stderr]     Checking hybrid-array v0.4.13
[INFO] [stderr]     Checking crypto-common v0.2.2
[INFO] [stderr]     Checking block-buffer v0.12.1
[INFO] [stderr]    Compiling serde_derive v1.0.228
[INFO] [stderr]    Compiling clap_derive v4.6.1
[INFO] [stderr]    Compiling strum_macros v0.28.0
[INFO] [stderr]     Checking digest v0.11.3
[INFO] [stderr]     Checking sha1 v0.11.0
[INFO] [stderr]     Checking clap v4.6.1
[INFO] [stderr]     Checking bit v0.1.0 (/opt/rustwide/workdir)
[INFO] [stdout] warning: type `object_db` should have an upper camel case name
[INFO] [stdout]  --> src/internals/database.rs:6:8
[INFO] [stdout]   |
[INFO] [stdout] 6 | struct object_db {
[INFO] [stdout]   |        ^^^^^^^^^ help: convert the identifier to upper camel case: `ObjectDb`
[INFO] [stdout]   |
[INFO] [stdout]   = note: `#[warn(non_camel_case_types)]` (part of `#[warn(nonstandard_style)]`) on by default
[INFO] [stdout] 
[INFO] [stdout] 
[INFO] [stdout] error[E0308]: mismatched types
[INFO] [stdout]   --> src/internals/objects.rs:96:17
[INFO] [stdout]    |
[INFO] [stdout] 96 |     if let Some(None) = bit_dir {
[INFO] [stdout]    |                 ^^^^    ------- this expression has type `Option<PathBuf>`
[INFO] [stdout]    |                 |
[INFO] [stdout]    |                 expected `PathBuf`, found `Option<_>`
[INFO] [stdout]    |                 `None` is interpreted as a unit variant, not a new binding
[INFO] [stdout]    |
[INFO] [stdout]   --> /rustc/3154cc1a3e6424e44f438a95007d043ed5ceaaf6/library/core/src/option.rs:602:4
[INFO] [stdout]    |
[INFO] [stdout]    = note: unit variant defined here
[INFO] [stdout]    |
[INFO] [stdout]    = note: expected struct `PathBuf`
[INFO] [stdout]                 found enum `Option<_>`
[INFO] [stdout] help: introduce a new binding instead
[INFO] [stdout]    |
[INFO] [stdout] 96 -     if let Some(None) = bit_dir {
[INFO] [stdout] 96 +     if let Some(other_none) = bit_dir {
[INFO] [stdout]    |
[INFO] [stdout] 
[INFO] [stdout] 
[INFO] [stdout] error[E0308]: mismatched types
[INFO] [stdout]   --> src/internals/objects.rs:97:20
[INFO] [stdout]    |
[INFO] [stdout] 97 |         return Err("Bit repo not found");
[INFO] [stdout]    |                --- ^^^^^^^^^^^^^^^^^^^^ expected `Error`, found `&str`
[INFO] [stdout]    |                |
[INFO] [stdout]    |                arguments to this enum variant are incorrect
[INFO] [stdout]    |
[INFO] [stdout] help: the type constructed contains `&'static str` due to the type of the argument passed
[INFO] [stdout]   --> src/internals/objects.rs:97:16
[INFO] [stdout]    |
[INFO] [stdout] 97 |         return Err("Bit repo not found");
[INFO] [stdout]    |                ^^^^--------------------^
[INFO] [stdout]    |                    |
[INFO] [stdout]    |                    this argument influences the type of `Err`
[INFO] [stdout] note: tuple variant defined here
[INFO] [stdout]   --> /rustc/3154cc1a3e6424e44f438a95007d043ed5ceaaf6/library/core/src/result.rs:567:4
[INFO] [stdout] 
[INFO] [stdout] 
[INFO] [stdout] warning: type `object_db` should have an upper camel case name
[INFO] [stdout]  --> src/internals/database.rs:6:8
[INFO] [stdout]   |
[INFO] [stdout] 6 | struct object_db {
[INFO] [stdout]   |        ^^^^^^^^^ help: convert the identifier to upper camel case: `ObjectDb`
[INFO] [stdout]   |
[INFO] [stdout]   = note: `#[warn(non_camel_case_types)]` (part of `#[warn(nonstandard_style)]`) on by default
[INFO] [stdout] 
[INFO] [stdout] 
[INFO] [stdout] For more information about this error, try `rustc --explain E0308`.
[INFO] [stdout] 
[INFO] [stderr] error: could not compile `bit` (bin "bit" test) due to 2 previous errors; 1 warning emitted
[INFO] [stderr] warning: build failed, waiting for other jobs to finish...
[INFO] [stdout] error[E0308]: mismatched types
[INFO] [stdout]   --> src/internals/objects.rs:96:17
[INFO] [stdout]    |
[INFO] [stdout] 96 |     if let Some(None) = bit_dir {
[INFO] [stdout]    |                 ^^^^    ------- this expression has type `Option<PathBuf>`
[INFO] [stdout]    |                 |
[INFO] [stdout]    |                 expected `PathBuf`, found `Option<_>`
[INFO] [stdout]    |                 `None` is interpreted as a unit variant, not a new binding
[INFO] [stdout]    |
[INFO] [stdout]   --> /rustc/3154cc1a3e6424e44f438a95007d043ed5ceaaf6/library/core/src/option.rs:602:4
[INFO] [stdout]    |
[INFO] [stdout]    = note: unit variant defined here
[INFO] [stdout]    |
[INFO] [stdout]    = note: expected struct `PathBuf`
[INFO] [stdout]                 found enum `Option<_>`
[INFO] [stdout] help: introduce a new binding instead
[INFO] [stdout]    |
[INFO] [stdout] 96 -     if let Some(None) = bit_dir {
[INFO] [stdout] 96 +     if let Some(other_none) = bit_dir {
[INFO] [stdout]    |
[INFO] [stdout] 
[INFO] [stdout] 
[INFO] [stdout] error[E0308]: mismatched types
[INFO] [stdout]   --> src/internals/objects.rs:97:20
[INFO] [stdout]    |
[INFO] [stdout] 97 |         return Err("Bit repo not found");
[INFO] [stdout]    |                --- ^^^^^^^^^^^^^^^^^^^^ expected `Error`, found `&str`
[INFO] [stdout]    |                |
[INFO] [stdout]    |                arguments to this enum variant are incorrect
[INFO] [stdout]    |
[INFO] [stdout] help: the type constructed contains `&'static str` due to the type of the argument passed
[INFO] [stdout]   --> src/internals/objects.rs:97:16
[INFO] [stdout]    |
[INFO] [stdout] 97 |         return Err("Bit repo not found");
[INFO] [stdout]    |                ^^^^--------------------^
[INFO] [stdout]    |                    |
[INFO] [stdout]    |                    this argument influences the type of `Err`
[INFO] [stdout] note: tuple variant defined here
[INFO] [stdout]   --> /rustc/3154cc1a3e6424e44f438a95007d043ed5ceaaf6/library/core/src/result.rs:567:4
[INFO] [stdout] 
[INFO] [stdout] 
[INFO] [stdout] For more information about this error, try `rustc --explain E0308`.
[INFO] [stdout] 
[INFO] [stderr] error: could not compile `bit` (bin "bit") due to 2 previous errors; 1 warning emitted
[INFO] [stderr] warning: unused dependency `serde`
[INFO] [stderr]   --> Cargo.toml:12:15
[INFO] [stderr]    |
[INFO] [stderr] 12 | [dependencies.serde]
[INFO] [stderr]    |               ^^^^^^
[INFO] [stderr]    |
[INFO] [stderr]    = note: `cargo::unused_dependencies` is set to `warn` by default
[INFO] [stderr] help: consider removing the dependency on `serde`
[INFO] [stderr] warning: unused dependency `strum`
[INFO] [stderr]  --> Cargo.toml:5:1
[INFO] [stderr]   |
[INFO] [stderr] 5 | strum = "0.28.0"
[INFO] [stderr]   | ^^^^^^^^^^^^^^^^
[INFO] [stderr]   |
[INFO] [stderr] help: consider removing the dependency on `strum`
[INFO] [stderr] warning: `bit` (manifest) generated 2 warnings
[INFO] running `Command { std: "docker" "inspect" "22d8bd63d689e5d757f2319a03acb9f18673e94ac526103dd8bb5f4aeb371074", kill_on_drop: false }`
[INFO] running `Command { std: "docker" "rm" "-f" "22d8bd63d689e5d757f2319a03acb9f18673e94ac526103dd8bb5f4aeb371074", kill_on_drop: false }`
[INFO] [stdout] 22d8bd63d689e5d757f2319a03acb9f18673e94ac526103dd8bb5f4aeb371074
