[INFO] cloning repository https://github.com/PT123123/aw-server-plus
[INFO] running `Command { std: "git" "-c" "credential.helper=" "-c" "credential.helper=/workspace/cargo-home/bin/git-credential-null" "clone" "--bare" "https://github.com/PT123123/aw-server-plus" "/workspace/cache/git-repos/https%3A%2F%2Fgithub.com%2FPT123123%2Faw-server-plus", kill_on_drop: false }`
[INFO] [stderr] Cloning into bare repository '/workspace/cache/git-repos/https%3A%2F%2Fgithub.com%2FPT123123%2Faw-server-plus'...
[INFO] running `Command { std: "git" "rev-parse" "HEAD", kill_on_drop: false }`
[INFO] [stdout] 2865b70970b91ae34c4ba50601d53e94d05fd606
[INFO] checking PT123123/aw-server-plus against 3154cc1a3e6424e44f438a95007d043ed5ceaaf6+rustflags=-Znext-solver=coherence for pr-133502-30
[INFO] running `Command { std: "git" "clone" "/workspace/cache/git-repos/https%3A%2F%2Fgithub.com%2FPT123123%2Faw-server-plus" "/workspace/builds/worker-2-tc1/source", kill_on_drop: false }`
[INFO] [stderr] Cloning into '/workspace/builds/worker-2-tc1/source'...
[INFO] [stderr] done.
[INFO] started tweaking git repo https://github.com/PT123123/aw-server-plus
[INFO] finished tweaking git repo https://github.com/PT123123/aw-server-plus
[INFO] tweaked toml for git repo https://github.com/PT123123/aw-server-plus written to /workspace/builds/worker-2-tc1/source/Cargo.toml
[INFO] validating manifest of git repo https://github.com/PT123123/aw-server-plus on toolchain 3154cc1a3e6424e44f438a95007d043ed5ceaaf6
[INFO] running `Command { std: CARGO_HOME="/workspace/cargo-home" RUSTUP_HOME="/workspace/rustup-home" "/workspace/cargo-home/bin/cargo" "+3154cc1a3e6424e44f438a95007d043ed5ceaaf6" "metadata" "--manifest-path" "Cargo.toml" "--no-deps", kill_on_drop: false }`
[INFO] crate git repo https://github.com/PT123123/aw-server-plus already has a lockfile, it will not be regenerated
[INFO] running `Command { std: CARGO_HOME="/workspace/cargo-home" RUSTUP_HOME="/workspace/rustup-home" "/workspace/cargo-home/bin/cargo" "+3154cc1a3e6424e44f438a95007d043ed5ceaaf6" "fetch" "--manifest-path" "Cargo.toml", kill_on_drop: false }`
[INFO] [stderr]     Updating crates.io index
[INFO] [stderr]  Downloading crates ...
[INFO] [stderr]   Downloaded unicase_serde v0.1.0
[INFO] [stderr]   Downloaded rocket_cors v0.6.0
[INFO] [stderr]   Downloaded rocket_http v0.5.1
[INFO] [stderr]   Downloaded devise_codegen v0.4.2
[INFO] [stderr]   Downloaded binascii v0.1.4
[INFO] [stderr]   Downloaded devise v0.4.2
[INFO] [stderr]   Downloaded stable-pattern v0.1.0
[INFO] [stderr]   Downloaded devise_core v0.4.2
[INFO] [stderr]   Downloaded rusqlite v0.30.0
[INFO] [stderr]   Downloaded rocket_codegen v0.5.1
[INFO] [stderr]   Downloaded mdns-sd v0.21.4
[INFO] [stderr]   Downloaded rocket v0.5.1
[INFO] [stderr]   Downloaded sd-notify v0.4.5
[INFO] [stderr]   Downloaded log-panics v2.1.0
[INFO] [stderr]   Downloaded jemallocator v0.5.4
[INFO] [stderr]   Downloaded jemalloc-sys v0.5.4+5.3.0-patched
[INFO] [stderr]   Downloaded mpsc_requests v0.3.4
[INFO] running `Command { std: "docker" "create" "-v" "/var/lib/crater-agent-workspace/builds/worker-2-tc1/source:/opt/rustwide/workdir:ro,Z" "-v" "/var/lib/crater-agent-workspace/builds/worker-2-tc1/target:/opt/rustwide/target:rw,Z" "-v" "/var/lib/crater-agent-workspace/cargo-home:/opt/rustwide/cargo-home:ro,Z" "-v" "/var/lib/crater-agent-workspace/rustup-home:/opt/rustwide/rustup-home:ro,Z" "-m" "1610612736" "--network" "none" "ghcr.io/rust-lang/crates-build-env/linux@sha256:77db811e55d90add9212f6832c23229e3de5f1c1f9905e8cb07319ea15df73ac" "sleep" "infinity", kill_on_drop: false }`
[INFO] [stdout] 58fc61b178ecf6d7c3b5fc0a268a35a38325b907bc08e223f10e1a050ce1e67a
[INFO] running `Command { std: "docker" "start" "58fc61b178ecf6d7c3b5fc0a268a35a38325b907bc08e223f10e1a050ce1e67a", kill_on_drop: false }`
[INFO] running `Command { std: "docker" "inspect" "58fc61b178ecf6d7c3b5fc0a268a35a38325b907bc08e223f10e1a050ce1e67a", kill_on_drop: false }`
[INFO] running `Command { std: "docker" "exec" "-e" "SOURCE_DIR=/opt/rustwide/workdir" "-e" "CARGO_HOME=/opt/rustwide/cargo-home" "-e" "RUSTUP_HOME=/opt/rustwide/rustup-home" "-e" "CARGO_TARGET_DIR=/opt/rustwide/target" "-w" "/opt/rustwide/workdir" "--user" "0:0" "58fc61b178ecf6d7c3b5fc0a268a35a38325b907bc08e223f10e1a050ce1e67a" "/opt/rustwide/cargo-home/bin/cargo" "+3154cc1a3e6424e44f438a95007d043ed5ceaaf6" "metadata" "--no-deps" "--format-version=1", kill_on_drop: false }`
[INFO] running `Command { std: "docker" "inspect" "58fc61b178ecf6d7c3b5fc0a268a35a38325b907bc08e223f10e1a050ce1e67a", kill_on_drop: false }`
[INFO] running `Command { std: "docker" "exec" "-e" "SOURCE_DIR=/opt/rustwide/workdir" "-e" "CARGO_HOME=/opt/rustwide/cargo-home" "-e" "RUSTUP_HOME=/opt/rustwide/rustup-home" "-e" "CARGO_TARGET_DIR=/opt/rustwide/target" "-e" "CARGO_INCREMENTAL=0" "-e" "RUST_BACKTRACE=full" "-e" "RUSTFLAGS=--cap-lints=forbid -Znext-solver=coherence" "-e" "RUSTDOCFLAGS=--cap-lints=forbid" "-w" "/opt/rustwide/workdir" "--user" "0:0" "58fc61b178ecf6d7c3b5fc0a268a35a38325b907bc08e223f10e1a050ce1e67a" "/opt/rustwide/cargo-home/bin/cargo" "+3154cc1a3e6424e44f438a95007d043ed5ceaaf6" "check" "--frozen" "--all" "--all-targets" "--message-format=json", kill_on_drop: false }`
[INFO] [stderr]    Compiling serde_json v1.0.151
[INFO] [stderr]     Checking serde v1.0.229
[INFO] [stderr]    Compiling ring v0.17.14
[INFO] [stderr]    Compiling zerocopy-derive v0.8.56
[INFO] [stderr]     Checking mio v1.2.2
[INFO] [stderr]     Checking futures-sink v0.3.33
[INFO] [stderr]    Compiling num-traits v0.2.19
[INFO] [stderr]    Compiling ahash v0.8.12
[INFO] [stderr]     Checking futures-channel v0.3.33
[INFO] [stderr]     Checking futures-io v0.3.33
[INFO] [stderr]     Checking futures-task v0.3.33
[INFO] [stderr]    Compiling pin-project-lite v0.2.17
[INFO] [stderr]     Checking futures-util v0.3.33
[INFO] [stderr]    Compiling futures-core v0.3.33
[INFO] [stderr]     Checking tokio v1.53.1
[INFO] [stderr]    Compiling smallvec v1.15.2
[INFO] [stderr]    Compiling getrandom v0.4.3
[INFO] [stderr]     Checking idna v1.1.0
[INFO] [stderr]    Compiling proc-macro2-diagnostics v0.10.1
[INFO] [stderr]     Checking url v2.5.8
[INFO] [stderr]    Compiling slab v0.4.12
[INFO] [stderr]     Checking chrono v0.4.45
[INFO] [stderr]    Compiling yansi v1.0.1
[INFO] [stderr]     Checking tracing v0.1.44
[INFO] [stderr]     Checking either v1.17.0
[INFO] [stderr]     Checking zerocopy v0.8.56
[INFO] [stderr]    Compiling socket2 v0.6.5
[INFO] [stderr]    Compiling serde_core v1.0.229
[INFO] [stderr]     Checking subtle v2.6.1
[INFO] [stderr]    Compiling percent-encoding v2.3.2
[INFO] [stderr]    Compiling tracing-core v0.1.36
[INFO] [stderr]     Checking indexmap v2.14.0
[INFO] [stderr]    Compiling zerofrom v0.1.8
[INFO] [stderr]    Compiling yoke v0.8.3
[INFO] [stderr]     Checking is-terminal v0.4.17
[INFO] [stderr]    Compiling zerovec v0.11.6
[INFO] [stderr]    Compiling pear_codegen v0.2.9
[INFO] [stderr]     Checking spin v0.9.9
[INFO] [stderr]    Compiling libsqlite3-sys v0.27.0
[INFO] [stderr]    Compiling cookie v0.18.1
[INFO] [stderr]    Compiling http v0.2.12
[INFO] [stderr]     Checking tokio-util v0.7.19
[INFO] [stderr]     Checking tokio-stream v0.1.19
[INFO] [stderr]     Checking digest v0.10.7
[INFO] [stderr]    Compiling uncased v0.9.10
[INFO] [stderr]    Compiling try-lock v0.2.5
[INFO] [stderr]    Compiling time v0.3.55
[INFO] [stderr]    Compiling want v0.3.1
[INFO] [stderr]    Compiling http-body v0.4.6
[INFO] [stderr]    Compiling tinystr v0.8.3
[INFO] [stderr]    Compiling devise_core v0.4.2
[INFO] [stderr]    Compiling httparse v1.10.1
[INFO] [stderr]     Checking toml_datetime v0.6.11
[INFO] [stderr]     Checking serde_spanned v0.6.9
[INFO] [stderr]     Checking hybrid-array v0.4.15
[INFO] [stderr]    Compiling socket2 v0.5.10
[INFO] [stderr]    Compiling inlinable_string v0.1.15
[INFO] [stderr]    Compiling httpdate v1.0.3
[INFO] [stderr]    Compiling tower-service v0.3.3
[INFO] [stderr]    Compiling icu_locale_core v2.2.0
[INFO] [stderr]    Compiling pear v0.2.9
[INFO] [stderr]    Compiling devise_codegen v0.4.2
[INFO] [stderr]     Checking hashbrown v0.14.5
[INFO] [stderr]     Checking ppv-lite86 v0.2.21
[INFO] [stderr]     Checking toml_edit v0.22.27
[INFO] [stderr]     Checking hashlink v0.8.4
[INFO] [stderr]    Compiling hyper v0.14.32
[INFO] [stderr]     Checking h2 v0.3.27
[INFO] [stderr]    Compiling futures v0.3.33
[INFO] [stderr]    Compiling ref-cast v1.0.26
[INFO] [stderr]    Compiling potential_utf v0.1.5
[INFO] [stderr]    Compiling zerotrie v0.2.4
[INFO] [stderr]    Compiling stable-pattern v0.1.0
[INFO] [stderr]    Compiling figment v0.10.19
[INFO] [stderr]    Compiling multer v3.1.0
[INFO] [stderr]    Compiling state v0.6.0
[INFO] [stderr]     Checking sha2 v0.10.9
[INFO] [stderr]    Compiling icu_collections v2.2.0
[INFO] [stderr]     Checking rand_chacha v0.3.1
[INFO] [stderr]    Compiling icu_provider v2.2.0
[INFO] [stderr]    Compiling devise v0.4.2
[INFO] [stderr]     Checking toml v0.8.23
[INFO] [stderr]    Compiling async-stream-impl v0.3.6
[INFO] [stderr]    Compiling rocket v0.5.1
[INFO] [stderr]    Compiling rustls v0.21.12
[INFO] [stderr]     Checking rand v0.8.7
[INFO] [stderr]     Checking tempfile v3.27.0
[INFO] [stderr]     Checking async-stream v0.3.6
[INFO] [stderr]     Checking crypto-common v0.2.2
[INFO] [stderr]    Compiling getrandom v0.2.17
[INFO] [stderr]     Checking ubyte v0.10.4
[INFO] [stderr]     Checking num_cpus v1.17.0
[INFO] [stderr]    Compiling rocket_http v0.5.1
[INFO] [stderr]    Compiling untrusted v0.9.0
[INFO] [stderr]     Checking binascii v0.1.4
[INFO] [stderr]     Checking unicase_serde v0.1.0
[INFO] [stderr]    Compiling icu_properties v2.2.0
[INFO] [stderr]    Compiling icu_normalizer v2.2.0
[INFO] [stderr]    Compiling getrandom v0.3.4
[INFO] [stderr]    Compiling crossbeam-utils v0.8.22
[INFO] [stderr]    Compiling parking_lot_core v0.9.12
[INFO] [stderr]    Compiling allocator-api2 v0.2.21
[INFO] [stderr]    Compiling rustls v0.23.43
[INFO] [stderr]    Compiling idna_adapter v1.2.2
[INFO] [stderr]    Compiling nom v7.1.3
[INFO] [stderr]    Compiling parking_lot v0.12.5
[INFO] [stderr]    Compiling rocket_codegen v0.5.1
[INFO] [stderr]    Compiling sct v0.7.1
[INFO] [stderr]    Compiling rustls-webpki v0.101.7
[INFO] [stderr]     Checking rustls-webpki v0.103.13
[INFO] [stderr]     Checking inout v0.2.2
[INFO] [stderr]    Compiling form_urlencoded v1.2.2
[INFO] [stderr]    Compiling serde_derive_internals v0.29.1
[INFO] [stderr]    Compiling schemars v0.8.22
[INFO] [stderr]    Compiling base64 v0.21.7
[INFO] [stderr]    Compiling crc-catalog v2.5.0
[INFO] [stderr]    Compiling iana-time-zone v0.1.65
[INFO] [stderr]    Compiling unicode_categories v0.1.1
[INFO] [stderr]    Compiling rustls-pemfile v1.0.4
[INFO] [stderr]    Compiling sqlformat v0.2.6
[INFO] [stderr]    Compiling crc v3.4.0
[INFO] [stderr]    Compiling schemars_derive v0.8.22
[INFO] [stderr]     Checking ctutils v0.4.2
[INFO] [stderr]     Checking hyper v1.11.0
[INFO] [stderr]     Checking rusqlite v0.30.0
[INFO] [stderr]    Compiling crossbeam-queue v0.3.13
[INFO] [stderr]    Compiling futures-intrusive v0.5.0
[INFO] [stderr]    Compiling atoi v2.0.0
[INFO] [stderr]    Compiling thiserror v1.0.69
[INFO] [stderr]     Checking block-buffer v0.12.1
[INFO] [stderr]     Checking sync_wrapper v1.0.2
[INFO] [stderr]    Compiling syn v1.0.109
[INFO] [stderr]    Compiling webpki-roots v0.25.4
[INFO] [stderr]     Checking ipnet v2.12.1
[INFO] [stderr]    Compiling byteorder v1.5.0
[INFO] [stderr]    Compiling hex v0.4.3
[INFO] [stderr]    Compiling event-listener v2.5.3
[INFO] [stderr]     Checking hyper-util v0.1.20
[INFO] [stderr]     Checking tower v0.5.3
[INFO] [stderr]    Compiling rustix v1.1.4
[INFO] [stderr]     Checking cipher v0.5.2
[INFO] [stderr]    Compiling flume v0.11.1
[INFO] [stderr]     Checking universal-hash v0.6.1
[INFO] [stderr]    Compiling futures-executor v0.3.33
[INFO] [stderr]     Checking tokio-rustls v0.26.4
[INFO] [stderr]    Compiling fastrand v2.5.0
[INFO] [stderr]    Compiling urlencoding v2.1.3
[INFO] [stderr]    Compiling heck v0.4.1
[INFO] [stderr]     Checking serde_urlencoded v0.7.1
[INFO] [stderr]     Checking hyper-rustls v0.27.9
[INFO] [stderr]    Compiling sqlx-core v0.7.4
[INFO] [stderr]     Checking polyval v0.7.3
[INFO] [stderr]     Checking tower-http v0.6.11
[INFO] [stderr]    Compiling dotenvy v0.15.7
[INFO] [stderr]     Checking reqwest v0.12.28
[INFO] [stderr]     Checking ghash v0.6.0
[INFO] [stderr]     Checking aes v0.9.3
[INFO] [stderr]     Checking ctr v0.10.1
[INFO] [stderr]     Checking aw-models v0.1.0 (/opt/rustwide/workdir/aw-models)
[INFO] [stderr]     Checking aead v0.6.1
[INFO] [stderr]     Checking hmac v0.12.1
[INFO] [stderr]     Checking flume v0.12.0
[INFO] [stderr]     Checking socket-pktinfo v0.4.1
[INFO] [stdout] warning: field `0` is never read
[INFO] [stdout]   --> aw-models/src/tryvec.rs:13:14
[INFO] [stdout]    |
[INFO] [stdout] 13 |     Unparsed(Value),
[INFO] [stdout]    |     -------- ^^^^^
[INFO] [stdout]    |     |
[INFO] [stdout]    |     field in this variant
[INFO] [stdout]    |
[INFO] [stdout]    = note: `TryParse` has derived impls for the traits `Clone` and `Debug`, but these are intentionally ignored during dead code analysis
[INFO] [stdout]    = note: `#[warn(dead_code)]` (part of `#[warn(unused)]`) on by default
[INFO] [stdout] help: consider changing the field to be of unit type to suppress this warning while preserving the field numbering, or remove the field
[INFO] [stdout]    |
[INFO] [stdout] 13 -     Unparsed(Value),
[INFO] [stdout] 13 +     Unparsed(()),
[INFO] [stdout]    |
[INFO] [stdout] 
[INFO] [stdout] 
[INFO] [stderr]     Checking gethostname v0.4.3
[INFO] [stderr]     Checking if-addrs v0.15.0
[INFO] [stderr]     Checking hkdf v0.12.4
[INFO] [stderr]     Checking aes-gcm v0.11.1
[INFO] [stderr]     Checking uuid v1.24.0
[INFO] [stderr]     Checking mdns-sd v0.21.4
[INFO] [stderr]     Checking fancy-regex v0.17.0
[INFO] [stderr]    Compiling clap_derive v4.6.4
[INFO] [stderr]     Checking rocket_cors v0.6.0
[INFO] [stderr]     Checking aw-transform v0.1.0 (/opt/rustwide/workdir/aw-transform)
[INFO] [stderr]     Checking clap_builder v4.6.6
[INFO] [stderr]     Checking crossbeam-channel v0.5.16
[INFO] [stderr]     Checking object v0.37.3
[INFO] [stderr]     Checking aw-sync-rust v0.1.0 (/opt/rustwide/workdir/aw-sync-rust)
[INFO] [stderr]    Compiling sqlx-sqlite v0.7.4
[INFO] [stderr]     Checking mpsc_requests v0.3.4
[INFO] [stderr]     Checking rustc-demangle v0.1.28
[INFO] [stderr]     Checking aw-datastore v0.1.0 (/opt/rustwide/workdir/aw-datastore)
[INFO] [stdout] warning: use of deprecated constant `std::i64::MAX`: replaced by the `MAX` associated constant on this type
[INFO] [stdout]    --> aw-datastore/src/datastore.rs:835:31
[INFO] [stdout]     |
[INFO] [stdout] 835 |             None => std::i64::MAX,
[INFO] [stdout]     |                               ^^^
[INFO] [stdout]     |
[INFO] [stdout]     = note: `#[warn(deprecated)]` on by default
[INFO] [stdout] 
[INFO] [stdout] 
[INFO] [stdout] warning: use of deprecated constant `std::i64::MAX`: replaced by the `MAX` associated constant on this type
[INFO] [stdout]    --> aw-datastore/src/datastore.rs:962:31
[INFO] [stdout]     |
[INFO] [stdout] 962 |             None => std::i64::MAX,
[INFO] [stdout]     |                               ^^^
[INFO] [stdout] 
[INFO] [stdout] 
[INFO] [stdout] warning: unused import: `chrono::Utc`
[INFO] [stdout]   --> aw-sync-rust/src/lib.rs:39:5
[INFO] [stdout]    |
[INFO] [stdout] 39 | use chrono::Utc;
[INFO] [stdout]    |     ^^^^^^^^^^^
[INFO] [stdout]    |
[INFO] [stdout]    = note: `#[warn(unused_imports)]` (part of `#[warn(unused)]`) on by default
[INFO] [stdout] 
[INFO] [stdout] 
[INFO] [stdout] warning: field `0` is never read
[INFO] [stdout]  --> aw-datastore/src/legacy_import.rs:6:21
[INFO] [stdout]   |
[INFO] [stdout] 6 |     SQLPrepareError(String),
[INFO] [stdout]   |     --------------- ^^^^^^
[INFO] [stdout]   |     |
[INFO] [stdout]   |     field in this variant
[INFO] [stdout]   |
[INFO] [stdout]   = note: `LegacyDatastoreImportError` has derived impls for the traits `Clone` and `Debug`, but these are intentionally ignored during dead code analysis
[INFO] [stdout]   = note: `#[warn(dead_code)]` (part of `#[warn(unused)]`) on by default
[INFO] [stdout] help: consider changing the field to be of unit type to suppress this warning while preserving the field numbering, or remove the field
[INFO] [stdout]   |
[INFO] [stdout] 6 -     SQLPrepareError(String),
[INFO] [stdout] 6 +     SQLPrepareError(()),
[INFO] [stdout]   |
[INFO] [stdout] 
[INFO] [stdout] 
[INFO] [stdout] warning: field `0` is never read
[INFO] [stdout]  --> aw-datastore/src/legacy_import.rs:7:17
[INFO] [stdout]   |
[INFO] [stdout] 7 |     SQLMapError(String),
[INFO] [stdout]   |     ----------- ^^^^^^
[INFO] [stdout]   |     |
[INFO] [stdout]   |     field in this variant
[INFO] [stdout]   |
[INFO] [stdout]   = note: `LegacyDatastoreImportError` has derived impls for the traits `Clone` and `Debug`, but these are intentionally ignored during dead code analysis
[INFO] [stdout] help: consider changing the field to be of unit type to suppress this warning while preserving the field numbering, or remove the field
[INFO] [stdout]   |
[INFO] [stdout] 7 -     SQLMapError(String),
[INFO] [stdout] 7 +     SQLMapError(()),
[INFO] [stdout]   |
[INFO] [stdout] 
[INFO] [stdout] 
[INFO] [stdout] warning: associated items `with_defaults` and `to_json` are never used
[INFO] [stdout]    --> aw-datastore/src/privacy_filter.rs:116:12
[INFO] [stdout]     |
[INFO] [stdout] 109 | impl PrivacyFilterEngine {
[INFO] [stdout]     | ------------------------ associated items in this implementation
[INFO] [stdout] ...
[INFO] [stdout] 116 |     pub fn with_defaults() -> Self {
[INFO] [stdout]     |            ^^^^^^^^^^^^^
[INFO] [stdout] ...
[INFO] [stdout] 176 |     pub fn to_json(&self) -> Result<String, String> {
[INFO] [stdout]     |            ^^^^^^^
[INFO] [stdout] 
[INFO] [stdout] 
[INFO] [stderr]    Compiling aw-server v0.14.0 (/opt/rustwide/workdir/aw-server)
[INFO] [stderr]     Checking fern v0.7.1
[INFO] [stderr]     Checking sd-notify v0.4.5
[INFO] [stderr]    Compiling phf_shared v0.11.3
[INFO] [stderr]     Checking half v2.7.1
[INFO] [stderr]     Checking fs4 v0.13.1
[INFO] [stderr]     Checking itertools v0.10.5
[INFO] [stderr]     Checking clap v4.6.6
[INFO] [stderr]     Checking rayon v1.12.0
[INFO] [stderr]     Checking ciborium-ll v0.2.2
[INFO] [stderr]     Checking ciborium v0.2.2
[INFO] [stderr]    Compiling phf_generator v0.11.3
[INFO] [stderr]    Compiling phf_macros v0.11.3
[INFO] [stderr]     Checking plotters v0.3.7
[INFO] [stderr]     Checking phf v0.11.3
[INFO] [stderr]    Compiling sqlx-macros-core v0.7.4
[INFO] [stderr]     Checking criterion-plot v0.5.0
[INFO] [stdout] warning: unused variable: `k`
[INFO] [stdout]     --> aw-sync-rust/src/storage.rs:1148:18
[INFO] [stdout]      |
[INFO] [stdout] 1148 |             Some(k) => {
[INFO] [stdout]      |                  ^ help: if this is intentional, prefix it with an underscore: `_k`
[INFO] [stdout]      |
[INFO] [stdout]      = note: `#[warn(unused_variables)]` (part of `#[warn(unused)]`) on by default
[INFO] [stdout] 
[INFO] [stdout] 
[INFO] [stderr]     Checking tokio-test v0.4.5
[INFO] [stderr]     Checking tinytemplate v1.2.1
[INFO] [stderr]     Checking aw-client-rust v0.1.0 (/opt/rustwide/workdir/aw-client-rust)
[INFO] [stdout] warning: use of deprecated constant `std::i64::MAX`: replaced by the `MAX` associated constant on this type
[INFO] [stdout]    --> aw-datastore/src/datastore.rs:835:31
[INFO] [stdout]     |
[INFO] [stdout] 835 |             None => std::i64::MAX,
[INFO] [stdout]     |                               ^^^
[INFO] [stdout]     |
[INFO] [stdout]     = note: `#[warn(deprecated)]` on by default
[INFO] [stdout] 
[INFO] [stdout] 
[INFO] [stdout] warning: use of deprecated constant `std::i64::MAX`: replaced by the `MAX` associated constant on this type
[INFO] [stdout]    --> aw-datastore/src/datastore.rs:962:31
[INFO] [stdout]     |
[INFO] [stdout] 962 |             None => std::i64::MAX,
[INFO] [stdout]     |                               ^^^
[INFO] [stdout] 
[INFO] [stdout] 
[INFO] [stderr]     Checking backtrace v0.3.76
[INFO] [stdout] warning: field `0` is never read
[INFO] [stdout]  --> aw-datastore/src/legacy_import.rs:6:21
[INFO] [stdout]   |
[INFO] [stdout] 6 |     SQLPrepareError(String),
[INFO] [stdout]   |     --------------- ^^^^^^
[INFO] [stdout]   |     |
[INFO] [stdout]   |     field in this variant
[INFO] [stdout]   |
[INFO] [stdout]   = note: `LegacyDatastoreImportError` has derived impls for the traits `Clone` and `Debug`, but these are intentionally ignored during dead code analysis
[INFO] [stdout]   = note: `#[warn(dead_code)]` (part of `#[warn(unused)]`) on by default
[INFO] [stdout] help: consider changing the field to be of unit type to suppress this warning while preserving the field numbering, or remove the field
[INFO] [stdout]   |
[INFO] [stdout] 6 -     SQLPrepareError(String),
[INFO] [stdout] 6 +     SQLPrepareError(()),
[INFO] [stdout]   |
[INFO] [stdout] 
[INFO] [stdout] 
[INFO] [stdout] warning: field `0` is never read
[INFO] [stdout]  --> aw-datastore/src/legacy_import.rs:7:17
[INFO] [stdout]   |
[INFO] [stdout] 7 |     SQLMapError(String),
[INFO] [stdout]   |     ----------- ^^^^^^
[INFO] [stdout]   |     |
[INFO] [stdout]   |     field in this variant
[INFO] [stdout]   |
[INFO] [stdout]   = note: `LegacyDatastoreImportError` has derived impls for the traits `Clone` and `Debug`, but these are intentionally ignored during dead code analysis
[INFO] [stdout] help: consider changing the field to be of unit type to suppress this warning while preserving the field numbering, or remove the field
[INFO] [stdout]   |
[INFO] [stdout] 7 -     SQLMapError(String),
[INFO] [stdout] 7 +     SQLMapError(()),
[INFO] [stdout]   |
[INFO] [stdout] 
[INFO] [stdout] 
[INFO] [stderr]     Checking criterion v0.5.1
[INFO] [stdout] warning: method `to_json` is never used
[INFO] [stdout]    --> aw-datastore/src/privacy_filter.rs:176:12
[INFO] [stdout]     |
[INFO] [stdout] 109 | impl PrivacyFilterEngine {
[INFO] [stdout]     | ------------------------ method in this implementation
[INFO] [stdout] ...
[INFO] [stdout] 176 |     pub fn to_json(&self) -> Result<String, String> {
[INFO] [stdout]     |            ^^^^^^^
[INFO] [stdout] 
[INFO] [stdout] 
[INFO] [stderr]     Checking log-panics v2.1.0
[INFO] [stderr]    Compiling sqlx-macros v0.7.4
[INFO] [stdout] warning: structure field `deviceKind` should have a snake case name
[INFO] [stdout]   --> aw-sync-rust/src/lib.rs:47:9
[INFO] [stdout]    |
[INFO] [stdout] 47 |     pub deviceKind: String,
[INFO] [stdout]    |         ^^^^^^^^^^ help: convert the identifier to snake case: `device_kind`
[INFO] [stdout]    |
[INFO] [stdout]    = note: `#[warn(non_snake_case)]` (part of `#[warn(nonstandard_style)]`) on by default
[INFO] [stdout] 
[INFO] [stdout] 
[INFO] [stdout] warning: structure field `lastSyncAt` should have a snake case name
[INFO] [stdout]   --> aw-sync-rust/src/lib.rs:50:9
[INFO] [stdout]    |
[INFO] [stdout] 50 |     pub lastSyncAt: Option<String>,
[INFO] [stdout]    |         ^^^^^^^^^^ help: convert the identifier to snake case: `last_sync_at`
[INFO] [stdout] 
[INFO] [stdout] 
[INFO] [stdout] warning: structure field `isOnline` should have a snake case name
[INFO] [stdout]   --> aw-sync-rust/src/lib.rs:51:9
[INFO] [stdout]    |
[INFO] [stdout] 51 |     pub isOnline: bool,
[INFO] [stdout]    |         ^^^^^^^^ help: convert the identifier to snake case: `is_online`
[INFO] [stdout] 
[INFO] [stdout] 
[INFO] [stdout] warning: structure field `isSelf` should have a snake case name
[INFO] [stdout]   --> aw-sync-rust/src/lib.rs:52:9
[INFO] [stdout]    |
[INFO] [stdout] 52 |     pub isSelf: bool,
[INFO] [stdout]    |         ^^^^^^ help: convert the identifier to snake case: `is_self`
[INFO] [stdout] 
[INFO] [stdout] 
[INFO] [stdout] warning: field `0` is never read
[INFO] [stdout]   --> aw-models/src/tryvec.rs:13:14
[INFO] [stdout]    |
[INFO] [stdout] 13 |     Unparsed(Value),
[INFO] [stdout]    |     -------- ^^^^^
[INFO] [stdout]    |     |
[INFO] [stdout]    |     field in this variant
[INFO] [stdout]    |
[INFO] [stdout]    = note: `TryParse` has derived impls for the traits `Clone` and `Debug`, but these are intentionally ignored during dead code analysis
[INFO] [stdout]    = note: `#[warn(dead_code)]` (part of `#[warn(unused)]`) on by default
[INFO] [stdout] help: consider changing the field to be of unit type to suppress this warning while preserving the field numbering, or remove the field
[INFO] [stdout]    |
[INFO] [stdout] 13 -     Unparsed(Value),
[INFO] [stdout] 13 +     Unparsed(()),
[INFO] [stdout]    |
[INFO] [stdout] 
[INFO] [stdout] 
[INFO] [stdout] warning: unused import: `chrono::Utc`
[INFO] [stdout]   --> aw-sync-rust/src/lib.rs:39:5
[INFO] [stdout]    |
[INFO] [stdout] 39 | use chrono::Utc;
[INFO] [stdout]    |     ^^^^^^^^^^^
[INFO] [stdout]    |
[INFO] [stdout]    = note: `#[warn(unused_imports)]` (part of `#[warn(unused)]`) on by default
[INFO] [stdout] 
[INFO] [stdout] 
[INFO] [stderr]     Checking sqlx v0.7.4
[INFO] [stderr]     Checking aw-inbox-rust v0.1.0 (/opt/rustwide/workdir/aw-inbox-rust)
[INFO] [stdout] warning: unused variable: `k`
[INFO] [stdout]     --> aw-sync-rust/src/storage.rs:1148:18
[INFO] [stdout]      |
[INFO] [stdout] 1148 |             Some(k) => {
[INFO] [stdout]      |                  ^ help: if this is intentional, prefix it with an underscore: `_k`
[INFO] [stdout]      |
[INFO] [stdout]      = note: `#[warn(unused_variables)]` (part of `#[warn(unused)]`) on by default
[INFO] [stdout] 
[INFO] [stdout] 
[INFO] [stdout] warning: structure field `deviceKind` should have a snake case name
[INFO] [stdout]   --> aw-sync-rust/src/lib.rs:47:9
[INFO] [stdout]    |
[INFO] [stdout] 47 |     pub deviceKind: String,
[INFO] [stdout]    |         ^^^^^^^^^^ help: convert the identifier to snake case: `device_kind`
[INFO] [stdout]    |
[INFO] [stdout]    = note: `#[warn(non_snake_case)]` (part of `#[warn(nonstandard_style)]`) on by default
[INFO] [stdout] 
[INFO] [stdout] 
[INFO] [stdout] warning: structure field `lastSyncAt` should have a snake case name
[INFO] [stdout]   --> aw-sync-rust/src/lib.rs:50:9
[INFO] [stdout]    |
[INFO] [stdout] 50 |     pub lastSyncAt: Option<String>,
[INFO] [stdout]    |         ^^^^^^^^^^ help: convert the identifier to snake case: `last_sync_at`
[INFO] [stdout] 
[INFO] [stdout] 
[INFO] [stdout] warning: structure field `isOnline` should have a snake case name
[INFO] [stdout]   --> aw-sync-rust/src/lib.rs:51:9
[INFO] [stdout]    |
[INFO] [stdout] 51 |     pub isOnline: bool,
[INFO] [stdout]    |         ^^^^^^^^ help: convert the identifier to snake case: `is_online`
[INFO] [stdout] 
[INFO] [stdout] 
[INFO] [stdout] warning: structure field `isSelf` should have a snake case name
[INFO] [stdout]   --> aw-sync-rust/src/lib.rs:52:9
[INFO] [stdout]    |
[INFO] [stdout] 52 |     pub isSelf: bool,
[INFO] [stdout]    |         ^^^^^^ help: convert the identifier to snake case: `is_self`
[INFO] [stdout] 
[INFO] [stdout] 
[INFO] [stdout] error[E0433]: cannot find module or crate `reqwest` in this scope
[INFO] [stdout]  --> aw-inbox-rust/tests/integration_http_test.rs:4:5
[INFO] [stdout]   |
[INFO] [stdout] 4 | use reqwest::blocking::Client;
[INFO] [stdout]   |     ^^^^^^^ use of unresolved module or unlinked crate `reqwest`
[INFO] [stdout]   |
[INFO] [stdout]   = help: if you wanted to use a crate named `reqwest`, use `cargo add reqwest` to add it to your `Cargo.toml`
[INFO] [stdout] 
[INFO] [stdout] 
[INFO] [stdout] error[E0432]: unresolved import `reqwest`
[INFO] [stdout]  --> aw-inbox-rust/tests/integration_http_test.rs:5:5
[INFO] [stdout]   |
[INFO] [stdout] 5 | use reqwest::StatusCode;
[INFO] [stdout]   |     ^^^^^^^ use of unresolved module or unlinked crate `reqwest`
[INFO] [stdout]   |
[INFO] [stdout]   = help: if you wanted to use a crate named `reqwest`, use `cargo add reqwest` to add it to your `Cargo.toml`
[INFO] [stdout] 
[INFO] [stdout] 
[INFO] [stdout] error[E0061]: this function takes 9 arguments but 8 arguments were supplied
[INFO] [stdout]    --> aw-inbox-rust/tests/tag_tree_test.rs:32:17
[INFO] [stdout]     |
[INFO] [stdout]  32 |     let notes = db::get_notes_db(conn, None, None, tag.map(String::from), None, None, None, None)
[INFO] [stdout]     |                 ^^^^^^^^^^^^^^^^                                          ---- argument #5 of type `Vec<String>` is missing
[INFO] [stdout]     |
[INFO] [stdout] note: function defined here
[INFO] [stdout]    --> aw-inbox-rust/src/db.rs:410:8
[INFO] [stdout]     |
[INFO] [stdout] 410 | pub fn get_notes_db(
[INFO] [stdout]     |        ^^^^^^^^^^^^
[INFO] [stdout] help: provide the argument
[INFO] [stdout]     |
[INFO] [stdout]  32 |     let notes = db::get_notes_db(conn, None, None, tag.map(String::from), /* Vec<String> */, None, None, None, None)
[INFO] [stdout]     |                                                                           ++++++++++++++++++
[INFO] [stdout] 
[INFO] [stdout] 
[INFO] [stdout] Some errors have detailed explanations: E0432, E0433.
[INFO] [stdout] 
[INFO] [stdout] For more information about an error, try `rustc --explain E0432`.
[INFO] [stdout] 
[INFO] [stdout] error[E0433]: cannot find module or crate `axum` in this scope
[INFO] [stdout]  --> aw-inbox-rust/tests/integration_test.rs:2:5
[INFO] [stdout]   |
[INFO] [stdout] 2 | use axum::{
[INFO] [stdout]   |     ^^^^ use of unresolved module or unlinked crate `axum`
[INFO] [stdout]   |
[INFO] [stdout]   = help: if you wanted to use a crate named `axum`, use `cargo add axum` to add it to your `Cargo.toml`
[INFO] [stdout] 
[INFO] [stdout] 
[INFO] [stdout] error[E0432]: unresolved import `aw_inbox_rust::app`
[INFO] [stdout]   --> aw-inbox-rust/tests/integration_test.rs:18:5
[INFO] [stdout]    |
[INFO] [stdout] 18 | use aw_inbox_rust::app;
[INFO] [stdout]    |     ^^^^^^^^^^^^^^^---
[INFO] [stdout]    |                    |
[INFO] [stdout]    |                    no `app` in the root
[INFO] [stdout] 
[INFO] [stdout] 
[INFO] [stdout] error[E0432]: unresolved import `axum`
[INFO] [stdout]  --> aw-inbox-rust/tests/integration_test.rs:2:5
[INFO] [stdout]   |
[INFO] [stdout] 2 | use axum::{
[INFO] [stdout]   |     ^^^^ use of unresolved module or unlinked crate `axum`
[INFO] [stdout]   |
[INFO] [stdout]   = help: if you wanted to use a crate named `axum`, use `cargo add axum` to add it to your `Cargo.toml`
[INFO] [stdout] 
[INFO] [stdout] 
[INFO] [stdout] error[E0433]: cannot find module or crate `tower` in this scope
[INFO] [stdout]   --> aw-inbox-rust/tests/integration_test.rs:10:5
[INFO] [stdout]    |
[INFO] [stdout] 10 | use tower::util::ServiceExt; // 导入 mime crate
[INFO] [stdout]    |     ^^^^^ use of unresolved module or unlinked crate `tower`
[INFO] [stdout]    |
[INFO] [stdout]    = help: if you wanted to use a crate named `tower`, use `cargo add tower` to add it to your `Cargo.toml`
[INFO] [stdout] 
[INFO] [stdout] 
[INFO] [stdout] error[E0432]: unresolved import `mime`
[INFO] [stdout]  --> aw-inbox-rust/tests/integration_test.rs:9:5
[INFO] [stdout]   |
[INFO] [stdout] 9 | use mime;
[INFO] [stdout]   |     ^^^^ no external crate `mime`
[INFO] [stdout] 
[INFO] [stdout] 
[INFO] [stdout] error[E0061]: this function takes 9 arguments but 8 arguments were supplied
[INFO] [stdout]    --> aw-inbox-rust/tests/tag_tree_test.rs:107:18
[INFO] [stdout]     |
[INFO] [stdout] 107 |     let others = db::get_notes_db(&conn, None, None, Some("其他".into()), None, None, None, None)
[INFO] [stdout]     |                  ^^^^^^^^^^^^^^^^                                         ---- argument #5 of type `Vec<String>` is missing
[INFO] [stdout]     |
[INFO] [stdout] note: function defined here
[INFO] [stdout]    --> aw-inbox-rust/src/db.rs:410:8
[INFO] [stdout]     |
[INFO] [stdout] 410 | pub fn get_notes_db(
[INFO] [stdout]     |        ^^^^^^^^^^^^
[INFO] [stdout] help: provide the argument
[INFO] [stdout]     |
[INFO] [stdout] 107 |     let others = db::get_notes_db(&conn, None, None, Some("其他".into()), /* Vec<String> */, None, None, None, None)
[INFO] [stdout]     |                                                                           ++++++++++++++++++
[INFO] [stdout] 
[INFO] [stdout] 
[INFO] [stderr] error: could not compile `aw-inbox-rust` (test "integration_http_test") due to 2 previous errors
[INFO] [stderr] warning: build failed, waiting for other jobs to finish...
[INFO] [stdout] For more information about this error, try `rustc --explain E0061`.
[INFO] [stdout] 
[INFO] [stdout] error[E0425]: cannot find function `init_db` in module `db`
[INFO] [stdout]   --> aw-inbox-rust/tests/integration_test.rs:28:23
[INFO] [stdout]    |
[INFO] [stdout] 28 |     let db_pool = db::init_db("sqlite::memory:")
[INFO] [stdout]    |                       ^^^^^^^ not found in `db`
[INFO] [stdout] 
[INFO] [stdout] 
[INFO] [stdout] error[E0433]: cannot find module or crate `axum` in this scope
[INFO] [stdout]   --> aw-inbox-rust/tests/integration_test.rs:45:13
[INFO] [stdout]    |
[INFO] [stdout] 45 |     method: axum::http::Method, // HTTP 方法 (GET, POST, etc.)
[INFO] [stdout]    |             ^^^^ use of unresolved module or unlinked crate `axum`
[INFO] [stdout]    |
[INFO] [stdout]    = help: if you wanted to use a crate named `axum`, use `cargo add axum` to add it to your `Cargo.toml`
[INFO] [stdout] help: consider importing this module
[INFO] [stdout]    |
[INFO] [stdout]  2 + use rocket::http;
[INFO] [stdout]    |
[INFO] [stdout] help: if you import `http`, refer to it directly
[INFO] [stdout]    |
[INFO] [stdout] 45 -     method: axum::http::Method, // HTTP 方法 (GET, POST, etc.)
[INFO] [stdout] 45 +     method: http::Method, // HTTP 方法 (GET, POST, etc.)
[INFO] [stdout]    |
[INFO] [stdout] 
[INFO] [stdout] 
[INFO] [stdout] error[E0433]: cannot find module or crate `axum` in this scope
[INFO] [stdout]   --> aw-inbox-rust/tests/integration_test.rs:55:13
[INFO] [stdout]    |
[INFO] [stdout] 55 |             axum::http::header::CONTENT_TYPE,
[INFO] [stdout]    |             ^^^^ use of unresolved module or unlinked crate `axum`
[INFO] [stdout]    |
[INFO] [stdout]    = help: if you wanted to use a crate named `axum`, use `cargo add axum` to add it to your `Cargo.toml`
[INFO] [stdout] help: consider importing this module
[INFO] [stdout]    |
[INFO] [stdout]  2 + use rocket::http::hyper::header;
[INFO] [stdout]    |
[INFO] [stdout] help: if you import `header`, refer to it directly
[INFO] [stdout]    |
[INFO] [stdout] 55 -             axum::http::header::CONTENT_TYPE,
[INFO] [stdout] 55 +             header::CONTENT_TYPE,
[INFO] [stdout]    |
[INFO] [stdout] 
[INFO] [stdout] 
[INFO] [stdout] error[E0433]: cannot find module or crate `axum` in this scope
[INFO] [stdout]   --> aw-inbox-rust/tests/integration_test.rs:69:22
[INFO] [stdout]    |
[INFO] [stdout] 69 |     let body_bytes = axum::body::to_bytes(response.into_body(), usize::MAX)
[INFO] [stdout]    |                      ^^^^ use of unresolved module or unlinked crate `axum`
[INFO] [stdout]    |
[INFO] [stdout]    = help: if you wanted to use a crate named `axum`, use `cargo add axum` to add it to your `Cargo.toml`
[INFO] [stdout] help: consider importing this module
[INFO] [stdout]    |
[INFO] [stdout]  2 + use rocket::http::hyper::body;
[INFO] [stdout]    |
[INFO] [stdout] help: if you import `body`, refer to it directly
[INFO] [stdout]    |
[INFO] [stdout] 69 -     let body_bytes = axum::body::to_bytes(response.into_body(), usize::MAX)
[INFO] [stdout] 69 +     let body_bytes = body::to_bytes(response.into_body(), usize::MAX)
[INFO] [stdout]    |
[INFO] [stdout] 
[INFO] [stdout] 
[INFO] [stdout] error[E0433]: cannot find module or crate `axum` in this scope
[INFO] [stdout]   --> aw-inbox-rust/tests/integration_test.rs:91:40
[INFO] [stdout]    |
[INFO] [stdout] 91 |     let (status, body) = request(&app, axum::http::Method::POST, "/inbox/notes", note_data).await;
[INFO] [stdout]    |                                        ^^^^ use of unresolved module or unlinked crate `axum`
[INFO] [stdout]    |
[INFO] [stdout]    = help: if you wanted to use a crate named `axum`, use `cargo add axum` to add it to your `Cargo.toml`
[INFO] [stdout] help: consider importing one of these items
[INFO] [stdout]    |
[INFO] [stdout]  2 + use rocket::http::Method;
[INFO] [stdout]    |
[INFO] [stdout]  2 + use rocket::http::hyper::Method;
[INFO] [stdout]    |
[INFO] [stdout]  2 + use rocket_cors::Method;
[INFO] [stdout]    |
[INFO] [stdout] help: if you import `Method`, refer to it directly
[INFO] [stdout]    |
[INFO] [stdout] 91 -     let (status, body) = request(&app, axum::http::Method::POST, "/inbox/notes", note_data).await;
[INFO] [stdout] 91 +     let (status, body) = request(&app, Method::POST, "/inbox/notes", note_data).await;
[INFO] [stdout]    |
[INFO] [stdout] 
[INFO] [stdout] 
[INFO] [stdout] error[E0433]: cannot find module or crate `axum` in this scope
[INFO] [stdout]    --> aw-inbox-rust/tests/integration_test.rs:114:9
[INFO] [stdout]     |
[INFO] [stdout] 114 |         axum::http::Method::POST,
[INFO] [stdout]     |         ^^^^ use of unresolved module or unlinked crate `axum`
[INFO] [stdout]     |
[INFO] [stdout]     = help: if you wanted to use a crate named `axum`, use `cargo add axum` to add it to your `Cargo.toml`
[INFO] [stdout] help: consider importing one of these items
[INFO] [stdout]     |
[INFO] [stdout]   2 + use rocket::http::Method;
[INFO] [stdout]     |
[INFO] [stdout]   2 + use rocket::http::hyper::Method;
[INFO] [stdout]     |
[INFO] [stdout]   2 + use rocket_cors::Method;
[INFO] [stdout]     |
[INFO] [stdout] help: if you import `Method`, refer to it directly
[INFO] [stdout]     |
[INFO] [stdout] 114 -         axum::http::Method::POST,
[INFO] [stdout] 114 +         Method::POST,
[INFO] [stdout]     |
[INFO] [stdout] 
[INFO] [stdout] 
[INFO] [stdout] error[E0433]: cannot find module or crate `axum` in this scope
[INFO] [stdout]    --> aw-inbox-rust/tests/integration_test.rs:136:23
[INFO] [stdout]     |
[INFO] [stdout] 136 |         request(&app, axum::http::Method::POST, "/inbox/notes", note3).await;
[INFO] [stdout]     |                       ^^^^ use of unresolved module or unlinked crate `axum`
[INFO] [stdout]     |
[INFO] [stdout]     = help: if you wanted to use a crate named `axum`, use `cargo add axum` to add it to your `Cargo.toml`
[INFO] [stdout] help: consider importing one of these items
[INFO] [stdout]     |
[INFO] [stdout]   2 + use rocket::http::Method;
[INFO] [stdout]     |
[INFO] [stdout]   2 + use rocket::http::hyper::Method;
[INFO] [stdout]     |
[INFO] [stdout]   2 + use rocket_cors::Method;
[INFO] [stdout]     |
[INFO] [stdout] help: if you import `Method`, refer to it directly
[INFO] [stdout]     |
[INFO] [stdout] 136 -         request(&app, axum::http::Method::POST, "/inbox/notes", note3).await;
[INFO] [stdout] 136 +         request(&app, Method::POST, "/inbox/notes", note3).await;
[INFO] [stdout]     |
[INFO] [stdout] 
[INFO] [stdout] 
[INFO] [stdout] error[E0433]: cannot find module or crate `axum` in this scope
[INFO] [stdout]    --> aw-inbox-rust/tests/integration_test.rs:164:23
[INFO] [stdout]     |
[INFO] [stdout] 164 |         request(&app, axum::http::Method::POST, "/inbox/notes", note_data).await;
[INFO] [stdout]     |                       ^^^^ use of unresolved module or unlinked crate `axum`
[INFO] [stdout]     |
[INFO] [stdout]     = help: if you wanted to use a crate named `axum`, use `cargo add axum` to add it to your `Cargo.toml`
[INFO] [stdout] help: consider importing one of these items
[INFO] [stdout]     |
[INFO] [stdout]   2 + use rocket::http::Method;
[INFO] [stdout]     |
[INFO] [stdout]   2 + use rocket::http::hyper::Method;
[INFO] [stdout]     |
[INFO] [stdout]   2 + use rocket_cors::Method;
[INFO] [stdout]     |
[INFO] [stdout] help: if you import `Method`, refer to it directly
[INFO] [stdout]     |
[INFO] [stdout] 164 -         request(&app, axum::http::Method::POST, "/inbox/notes", note_data).await;
[INFO] [stdout] 164 +         request(&app, Method::POST, "/inbox/notes", note_data).await;
[INFO] [stdout]     |
[INFO] [stdout] 
[INFO] [stdout] 
[INFO] [stdout] error[E0433]: cannot find module or crate `axum` in this scope
[INFO] [stdout]    --> aw-inbox-rust/tests/integration_test.rs:177:23
[INFO] [stdout]     |
[INFO] [stdout] 177 |         request(&app, axum::http::Method::DELETE, &delete_uri, json!({})).await;
[INFO] [stdout]     |                       ^^^^ use of unresolved module or unlinked crate `axum`
[INFO] [stdout]     |
[INFO] [stdout]     = help: if you wanted to use a crate named `axum`, use `cargo add axum` to add it to your `Cargo.toml`
[INFO] [stdout] help: consider importing one of these items
[INFO] [stdout]     |
[INFO] [stdout]   2 + use rocket::http::Method;
[INFO] [stdout]     |
[INFO] [stdout]   2 + use rocket::http::hyper::Method;
[INFO] [stdout]     |
[INFO] [stdout]   2 + use rocket_cors::Method;
[INFO] [stdout]     |
[INFO] [stdout] help: if you import `Method`, refer to it directly
[INFO] [stdout]     |
[INFO] [stdout] 177 -         request(&app, axum::http::Method::DELETE, &delete_uri, json!({})).await;
[INFO] [stdout] 177 +         request(&app, Method::DELETE, &delete_uri, json!({})).await;
[INFO] [stdout]     |
[INFO] [stdout] 
[INFO] [stdout] 
[INFO] [stdout] error[E0433]: cannot find module or crate `axum` in this scope
[INFO] [stdout]    --> aw-inbox-rust/tests/integration_test.rs:194:41
[INFO] [stdout]     |
[INFO] [stdout] 194 |     let (get_status, _) = request(&app, axum::http::Method::GET, &delete_uri, json!({})).await;
[INFO] [stdout]     |                                         ^^^^ use of unresolved module or unlinked crate `axum`
[INFO] [stdout]     |
[INFO] [stdout]     = help: if you wanted to use a crate named `axum`, use `cargo add axum` to add it to your `Cargo.toml`
[INFO] [stdout] help: consider importing one of these items
[INFO] [stdout]     |
[INFO] [stdout]   2 + use rocket::http::Method;
[INFO] [stdout]     |
[INFO] [stdout]   2 + use rocket::http::hyper::Method;
[INFO] [stdout]     |
[INFO] [stdout]   2 + use rocket_cors::Method;
[INFO] [stdout]     |
[INFO] [stdout] help: if you import `Method`, refer to it directly
[INFO] [stdout]     |
[INFO] [stdout] 194 -     let (get_status, _) = request(&app, axum::http::Method::GET, &delete_uri, json!({})).await;
[INFO] [stdout] 194 +     let (get_status, _) = request(&app, Method::GET, &delete_uri, json!({})).await;
[INFO] [stdout]     |
[INFO] [stdout] 
[INFO] [stdout] 
[INFO] [stdout] error[E0433]: cannot find module or crate `axum` in this scope
[INFO] [stdout]    --> aw-inbox-rust/tests/integration_test.rs:202:23
[INFO] [stdout]     |
[INFO] [stdout] 202 |         request(&app, axum::http::Method::DELETE, &delete_uri, json!({})).await;
[INFO] [stdout]     |                       ^^^^ use of unresolved module or unlinked crate `axum`
[INFO] [stdout]     |
[INFO] [stdout]     = help: if you wanted to use a crate named `axum`, use `cargo add axum` to add it to your `Cargo.toml`
[INFO] [stdout] help: consider importing one of these items
[INFO] [stdout]     |
[INFO] [stdout]   2 + use rocket::http::Method;
[INFO] [stdout]     |
[INFO] [stdout]   2 + use rocket::http::hyper::Method;
[INFO] [stdout]     |
[INFO] [stdout]   2 + use rocket_cors::Method;
[INFO] [stdout]     |
[INFO] [stdout] help: if you import `Method`, refer to it directly
[INFO] [stdout]     |
[INFO] [stdout] 202 -         request(&app, axum::http::Method::DELETE, &delete_uri, json!({})).await;
[INFO] [stdout] 202 +         request(&app, Method::DELETE, &delete_uri, json!({})).await;
[INFO] [stdout]     |
[INFO] [stdout] 
[INFO] [stdout] 
[INFO] [stdout] error[E0433]: cannot find module or crate `axum` in this scope
[INFO] [stdout]    --> aw-inbox-rust/tests/integration_test.rs:214:38
[INFO] [stdout]     |
[INFO] [stdout] 214 |     let (status1, _) = request(&app, axum::http::Method::POST, "/inbox/notes", note1).await;
[INFO] [stdout]     |                                      ^^^^ use of unresolved module or unlinked crate `axum`
[INFO] [stdout]     |
[INFO] [stdout]     = help: if you wanted to use a crate named `axum`, use `cargo add axum` to add it to your `Cargo.toml`
[INFO] [stdout] help: consider importing one of these items
[INFO] [stdout]     |
[INFO] [stdout]   2 + use rocket::http::Method;
[INFO] [stdout]     |
[INFO] [stdout]   2 + use rocket::http::hyper::Method;
[INFO] [stdout]     |
[INFO] [stdout]   2 + use rocket_cors::Method;
[INFO] [stdout]     |
[INFO] [stdout] help: if you import `Method`, refer to it directly
[INFO] [stdout]     |
[INFO] [stdout] 214 -     let (status1, _) = request(&app, axum::http::Method::POST, "/inbox/notes", note1).await;
[INFO] [stdout] 214 +     let (status1, _) = request(&app, Method::POST, "/inbox/notes", note1).await;
[INFO] [stdout]     |
[INFO] [stdout] 
[INFO] [stdout] 
[INFO] [stdout] error[E0433]: cannot find module or crate `axum` in this scope
[INFO] [stdout]    --> aw-inbox-rust/tests/integration_test.rs:215:38
[INFO] [stdout]     |
[INFO] [stdout] 215 |     let (status2, _) = request(&app, axum::http::Method::POST, "/inbox/notes", note2).await;
[INFO] [stdout]     |                                      ^^^^ use of unresolved module or unlinked crate `axum`
[INFO] [stdout]     |
[INFO] [stdout]     = help: if you wanted to use a crate named `axum`, use `cargo add axum` to add it to your `Cargo.toml`
[INFO] [stdout] help: consider importing one of these items
[INFO] [stdout]     |
[INFO] [stdout]   2 + use rocket::http::Method;
[INFO] [stdout]     |
[INFO] [stdout]   2 + use rocket::http::hyper::Method;
[INFO] [stdout]     |
[INFO] [stdout]   2 + use rocket_cors::Method;
[INFO] [stdout]     |
[INFO] [stdout] help: if you import `Method`, refer to it directly
[INFO] [stdout]     |
[INFO] [stdout] 215 -     let (status2, _) = request(&app, axum::http::Method::POST, "/inbox/notes", note2).await;
[INFO] [stdout] 215 +     let (status2, _) = request(&app, Method::POST, "/inbox/notes", note2).await;
[INFO] [stdout]     |
[INFO] [stdout] 
[INFO] [stdout] 
[INFO] [stdout] error[E0433]: cannot find module or crate `axum` in this scope
[INFO] [stdout]    --> aw-inbox-rust/tests/integration_test.rs:229:40
[INFO] [stdout]     |
[INFO] [stdout] 229 |     let (status, body) = request(&app, axum::http::Method::GET, "/inbox/tags", json!({})).await;
[INFO] [stdout]     |                                        ^^^^ use of unresolved module or unlinked crate `axum`
[INFO] [stdout]     |
[INFO] [stdout]     = help: if you wanted to use a crate named `axum`, use `cargo add axum` to add it to your `Cargo.toml`
[INFO] [stdout] help: consider importing one of these items
[INFO] [stdout]     |
[INFO] [stdout]   2 + use rocket::http::Method;
[INFO] [stdout]     |
[INFO] [stdout]   2 + use rocket::http::hyper::Method;
[INFO] [stdout]     |
[INFO] [stdout]   2 + use rocket_cors::Method;
[INFO] [stdout]     |
[INFO] [stdout] help: if you import `Method`, refer to it directly
[INFO] [stdout]     |
[INFO] [stdout] 229 -     let (status, body) = request(&app, axum::http::Method::GET, "/inbox/tags", json!({})).await;
[INFO] [stdout] 229 +     let (status, body) = request(&app, Method::GET, "/inbox/tags", json!({})).await;
[INFO] [stdout]     |
[INFO] [stdout] 
[INFO] [stdout] 
[INFO] [stdout] error[E0433]: cannot find module or crate `axum` in this scope
[INFO] [stdout]    --> aw-inbox-rust/tests/integration_test.rs:281:38
[INFO] [stdout]     |
[INFO] [stdout] 281 |     let (status3, _) = request(&app, axum::http::Method::POST, "/inbox/notes", note3).await;
[INFO] [stdout]     |                                      ^^^^ use of unresolved module or unlinked crate `axum`
[INFO] [stdout]     |
[INFO] [stdout]     = help: if you wanted to use a crate named `axum`, use `cargo add axum` to add it to your `Cargo.toml`
[INFO] [stdout] help: consider importing one of these items
[INFO] [stdout]     |
[INFO] [stdout]   2 + use rocket::http::Method;
[INFO] [stdout]     |
[INFO] [stdout]   2 + use rocket::http::hyper::Method;
[INFO] [stdout]     |
[INFO] [stdout]   2 + use rocket_cors::Method;
[INFO] [stdout]     |
[INFO] [stdout] help: if you import `Method`, refer to it directly
[INFO] [stdout]     |
[INFO] [stdout] 281 -     let (status3, _) = request(&app, axum::http::Method::POST, "/inbox/notes", note3).await;
[INFO] [stdout] 281 +     let (status3, _) = request(&app, Method::POST, "/inbox/notes", note3).await;
[INFO] [stdout]     |
[INFO] [stdout] 
[INFO] [stdout] 
[INFO] [stdout] error[E0433]: cannot find module or crate `axum` in this scope
[INFO] [stdout]    --> aw-inbox-rust/tests/integration_test.rs:289:35
[INFO] [stdout]     |
[INFO] [stdout] 289 |     let (_, body) = request(&app, axum::http::Method::GET, "/inbox/tags", json!({})).await;
[INFO] [stdout]     |                                   ^^^^ use of unresolved module or unlinked crate `axum`
[INFO] [stdout]     |
[INFO] [stdout]     = help: if you wanted to use a crate named `axum`, use `cargo add axum` to add it to your `Cargo.toml`
[INFO] [stdout] help: consider importing one of these items
[INFO] [stdout]     |
[INFO] [stdout]   2 + use rocket::http::Method;
[INFO] [stdout]     |
[INFO] [stdout]   2 + use rocket::http::hyper::Method;
[INFO] [stdout]     |
[INFO] [stdout]   2 + use rocket_cors::Method;
[INFO] [stdout]     |
[INFO] [stdout] help: if you import `Method`, refer to it directly
[INFO] [stdout]     |
[INFO] [stdout] 289 -     let (_, body) = request(&app, axum::http::Method::GET, "/inbox/tags", json!({})).await;
[INFO] [stdout] 289 +     let (_, body) = request(&app, Method::GET, "/inbox/tags", json!({})).await;
[INFO] [stdout]     |
[INFO] [stdout] 
[INFO] [stdout] 
[INFO] [stderr] error: could not compile `aw-inbox-rust` (test "tag_tree_test") due to 2 previous errors
[INFO] [stdout] Some errors have detailed explanations: E0425, E0432, E0433.
[INFO] [stdout] 
[INFO] [stdout] For more information about an error, try `rustc --explain E0425`.
[INFO] [stdout] 
[INFO] [stderr] error: could not compile `aw-inbox-rust` (test "integration_test") due to 21 previous errors
[INFO] [stdout] warning: unused imports: `debug` and `error`
[INFO] [stdout]  --> aw-server/src/device_id.rs:6:11
[INFO] [stdout]   |
[INFO] [stdout] 6 | use log::{debug, error, info}; // Import logging macros
[INFO] [stdout]   |           ^^^^^  ^^^^^
[INFO] [stdout]   |
[INFO] [stdout]   = note: `#[warn(unused_imports)]` (part of `#[warn(unused)]`) on by default
[INFO] [stdout] 
[INFO] [stdout] 
[INFO] [stdout] warning: unused imports: `debug` and `error`
[INFO] [stdout]  --> aw-server/src/device_id.rs:6:11
[INFO] [stdout]   |
[INFO] [stdout] 6 | use log::{debug, error, info}; // Import logging macros
[INFO] [stdout]   |           ^^^^^  ^^^^^
[INFO] [stdout]   |
[INFO] [stdout]   = note: `#[warn(unused_imports)]` (part of `#[warn(unused)]`) on by default
[INFO] [stdout] 
[INFO] [stdout] 
[INFO] [stdout] warning: unused variable: `apikey`
[INFO] [stdout]   --> aw-server/src/endpoints/mod.rs:81:9
[INFO] [stdout]    |
[INFO] [stdout] 81 |     let apikey = apikey::ApiKeyCheck::new(&config);
[INFO] [stdout]    |         ^^^^^^ help: if this is intentional, prefix it with an underscore: `_apikey`
[INFO] [stdout]    |
[INFO] [stdout]    = note: `#[warn(unused_variables)]` (part of `#[warn(unused)]`) on by default
[INFO] [stdout] 
[INFO] [stdout] 
[INFO] [stdout] warning: unused variable: `apikey`
[INFO] [stdout]   --> aw-server/src/endpoints/mod.rs:81:9
[INFO] [stdout]    |
[INFO] [stdout] 81 |     let apikey = apikey::ApiKeyCheck::new(&config);
[INFO] [stdout]    |         ^^^^^^ help: if this is intentional, prefix it with an underscore: `_apikey`
[INFO] [stdout]    |
[INFO] [stdout]    = note: `#[warn(unused_variables)]` (part of `#[warn(unused)]`) on by default
[INFO] [stdout] 
[INFO] [stdout] 
[INFO] [stderr] warning: unused dependency `rocket_cors`
[INFO] [stderr]  --> aw-inbox-rust/Cargo.toml:8:1
[INFO] [stderr]   |
[INFO] [stderr] 8 | rocket_cors = "0.6.0"
[INFO] [stderr]   | ^^^^^^^^^^^^^^^^^^^^^
[INFO] [stderr]   |
[INFO] [stderr]   = note: `cargo::unused_dependencies` is set to `warn` by default
[INFO] [stderr] help: consider removing the dependency on `rocket_cors`
[INFO] [stderr] warning: unused dependency `sqlx`
[INFO] [stderr]   --> aw-inbox-rust/Cargo.toml:13:1
[INFO] [stderr]    |
[INFO] [stderr] 13 | sqlx = { version = "0.7", features = ["runtime-tokio-rustls", "sqlite", "chrono", "macros"] }
[INFO] [stderr]    | ^^^^^^^^^^^^^^^^^^^^^^^^^^^^^^^^^^^^^^^^^^^^^^^^^^^^^^^^^^^^^^^^^^^^^^^^^^^^^^^^^^^^^^^^^^^^^
[INFO] [stderr]    |
[INFO] [stderr] help: consider removing the dependency on `sqlx`
[INFO] [stderr] help: to still use for development builds, move to `dev-dependencies`
[INFO] [stderr] warning: `aw-inbox-rust` (manifest) generated 2 warnings
[INFO] [stderr] warning: unused dependency `rocket_cors`
[INFO] [stderr]   --> aw-sync-rust/Cargo.toml:32:1
[INFO] [stderr]    |
[INFO] [stderr] 32 | rocket_cors = "0.6.0"
[INFO] [stderr]    | ^^^^^^^^^^^^^^^^^^^^^
[INFO] [stderr]    |
[INFO] [stderr]    = note: `cargo::unused_dependencies` is set to `warn` by default
[INFO] [stderr] help: consider removing the dependency on `rocket_cors`
[INFO] [stderr] warning: unused dependency `uuid`
[INFO] [stderr]   --> aw-sync-rust/Cargo.toml:18:1
[INFO] [stderr]    |
[INFO] [stderr] 18 | uuid = { version = "1.3", features = ["serde", "v4"] }
[INFO] [stderr]    | ^^^^^^^^^^^^^^^^^^^^^^^^^^^^^^^^^^^^^^^^^^^^^^^^^^^^^^
[INFO] [stderr]    |
[INFO] [stderr] help: consider removing the dependency on `uuid`
[INFO] [stderr] help: to still use for development builds, move to `dev-dependencies`
[INFO] [stderr] warning: `aw-sync-rust` (manifest) generated 2 warnings
[INFO] running `Command { std: "docker" "inspect" "58fc61b178ecf6d7c3b5fc0a268a35a38325b907bc08e223f10e1a050ce1e67a", kill_on_drop: false }`
[INFO] running `Command { std: "docker" "rm" "-f" "58fc61b178ecf6d7c3b5fc0a268a35a38325b907bc08e223f10e1a050ce1e67a", kill_on_drop: false }`
[INFO] [stdout] 58fc61b178ecf6d7c3b5fc0a268a35a38325b907bc08e223f10e1a050ce1e67a
