[INFO] cloning repository https://github.com/PHPCraftdream/OnlyTerm
[INFO] running `Command { std: "git" "-c" "credential.helper=" "-c" "credential.helper=/workspace/cargo-home/bin/git-credential-null" "clone" "--bare" "https://github.com/PHPCraftdream/OnlyTerm" "/workspace/cache/git-repos/https%3A%2F%2Fgithub.com%2FPHPCraftdream%2FOnlyTerm", kill_on_drop: false }`
[INFO] [stderr] Cloning into bare repository '/workspace/cache/git-repos/https%3A%2F%2Fgithub.com%2FPHPCraftdream%2FOnlyTerm'...
[INFO] running `Command { std: "git" "rev-parse" "HEAD", kill_on_drop: false }`
[INFO] [stdout] 016707c46e6d5d072431d2ae9ef75692ff2bdb58
[INFO] checking PHPCraftdream/OnlyTerm against 3154cc1a3e6424e44f438a95007d043ed5ceaaf6 for pr-133502-30
[INFO] running `Command { std: "git" "clone" "/workspace/cache/git-repos/https%3A%2F%2Fgithub.com%2FPHPCraftdream%2FOnlyTerm" "/workspace/builds/worker-1-tc2/source", kill_on_drop: false }`
[INFO] [stderr] Cloning into '/workspace/builds/worker-1-tc2/source'...
[INFO] [stderr] done.
[INFO] removed /workspace/builds/worker-1-tc2/source/.cargo/config.toml
[INFO] started tweaking git repo https://github.com/PHPCraftdream/OnlyTerm
[INFO] finished tweaking git repo https://github.com/PHPCraftdream/OnlyTerm
[INFO] tweaked toml for git repo https://github.com/PHPCraftdream/OnlyTerm written to /workspace/builds/worker-1-tc2/source/Cargo.toml
[INFO] validating manifest of git repo https://github.com/PHPCraftdream/OnlyTerm on toolchain 3154cc1a3e6424e44f438a95007d043ed5ceaaf6
[INFO] running `Command { std: CARGO_HOME="/workspace/cargo-home" RUSTUP_HOME="/workspace/rustup-home" "/workspace/cargo-home/bin/cargo" "+3154cc1a3e6424e44f438a95007d043ed5ceaaf6" "metadata" "--manifest-path" "Cargo.toml" "--no-deps", kill_on_drop: false }`
[INFO] crate git repo https://github.com/PHPCraftdream/OnlyTerm already has a lockfile, it will not be regenerated
[INFO] running `Command { std: CARGO_HOME="/workspace/cargo-home" RUSTUP_HOME="/workspace/rustup-home" "/workspace/cargo-home/bin/cargo" "+3154cc1a3e6424e44f438a95007d043ed5ceaaf6" "fetch" "--manifest-path" "Cargo.toml", kill_on_drop: false }`
[INFO] [stderr] warning: unused workspace dependency `assert_fs`
[INFO] [stderr]   --> Cargo.toml:26:1
[INFO] [stderr]    |
[INFO] [stderr] 26 | assert_fs = "1.0.4"
[INFO] [stderr]    | ^^^^^^^^^
[INFO] [stderr]    |
[INFO] [stderr]    = note: `cargo::unused_workspace_dependencies` is set to `warn` by default
[INFO] [stderr] help: consider removing the workspace dependency `assert_fs`
[INFO] [stderr] warning: unused workspace dependency `bstr`
[INFO] [stderr]   --> Cargo.toml:36:1
[INFO] [stderr]    |
[INFO] [stderr] 36 | bstr = "1.0"
[INFO] [stderr]    | ^^^^
[INFO] [stderr]    |
[INFO] [stderr] help: consider removing the workspace dependency `bstr`
[INFO] [stderr] warning: unused workspace dependency `camino`
[INFO] [stderr]   --> Cargo.toml:38:1
[INFO] [stderr]    |
[INFO] [stderr] 38 | camino = "1.0"
[INFO] [stderr]    | ^^^^^^
[INFO] [stderr]    |
[INFO] [stderr] help: consider removing the workspace dependency `camino`
[INFO] [stderr] warning: unused workspace dependency `filenamegen`
[INFO] [stderr]   --> Cargo.toml:59:1
[INFO] [stderr]    |
[INFO] [stderr] 59 | filenamegen = "0.2.6"
[INFO] [stderr]    | ^^^^^^^^^^^
[INFO] [stderr]    |
[INFO] [stderr] help: consider removing the workspace dependency `filenamegen`
[INFO] [stderr] warning: unused workspace dependency `fixed`
[INFO] [stderr]   --> Cargo.toml:60:1
[INFO] [stderr]    |
[INFO] [stderr] 60 | fixed = "1.23"
[INFO] [stderr]    | ^^^^^
[INFO] [stderr]    |
[INFO] [stderr] help: consider removing the workspace dependency `fixed`
[INFO] [stderr] warning: unused workspace dependency `futures-lite`
[INFO] [stderr]   --> Cargo.toml:64:1
[INFO] [stderr]    |
[INFO] [stderr] 64 | futures-lite = "2.3"
[INFO] [stderr]    | ^^^^^^^^^^^^
[INFO] [stderr]    |
[INFO] [stderr] help: consider removing the workspace dependency `futures-lite`
[INFO] [stderr] warning: unused workspace dependency `futures-util`
[INFO] [stderr]   --> Cargo.toml:65:1
[INFO] [stderr]    |
[INFO] [stderr] 65 | futures-util = "0.3"
[INFO] [stderr]    | ^^^^^^^^^^^^
[INFO] [stderr]    |
[INFO] [stderr] help: consider removing the workspace dependency `futures-util`
[INFO] [stderr] warning: unused workspace dependency `gethostname`
[INFO] [stderr]   --> Cargo.toml:66:1
[INFO] [stderr]    |
[INFO] [stderr] 66 | gethostname = "0.5"
[INFO] [stderr]    | ^^^^^^^^^^^
[INFO] [stderr]    |
[INFO] [stderr] help: consider removing the workspace dependency `gethostname`
[INFO] [stderr] warning: unused workspace dependency `human-sort`
[INFO] [stderr]   --> Cargo.toml:74:1
[INFO] [stderr]    |
[INFO] [stderr] 74 | human-sort = "0.2"
[INFO] [stderr]    | ^^^^^^^^^^
[INFO] [stderr]    |
[INFO] [stderr] help: consider removing the workspace dependency `human-sort`
[INFO] [stderr] warning: unused workspace dependency `mio`
[INFO] [stderr]   --> Cargo.toml:95:1
[INFO] [stderr]    |
[INFO] [stderr] 95 | mio = "0.8"
[INFO] [stderr]    | ^^^
[INFO] [stderr]    |
[INFO] [stderr] help: consider removing the workspace dependency `mio`
[INFO] [stderr] warning: unused workspace dependency `phf_codegen`
[INFO] [stderr]    --> Cargo.toml:106:1
[INFO] [stderr]     |
[INFO] [stderr] 106 | phf_codegen = "0.10"
[INFO] [stderr]     | ^^^^^^^^^^^
[INFO] [stderr]     |
[INFO] [stderr] help: consider removing the workspace dependency `phf_codegen`
[INFO] [stderr] warning: unused workspace dependency `predicates`
[INFO] [stderr]    --> Cargo.toml:108:1
[INFO] [stderr]     |
[INFO] [stderr] 108 | predicates = "3.0"
[INFO] [stderr]     | ^^^^^^^^^^
[INFO] [stderr]     |
[INFO] [stderr] help: consider removing the workspace dependency `predicates`
[INFO] [stderr] warning: unused workspace dependency `rcgen`
[INFO] [stderr]    --> Cargo.toml:113:1
[INFO] [stderr]     |
[INFO] [stderr] 113 | rcgen = "0.12"
[INFO] [stderr]     | ^^^^^
[INFO] [stderr]     |
[INFO] [stderr] help: consider removing the workspace dependency `rcgen`
[INFO] [stderr] warning: unused workspace dependency `rstest`
[INFO] [stderr]    --> Cargo.toml:118:1
[INFO] [stderr]     |
[INFO] [stderr] 118 | rstest = "0.21"
[INFO] [stderr]     | ^^^^^^
[INFO] [stderr]     |
[INFO] [stderr] help: consider removing the workspace dependency `rstest`
[INFO] [stderr] warning: unused workspace dependency `socket2`
[INFO] [stderr]    --> Cargo.toml:128:1
[INFO] [stderr]     |
[INFO] [stderr] 128 | socket2 = "0.5"
[INFO] [stderr]     | ^^^^^^^
[INFO] [stderr]     |
[INFO] [stderr] help: consider removing the workspace dependency `socket2`
[INFO] [stderr] warning: unused workspace dependency `spa`
[INFO] [stderr]    --> Cargo.toml:129:1
[INFO] [stderr]     |
[INFO] [stderr] 129 | spa = "0.3.1"
[INFO] [stderr]     | ^^^
[INFO] [stderr]     |
[INFO] [stderr] help: consider removing the workspace dependency `spa`
[INFO] [stderr] warning: workspace (manifest) generated 16 warnings
[INFO] running `Command { std: "docker" "create" "-v" "/var/lib/crater-agent-workspace/builds/worker-1-tc2/source:/opt/rustwide/workdir:ro,Z" "-v" "/var/lib/crater-agent-workspace/builds/worker-1-tc2/target:/opt/rustwide/target:rw,Z" "-v" "/var/lib/crater-agent-workspace/cargo-home:/opt/rustwide/cargo-home:ro,Z" "-v" "/var/lib/crater-agent-workspace/rustup-home:/opt/rustwide/rustup-home:ro,Z" "-m" "1610612736" "--network" "none" "ghcr.io/rust-lang/crates-build-env/linux@sha256:77db811e55d90add9212f6832c23229e3de5f1c1f9905e8cb07319ea15df73ac" "sleep" "infinity", kill_on_drop: false }`
[INFO] [stdout] af2e29d6dd0bbff3d42b972076610c2cd12922ce5b7fdced570787d53be32bcd
[INFO] running `Command { std: "docker" "start" "af2e29d6dd0bbff3d42b972076610c2cd12922ce5b7fdced570787d53be32bcd", kill_on_drop: false }`
[INFO] running `Command { std: "docker" "inspect" "af2e29d6dd0bbff3d42b972076610c2cd12922ce5b7fdced570787d53be32bcd", kill_on_drop: false }`
[INFO] running `Command { std: "docker" "exec" "-e" "SOURCE_DIR=/opt/rustwide/workdir" "-e" "CARGO_HOME=/opt/rustwide/cargo-home" "-e" "RUSTUP_HOME=/opt/rustwide/rustup-home" "-e" "CARGO_TARGET_DIR=/opt/rustwide/target" "-w" "/opt/rustwide/workdir" "--user" "0:0" "af2e29d6dd0bbff3d42b972076610c2cd12922ce5b7fdced570787d53be32bcd" "/opt/rustwide/cargo-home/bin/cargo" "+3154cc1a3e6424e44f438a95007d043ed5ceaaf6" "metadata" "--no-deps" "--format-version=1", kill_on_drop: false }`
[INFO] running `Command { std: "docker" "inspect" "af2e29d6dd0bbff3d42b972076610c2cd12922ce5b7fdced570787d53be32bcd", kill_on_drop: false }`
[INFO] running `Command { std: "docker" "exec" "-e" "SOURCE_DIR=/opt/rustwide/workdir" "-e" "CARGO_HOME=/opt/rustwide/cargo-home" "-e" "RUSTUP_HOME=/opt/rustwide/rustup-home" "-e" "CARGO_TARGET_DIR=/opt/rustwide/target" "-e" "CARGO_INCREMENTAL=0" "-e" "RUST_BACKTRACE=full" "-e" "RUSTFLAGS=--cap-lints=forbid" "-e" "RUSTDOCFLAGS=--cap-lints=forbid" "-w" "/opt/rustwide/workdir" "--user" "0:0" "af2e29d6dd0bbff3d42b972076610c2cd12922ce5b7fdced570787d53be32bcd" "/opt/rustwide/cargo-home/bin/cargo" "+3154cc1a3e6424e44f438a95007d043ed5ceaaf6" "check" "--frozen" "--all" "--all-targets" "--message-format=json", kill_on_drop: false }`
[INFO] [stderr] warning: unused workspace dependency `assert_fs`
[INFO] [stderr]   --> Cargo.toml:26:1
[INFO] [stderr]    |
[INFO] [stderr] 26 | assert_fs = "1.0.4"
[INFO] [stderr]    | ^^^^^^^^^
[INFO] [stderr]    |
[INFO] [stderr]    = note: `cargo::unused_workspace_dependencies` is set to `warn` by default
[INFO] [stderr] help: consider removing the workspace dependency `assert_fs`
[INFO] [stderr] warning: unused workspace dependency `bstr`
[INFO] [stderr]   --> Cargo.toml:36:1
[INFO] [stderr]    |
[INFO] [stderr] 36 | bstr = "1.0"
[INFO] [stderr]    | ^^^^
[INFO] [stderr]    |
[INFO] [stderr] help: consider removing the workspace dependency `bstr`
[INFO] [stderr] warning: unused workspace dependency `camino`
[INFO] [stderr]   --> Cargo.toml:38:1
[INFO] [stderr]    |
[INFO] [stderr] 38 | camino = "1.0"
[INFO] [stderr]    | ^^^^^^
[INFO] [stderr]    |
[INFO] [stderr] help: consider removing the workspace dependency `camino`
[INFO] [stderr] warning: unused workspace dependency `filenamegen`
[INFO] [stderr]   --> Cargo.toml:59:1
[INFO] [stderr]    |
[INFO] [stderr] 59 | filenamegen = "0.2.6"
[INFO] [stderr]    | ^^^^^^^^^^^
[INFO] [stderr]    |
[INFO] [stderr] help: consider removing the workspace dependency `filenamegen`
[INFO] [stderr] warning: unused workspace dependency `fixed`
[INFO] [stderr]   --> Cargo.toml:60:1
[INFO] [stderr]    |
[INFO] [stderr] 60 | fixed = "1.23"
[INFO] [stderr]    | ^^^^^
[INFO] [stderr]    |
[INFO] [stderr] help: consider removing the workspace dependency `fixed`
[INFO] [stderr] warning: unused workspace dependency `futures-lite`
[INFO] [stderr]   --> Cargo.toml:64:1
[INFO] [stderr]    |
[INFO] [stderr] 64 | futures-lite = "2.3"
[INFO] [stderr]    | ^^^^^^^^^^^^
[INFO] [stderr]    |
[INFO] [stderr] help: consider removing the workspace dependency `futures-lite`
[INFO] [stderr] warning: unused workspace dependency `futures-util`
[INFO] [stderr]   --> Cargo.toml:65:1
[INFO] [stderr]    |
[INFO] [stderr] 65 | futures-util = "0.3"
[INFO] [stderr]    | ^^^^^^^^^^^^
[INFO] [stderr]    |
[INFO] [stderr] help: consider removing the workspace dependency `futures-util`
[INFO] [stderr] warning: unused workspace dependency `gethostname`
[INFO] [stderr]   --> Cargo.toml:66:1
[INFO] [stderr]    |
[INFO] [stderr] 66 | gethostname = "0.5"
[INFO] [stderr]    | ^^^^^^^^^^^
[INFO] [stderr]    |
[INFO] [stderr] help: consider removing the workspace dependency `gethostname`
[INFO] [stderr] warning: unused workspace dependency `human-sort`
[INFO] [stderr]   --> Cargo.toml:74:1
[INFO] [stderr]    |
[INFO] [stderr] 74 | human-sort = "0.2"
[INFO] [stderr]    | ^^^^^^^^^^
[INFO] [stderr]    |
[INFO] [stderr] help: consider removing the workspace dependency `human-sort`
[INFO] [stderr] warning: unused workspace dependency `mio`
[INFO] [stderr]   --> Cargo.toml:95:1
[INFO] [stderr]    |
[INFO] [stderr] 95 | mio = "0.8"
[INFO] [stderr]    | ^^^
[INFO] [stderr]    |
[INFO] [stderr] help: consider removing the workspace dependency `mio`
[INFO] [stderr] warning: unused workspace dependency `phf_codegen`
[INFO] [stderr]    --> Cargo.toml:106:1
[INFO] [stderr]     |
[INFO] [stderr] 106 | phf_codegen = "0.10"
[INFO] [stderr]     | ^^^^^^^^^^^
[INFO] [stderr]     |
[INFO] [stderr] help: consider removing the workspace dependency `phf_codegen`
[INFO] [stderr] warning: unused workspace dependency `predicates`
[INFO] [stderr]    --> Cargo.toml:108:1
[INFO] [stderr]     |
[INFO] [stderr] 108 | predicates = "3.0"
[INFO] [stderr]     | ^^^^^^^^^^
[INFO] [stderr]     |
[INFO] [stderr] help: consider removing the workspace dependency `predicates`
[INFO] [stderr] warning: unused workspace dependency `rcgen`
[INFO] [stderr]    --> Cargo.toml:113:1
[INFO] [stderr]     |
[INFO] [stderr] 113 | rcgen = "0.12"
[INFO] [stderr]     | ^^^^^
[INFO] [stderr]     |
[INFO] [stderr] help: consider removing the workspace dependency `rcgen`
[INFO] [stderr] warning: unused workspace dependency `rstest`
[INFO] [stderr]    --> Cargo.toml:118:1
[INFO] [stderr]     |
[INFO] [stderr] 118 | rstest = "0.21"
[INFO] [stderr]     | ^^^^^^
[INFO] [stderr]     |
[INFO] [stderr] help: consider removing the workspace dependency `rstest`
[INFO] [stderr] warning: unused workspace dependency `socket2`
[INFO] [stderr]    --> Cargo.toml:128:1
[INFO] [stderr]     |
[INFO] [stderr] 128 | socket2 = "0.5"
[INFO] [stderr]     | ^^^^^^^
[INFO] [stderr]     |
[INFO] [stderr] help: consider removing the workspace dependency `socket2`
[INFO] [stderr] warning: unused workspace dependency `spa`
[INFO] [stderr]    --> Cargo.toml:129:1
[INFO] [stderr]     |
[INFO] [stderr] 129 | spa = "0.3.1"
[INFO] [stderr]     | ^^^
[INFO] [stderr]     |
[INFO] [stderr] help: consider removing the workspace dependency `spa`
[INFO] [stderr] warning: workspace (manifest) generated 16 warnings
[INFO] [stderr]     Checking log v0.4.30
[INFO] [stderr]     Checking memchr v2.8.1
[INFO] [stderr]    Compiling syn v1.0.109
[INFO] [stderr]    Compiling rustix v1.1.4
[INFO] [stderr]     Checking linux-raw-sys v0.12.1
[INFO] [stderr]    Compiling zerocopy v0.8.50
[INFO] [stderr]    Compiling quote v1.0.45
[INFO] [stderr]     Checking bitflags v2.11.1
[INFO] [stderr]    Compiling getrandom v0.4.2
[INFO] [stderr]    Compiling rand_core v0.6.4
[INFO] [stderr]     Checking num-integer v0.1.46
[INFO] [stderr]     Checking phf_shared v0.11.3
[INFO] [stderr]     Checking regex-syntax v0.8.10
[INFO] [stderr]     Checking getrandom v0.3.4
[INFO] [stderr]     Checking as-slice v0.2.1
[INFO] [stderr]     Checking lab v0.11.0
[INFO] [stderr]     Checking aligned v0.4.3
[INFO] [stderr]     Checking hash32 v0.3.1
[INFO] [stderr]     Checking euclid v0.22.14
[INFO] [stderr]     Checking imgref v1.12.1
[INFO] [stderr]     Checking num-bigint v0.4.6
[INFO] [stderr]     Checking bit-vec v0.8.0
[INFO] [stderr]     Checking avif-serialize v0.8.9
[INFO] [stderr]    Compiling rand v0.8.6
[INFO] [stderr]     Checking heapless v0.8.0
[INFO] [stderr]     Checking zune-inflate v0.2.54
[INFO] [stderr]    Compiling syn v2.0.117
[INFO] [stderr]    Compiling simd_helpers v0.1.0
[INFO] [stderr]     Checking loop9 v0.1.5
[INFO] [stderr]    Compiling nix v0.29.0
[INFO] [stderr]     Checking bit-set v0.8.0
[INFO] [stderr]     Checking bit_field v0.10.3
[INFO] [stderr]     Checking uuid v1.23.2
[INFO] [stderr]     Checking fax v0.2.7
[INFO] [stderr]     Checking lebe v0.5.3
[INFO] [stderr]     Checking png v0.18.1
[INFO] [stderr]     Checking hex v0.4.3
[INFO] [stderr]     Checking aho-corasick v1.1.4
[INFO] [stderr]     Checking no_std_io2 v0.9.4
[INFO] [stderr]     Checking nom v8.0.0
[INFO] [stderr]     Checking bitstream-io v4.10.0
[INFO] [stderr]    Compiling pest v2.8.6
[INFO] [stderr]     Checking vtparse v0.7.0 (/opt/rustwide/workdir/crates/terminal/vtparse)
[INFO] [stderr]     Checking finl_unicode v1.3.0 (https://github.com/wez/finl_unicode.git?branch=no_std#a1892f26)
[INFO] [stderr]     Checking unicode-segmentation v1.13.2
[INFO] [stderr]     Checking nom v7.1.3
[INFO] [stderr]    Compiling phf_generator v0.11.3
[INFO] [stderr]    Compiling phf_codegen v0.11.3
[INFO] [stderr]     Checking fixedbitset v0.4.2
[INFO] [stderr]    Compiling terminfo v0.9.0
[INFO] [stderr]     Checking memmem v0.1.1
[INFO] [stderr]     Checking indexmap v2.14.0
[INFO] [stderr]     Checking event-listener-strategy v0.5.4
[INFO] [stderr]     Checking errno v0.3.14
[INFO] [stderr]     Checking num-rational v0.4.2
[INFO] [stderr]     Checking async-channel v2.5.0
[INFO] [stderr]     Checking signal-hook-registry v1.4.8
[INFO] [stderr]     Checking async-lock v3.4.2
[INFO] [stderr]     Checking getrandom v0.2.17
[INFO] [stderr]     Checking blocking v1.6.2
[INFO] [stderr]     Checking serial2 v0.2.37
[INFO] [stderr]     Checking nanorand v0.7.0
[INFO] [stderr]     Checking spin v0.9.8
[INFO] [stderr]     Checking miniz_oxide v0.7.4
[INFO] [stderr]     Checking lru v0.16.4
[INFO] [stderr]     Checking castaway v0.2.4
[INFO] [stderr]     Checking humansize v2.1.3
[INFO] [stderr]     Checking inotify-sys v0.1.5
[INFO] [stderr]     Checking flume v0.11.1
[INFO] [stderr]     Checking filetime v0.2.29
[INFO] [stderr]     Checking winnow v0.7.15
[INFO] [stderr]     Checking toml_write v0.1.2
[INFO] [stderr]     Checking async-fs v2.2.0
[INFO] [stderr]     Checking inotify v0.9.6
[INFO] [stderr]     Checking regex-automata v0.4.14
[INFO] [stderr]    Compiling pest_meta v2.8.6
[INFO] [stderr]     Checking serde_json v1.0.150
[INFO] [stderr]     Checking mio v0.8.11
[INFO] [stderr]     Checking dirs-sys-next v0.1.2
[INFO] [stderr]     Checking bumpalo v3.20.3
[INFO] [stderr]     Checking hostname v0.4.2
[INFO] [stderr]     Checking shlex v1.3.0
[INFO] [stderr]     Checking onlyterm-umask v0.1.0 (/opt/rustwide/workdir/crates/platform/umask)
[INFO] [stderr]     Checking dunce v1.0.5
[INFO] [stderr]     Checking onlyterm-color-schemes-data v0.1.0 (/opt/rustwide/workdir/crates/configuration/onlyterm-color-schemes-data)
[INFO] [stderr]     Checking dirs-next v2.0.0
[INFO] [stderr]     Checking anstyle-parse v1.0.0
[INFO] [stderr]     Checking colorchoice v1.0.5
[INFO] [stderr]     Checking anstyle v1.0.14
[INFO] [stderr]     Checking num-iter v0.1.45
[INFO] [stderr]     Checking num-complex v0.4.6
[INFO] [stderr]     Checking parking_lot_core v0.9.12
[INFO] [stderr]    Compiling proc-macro2 v1.0.106
[INFO] [stderr]    Compiling io-lifetimes v1.0.11
[INFO] [stderr]     Checking notify v5.2.0
[INFO] [stderr]     Checking anstream v1.0.0
[INFO] [stderr]     Checking parking_lot v0.12.5
[INFO] [stderr]    Compiling rustix v0.37.28
[INFO] [stderr]     Checking linux-raw-sys v0.3.8
[INFO] [stderr]     Checking colored v2.2.0
[INFO] [stderr]     Checking pure-rust-locales v0.8.2
[INFO] [stderr]     Checking diff v0.1.13
[INFO] [stderr]     Checking num v0.4.3
[INFO] [stderr]     Checking onlyterm-rangeset v0.1.0 (/opt/rustwide/workdir/crates/support/rangeset)
[INFO] [stderr]    Compiling names v0.12.0
[INFO] [stderr]     Checking smawk v0.3.2
[INFO] [stderr]     Checking unicode-linebreak v0.1.5
[INFO] [stderr]     Checking crossbeam v0.8.4
[INFO] [stderr]     Checking jiff v0.2.28
[INFO] [stderr]     Checking uds_windows v1.2.1
[INFO] [stderr]     Checking leb128 v0.2.6
[INFO] [stderr]     Checking http v1.4.1
[INFO] [stderr]     Checking clap_lex v1.1.0
[INFO] [stderr]    Compiling winapi v0.3.9
[INFO] [stderr]     Checking bench-scale-tool v0.1.0
[INFO] [stderr]     Checking textwrap v0.16.2
[INFO] [stderr]     Checking clap_builder v4.6.0
[INFO] [stderr]     Checking nonzero_ext v0.3.0
[INFO] [stderr]     Checking futures-timer v3.0.4
[INFO] [stderr]    Compiling serde_core v1.0.228
[INFO] [stderr]    Compiling num-traits v0.2.19
[INFO] [stderr]    Compiling serde v1.0.228
[INFO] [stdout] error: attributes starting with `rustc` are reserved for use by the `rustc` compiler
[INFO] [stdout]   --> /opt/rustwide/cargo-home/registry/src/index.crates.io-1949cf8c6b5b557f/rustix-0.37.28/src/backend/linux_raw/io/errno.rs:28:25
[INFO] [stdout]    |
[INFO] [stdout] 28 | #[cfg_attr(rustc_attrs, rustc_layout_scalar_valid_range_start(0xf001))]
[INFO] [stdout]    |                         ^^^^^^^^^^^^^^^^^^^^^^^^^^^^^^^^^^^^^
[INFO] [stdout] 
[INFO] [stdout] 
[INFO] [stdout] error: attributes starting with `rustc` are reserved for use by the `rustc` compiler
[INFO] [stdout]   --> /opt/rustwide/cargo-home/registry/src/index.crates.io-1949cf8c6b5b557f/rustix-0.37.28/src/backend/linux_raw/io/errno.rs:29:25
[INFO] [stdout]    |
[INFO] [stdout] 29 | #[cfg_attr(rustc_attrs, rustc_layout_scalar_valid_range_end(0xffff))]
[INFO] [stdout]    |                         ^^^^^^^^^^^^^^^^^^^^^^^^^^^^^^^^^^^
[INFO] [stdout] 
[INFO] [stdout] 
[INFO] [stdout] error: cannot find attribute `rustc_layout_scalar_valid_range_start` in this scope
[INFO] [stdout]   --> /opt/rustwide/cargo-home/registry/src/index.crates.io-1949cf8c6b5b557f/rustix-0.37.28/src/backend/linux_raw/io/errno.rs:28:25
[INFO] [stdout]    |
[INFO] [stdout] 28 | #[cfg_attr(rustc_attrs, rustc_layout_scalar_valid_range_start(0xf001))]
[INFO] [stdout]    |                         ^^^^^^^^^^^^^^^^^^^^^^^^^^^^^^^^^^^^^
[INFO] [stdout] 
[INFO] [stdout] 
[INFO] [stderr]    Compiling onlyterm-dynamic-derive v0.1.1 (/opt/rustwide/workdir/crates/configuration/onlyterm-dynamic/derive)
[INFO] [stdout] error: cannot find attribute `rustc_layout_scalar_valid_range_end` in this scope
[INFO] [stdout]   --> /opt/rustwide/cargo-home/registry/src/index.crates.io-1949cf8c6b5b557f/rustix-0.37.28/src/backend/linux_raw/io/errno.rs:29:25
[INFO] [stdout]    |
[INFO] [stdout] 29 | #[cfg_attr(rustc_attrs, rustc_layout_scalar_valid_range_end(0xffff))]
[INFO] [stdout]    |                         ^^^^^^^^^^^^^^^^^^^^^^^^^^^^^^^^^^^
[INFO] [stdout] 
[INFO] [stdout] 
[INFO] [stderr]    Compiling onlyterm-config-derive v0.1.0 (/opt/rustwide/workdir/crates/configuration/config/derive)
[INFO] [stderr]    Compiling enum-display-derive v0.1.1
[INFO] [stderr]     Checking deranged v0.5.8
[INFO] [stderr]     Checking onlyterm-open-url v0.1.0 (/opt/rustwide/workdir/crates/platform/onlyterm-open-url)
[INFO] [stdout] error[E0433]: cannot find `windows` in `os`
[INFO] [stdout]   --> crates/platform/onlyterm-open-url/src/lib.rs:37:18
[INFO] [stdout]    |
[INFO] [stdout] 37 |     use std::os::windows::ffi::OsStrExt;
[INFO] [stdout]    |                  ^^^^^^^ could not find `windows` in `os`
[INFO] [stdout]    |
[INFO] [stdout] note: found an item that was configured out
[INFO] [stdout]   --> /rustc/3154cc1a3e6424e44f438a95007d043ed5ceaaf6/library/std/src/os/mod.rs:62:4
[INFO] [stdout]    |
[INFO] [stdout]    = note: the item is gated behind the `windows` feature
[INFO] [stdout] 
[INFO] [stdout] 
[INFO] [stdout] error[E0433]: cannot find `um` in `winapi`
[INFO] [stdout]   --> crates/platform/onlyterm-open-url/src/lib.rs:38:17
[INFO] [stdout]    |
[INFO] [stdout] 38 |     use winapi::um::shellapi::ShellExecuteW;
[INFO] [stdout]    |                 ^^ could not find `um` in `winapi`
[INFO] [stdout] 
[INFO] [stdout] 
[INFO] [stdout] error[E0433]: cannot find `um` in `winapi`
[INFO] [stdout]   --> crates/platform/onlyterm-open-url/src/lib.rs:72:25
[INFO] [stdout]    |
[INFO] [stdout] 72 |                 winapi::um::winuser::SW_SHOW,
[INFO] [stdout]    |                         ^^ could not find `um` in `winapi`
[INFO] [stdout] 
[INFO] [stdout] 
[INFO] [stdout] error[E0599]: no method named `encode_wide` found for reference `&OsStr` in the current scope
[INFO] [stdout]   --> crates/platform/onlyterm-open-url/src/lib.rs:42:14
[INFO] [stdout]    |
[INFO] [stdout] 41 |         std::ffi::OsStr::new(s)
[INFO] [stdout] 42 |             .encode_wide()
[INFO] [stdout]    |              ^^^^^^^^^^^ method not found in `&OsStr`
[INFO] [stdout] 
[INFO] [stdout] 
[INFO] [stdout] Some errors have detailed explanations: E0433, E0599.
[INFO] [stdout] 
[INFO] [stdout] For more information about an error, try `rustc --explain E0433`.
[INFO] [stdout] 
[INFO] [stderr] error: could not compile `onlyterm-open-url` (lib) due to 4 previous errors
[INFO] [stderr] warning: build failed, waiting for other jobs to finish...
[INFO] [stderr] error: could not compile `rustix` (lib) due to 4 previous errors
[INFO] running `Command { std: "docker" "inspect" "af2e29d6dd0bbff3d42b972076610c2cd12922ce5b7fdced570787d53be32bcd", kill_on_drop: false }`
[INFO] running `Command { std: "docker" "rm" "-f" "af2e29d6dd0bbff3d42b972076610c2cd12922ce5b7fdced570787d53be32bcd", kill_on_drop: false }`
[INFO] [stdout] af2e29d6dd0bbff3d42b972076610c2cd12922ce5b7fdced570787d53be32bcd
