[INFO] cloning repository https://github.com/P4suta/conpty-oxide
[INFO] running `Command { std: "git" "-c" "credential.helper=" "-c" "credential.helper=/workspace/cargo-home/bin/git-credential-null" "clone" "--bare" "https://github.com/P4suta/conpty-oxide" "/workspace/cache/git-repos/https%3A%2F%2Fgithub.com%2FP4suta%2Fconpty-oxide", kill_on_drop: false }`
[INFO] [stderr] Cloning into bare repository '/workspace/cache/git-repos/https%3A%2F%2Fgithub.com%2FP4suta%2Fconpty-oxide'...
[INFO] running `Command { std: "git" "rev-parse" "HEAD", kill_on_drop: false }`
[INFO] [stdout] 58c4e58260d3c470e48c8061ab12e737c63b1f46
[INFO] checking P4suta/conpty-oxide against 3154cc1a3e6424e44f438a95007d043ed5ceaaf6+rustflags=-Znext-solver=coherence for pr-133502-30
[INFO] running `Command { std: "git" "clone" "/workspace/cache/git-repos/https%3A%2F%2Fgithub.com%2FP4suta%2Fconpty-oxide" "/workspace/builds/worker-1-tc1/source", kill_on_drop: false }`
[INFO] [stderr] Cloning into '/workspace/builds/worker-1-tc1/source'...
[INFO] [stderr] done.
[INFO] started tweaking git repo https://github.com/P4suta/conpty-oxide
[INFO] removed 0 missing examples
[INFO] finished tweaking git repo https://github.com/P4suta/conpty-oxide
[INFO] tweaked toml for git repo https://github.com/P4suta/conpty-oxide written to /workspace/builds/worker-1-tc1/source/Cargo.toml
[INFO] validating manifest of git repo https://github.com/P4suta/conpty-oxide on toolchain 3154cc1a3e6424e44f438a95007d043ed5ceaaf6
[INFO] running `Command { std: CARGO_HOME="/workspace/cargo-home" RUSTUP_HOME="/workspace/rustup-home" "/workspace/cargo-home/bin/cargo" "+3154cc1a3e6424e44f438a95007d043ed5ceaaf6" "metadata" "--manifest-path" "Cargo.toml" "--no-deps", kill_on_drop: false }`
[INFO] crate git repo https://github.com/P4suta/conpty-oxide already has a lockfile, it will not be regenerated
[INFO] running `Command { std: CARGO_HOME="/workspace/cargo-home" RUSTUP_HOME="/workspace/rustup-home" "/workspace/cargo-home/bin/cargo" "+3154cc1a3e6424e44f438a95007d043ed5ceaaf6" "fetch" "--manifest-path" "Cargo.toml", kill_on_drop: false }`
[INFO] [stderr]     Updating crates.io index
[INFO] [stderr]  Downloading crates ...
[INFO] [stderr]   Downloaded windows-spawn v0.1.0
[INFO] running `Command { std: "docker" "create" "-v" "/var/lib/crater-agent-workspace/builds/worker-1-tc1/source:/opt/rustwide/workdir:ro,Z" "-v" "/var/lib/crater-agent-workspace/builds/worker-1-tc1/target:/opt/rustwide/target:rw,Z" "-v" "/var/lib/crater-agent-workspace/cargo-home:/opt/rustwide/cargo-home:ro,Z" "-v" "/var/lib/crater-agent-workspace/rustup-home:/opt/rustwide/rustup-home:ro,Z" "-m" "1610612736" "--network" "none" "ghcr.io/rust-lang/crates-build-env/linux@sha256:77db811e55d90add9212f6832c23229e3de5f1c1f9905e8cb07319ea15df73ac" "sleep" "infinity", kill_on_drop: false }`
[INFO] [stdout] 6629317ccd902cdf02f0a97d2c34f410c6cf8b06cf1644c976aa568cfc395e89
[INFO] running `Command { std: "docker" "start" "6629317ccd902cdf02f0a97d2c34f410c6cf8b06cf1644c976aa568cfc395e89", kill_on_drop: false }`
[INFO] running `Command { std: "docker" "inspect" "6629317ccd902cdf02f0a97d2c34f410c6cf8b06cf1644c976aa568cfc395e89", kill_on_drop: false }`
[INFO] running `Command { std: "docker" "exec" "-e" "SOURCE_DIR=/opt/rustwide/workdir" "-e" "CARGO_HOME=/opt/rustwide/cargo-home" "-e" "RUSTUP_HOME=/opt/rustwide/rustup-home" "-e" "CARGO_TARGET_DIR=/opt/rustwide/target" "-w" "/opt/rustwide/workdir" "--user" "0:0" "6629317ccd902cdf02f0a97d2c34f410c6cf8b06cf1644c976aa568cfc395e89" "/opt/rustwide/cargo-home/bin/cargo" "+3154cc1a3e6424e44f438a95007d043ed5ceaaf6" "metadata" "--no-deps" "--format-version=1", kill_on_drop: false }`
[INFO] running `Command { std: "docker" "inspect" "6629317ccd902cdf02f0a97d2c34f410c6cf8b06cf1644c976aa568cfc395e89", kill_on_drop: false }`
[INFO] running `Command { std: "docker" "exec" "-e" "SOURCE_DIR=/opt/rustwide/workdir" "-e" "CARGO_HOME=/opt/rustwide/cargo-home" "-e" "RUSTUP_HOME=/opt/rustwide/rustup-home" "-e" "CARGO_TARGET_DIR=/opt/rustwide/target" "-e" "CARGO_INCREMENTAL=0" "-e" "RUST_BACKTRACE=full" "-e" "RUSTFLAGS=--cap-lints=forbid -Znext-solver=coherence" "-e" "RUSTDOCFLAGS=--cap-lints=forbid" "-w" "/opt/rustwide/workdir" "--user" "0:0" "6629317ccd902cdf02f0a97d2c34f410c6cf8b06cf1644c976aa568cfc395e89" "/opt/rustwide/cargo-home/bin/cargo" "+3154cc1a3e6424e44f438a95007d043ed5ceaaf6" "check" "--frozen" "--all" "--all-targets" "--message-format=json", kill_on_drop: false }`
[INFO] [stderr]     Checking conpty-oxide v0.1.2 (/opt/rustwide/workdir)
[INFO] [stdout] error: conpty-oxide only supports Windows targets; build it with a `*-pc-windows-*` target.
[INFO] [stdout]    --> src/lib.rs:127:1
[INFO] [stdout]     |
[INFO] [stdout] 127 | / compile_error!(
[INFO] [stdout] 128 | |     "conpty-oxide only supports Windows targets; \
[INFO] [stdout] 129 | |      build it with a `*-pc-windows-*` target."
[INFO] [stdout] 130 | | );
[INFO] [stdout]     | |_^
[INFO] [stdout] 
[INFO] [stdout] 
[INFO] [stdout] error: conpty-oxide only supports Windows targets; build it with a `*-pc-windows-*` target.
[INFO] [stdout]    --> src/lib.rs:127:1
[INFO] [stdout]     |
[INFO] [stdout] 127 | / compile_error!(
[INFO] [stdout] 128 | |     "conpty-oxide only supports Windows targets; \
[INFO] [stdout] 129 | |      build it with a `*-pc-windows-*` target."
[INFO] [stdout] 130 | | );
[INFO] [stdout]     | |_^
[INFO] [stdout] 
[INFO] [stdout] 
[INFO] [stdout] error[E0433]: cannot find `windows` in `os`
[INFO] [stdout]   --> src/backend/exports.rs:14:14
[INFO] [stdout]    |
[INFO] [stdout] 14 | use std::os::windows::ffi::OsStrExt;
[INFO] [stdout]    |              ^^^^^^^ could not find `windows` in `os`
[INFO] [stdout]    |
[INFO] [stdout] note: found an item that was configured out
[INFO] [stdout]   --> /rustc/3154cc1a3e6424e44f438a95007d043ed5ceaaf6/library/std/src/os/mod.rs:62:4
[INFO] [stdout]    |
[INFO] [stdout]    = note: the item is gated behind the `windows` feature
[INFO] [stdout] 
[INFO] [stdout] 
[INFO] [stdout] error[E0433]: cannot find `windows` in `os`
[INFO] [stdout]   --> src/backend.rs:59:14
[INFO] [stdout]    |
[INFO] [stdout] 59 | use std::os::windows::io::{AsRawHandle, BorrowedHandle};
[INFO] [stdout]    |              ^^^^^^^ could not find `windows` in `os`
[INFO] [stdout]    |
[INFO] [stdout] note: found an item that was configured out
[INFO] [stdout]   --> /rustc/3154cc1a3e6424e44f438a95007d043ed5ceaaf6/library/std/src/os/mod.rs:62:4
[INFO] [stdout]    |
[INFO] [stdout]    = note: the item is gated behind the `windows` feature
[INFO] [stdout] 
[INFO] [stdout] 
[INFO] [stdout] error[E0433]: cannot find `windows` in `os`
[INFO] [stdout]  --> src/core/child.rs:8:14
[INFO] [stdout]   |
[INFO] [stdout] 8 | use std::os::windows::io::{AsHandle, BorrowedHandle};
[INFO] [stdout]   |              ^^^^^^^ could not find `windows` in `os`
[INFO] [stdout]   |
[INFO] [stdout] note: found an item that was configured out
[INFO] [stdout]  --> /rustc/3154cc1a3e6424e44f438a95007d043ed5ceaaf6/library/std/src/os/mod.rs:62:4
[INFO] [stdout]   |
[INFO] [stdout]   = note: the item is gated behind the `windows` feature
[INFO] [stdout] 
[INFO] [stdout] 
[INFO] [stdout] error[E0433]: cannot find `windows` in `os`
[INFO] [stdout]   --> src/core/pipes/anonymous.rs:14:14
[INFO] [stdout]    |
[INFO] [stdout] 14 | use std::os::windows::io::{FromRawHandle, OwnedHandle};
[INFO] [stdout]    |              ^^^^^^^ could not find `windows` in `os`
[INFO] [stdout]    |
[INFO] [stdout] note: found an item that was configured out
[INFO] [stdout]   --> /rustc/3154cc1a3e6424e44f438a95007d043ed5ceaaf6/library/std/src/os/mod.rs:62:4
[INFO] [stdout]    |
[INFO] [stdout]    = note: the item is gated behind the `windows` feature
[INFO] [stdout] 
[INFO] [stdout] 
[INFO] [stdout] error[E0433]: cannot find `windows` in `os`
[INFO] [stdout]   --> src/core/pseudocon.rs:87:14
[INFO] [stdout]    |
[INFO] [stdout] 87 | use std::os::windows::io::{AsHandle, OwnedHandle};
[INFO] [stdout]    |              ^^^^^^^ could not find `windows` in `os`
[INFO] [stdout]    |
[INFO] [stdout] note: found an item that was configured out
[INFO] [stdout]   --> /rustc/3154cc1a3e6424e44f438a95007d043ed5ceaaf6/library/std/src/os/mod.rs:62:4
[INFO] [stdout]    |
[INFO] [stdout]    = note: the item is gated behind the `windows` feature
[INFO] [stdout] 
[INFO] [stdout] 
[INFO] [stdout] error[E0433]: cannot find `windows` in `os`
[INFO] [stdout]   --> src/core/session.rs:33:14
[INFO] [stdout]    |
[INFO] [stdout] 33 | use std::os::windows::io::{AsHandle, OwnedHandle};
[INFO] [stdout]    |              ^^^^^^^ could not find `windows` in `os`
[INFO] [stdout]    |
[INFO] [stdout] note: found an item that was configured out
[INFO] [stdout]   --> /rustc/3154cc1a3e6424e44f438a95007d043ed5ceaaf6/library/std/src/os/mod.rs:62:4
[INFO] [stdout]    |
[INFO] [stdout]    = note: the item is gated behind the `windows` feature
[INFO] [stdout] 
[INFO] [stdout] 
[INFO] [stdout] error[E0433]: cannot find `windows` in `os`
[INFO] [stdout]   --> src/core/wait.rs:26:14
[INFO] [stdout]    |
[INFO] [stdout] 26 | use std::os::windows::io::{AsHandle, AsRawHandle, BorrowedHandle, OwnedHandle};
[INFO] [stdout]    |              ^^^^^^^ could not find `windows` in `os`
[INFO] [stdout]    |
[INFO] [stdout] note: found an item that was configured out
[INFO] [stdout]   --> /rustc/3154cc1a3e6424e44f438a95007d043ed5ceaaf6/library/std/src/os/mod.rs:62:4
[INFO] [stdout]    |
[INFO] [stdout]    = note: the item is gated behind the `windows` feature
[INFO] [stdout] 
[INFO] [stdout] 
[INFO] [stdout] error[E0433]: cannot find `windows` in `os`
[INFO] [stdout]  --> src/blocking/command.rs:9:14
[INFO] [stdout]   |
[INFO] [stdout] 9 | use std::os::windows::io::{AsHandle, BorrowedHandle};
[INFO] [stdout]   |              ^^^^^^^ could not find `windows` in `os`
[INFO] [stdout]   |
[INFO] [stdout] note: found an item that was configured out
[INFO] [stdout]  --> /rustc/3154cc1a3e6424e44f438a95007d043ed5ceaaf6/library/std/src/os/mod.rs:62:4
[INFO] [stdout]   |
[INFO] [stdout]   = note: the item is gated behind the `windows` feature
[INFO] [stdout] 
[INFO] [stdout] 
[INFO] [stdout] error[E0433]: cannot find `windows` in `os`
[INFO] [stdout]   --> src/blocking/pty.rs:10:14
[INFO] [stdout]    |
[INFO] [stdout] 10 | use std::os::windows::io::OwnedHandle;
[INFO] [stdout]    |              ^^^^^^^ could not find `windows` in `os`
[INFO] [stdout]    |
[INFO] [stdout] note: found an item that was configured out
[INFO] [stdout]   --> /rustc/3154cc1a3e6424e44f438a95007d043ed5ceaaf6/library/std/src/os/mod.rs:62:4
[INFO] [stdout]    |
[INFO] [stdout]    = note: the item is gated behind the `windows` feature
[INFO] [stdout] 
[INFO] [stdout] 
[INFO] [stdout] error[E0433]: cannot find module or crate `windows_sys` in this scope
[INFO] [stdout]   --> src/backend/bundle.rs:21:5
[INFO] [stdout]    |
[INFO] [stdout] 21 | use windows_sys::core::BOOL;
[INFO] [stdout]    |     ^^^^^^^^^^^ use of unresolved module or unlinked crate `windows_sys`
[INFO] [stdout]    |
[INFO] [stdout]    = help: if you wanted to use a crate named `windows_sys`, use `cargo add windows_sys` to add it to your `Cargo.toml`
[INFO] [stdout] 
[INFO] [stdout] 
[INFO] [stdout] error[E0433]: cannot find module or crate `windows_sys` in this scope
[INFO] [stdout]   --> src/backend/bundle.rs:22:5
[INFO] [stdout]    |
[INFO] [stdout] 22 | use windows_sys::Win32::Foundation::HANDLE;
[INFO] [stdout]    |     ^^^^^^^^^^^ use of unresolved module or unlinked crate `windows_sys`
[INFO] [stdout]    |
[INFO] [stdout]    = help: if you wanted to use a crate named `windows_sys`, use `cargo add windows_sys` to add it to your `Cargo.toml`
[INFO] [stdout] 
[INFO] [stdout] 
[INFO] [stdout] error[E0433]: cannot find module or crate `windows_sys` in this scope
[INFO] [stdout]   --> src/backend/bundle.rs:23:5
[INFO] [stdout]    |
[INFO] [stdout] 23 | use windows_sys::Win32::Storage::FileSystem::{
[INFO] [stdout]    |     ^^^^^^^^^^^ use of unresolved module or unlinked crate `windows_sys`
[INFO] [stdout]    |
[INFO] [stdout]    = help: if you wanted to use a crate named `windows_sys`, use `cargo add windows_sys` to add it to your `Cargo.toml`
[INFO] [stdout] 
[INFO] [stdout] 
[INFO] [stdout] error[E0433]: cannot find module or crate `windows_sys` in this scope
[INFO] [stdout]   --> src/backend/bundle.rs:26:5
[INFO] [stdout]    |
[INFO] [stdout] 26 | use windows_sys::Win32::System::LibraryLoader::{GetModuleHandleW, GetProcAddress};
[INFO] [stdout]    |     ^^^^^^^^^^^ use of unresolved module or unlinked crate `windows_sys`
[INFO] [stdout]    |
[INFO] [stdout]    = help: if you wanted to use a crate named `windows_sys`, use `cargo add windows_sys` to add it to your `Cargo.toml`
[INFO] [stdout] 
[INFO] [stdout] 
[INFO] [stdout] error[E0433]: cannot find module or crate `windows_sys` in this scope
[INFO] [stdout]   --> src/backend/bundle.rs:27:5
[INFO] [stdout]    |
[INFO] [stdout] 27 | use windows_sys::Win32::System::Threading::GetCurrentProcess;
[INFO] [stdout]    |     ^^^^^^^^^^^ use of unresolved module or unlinked crate `windows_sys`
[INFO] [stdout]    |
[INFO] [stdout]    = help: if you wanted to use a crate named `windows_sys`, use `cargo add windows_sys` to add it to your `Cargo.toml`
[INFO] [stdout] 
[INFO] [stdout] 
[INFO] [stdout] error[E0433]: cannot find module or crate `windows_sys` in this scope
[INFO] [stdout]   --> src/backend/exports.rs:18:5
[INFO] [stdout]    |
[INFO] [stdout] 18 | use windows_sys::core::{BOOL, HRESULT};
[INFO] [stdout]    |     ^^^^^^^^^^^ use of unresolved module or unlinked crate `windows_sys`
[INFO] [stdout]    |
[INFO] [stdout]    = help: if you wanted to use a crate named `windows_sys`, use `cargo add windows_sys` to add it to your `Cargo.toml`
[INFO] [stdout] 
[INFO] [stdout] 
[INFO] [stdout] error[E0433]: cannot find module or crate `windows_sys` in this scope
[INFO] [stdout]   --> src/backend/exports.rs:20:5
[INFO] [stdout]    |
[INFO] [stdout] 20 | use windows_sys::Win32::Foundation::HANDLE;
[INFO] [stdout]    |     ^^^^^^^^^^^ use of unresolved module or unlinked crate `windows_sys`
[INFO] [stdout]    |
[INFO] [stdout]    = help: if you wanted to use a crate named `windows_sys`, use `cargo add windows_sys` to add it to your `Cargo.toml`
[INFO] [stdout] 
[INFO] [stdout] 
[INFO] [stdout] error[E0433]: cannot find module or crate `windows_sys` in this scope
[INFO] [stdout]   --> src/backend/exports.rs:21:5
[INFO] [stdout]    |
[INFO] [stdout] 21 | use windows_sys::Win32::Foundation::{FreeLibrary, HMODULE};
[INFO] [stdout]    |     ^^^^^^^^^^^ use of unresolved module or unlinked crate `windows_sys`
[INFO] [stdout]    |
[INFO] [stdout]    = help: if you wanted to use a crate named `windows_sys`, use `cargo add windows_sys` to add it to your `Cargo.toml`
[INFO] [stdout] 
[INFO] [stdout] 
[INFO] [stdout] error[E0433]: cannot find module or crate `windows_sys` in this scope
[INFO] [stdout]   --> src/backend/exports.rs:23:5
[INFO] [stdout]    |
[INFO] [stdout] 23 | use windows_sys::Win32::System::Console::COORD;
[INFO] [stdout]    |     ^^^^^^^^^^^ use of unresolved module or unlinked crate `windows_sys`
[INFO] [stdout]    |
[INFO] [stdout]    = help: if you wanted to use a crate named `windows_sys`, use `cargo add windows_sys` to add it to your `Cargo.toml`
[INFO] [stdout] 
[INFO] [stdout] 
[INFO] [stdout] error[E0433]: cannot find module or crate `windows_sys` in this scope
[INFO] [stdout]   --> src/backend/exports.rs:24:5
[INFO] [stdout]    |
[INFO] [stdout] 24 | use windows_sys::Win32::System::Console::HPCON;
[INFO] [stdout]    |     ^^^^^^^^^^^ use of unresolved module or unlinked crate `windows_sys`
[INFO] [stdout]    |
[INFO] [stdout]    = help: if you wanted to use a crate named `windows_sys`, use `cargo add windows_sys` to add it to your `Cargo.toml`
[INFO] [stdout] 
[INFO] [stdout] 
[INFO] [stdout] error[E0433]: cannot find module or crate `windows_sys` in this scope
[INFO] [stdout]   --> src/backend/exports.rs:25:5
[INFO] [stdout]    |
[INFO] [stdout] 25 | use windows_sys::Win32::System::Diagnostics::Debug::{
[INFO] [stdout]    |     ^^^^^^^^^^^ use of unresolved module or unlinked crate `windows_sys`
[INFO] [stdout]    |
[INFO] [stdout]    = help: if you wanted to use a crate named `windows_sys`, use `cargo add windows_sys` to add it to your `Cargo.toml`
[INFO] [stdout] 
[INFO] [stdout] 
[INFO] [stdout] error[E0433]: cannot find module or crate `windows_sys` in this scope
[INFO] [stdout]   --> src/backend/exports.rs:28:5
[INFO] [stdout]    |
[INFO] [stdout] 28 | use windows_sys::Win32::System::LibraryLoader::{
[INFO] [stdout]    |     ^^^^^^^^^^^ use of unresolved module or unlinked crate `windows_sys`
[INFO] [stdout]    |
[INFO] [stdout]    = help: if you wanted to use a crate named `windows_sys`, use `cargo add windows_sys` to add it to your `Cargo.toml`
[INFO] [stdout] 
[INFO] [stdout] 
[INFO] [stdout] error[E0433]: cannot find module or crate `windows_sys` in this scope
[INFO] [stdout]   --> src/backend.rs:64:5
[INFO] [stdout]    |
[INFO] [stdout] 64 | use windows_sys::core::HRESULT;
[INFO] [stdout]    |     ^^^^^^^^^^^ use of unresolved module or unlinked crate `windows_sys`
[INFO] [stdout]    |
[INFO] [stdout]    = help: if you wanted to use a crate named `windows_sys`, use `cargo add windows_sys` to add it to your `Cargo.toml`
[INFO] [stdout] 
[INFO] [stdout] 
[INFO] [stdout] error[E0433]: cannot find module or crate `windows_sys` in this scope
[INFO] [stdout]   --> src/backend.rs:66:5
[INFO] [stdout]    |
[INFO] [stdout] 66 | use windows_sys::Win32::System::Console::COORD;
[INFO] [stdout]    |     ^^^^^^^^^^^ use of unresolved module or unlinked crate `windows_sys`
[INFO] [stdout]    |
[INFO] [stdout]    = help: if you wanted to use a crate named `windows_sys`, use `cargo add windows_sys` to add it to your `Cargo.toml`
[INFO] [stdout] 
[INFO] [stdout] 
[INFO] [stdout] error[E0433]: cannot find module or crate `windows_sys` in this scope
[INFO] [stdout]   --> src/backend.rs:69:16
[INFO] [stdout]    |
[INFO] [stdout] 69 | pub(super) use windows_sys::Win32::System::Console::{HPCON, PSEUDOCONSOLE_INHERIT_CURSOR};
[INFO] [stdout]    |                ^^^^^^^^^^^ use of unresolved module or unlinked crate `windows_sys`
[INFO] [stdout]    |
[INFO] [stdout]    = help: if you wanted to use a crate named `windows_sys`, use `cargo add windows_sys` to add it to your `Cargo.toml`
[INFO] [stdout] 
[INFO] [stdout] 
[INFO] [stdout] error[E0433]: cannot find module or crate `windows_sys` in this scope
[INFO] [stdout]   --> src/backend.rs:70:5
[INFO] [stdout]    |
[INFO] [stdout] 70 | use windows_sys::Win32::System::LibraryLoader::GetModuleHandleW;
[INFO] [stdout]    |     ^^^^^^^^^^^ use of unresolved module or unlinked crate `windows_sys`
[INFO] [stdout]    |
[INFO] [stdout]    = help: if you wanted to use a crate named `windows_sys`, use `cargo add windows_sys` to add it to your `Cargo.toml`
[INFO] [stdout] 
[INFO] [stdout] 
[INFO] [stdout] error[E0433]: cannot find module or crate `windows_sys` in this scope
[INFO] [stdout]   --> src/core/pipes/anonymous.rs:17:5
[INFO] [stdout]    |
[INFO] [stdout] 17 | use windows_sys::Win32::Foundation::HANDLE;
[INFO] [stdout]    |     ^^^^^^^^^^^ use of unresolved module or unlinked crate `windows_sys`
[INFO] [stdout]    |
[INFO] [stdout]    = help: if you wanted to use a crate named `windows_sys`, use `cargo add windows_sys` to add it to your `Cargo.toml`
[INFO] [stdout] 
[INFO] [stdout] 
[INFO] [stdout] error[E0433]: cannot find module or crate `windows_sys` in this scope
[INFO] [stdout]   --> src/core/pipes/anonymous.rs:18:5
[INFO] [stdout]    |
[INFO] [stdout] 18 | use windows_sys::Win32::Security::SECURITY_ATTRIBUTES;
[INFO] [stdout]    |     ^^^^^^^^^^^ use of unresolved module or unlinked crate `windows_sys`
[INFO] [stdout]    |
[INFO] [stdout]    = help: if you wanted to use a crate named `windows_sys`, use `cargo add windows_sys` to add it to your `Cargo.toml`
[INFO] [stdout] 
[INFO] [stdout] 
[INFO] [stdout] error[E0433]: cannot find module or crate `windows_sys` in this scope
[INFO] [stdout]   --> src/core/pipes/anonymous.rs:19:5
[INFO] [stdout]    |
[INFO] [stdout] 19 | use windows_sys::Win32::System::Pipes::CreatePipe;
[INFO] [stdout]    |     ^^^^^^^^^^^ use of unresolved module or unlinked crate `windows_sys`
[INFO] [stdout]    |
[INFO] [stdout]    = help: if you wanted to use a crate named `windows_sys`, use `cargo add windows_sys` to add it to your `Cargo.toml`
[INFO] [stdout] 
[INFO] [stdout] 
[INFO] [stdout] error[E0432]: unresolved import `windows_spawn`
[INFO] [stdout]  --> src/core/job.rs:9:16
[INFO] [stdout]   |
[INFO] [stdout] 9 | pub(super) use windows_spawn::Job;
[INFO] [stdout]   |                ^^^^^^^^^^^^^ use of unresolved module or unlinked crate `windows_spawn`
[INFO] [stdout]   |
[INFO] [stdout]   = help: if you wanted to use a crate named `windows_spawn`, use `cargo add windows_spawn` to add it to your `Cargo.toml`
[INFO] [stdout] 
[INFO] [stdout] 
[INFO] [stdout] error[E0433]: cannot find module or crate `windows_sys` in this scope
[INFO] [stdout]   --> src/core/wait.rs:39:5
[INFO] [stdout]    |
[INFO] [stdout] 39 | use windows_sys::Win32::Foundation::ERROR_IO_PENDING;
[INFO] [stdout]    |     ^^^^^^^^^^^ use of unresolved module or unlinked crate `windows_sys`
[INFO] [stdout]    |
[INFO] [stdout]    = help: if you wanted to use a crate named `windows_sys`, use `cargo add windows_sys` to add it to your `Cargo.toml`
[INFO] [stdout] 
[INFO] [stdout] 
[INFO] [stdout] error[E0433]: cannot find module or crate `windows_sys` in this scope
[INFO] [stdout]   --> src/core/wait.rs:40:5
[INFO] [stdout]    |
[INFO] [stdout] 40 | use windows_sys::Win32::Foundation::{HANDLE, INVALID_HANDLE_VALUE};
[INFO] [stdout]    |     ^^^^^^^^^^^ use of unresolved module or unlinked crate `windows_sys`
[INFO] [stdout]    |
[INFO] [stdout]    = help: if you wanted to use a crate named `windows_sys`, use `cargo add windows_sys` to add it to your `Cargo.toml`
[INFO] [stdout] 
[INFO] [stdout] 
[INFO] [stdout] error[E0433]: cannot find module or crate `windows_sys` in this scope
[INFO] [stdout]   --> src/core/wait.rs:47:5
[INFO] [stdout]    |
[INFO] [stdout] 47 | use windows_sys::Win32::System::Threading::{
[INFO] [stdout]    |     ^^^^^^^^^^^ use of unresolved module or unlinked crate `windows_sys`
[INFO] [stdout]    |
[INFO] [stdout]    = help: if you wanted to use a crate named `windows_sys`, use `cargo add windows_sys` to add it to your `Cargo.toml`
[INFO] [stdout] 
[INFO] [stdout] 
[INFO] [stdout] error[E0433]: cannot find module or crate `windows_sys` in this scope
[INFO] [stdout]   --> src/core/mod.rs:43:5
[INFO] [stdout]    |
[INFO] [stdout] 43 | use windows_sys::Win32::Foundation::{
[INFO] [stdout]    |     ^^^^^^^^^^^ use of unresolved module or unlinked crate `windows_sys`
[INFO] [stdout]    |
[INFO] [stdout]    = help: if you wanted to use a crate named `windows_sys`, use `cargo add windows_sys` to add it to your `Cargo.toml`
[INFO] [stdout] 
[INFO] [stdout] 
[INFO] [stdout] error[E0432]: unresolved import `windows_spawn`
[INFO] [stdout]  --> src/core/proc.rs:9:5
[INFO] [stdout]   |
[INFO] [stdout] 9 | use windows_spawn::{DropPolicy, Job, SpawnOptions};
[INFO] [stdout]   |     ^^^^^^^^^^^^^ use of unresolved module or unlinked crate `windows_spawn`
[INFO] [stdout]   |
[INFO] [stdout]   = help: if you wanted to use a crate named `windows_spawn`, use `cargo add windows_spawn` to add it to your `Cargo.toml`
[INFO] [stdout] 
[INFO] [stdout] 
[INFO] [stdout] error[E0433]: cannot find module or crate `thiserror` in this scope
[INFO] [stdout]   --> src/error.rs:56:17
[INFO] [stdout]    |
[INFO] [stdout] 56 | #[derive(Debug, thiserror::Error)]
[INFO] [stdout]    |                 ^^^^^^^^^ use of unresolved module or unlinked crate `thiserror`
[INFO] [stdout] 
[INFO] [stdout] 
[INFO] [stdout] error[E0433]: cannot find module or crate `thiserror` in this scope
[INFO] [stdout]    --> src/error.rs:292:17
[INFO] [stdout]     |
[INFO] [stdout] 292 | #[derive(Debug, thiserror::Error)]
[INFO] [stdout]     |                 ^^^^^^^^^ use of unresolved module or unlinked crate `thiserror`
[INFO] [stdout] 
[INFO] [stdout] 
[INFO] [stdout] error[E0433]: cannot find `windows` in `os`
[INFO] [stdout]   --> src/backend/exports.rs:14:14
[INFO] [stdout]    |
[INFO] [stdout] 14 | use std::os::windows::ffi::OsStrExt;
[INFO] [stdout]    |              ^^^^^^^ could not find `windows` in `os`
[INFO] [stdout]    |
[INFO] [stdout] note: found an item that was configured out
[INFO] [stdout]   --> /rustc/3154cc1a3e6424e44f438a95007d043ed5ceaaf6/library/std/src/os/mod.rs:62:4
[INFO] [stdout]    |
[INFO] [stdout]    = note: the item is gated behind the `windows` feature
[INFO] [stdout] 
[INFO] [stdout] 
[INFO] [stdout] error[E0433]: cannot find `windows` in `os`
[INFO] [stdout]   --> src/backend.rs:59:14
[INFO] [stdout]    |
[INFO] [stdout] 59 | use std::os::windows::io::{AsRawHandle, BorrowedHandle};
[INFO] [stdout]    |              ^^^^^^^ could not find `windows` in `os`
[INFO] [stdout]    |
[INFO] [stdout] note: found an item that was configured out
[INFO] [stdout]   --> /rustc/3154cc1a3e6424e44f438a95007d043ed5ceaaf6/library/std/src/os/mod.rs:62:4
[INFO] [stdout]    |
[INFO] [stdout]    = note: the item is gated behind the `windows` feature
[INFO] [stdout] 
[INFO] [stdout] 
[INFO] [stdout] error[E0433]: cannot find `windows` in `os`
[INFO] [stdout]  --> src/backend_tests.rs:6:14
[INFO] [stdout]   |
[INFO] [stdout] 6 | use std::os::windows::io::AsHandle;
[INFO] [stdout]   |              ^^^^^^^ could not find `windows` in `os`
[INFO] [stdout]   |
[INFO] [stdout] note: found an item that was configured out
[INFO] [stdout]  --> /rustc/3154cc1a3e6424e44f438a95007d043ed5ceaaf6/library/std/src/os/mod.rs:62:4
[INFO] [stdout]   |
[INFO] [stdout]   = note: the item is gated behind the `windows` feature
[INFO] [stdout] 
[INFO] [stdout] 
[INFO] [stdout] error[E0433]: cannot find `windows` in `os`
[INFO] [stdout]  --> src/core/child.rs:8:14
[INFO] [stdout]   |
[INFO] [stdout] 8 | use std::os::windows::io::{AsHandle, BorrowedHandle};
[INFO] [stdout]   |              ^^^^^^^ could not find `windows` in `os`
[INFO] [stdout]   |
[INFO] [stdout] note: found an item that was configured out
[INFO] [stdout]  --> /rustc/3154cc1a3e6424e44f438a95007d043ed5ceaaf6/library/std/src/os/mod.rs:62:4
[INFO] [stdout]   |
[INFO] [stdout]   = note: the item is gated behind the `windows` feature
[INFO] [stdout] 
[INFO] [stdout] 
[INFO] [stdout] error[E0433]: cannot find `windows` in `os`
[INFO] [stdout]  --> src/core/job_tests.rs:8:14
[INFO] [stdout]   |
[INFO] [stdout] 8 | use std::os::windows::io::{AsHandle, AsRawHandle};
[INFO] [stdout]   |              ^^^^^^^ could not find `windows` in `os`
[INFO] [stdout]   |
[INFO] [stdout] note: found an item that was configured out
[INFO] [stdout]  --> /rustc/3154cc1a3e6424e44f438a95007d043ed5ceaaf6/library/std/src/os/mod.rs:62:4
[INFO] [stdout]   |
[INFO] [stdout]   = note: the item is gated behind the `windows` feature
[INFO] [stdout] 
[INFO] [stdout] 
[INFO] [stdout] error[E0433]: cannot find `windows` in `os`
[INFO] [stdout]   --> src/core/pipes/anonymous.rs:14:14
[INFO] [stdout]    |
[INFO] [stdout] 14 | use std::os::windows::io::{FromRawHandle, OwnedHandle};
[INFO] [stdout]    |              ^^^^^^^ could not find `windows` in `os`
[INFO] [stdout]    |
[INFO] [stdout] note: found an item that was configured out
[INFO] [stdout]   --> /rustc/3154cc1a3e6424e44f438a95007d043ed5ceaaf6/library/std/src/os/mod.rs:62:4
[INFO] [stdout]    |
[INFO] [stdout]    = note: the item is gated behind the `windows` feature
[INFO] [stdout] 
[INFO] [stdout] 
[INFO] [stdout] error[E0433]: cannot find `windows` in `os`
[INFO] [stdout]  --> src/core/pipes/anonymous_tests.rs:8:14
[INFO] [stdout]   |
[INFO] [stdout] 8 | use std::os::windows::io::AsRawHandle;
[INFO] [stdout]   |              ^^^^^^^ could not find `windows` in `os`
[INFO] [stdout]   |
[INFO] [stdout] note: found an item that was configured out
[INFO] [stdout]  --> /rustc/3154cc1a3e6424e44f438a95007d043ed5ceaaf6/library/std/src/os/mod.rs:62:4
[INFO] [stdout]   |
[INFO] [stdout]   = note: the item is gated behind the `windows` feature
[INFO] [stdout] 
[INFO] [stdout] 
[INFO] [stdout] error[E0433]: cannot find `windows` in `os`
[INFO] [stdout]   --> src/core/pipes/overlapped.rs:27:14
[INFO] [stdout]    |
[INFO] [stdout] 27 | use std::os::windows::io::{AsRawHandle, FromRawHandle, OwnedHandle};
[INFO] [stdout]    |              ^^^^^^^ could not find `windows` in `os`
[INFO] [stdout]    |
[INFO] [stdout] note: found an item that was configured out
[INFO] [stdout]   --> /rustc/3154cc1a3e6424e44f438a95007d043ed5ceaaf6/library/std/src/os/mod.rs:62:4
[INFO] [stdout]    |
[INFO] [stdout]    = note: the item is gated behind the `windows` feature
[INFO] [stdout] 
[INFO] [stdout] 
[INFO] [stdout] error[E0433]: cannot find `windows` in `os`
[INFO] [stdout]   --> src/core/pseudocon.rs:87:14
[INFO] [stdout]    |
[INFO] [stdout] 87 | use std::os::windows::io::{AsHandle, OwnedHandle};
[INFO] [stdout]    |              ^^^^^^^ could not find `windows` in `os`
[INFO] [stdout]    |
[INFO] [stdout] note: found an item that was configured out
[INFO] [stdout]   --> /rustc/3154cc1a3e6424e44f438a95007d043ed5ceaaf6/library/std/src/os/mod.rs:62:4
[INFO] [stdout]    |
[INFO] [stdout]    = note: the item is gated behind the `windows` feature
[INFO] [stdout] 
[INFO] [stdout] 
[INFO] [stdout] error[E0433]: cannot find `windows` in `os`
[INFO] [stdout]   --> src/core/session.rs:33:14
[INFO] [stdout]    |
[INFO] [stdout] 33 | use std::os::windows::io::{AsHandle, OwnedHandle};
[INFO] [stdout]    |              ^^^^^^^ could not find `windows` in `os`
[INFO] [stdout]    |
[INFO] [stdout] note: found an item that was configured out
[INFO] [stdout]   --> /rustc/3154cc1a3e6424e44f438a95007d043ed5ceaaf6/library/std/src/os/mod.rs:62:4
[INFO] [stdout]    |
[INFO] [stdout]    = note: the item is gated behind the `windows` feature
[INFO] [stdout] 
[INFO] [stdout] 
[INFO] [stdout] error[E0433]: cannot find `windows` in `os`
[INFO] [stdout]    --> src/core/session.rs:346:18
[INFO] [stdout]     |
[INFO] [stdout] 346 |     use std::os::windows::io::{AsRawHandle, FromRawHandle, OwnedHandle, RawHandle};
[INFO] [stdout]     |                  ^^^^^^^ could not find `windows` in `os`
[INFO] [stdout]     |
[INFO] [stdout] note: found an item that was configured out
[INFO] [stdout]    --> /rustc/3154cc1a3e6424e44f438a95007d043ed5ceaaf6/library/std/src/os/mod.rs:62:4
[INFO] [stdout]     |
[INFO] [stdout]     = note: the item is gated behind the `windows` feature
[INFO] [stdout] 
[INFO] [stdout] 
[INFO] [stdout] error[E0433]: cannot find `windows` in `os`
[INFO] [stdout]   --> src/core/wait.rs:26:14
[INFO] [stdout]    |
[INFO] [stdout] 26 | use std::os::windows::io::{AsHandle, AsRawHandle, BorrowedHandle, OwnedHandle};
[INFO] [stdout]    |              ^^^^^^^ could not find `windows` in `os`
[INFO] [stdout]    |
[INFO] [stdout] note: found an item that was configured out
[INFO] [stdout]   --> /rustc/3154cc1a3e6424e44f438a95007d043ed5ceaaf6/library/std/src/os/mod.rs:62:4
[INFO] [stdout]    |
[INFO] [stdout]    = note: the item is gated behind the `windows` feature
[INFO] [stdout] 
[INFO] [stdout] 
[INFO] [stdout] error[E0433]: cannot find `windows` in `os`
[INFO] [stdout]   --> src/core/wait_tests.rs:10:14
[INFO] [stdout]    |
[INFO] [stdout] 10 | use std::os::windows::io::AsHandle;
[INFO] [stdout]    |              ^^^^^^^ could not find `windows` in `os`
[INFO] [stdout]    |
[INFO] [stdout] note: found an item that was configured out
[INFO] [stdout]   --> /rustc/3154cc1a3e6424e44f438a95007d043ed5ceaaf6/library/std/src/os/mod.rs:62:4
[INFO] [stdout]    |
[INFO] [stdout]    = note: the item is gated behind the `windows` feature
[INFO] [stdout] 
[INFO] [stdout] 
[INFO] [stdout] error[E0433]: cannot find `windows` in `os`
[INFO] [stdout]  --> src/blocking/command.rs:9:14
[INFO] [stdout]   |
[INFO] [stdout] 9 | use std::os::windows::io::{AsHandle, BorrowedHandle};
[INFO] [stdout]   |              ^^^^^^^ could not find `windows` in `os`
[INFO] [stdout]   |
[INFO] [stdout] note: found an item that was configured out
[INFO] [stdout]  --> /rustc/3154cc1a3e6424e44f438a95007d043ed5ceaaf6/library/std/src/os/mod.rs:62:4
[INFO] [stdout]   |
[INFO] [stdout]   = note: the item is gated behind the `windows` feature
[INFO] [stdout] 
[INFO] [stdout] 
[INFO] [stdout] error[E0433]: cannot find `windows` in `os`
[INFO] [stdout]   --> src/blocking/pty.rs:10:14
[INFO] [stdout]    |
[INFO] [stdout] 10 | use std::os::windows::io::OwnedHandle;
[INFO] [stdout]    |              ^^^^^^^ could not find `windows` in `os`
[INFO] [stdout]    |
[INFO] [stdout] note: found an item that was configured out
[INFO] [stdout]   --> /rustc/3154cc1a3e6424e44f438a95007d043ed5ceaaf6/library/std/src/os/mod.rs:62:4
[INFO] [stdout]    |
[INFO] [stdout]    = note: the item is gated behind the `windows` feature
[INFO] [stdout] 
[INFO] [stdout] 
[INFO] [stdout] error[E0433]: cannot find `windows` in `os`
[INFO] [stdout]   --> src/blocking/mod.rs:74:14
[INFO] [stdout]    |
[INFO] [stdout] 74 | use std::os::windows::io::{AsHandle, AsRawHandle};
[INFO] [stdout]    |              ^^^^^^^ could not find `windows` in `os`
[INFO] [stdout]    |
[INFO] [stdout] note: found an item that was configured out
[INFO] [stdout]   --> /rustc/3154cc1a3e6424e44f438a95007d043ed5ceaaf6/library/std/src/os/mod.rs:62:4
[INFO] [stdout]    |
[INFO] [stdout]    = note: the item is gated behind the `windows` feature
[INFO] [stdout] 
[INFO] [stdout] 
[INFO] [stdout] error[E0433]: cannot find module or crate `windows_sys` in this scope
[INFO] [stdout]   --> src/backend/bundle.rs:21:5
[INFO] [stdout]    |
[INFO] [stdout] 21 | use windows_sys::core::BOOL;
[INFO] [stdout]    |     ^^^^^^^^^^^ use of unresolved module or unlinked crate `windows_sys`
[INFO] [stdout]    |
[INFO] [stdout]    = help: if you wanted to use a crate named `windows_sys`, use `cargo add windows_sys` to add it to your `Cargo.toml`
[INFO] [stdout] 
[INFO] [stdout] 
[INFO] [stdout] error[E0433]: cannot find module or crate `windows_sys` in this scope
[INFO] [stdout]   --> src/backend/bundle.rs:22:5
[INFO] [stdout]    |
[INFO] [stdout] 22 | use windows_sys::Win32::Foundation::HANDLE;
[INFO] [stdout]    |     ^^^^^^^^^^^ use of unresolved module or unlinked crate `windows_sys`
[INFO] [stdout]    |
[INFO] [stdout]    = help: if you wanted to use a crate named `windows_sys`, use `cargo add windows_sys` to add it to your `Cargo.toml`
[INFO] [stdout] 
[INFO] [stdout] 
[INFO] [stdout] error[E0433]: cannot find module or crate `windows_sys` in this scope
[INFO] [stdout]   --> src/backend/bundle.rs:23:5
[INFO] [stdout]    |
[INFO] [stdout] 23 | use windows_sys::Win32::Storage::FileSystem::{
[INFO] [stdout]    |     ^^^^^^^^^^^ use of unresolved module or unlinked crate `windows_sys`
[INFO] [stdout]    |
[INFO] [stdout]    = help: if you wanted to use a crate named `windows_sys`, use `cargo add windows_sys` to add it to your `Cargo.toml`
[INFO] [stdout] 
[INFO] [stdout] 
[INFO] [stdout] error[E0433]: cannot find module or crate `windows_sys` in this scope
[INFO] [stdout]   --> src/backend/bundle.rs:26:5
[INFO] [stdout]    |
[INFO] [stdout] 26 | use windows_sys::Win32::System::LibraryLoader::{GetModuleHandleW, GetProcAddress};
[INFO] [stdout]    |     ^^^^^^^^^^^ use of unresolved module or unlinked crate `windows_sys`
[INFO] [stdout]    |
[INFO] [stdout]    = help: if you wanted to use a crate named `windows_sys`, use `cargo add windows_sys` to add it to your `Cargo.toml`
[INFO] [stdout] 
[INFO] [stdout] 
[INFO] [stdout] error[E0433]: cannot find module or crate `windows_sys` in this scope
[INFO] [stdout]   --> src/backend/bundle.rs:27:5
[INFO] [stdout]    |
[INFO] [stdout] 27 | use windows_sys::Win32::System::Threading::GetCurrentProcess;
[INFO] [stdout]    |     ^^^^^^^^^^^ use of unresolved module or unlinked crate `windows_sys`
[INFO] [stdout]    |
[INFO] [stdout]    = help: if you wanted to use a crate named `windows_sys`, use `cargo add windows_sys` to add it to your `Cargo.toml`
[INFO] [stdout] 
[INFO] [stdout] 
[INFO] [stdout] error[E0433]: cannot find module or crate `windows_sys` in this scope
[INFO] [stdout]   --> src/backend/exports.rs:18:5
[INFO] [stdout]    |
[INFO] [stdout] 18 | use windows_sys::core::{BOOL, HRESULT};
[INFO] [stdout]    |     ^^^^^^^^^^^ use of unresolved module or unlinked crate `windows_sys`
[INFO] [stdout]    |
[INFO] [stdout]    = help: if you wanted to use a crate named `windows_sys`, use `cargo add windows_sys` to add it to your `Cargo.toml`
[INFO] [stdout] 
[INFO] [stdout] 
[INFO] [stdout] error[E0433]: cannot find module or crate `windows_sys` in this scope
[INFO] [stdout]   --> src/backend/exports.rs:20:5
[INFO] [stdout]    |
[INFO] [stdout] 20 | use windows_sys::Win32::Foundation::HANDLE;
[INFO] [stdout]    |     ^^^^^^^^^^^ use of unresolved module or unlinked crate `windows_sys`
[INFO] [stdout]    |
[INFO] [stdout]    = help: if you wanted to use a crate named `windows_sys`, use `cargo add windows_sys` to add it to your `Cargo.toml`
[INFO] [stdout] 
[INFO] [stdout] 
[INFO] [stdout] error[E0433]: cannot find module or crate `windows_sys` in this scope
[INFO] [stdout]   --> src/backend/exports.rs:21:5
[INFO] [stdout]    |
[INFO] [stdout] 21 | use windows_sys::Win32::Foundation::{FreeLibrary, HMODULE};
[INFO] [stdout]    |     ^^^^^^^^^^^ use of unresolved module or unlinked crate `windows_sys`
[INFO] [stdout]    |
[INFO] [stdout]    = help: if you wanted to use a crate named `windows_sys`, use `cargo add windows_sys` to add it to your `Cargo.toml`
[INFO] [stdout] 
[INFO] [stdout] 
[INFO] [stdout] error[E0433]: cannot find module or crate `windows_sys` in this scope
[INFO] [stdout]   --> src/backend/exports.rs:23:5
[INFO] [stdout]    |
[INFO] [stdout] 23 | use windows_sys::Win32::System::Console::COORD;
[INFO] [stdout]    |     ^^^^^^^^^^^ use of unresolved module or unlinked crate `windows_sys`
[INFO] [stdout]    |
[INFO] [stdout]    = help: if you wanted to use a crate named `windows_sys`, use `cargo add windows_sys` to add it to your `Cargo.toml`
[INFO] [stdout] 
[INFO] [stdout] 
[INFO] [stdout] error[E0433]: cannot find module or crate `windows_sys` in this scope
[INFO] [stdout]   --> src/backend/exports.rs:24:5
[INFO] [stdout]    |
[INFO] [stdout] 24 | use windows_sys::Win32::System::Console::HPCON;
[INFO] [stdout]    |     ^^^^^^^^^^^ use of unresolved module or unlinked crate `windows_sys`
[INFO] [stdout]    |
[INFO] [stdout]    = help: if you wanted to use a crate named `windows_sys`, use `cargo add windows_sys` to add it to your `Cargo.toml`
[INFO] [stdout] 
[INFO] [stdout] 
[INFO] [stdout] error[E0433]: cannot find module or crate `windows_sys` in this scope
[INFO] [stdout]   --> src/backend/exports.rs:25:5
[INFO] [stdout]    |
[INFO] [stdout] 25 | use windows_sys::Win32::System::Diagnostics::Debug::{
[INFO] [stdout]    |     ^^^^^^^^^^^ use of unresolved module or unlinked crate `windows_sys`
[INFO] [stdout]    |
[INFO] [stdout]    = help: if you wanted to use a crate named `windows_sys`, use `cargo add windows_sys` to add it to your `Cargo.toml`
[INFO] [stdout] 
[INFO] [stdout] 
[INFO] [stdout] error[E0433]: cannot find module or crate `windows_sys` in this scope
[INFO] [stdout]   --> src/backend/exports.rs:28:5
[INFO] [stdout]    |
[INFO] [stdout] 28 | use windows_sys::Win32::System::LibraryLoader::{
[INFO] [stdout]    |     ^^^^^^^^^^^ use of unresolved module or unlinked crate `windows_sys`
[INFO] [stdout]    |
[INFO] [stdout]    = help: if you wanted to use a crate named `windows_sys`, use `cargo add windows_sys` to add it to your `Cargo.toml`
[INFO] [stdout] 
[INFO] [stdout] 
[INFO] [stdout] error[E0433]: cannot find module or crate `windows_sys` in this scope
[INFO] [stdout]   --> src/backend.rs:64:5
[INFO] [stdout]    |
[INFO] [stdout] 64 | use windows_sys::core::HRESULT;
[INFO] [stdout]    |     ^^^^^^^^^^^ use of unresolved module or unlinked crate `windows_sys`
[INFO] [stdout]    |
[INFO] [stdout]    = help: if you wanted to use a crate named `windows_sys`, use `cargo add windows_sys` to add it to your `Cargo.toml`
[INFO] [stdout] 
[INFO] [stdout] 
[INFO] [stdout] error[E0433]: cannot find module or crate `windows_sys` in this scope
[INFO] [stdout]   --> src/backend.rs:66:5
[INFO] [stdout]    |
[INFO] [stdout] 66 | use windows_sys::Win32::System::Console::COORD;
[INFO] [stdout]    |     ^^^^^^^^^^^ use of unresolved module or unlinked crate `windows_sys`
[INFO] [stdout]    |
[INFO] [stdout]    = help: if you wanted to use a crate named `windows_sys`, use `cargo add windows_sys` to add it to your `Cargo.toml`
[INFO] [stdout] 
[INFO] [stdout] 
[INFO] [stdout] error[E0433]: cannot find module or crate `windows_sys` in this scope
[INFO] [stdout]   --> src/backend.rs:69:16
[INFO] [stdout]    |
[INFO] [stdout] 69 | pub(super) use windows_sys::Win32::System::Console::{HPCON, PSEUDOCONSOLE_INHERIT_CURSOR};
[INFO] [stdout]    |                ^^^^^^^^^^^ use of unresolved module or unlinked crate `windows_sys`
[INFO] [stdout]    |
[INFO] [stdout]    = help: if you wanted to use a crate named `windows_sys`, use `cargo add windows_sys` to add it to your `Cargo.toml`
[INFO] [stdout] 
[INFO] [stdout] 
[INFO] [stdout] error[E0433]: cannot find module or crate `windows_sys` in this scope
[INFO] [stdout]   --> src/backend.rs:70:5
[INFO] [stdout]    |
[INFO] [stdout] 70 | use windows_sys::Win32::System::LibraryLoader::GetModuleHandleW;
[INFO] [stdout]    |     ^^^^^^^^^^^ use of unresolved module or unlinked crate `windows_sys`
[INFO] [stdout]    |
[INFO] [stdout]    = help: if you wanted to use a crate named `windows_sys`, use `cargo add windows_sys` to add it to your `Cargo.toml`
[INFO] [stdout] 
[INFO] [stdout] 
[INFO] [stdout] error[E0433]: cannot find module or crate `windows_sys` in this scope
[INFO] [stdout]   --> src/core/job_tests.rs:11:5
[INFO] [stdout]    |
[INFO] [stdout] 11 | use windows_sys::Win32::Foundation::{GetHandleInformation, HANDLE_FLAG_INHERIT};
[INFO] [stdout]    |     ^^^^^^^^^^^ use of unresolved module or unlinked crate `windows_sys`
[INFO] [stdout]    |
[INFO] [stdout]    = help: if you wanted to use a crate named `windows_sys`, use `cargo add windows_sys` to add it to your `Cargo.toml`
[INFO] [stdout] 
[INFO] [stdout] 
[INFO] [stdout] error[E0433]: cannot find module or crate `windows_sys` in this scope
[INFO] [stdout]   --> src/core/job_tests.rs:12:5
[INFO] [stdout]    |
[INFO] [stdout] 12 | use windows_sys::Win32::System::JobObjects::{
[INFO] [stdout]    |     ^^^^^^^^^^^ use of unresolved module or unlinked crate `windows_sys`
[INFO] [stdout]    |
[INFO] [stdout]    = help: if you wanted to use a crate named `windows_sys`, use `cargo add windows_sys` to add it to your `Cargo.toml`
[INFO] [stdout] 
[INFO] [stdout] 
[INFO] [stdout] error[E0433]: cannot find module or crate `windows_sys` in this scope
[INFO] [stdout]   --> src/core/pipes/anonymous.rs:17:5
[INFO] [stdout]    |
[INFO] [stdout] 17 | use windows_sys::Win32::Foundation::HANDLE;
[INFO] [stdout]    |     ^^^^^^^^^^^ use of unresolved module or unlinked crate `windows_sys`
[INFO] [stdout]    |
[INFO] [stdout]    = help: if you wanted to use a crate named `windows_sys`, use `cargo add windows_sys` to add it to your `Cargo.toml`
[INFO] [stdout] 
[INFO] [stdout] 
[INFO] [stdout] error[E0433]: cannot find module or crate `windows_sys` in this scope
[INFO] [stdout]   --> src/core/pipes/anonymous.rs:18:5
[INFO] [stdout]    |
[INFO] [stdout] 18 | use windows_sys::Win32::Security::SECURITY_ATTRIBUTES;
[INFO] [stdout]    |     ^^^^^^^^^^^ use of unresolved module or unlinked crate `windows_sys`
[INFO] [stdout]    |
[INFO] [stdout]    = help: if you wanted to use a crate named `windows_sys`, use `cargo add windows_sys` to add it to your `Cargo.toml`
[INFO] [stdout] 
[INFO] [stdout] 
[INFO] [stdout] error[E0433]: cannot find module or crate `windows_sys` in this scope
[INFO] [stdout]   --> src/core/pipes/anonymous.rs:19:5
[INFO] [stdout]    |
[INFO] [stdout] 19 | use windows_sys::Win32::System::Pipes::CreatePipe;
[INFO] [stdout]    |     ^^^^^^^^^^^ use of unresolved module or unlinked crate `windows_sys`
[INFO] [stdout]    |
[INFO] [stdout]    = help: if you wanted to use a crate named `windows_sys`, use `cargo add windows_sys` to add it to your `Cargo.toml`
[INFO] [stdout] 
[INFO] [stdout] 
[INFO] [stdout] error[E0433]: cannot find module or crate `windows_sys` in this scope
[INFO] [stdout]   --> src/core/pipes/anonymous_tests.rs:10:5
[INFO] [stdout]    |
[INFO] [stdout] 10 | use windows_sys::Win32::Foundation::{GetHandleInformation, HANDLE_FLAG_INHERIT};
[INFO] [stdout]    |     ^^^^^^^^^^^ use of unresolved module or unlinked crate `windows_sys`
[INFO] [stdout]    |
[INFO] [stdout]    = help: if you wanted to use a crate named `windows_sys`, use `cargo add windows_sys` to add it to your `Cargo.toml`
[INFO] [stdout] 
[INFO] [stdout] 
[INFO] [stdout] error[E0433]: cannot find module or crate `windows_sys` in this scope
[INFO] [stdout]   --> src/core/pipes/overlapped.rs:31:5
[INFO] [stdout]    |
[INFO] [stdout] 31 | use windows_sys::Win32::Foundation::{
[INFO] [stdout]    |     ^^^^^^^^^^^ use of unresolved module or unlinked crate `windows_sys`
[INFO] [stdout]    |
[INFO] [stdout]    = help: if you wanted to use a crate named `windows_sys`, use `cargo add windows_sys` to add it to your `Cargo.toml`
[INFO] [stdout] 
[INFO] [stdout] 
[INFO] [stdout] error[E0433]: cannot find module or crate `windows_sys` in this scope
[INFO] [stdout]   --> src/core/pipes/overlapped.rs:35:5
[INFO] [stdout]    |
[INFO] [stdout] 35 | use windows_sys::Win32::Security::SECURITY_ATTRIBUTES;
[INFO] [stdout]    |     ^^^^^^^^^^^ use of unresolved module or unlinked crate `windows_sys`
[INFO] [stdout]    |
[INFO] [stdout]    = help: if you wanted to use a crate named `windows_sys`, use `cargo add windows_sys` to add it to your `Cargo.toml`
[INFO] [stdout] 
[INFO] [stdout] 
[INFO] [stdout] error[E0433]: cannot find module or crate `windows_sys` in this scope
[INFO] [stdout]   --> src/core/pipes/overlapped.rs:36:5
[INFO] [stdout]    |
[INFO] [stdout] 36 | use windows_sys::Win32::Storage::FileSystem::{
[INFO] [stdout]    |     ^^^^^^^^^^^ use of unresolved module or unlinked crate `windows_sys`
[INFO] [stdout]    |
[INFO] [stdout]    = help: if you wanted to use a crate named `windows_sys`, use `cargo add windows_sys` to add it to your `Cargo.toml`
[INFO] [stdout] 
[INFO] [stdout] 
[INFO] [stdout] error[E0433]: cannot find module or crate `windows_sys` in this scope
[INFO] [stdout]   --> src/core/pipes/overlapped.rs:40:5
[INFO] [stdout]    |
[INFO] [stdout] 40 | use windows_sys::Win32::System::Pipes::{
[INFO] [stdout]    |     ^^^^^^^^^^^ use of unresolved module or unlinked crate `windows_sys`
[INFO] [stdout]    |
[INFO] [stdout]    = help: if you wanted to use a crate named `windows_sys`, use `cargo add windows_sys` to add it to your `Cargo.toml`
[INFO] [stdout] 
[INFO] [stdout] 
[INFO] [stdout] error[E0433]: cannot find module or crate `windows_sys` in this scope
[INFO] [stdout]   --> src/core/pipes/overlapped.rs:44:5
[INFO] [stdout]    |
[INFO] [stdout] 44 | use windows_sys::Win32::System::SystemInformation::GetTickCount64;
[INFO] [stdout]    |     ^^^^^^^^^^^ use of unresolved module or unlinked crate `windows_sys`
[INFO] [stdout]    |
[INFO] [stdout]    = help: if you wanted to use a crate named `windows_sys`, use `cargo add windows_sys` to add it to your `Cargo.toml`
[INFO] [stdout] 
[INFO] [stdout] 
[INFO] [stdout] error[E0433]: cannot find module or crate `windows_sys` in this scope
[INFO] [stdout]   --> src/core/pipes/overlapped.rs:45:5
[INFO] [stdout]    |
[INFO] [stdout] 45 | use windows_sys::Win32::System::Threading::{CreateEventW, WaitForSingleObject};
[INFO] [stdout]    |     ^^^^^^^^^^^ use of unresolved module or unlinked crate `windows_sys`
[INFO] [stdout]    |
[INFO] [stdout]    = help: if you wanted to use a crate named `windows_sys`, use `cargo add windows_sys` to add it to your `Cargo.toml`
[INFO] [stdout] 
[INFO] [stdout] 
[INFO] [stdout] error[E0433]: cannot find module or crate `windows_sys` in this scope
[INFO] [stdout]   --> src/core/pipes/overlapped.rs:46:5
[INFO] [stdout]    |
[INFO] [stdout] 46 | use windows_sys::Win32::System::IO::{CancelIo, GetOverlappedResult, OVERLAPPED};
[INFO] [stdout]    |     ^^^^^^^^^^^ use of unresolved module or unlinked crate `windows_sys`
[INFO] [stdout]    |
[INFO] [stdout]    = help: if you wanted to use a crate named `windows_sys`, use `cargo add windows_sys` to add it to your `Cargo.toml`
[INFO] [stdout] 
[INFO] [stdout] 
[INFO] [stdout] error[E0433]: cannot find module or crate `windows_sys` in this scope
[INFO] [stdout]  --> src/core/pipes/overlapped_tests.rs:9:5
[INFO] [stdout]   |
[INFO] [stdout] 9 | use windows_sys::Win32::Foundation::{GetHandleInformation, HANDLE_FLAG_INHERIT};
[INFO] [stdout]   |     ^^^^^^^^^^^ use of unresolved module or unlinked crate `windows_sys`
[INFO] [stdout]   |
[INFO] [stdout]   = help: if you wanted to use a crate named `windows_sys`, use `cargo add windows_sys` to add it to your `Cargo.toml`
[INFO] [stdout] 
[INFO] [stdout] 
[INFO] [stdout] error[E0433]: cannot find module or crate `windows_sys` in this scope
[INFO] [stdout]   --> src/core/pipes/overlapped_tests.rs:10:5
[INFO] [stdout]    |
[INFO] [stdout] 10 | use windows_sys::Win32::Storage::FileSystem::{ReadFile, WriteFile};
[INFO] [stdout]    |     ^^^^^^^^^^^ use of unresolved module or unlinked crate `windows_sys`
[INFO] [stdout]    |
[INFO] [stdout]    = help: if you wanted to use a crate named `windows_sys`, use `cargo add windows_sys` to add it to your `Cargo.toml`
[INFO] [stdout] 
[INFO] [stdout] 
[INFO] [stdout] error[E0432]: unresolved import `windows_spawn`
[INFO] [stdout]  --> src/core/job.rs:9:16
[INFO] [stdout]   |
[INFO] [stdout] 9 | pub(super) use windows_spawn::Job;
[INFO] [stdout]   |                ^^^^^^^^^^^^^ use of unresolved module or unlinked crate `windows_spawn`
[INFO] [stdout]   |
[INFO] [stdout]   = help: if you wanted to use a crate named `windows_spawn`, use `cargo add windows_spawn` to add it to your `Cargo.toml`
[INFO] [stdout] 
[INFO] [stdout] 
[INFO] [stdout] error[E0433]: cannot find module or crate `windows_sys` in this scope
[INFO] [stdout]    --> src/core/session.rs:370:9
[INFO] [stdout]     |
[INFO] [stdout] 370 |     use windows_sys::Win32::Foundation::{INVALID_HANDLE_VALUE, WAIT_TIMEOUT};
[INFO] [stdout]     |         ^^^^^^^^^^^ use of unresolved module or unlinked crate `windows_sys`
[INFO] [stdout]     |
[INFO] [stdout]     = help: if you wanted to use a crate named `windows_sys`, use `cargo add windows_sys` to add it to your `Cargo.toml`
[INFO] [stdout] 
[INFO] [stdout] 
[INFO] [stdout] error[E0433]: cannot find module or crate `windows_sys` in this scope
[INFO] [stdout]    --> src/core/session.rs:372:9
[INFO] [stdout]     |
[INFO] [stdout] 372 |     use windows_sys::Win32::Storage::FileSystem::SYNCHRONIZE;
[INFO] [stdout]     |         ^^^^^^^^^^^ use of unresolved module or unlinked crate `windows_sys`
[INFO] [stdout]     |
[INFO] [stdout]     = help: if you wanted to use a crate named `windows_sys`, use `cargo add windows_sys` to add it to your `Cargo.toml`
[INFO] [stdout] 
[INFO] [stdout] 
[INFO] [stdout] error[E0433]: cannot find module or crate `windows_sys` in this scope
[INFO] [stdout]    --> src/core/session.rs:374:9
[INFO] [stdout]     |
[INFO] [stdout] 374 |     use windows_sys::Win32::System::Diagnostics::ToolHelp::{
[INFO] [stdout]     |         ^^^^^^^^^^^ use of unresolved module or unlinked crate `windows_sys`
[INFO] [stdout]     |
[INFO] [stdout]     = help: if you wanted to use a crate named `windows_sys`, use `cargo add windows_sys` to add it to your `Cargo.toml`
[INFO] [stdout] 
[INFO] [stdout] 
[INFO] [stdout] error[E0433]: cannot find module or crate `windows_sys` in this scope
[INFO] [stdout]    --> src/core/session.rs:379:9
[INFO] [stdout]     |
[INFO] [stdout] 379 |     use windows_sys::Win32::System::Threading::{OpenProcess, WaitForSingleObject};
[INFO] [stdout]     |         ^^^^^^^^^^^ use of unresolved module or unlinked crate `windows_sys`
[INFO] [stdout]     |
[INFO] [stdout]     = help: if you wanted to use a crate named `windows_sys`, use `cargo add windows_sys` to add it to your `Cargo.toml`
[INFO] [stdout] 
[INFO] [stdout] 
[INFO] [stdout] error[E0433]: cannot find module or crate `windows_sys` in this scope
[INFO] [stdout]   --> src/core/wait.rs:39:5
[INFO] [stdout]    |
[INFO] [stdout] 39 | use windows_sys::Win32::Foundation::ERROR_IO_PENDING;
[INFO] [stdout]    |     ^^^^^^^^^^^ use of unresolved module or unlinked crate `windows_sys`
[INFO] [stdout]    |
[INFO] [stdout]    = help: if you wanted to use a crate named `windows_sys`, use `cargo add windows_sys` to add it to your `Cargo.toml`
[INFO] [stdout] 
[INFO] [stdout] 
[INFO] [stdout] error[E0433]: cannot find module or crate `windows_sys` in this scope
[INFO] [stdout]   --> src/core/wait.rs:40:5
[INFO] [stdout]    |
[INFO] [stdout] 40 | use windows_sys::Win32::Foundation::{HANDLE, INVALID_HANDLE_VALUE};
[INFO] [stdout]    |     ^^^^^^^^^^^ use of unresolved module or unlinked crate `windows_sys`
[INFO] [stdout]    |
[INFO] [stdout]    = help: if you wanted to use a crate named `windows_sys`, use `cargo add windows_sys` to add it to your `Cargo.toml`
[INFO] [stdout] 
[INFO] [stdout] 
[INFO] [stdout] error[E0433]: cannot find module or crate `windows_sys` in this scope
[INFO] [stdout]   --> src/core/wait.rs:42:5
[INFO] [stdout]    |
[INFO] [stdout] 42 | use windows_sys::Win32::Foundation::{WAIT_FAILED, WAIT_OBJECT_0, WAIT_TIMEOUT};
[INFO] [stdout]    |     ^^^^^^^^^^^ use of unresolved module or unlinked crate `windows_sys`
[INFO] [stdout]    |
[INFO] [stdout]    = help: if you wanted to use a crate named `windows_sys`, use `cargo add windows_sys` to add it to your `Cargo.toml`
[INFO] [stdout] 
[INFO] [stdout] 
[INFO] [stdout] error[E0433]: cannot find module or crate `windows_sys` in this scope
[INFO] [stdout]   --> src/core/wait.rs:44:5
[INFO] [stdout]    |
[INFO] [stdout] 44 | use windows_sys::Win32::System::Threading::GetExitCodeProcess;
[INFO] [stdout]    |     ^^^^^^^^^^^ use of unresolved module or unlinked crate `windows_sys`
[INFO] [stdout]    |
[INFO] [stdout]    = help: if you wanted to use a crate named `windows_sys`, use `cargo add windows_sys` to add it to your `Cargo.toml`
[INFO] [stdout] 
[INFO] [stdout] 
[INFO] [stdout] error[E0433]: cannot find module or crate `windows_sys` in this scope
[INFO] [stdout]   --> src/core/wait.rs:46:5
[INFO] [stdout]    |
[INFO] [stdout] 46 | use windows_sys::Win32::System::Threading::WaitForSingleObject;
[INFO] [stdout]    |     ^^^^^^^^^^^ use of unresolved module or unlinked crate `windows_sys`
[INFO] [stdout]    |
[INFO] [stdout]    = help: if you wanted to use a crate named `windows_sys`, use `cargo add windows_sys` to add it to your `Cargo.toml`
[INFO] [stdout] 
[INFO] [stdout] 
[INFO] [stdout] error[E0433]: cannot find module or crate `windows_sys` in this scope
[INFO] [stdout]   --> src/core/wait.rs:47:5
[INFO] [stdout]    |
[INFO] [stdout] 47 | use windows_sys::Win32::System::Threading::{
[INFO] [stdout]    |     ^^^^^^^^^^^ use of unresolved module or unlinked crate `windows_sys`
[INFO] [stdout]    |
[INFO] [stdout]    = help: if you wanted to use a crate named `windows_sys`, use `cargo add windows_sys` to add it to your `Cargo.toml`
[INFO] [stdout] 
[INFO] [stdout] 
[INFO] [stdout] error[E0433]: cannot find module or crate `windows_sys` in this scope
[INFO] [stdout]   --> src/core/mod.rs:43:5
[INFO] [stdout]    |
[INFO] [stdout] 43 | use windows_sys::Win32::Foundation::{
[INFO] [stdout]    |     ^^^^^^^^^^^ use of unresolved module or unlinked crate `windows_sys`
[INFO] [stdout]    |
[INFO] [stdout]    = help: if you wanted to use a crate named `windows_sys`, use `cargo add windows_sys` to add it to your `Cargo.toml`
[INFO] [stdout] 
[INFO] [stdout] 
[INFO] [stdout] error[E0433]: cannot find module or crate `windows_sys` in this scope
[INFO] [stdout]    --> src/core/pipes/overlapped_tests.rs:376:9
[INFO] [stdout]     |
[INFO] [stdout] 376 |     use windows_sys::Win32::System::Threading::SetEvent;
[INFO] [stdout]     |         ^^^^^^^^^^^ use of unresolved module or unlinked crate `windows_sys`
[INFO] [stdout]     |
[INFO] [stdout]     = help: if you wanted to use a crate named `windows_sys`, use `cargo add windows_sys` to add it to your `Cargo.toml`
[INFO] [stdout] 
[INFO] [stdout] 
[INFO] [stdout] error[E0432]: unresolved import `windows_spawn`
[INFO] [stdout]  --> src/core/proc.rs:9:5
[INFO] [stdout]   |
[INFO] [stdout] 9 | use windows_spawn::{DropPolicy, Job, SpawnOptions};
[INFO] [stdout]   |     ^^^^^^^^^^^^^ use of unresolved module or unlinked crate `windows_spawn`
[INFO] [stdout]   |
[INFO] [stdout]   = help: if you wanted to use a crate named `windows_spawn`, use `cargo add windows_spawn` to add it to your `Cargo.toml`
[INFO] [stdout] 
[INFO] [stdout] 
[INFO] [stdout] error[E0433]: cannot find module or crate `thiserror` in this scope
[INFO] [stdout]   --> src/error.rs:56:17
[INFO] [stdout]    |
[INFO] [stdout] 56 | #[derive(Debug, thiserror::Error)]
[INFO] [stdout]    |                 ^^^^^^^^^ use of unresolved module or unlinked crate `thiserror`
[INFO] [stdout] 
[INFO] [stdout] 
[INFO] [stdout] error[E0433]: cannot find module or crate `thiserror` in this scope
[INFO] [stdout]    --> src/error.rs:292:17
[INFO] [stdout]     |
[INFO] [stdout] 292 | #[derive(Debug, thiserror::Error)]
[INFO] [stdout]     |                 ^^^^^^^^^ use of unresolved module or unlinked crate `thiserror`
[INFO] [stdout] 
[INFO] [stdout] 
[INFO] [stdout] error: cannot find attribute `error` in this scope
[INFO] [stdout]   --> src/error.rs:58:7
[INFO] [stdout]    |
[INFO] [stdout] 58 |     #[error("failed to initialize the ConPTY backend")]
[INFO] [stdout]    |       ^^^^^
[INFO] [stdout] 
[INFO] [stdout] 
[INFO] [stdout] error: cannot find attribute `source` in this scope
[INFO] [stdout]   --> src/error.rs:59:15
[INFO] [stdout]    |
[INFO] [stdout] 59 |     Backend(#[source] BackendError),
[INFO] [stdout]    |               ^^^^^^
[INFO] [stdout] 
[INFO] [stdout] 
[INFO] [stdout] error: cannot find attribute `error` in this scope
[INFO] [stdout]   --> src/error.rs:61:7
[INFO] [stdout]    |
[INFO] [stdout] 61 |     #[error("failed to create pseudoconsole")]
[INFO] [stdout]    |       ^^^^^
[INFO] [stdout] 
[INFO] [stdout] 
[INFO] [stdout] error: cannot find attribute `source` in this scope
[INFO] [stdout]   --> src/error.rs:62:21
[INFO] [stdout]    |
[INFO] [stdout] 62 |     CreateConsole(#[source] io::Error),
[INFO] [stdout]    |                     ^^^^^^
[INFO] [stdout] 
[INFO] [stdout] 
[INFO] [stdout] error: cannot find attribute `error` in this scope
[INFO] [stdout]   --> src/error.rs:64:7
[INFO] [stdout]    |
[INFO] [stdout] 64 |     #[error("failed to spawn `{}`", .program.to_string_lossy())]
[INFO] [stdout]    |       ^^^^^
[INFO] [stdout] 
[INFO] [stdout] 
[INFO] [stdout] error: cannot find attribute `error` in this scope
[INFO] [stdout]   --> src/error.rs:70:7
[INFO] [stdout]    |
[INFO] [stdout] 70 |     #[error("failed to resize pseudoconsole")]
[INFO] [stdout]    |       ^^^^^
[INFO] [stdout] 
[INFO] [stdout] 
[INFO] [stdout] error: cannot find attribute `source` in this scope
[INFO] [stdout]   --> src/error.rs:71:14
[INFO] [stdout]    |
[INFO] [stdout] 71 |     Resize(#[source] io::Error),
[INFO] [stdout]    |              ^^^^^^
[INFO] [stdout] 
[INFO] [stdout] 
[INFO] [stdout] error: cannot find attribute `error` in this scope
[INFO] [stdout]   --> src/error.rs:58:7
[INFO] [stdout]    |
[INFO] [stdout] 58 |     #[error("failed to initialize the ConPTY backend")]
[INFO] [stdout]    |       ^^^^^
[INFO] [stdout] 
[INFO] [stdout] 
[INFO] [stdout] error: cannot find attribute `error` in this scope
[INFO] [stdout]   --> src/error.rs:73:7
[INFO] [stdout]    |
[INFO] [stdout] 73 |     #[error("failed to clear pseudoconsole")]
[INFO] [stdout]    |       ^^^^^
[INFO] [stdout] 
[INFO] [stdout] 
[INFO] [stdout] error: cannot find attribute `source` in this scope
[INFO] [stdout]   --> src/error.rs:74:13
[INFO] [stdout]    |
[INFO] [stdout] 74 |     Clear(#[source] io::Error),
[INFO] [stdout]    |             ^^^^^^
[INFO] [stdout] 
[INFO] [stdout] 
[INFO] [stdout] error: cannot find attribute `source` in this scope
[INFO] [stdout]   --> src/error.rs:59:15
[INFO] [stdout]    |
[INFO] [stdout] 59 |     Backend(#[source] BackendError),
[INFO] [stdout]    |               ^^^^^^
[INFO] [stdout] 
[INFO] [stdout] 
[INFO] [stdout] error: cannot find attribute `error` in this scope
[INFO] [stdout]   --> src/error.rs:76:7
[INFO] [stdout]    |
[INFO] [stdout] 76 |     #[error("the ConPTY backend does not support {feature}")]
[INFO] [stdout]    |       ^^^^^
[INFO] [stdout] 
[INFO] [stdout] 
[INFO] [stdout] error: cannot find attribute `error` in this scope
[INFO] [stdout]   --> src/error.rs:78:7
[INFO] [stdout]    |
[INFO] [stdout] 78 |     #[error(
[INFO] [stdout]    |       ^^^^^
[INFO] [stdout] 
[INFO] [stdout] 
[INFO] [stdout] error: cannot find attribute `error` in this scope
[INFO] [stdout]   --> src/error.rs:61:7
[INFO] [stdout]    |
[INFO] [stdout] 61 |     #[error("failed to create pseudoconsole")]
[INFO] [stdout]    |       ^^^^^
[INFO] [stdout] 
[INFO] [stdout] 
[INFO] [stdout] error: cannot find attribute `error` in this scope
[INFO] [stdout]   --> src/error.rs:85:7
[INFO] [stdout]    |
[INFO] [stdout] 85 |     #[error("failed to wait for child process")]
[INFO] [stdout]    |       ^^^^^
[INFO] [stdout] 
[INFO] [stdout] 
[INFO] [stdout] error: cannot find attribute `source` in this scope
[INFO] [stdout]   --> src/error.rs:86:12
[INFO] [stdout]    |
[INFO] [stdout] 86 |     Wait(#[source] io::Error),
[INFO] [stdout]    |            ^^^^^^
[INFO] [stdout] 
[INFO] [stdout] 
[INFO] [stdout] error: cannot find attribute `source` in this scope
[INFO] [stdout]   --> src/error.rs:62:21
[INFO] [stdout]    |
[INFO] [stdout] 62 |     CreateConsole(#[source] io::Error),
[INFO] [stdout]    |                     ^^^^^^
[INFO] [stdout] 
[INFO] [stdout] 
[INFO] [stdout] error: cannot find attribute `error` in this scope
[INFO] [stdout]   --> src/error.rs:88:7
[INFO] [stdout]    |
[INFO] [stdout] 88 |     #[error("failed to kill child process")]
[INFO] [stdout]    |       ^^^^^
[INFO] [stdout] 
[INFO] [stdout] 
[INFO] [stdout] error: cannot find attribute `source` in this scope
[INFO] [stdout]   --> src/error.rs:89:12
[INFO] [stdout]    |
[INFO] [stdout] 89 |     Kill(#[source] io::Error),
[INFO] [stdout]    |            ^^^^^^
[INFO] [stdout] 
[INFO] [stdout] 
[INFO] [stdout] error: cannot find attribute `error` in this scope
[INFO] [stdout]   --> src/error.rs:64:7
[INFO] [stdout]    |
[INFO] [stdout] 64 |     #[error("failed to spawn `{}`", .program.to_string_lossy())]
[INFO] [stdout]    |       ^^^^^
[INFO] [stdout] 
[INFO] [stdout] 
[INFO] [stdout] error: cannot find attribute `error` in this scope
[INFO] [stdout]   --> src/error.rs:90:7
[INFO] [stdout]    |
[INFO] [stdout] 90 |     #[error("{0}")]
[INFO] [stdout]    |       ^^^^^
[INFO] [stdout] 
[INFO] [stdout] 
[INFO] [stdout] error: cannot find attribute `from` in this scope
[INFO] [stdout]   --> src/error.rs:92:11
[INFO] [stdout]    |
[INFO] [stdout] 92 |         #[from]
[INFO] [stdout]    |           ^^^^
[INFO] [stdout] 
[INFO] [stdout] 
[INFO] [stdout] error: cannot find attribute `error` in this scope
[INFO] [stdout]   --> src/error.rs:70:7
[INFO] [stdout]    |
[INFO] [stdout] 70 |     #[error("failed to resize pseudoconsole")]
[INFO] [stdout]    |       ^^^^^
[INFO] [stdout] 
[INFO] [stdout] 
[INFO] [stdout] error: cannot find attribute `source` in this scope
[INFO] [stdout]   --> src/error.rs:93:11
[INFO] [stdout]    |
[INFO] [stdout] 93 |         #[source]
[INFO] [stdout]    |           ^^^^^^
[INFO] [stdout] 
[INFO] [stdout] 
[INFO] [stdout] error: cannot find attribute `error` in this scope
[INFO] [stdout]    --> src/error.rs:294:7
[INFO] [stdout]     |
[INFO] [stdout] 294 |     #[error("conpty.dll not found in `{}`", .dir.display())]
[INFO] [stdout]     |       ^^^^^
[INFO] [stdout] 
[INFO] [stdout] 
[INFO] [stdout] error: cannot find attribute `error` in this scope
[INFO] [stdout]    --> src/error.rs:296:7
[INFO] [stdout]     |
[INFO] [stdout] 296 |     #[error("`{}` is missing required export `{symbol}`", .dll.display())]
[INFO] [stdout]     |       ^^^^^
[INFO] [stdout] 
[INFO] [stdout] 
[INFO] [stdout] error: cannot find attribute `source` in this scope
[INFO] [stdout]   --> src/error.rs:71:14
[INFO] [stdout]    |
[INFO] [stdout] 71 |     Resize(#[source] io::Error),
[INFO] [stdout]    |              ^^^^^^
[INFO] [stdout] 
[INFO] [stdout] 
[INFO] [stdout] error: cannot find attribute `error` in this scope
[INFO] [stdout]    --> src/error.rs:298:7
[INFO] [stdout]     |
[INFO] [stdout] 298 |     #[error("OpenConsole.exe not found next to `{}`", .dll.display())]
[INFO] [stdout]     |       ^^^^^
[INFO] [stdout] 
[INFO] [stdout] 
[INFO] [stdout] error: cannot find attribute `error` in this scope
[INFO] [stdout]   --> src/error.rs:73:7
[INFO] [stdout]    |
[INFO] [stdout] 73 |     #[error("failed to clear pseudoconsole")]
[INFO] [stdout]    |       ^^^^^
[INFO] [stdout] 
[INFO] [stdout] 
[INFO] [stdout] error: cannot find attribute `error` in this scope
[INFO] [stdout]    --> src/error.rs:300:7
[INFO] [stdout]     |
[INFO] [stdout] 300 |     #[error(
[INFO] [stdout]     |       ^^^^^
[INFO] [stdout] 
[INFO] [stdout] 
[INFO] [stdout] error: cannot find attribute `error` in this scope
[INFO] [stdout]    --> src/error.rs:310:7
[INFO] [stdout]     |
[INFO] [stdout] 310 |     #[error(
[INFO] [stdout]     |       ^^^^^
[INFO] [stdout] 
[INFO] [stdout] 
[INFO] [stdout] error: cannot find attribute `source` in this scope
[INFO] [stdout]   --> src/error.rs:74:13
[INFO] [stdout]    |
[INFO] [stdout] 74 |     Clear(#[source] io::Error),
[INFO] [stdout]    |             ^^^^^^
[INFO] [stdout] 
[INFO] [stdout] 
[INFO] [stdout] error: cannot find attribute `error` in this scope
[INFO] [stdout]   --> src/error.rs:76:7
[INFO] [stdout]    |
[INFO] [stdout] 76 |     #[error("the ConPTY backend does not support {feature}")]
[INFO] [stdout]    |       ^^^^^
[INFO] [stdout] 
[INFO] [stdout] 
[INFO] [stdout] error: cannot find attribute `error` in this scope
[INFO] [stdout]   --> src/error.rs:78:7
[INFO] [stdout]    |
[INFO] [stdout] 78 |     #[error(
[INFO] [stdout]    |       ^^^^^
[INFO] [stdout] 
[INFO] [stdout] 
[INFO] [stdout] error: cannot find attribute `error` in this scope
[INFO] [stdout]   --> src/error.rs:85:7
[INFO] [stdout]    |
[INFO] [stdout] 85 |     #[error("failed to wait for child process")]
[INFO] [stdout]    |       ^^^^^
[INFO] [stdout] 
[INFO] [stdout] 
[INFO] [stdout] error: cannot find attribute `source` in this scope
[INFO] [stdout]   --> src/error.rs:86:12
[INFO] [stdout]    |
[INFO] [stdout] 86 |     Wait(#[source] io::Error),
[INFO] [stdout]    |            ^^^^^^
[INFO] [stdout] 
[INFO] [stdout] 
[INFO] [stdout] error: cannot find attribute `error` in this scope
[INFO] [stdout]   --> src/error.rs:88:7
[INFO] [stdout]    |
[INFO] [stdout] 88 |     #[error("failed to kill child process")]
[INFO] [stdout]    |       ^^^^^
[INFO] [stdout] 
[INFO] [stdout] 
[INFO] [stdout] error: cannot find attribute `source` in this scope
[INFO] [stdout]   --> src/error.rs:89:12
[INFO] [stdout]    |
[INFO] [stdout] 89 |     Kill(#[source] io::Error),
[INFO] [stdout]    |            ^^^^^^
[INFO] [stdout] 
[INFO] [stdout] 
[INFO] [stdout] error: cannot find attribute `error` in this scope
[INFO] [stdout]   --> src/error.rs:90:7
[INFO] [stdout]    |
[INFO] [stdout] 90 |     #[error("{0}")]
[INFO] [stdout]    |       ^^^^^
[INFO] [stdout] 
[INFO] [stdout] 
[INFO] [stdout] error: cannot find attribute `from` in this scope
[INFO] [stdout]   --> src/error.rs:92:11
[INFO] [stdout]    |
[INFO] [stdout] 92 |         #[from]
[INFO] [stdout]    |           ^^^^
[INFO] [stdout] 
[INFO] [stdout] 
[INFO] [stdout] error: cannot find attribute `source` in this scope
[INFO] [stdout]   --> src/error.rs:93:11
[INFO] [stdout]    |
[INFO] [stdout] 93 |         #[source]
[INFO] [stdout]    |           ^^^^^^
[INFO] [stdout] 
[INFO] [stdout] 
[INFO] [stdout] error: cannot find attribute `error` in this scope
[INFO] [stdout]    --> src/error.rs:294:7
[INFO] [stdout]     |
[INFO] [stdout] 294 |     #[error("conpty.dll not found in `{}`", .dir.display())]
[INFO] [stdout]     |       ^^^^^
[INFO] [stdout] 
[INFO] [stdout] 
[INFO] [stdout] error: cannot find attribute `error` in this scope
[INFO] [stdout]    --> src/error.rs:296:7
[INFO] [stdout]     |
[INFO] [stdout] 296 |     #[error("`{}` is missing required export `{symbol}`", .dll.display())]
[INFO] [stdout]     |       ^^^^^
[INFO] [stdout] 
[INFO] [stdout] 
[INFO] [stdout] error: cannot find attribute `error` in this scope
[INFO] [stdout]    --> src/error.rs:298:7
[INFO] [stdout]     |
[INFO] [stdout] 298 |     #[error("OpenConsole.exe not found next to `{}`", .dll.display())]
[INFO] [stdout]     |       ^^^^^
[INFO] [stdout] 
[INFO] [stdout] 
[INFO] [stdout] error: cannot find attribute `error` in this scope
[INFO] [stdout]    --> src/error.rs:300:7
[INFO] [stdout]     |
[INFO] [stdout] 300 |     #[error(
[INFO] [stdout]     |       ^^^^^
[INFO] [stdout] 
[INFO] [stdout] 
[INFO] [stdout] error[E0433]: cannot find module or crate `windows_spawn` in this scope
[INFO] [stdout]   --> src/command.rs:21:20
[INFO] [stdout]    |
[INFO] [stdout] 21 |             inner: windows_spawn::Command::new(program),
[INFO] [stdout]    |                    ^^^^^^^^^^^^^ use of unresolved module or unlinked crate `windows_spawn`
[INFO] [stdout]    |
[INFO] [stdout]    = help: if you wanted to use a crate named `windows_spawn`, use `cargo add windows_spawn` to add it to your `Cargo.toml`
[INFO] [stdout] help: consider importing one of these structs
[INFO] [stdout]    |
[INFO] [stdout]  7 + use crate::blocking::Command;
[INFO] [stdout]    |
[INFO] [stdout]  7 + use std::process::Command;
[INFO] [stdout]    |
[INFO] [stdout] help: if you import `Command`, refer to it directly
[INFO] [stdout]    |
[INFO] [stdout] 21 -             inner: windows_spawn::Command::new(program),
[INFO] [stdout] 21 +             inner: Command::new(program),
[INFO] [stdout]    |
[INFO] [stdout] 
[INFO] [stdout] 
[INFO] [stdout] error: cannot find attribute `error` in this scope
[INFO] [stdout]    --> src/error.rs:310:7
[INFO] [stdout]     |
[INFO] [stdout] 310 |     #[error(
[INFO] [stdout]     |       ^^^^^
[INFO] [stdout] 
[INFO] [stdout] 
[INFO] [stdout] error[E0408]: variable `ERROR_PIPE_BUSY` is not bound in all patterns
[INFO] [stdout]    --> src/core/pipes/overlapped.rs:291:14
[INFO] [stdout]     |
[INFO] [stdout] 291 |         Some(ERROR_ACCESS_DENIED | ERROR_PIPE_BUSY)
[INFO] [stdout]     |              ^^^^^^^^^^^^^^^^^^^   --------------- variable not in all patterns
[INFO] [stdout]     |              |
[INFO] [stdout]     |              pattern doesn't bind `ERROR_PIPE_BUSY`
[INFO] [stdout]     |
[INFO] [stdout] help: if you meant to match on a unit struct, unit variant or a `const` item, consider making the path in the pattern qualified: `path::to::ModOrType::ERROR_PIPE_BUSY`
[INFO] [stdout]    --> src/core/pipes/overlapped.rs:291:36
[INFO] [stdout]     |
[INFO] [stdout] 291 |         Some(ERROR_ACCESS_DENIED | ERROR_PIPE_BUSY)
[INFO] [stdout]     |                                    ^^^^^^^^^^^^^^^
[INFO] [stdout] 
[INFO] [stdout] 
[INFO] [stdout] error[E0433]: cannot find module or crate `windows_spawn` in this scope
[INFO] [stdout]   --> src/command.rs:13:12
[INFO] [stdout]    |
[INFO] [stdout] 13 |     inner: windows_spawn::Command,
[INFO] [stdout]    |            ^^^^^^^^^^^^^ use of unresolved module or unlinked crate `windows_spawn`
[INFO] [stdout]    |
[INFO] [stdout]    = help: if you wanted to use a crate named `windows_spawn`, use `cargo add windows_spawn` to add it to your `Cargo.toml`
[INFO] [stdout] 
[INFO] [stdout] 
[INFO] [stdout] error[E0433]: cannot find module or crate `windows_spawn` in this scope
[INFO] [stdout]   --> src/command.rs:91:56
[INFO] [stdout]    |
[INFO] [stdout] 91 |     pub(super) fn windows_spawn_mut(&mut self) -> &mut windows_spawn::Command {
[INFO] [stdout]    |                                                        ^^^^^^^^^^^^^ use of unresolved module or unlinked crate `windows_spawn`
[INFO] [stdout]    |
[INFO] [stdout]    = help: if you wanted to use a crate named `windows_spawn`, use `cargo add windows_spawn` to add it to your `Cargo.toml`
[INFO] [stdout] 
[INFO] [stdout] 
[INFO] [stdout] error[E0433]: cannot find module or crate `windows_spawn` in this scope
[INFO] [stdout]   --> src/core/child.rs:22:12
[INFO] [stdout]    |
[INFO] [stdout] 22 |     child: windows_spawn::Child,
[INFO] [stdout]    |            ^^^^^^^^^^^^^ use of unresolved module or unlinked crate `windows_spawn`
[INFO] [stdout]    |
[INFO] [stdout]    = help: if you wanted to use a crate named `windows_spawn`, use `cargo add windows_spawn` to add it to your `Cargo.toml`
[INFO] [stdout] 
[INFO] [stdout] 
[INFO] [stdout] error[E0433]: cannot find module or crate `windows_spawn` in this scope
[INFO] [stdout]   --> src/core/proc.rs:20:17
[INFO] [stdout]    |
[INFO] [stdout] 20 | ) -> io::Result<windows_spawn::Child> {
[INFO] [stdout]    |                 ^^^^^^^^^^^^^ use of unresolved module or unlinked crate `windows_spawn`
[INFO] [stdout]    |
[INFO] [stdout]    = help: if you wanted to use a crate named `windows_spawn`, use `cargo add windows_spawn` to add it to your `Cargo.toml`
[INFO] [stdout] 
[INFO] [stdout] 
[INFO] [stdout] error[E0408]: variable `ERROR_ACCESS_DENIED` is not bound in all patterns
[INFO] [stdout]    --> src/core/pipes/overlapped.rs:291:36
[INFO] [stdout]     |
[INFO] [stdout] 291 |         Some(ERROR_ACCESS_DENIED | ERROR_PIPE_BUSY)
[INFO] [stdout]     |              -------------------   ^^^^^^^^^^^^^^^ pattern doesn't bind `ERROR_ACCESS_DENIED`
[INFO] [stdout]     |              |
[INFO] [stdout]     |              variable not in all patterns
[INFO] [stdout]     |
[INFO] [stdout] help: if you meant to match on a unit struct, unit variant or a `const` item, consider making the path in the pattern qualified: `path::to::ModOrType::ERROR_ACCESS_DENIED`
[INFO] [stdout]    --> src/core/pipes/overlapped.rs:291:14
[INFO] [stdout]     |
[INFO] [stdout] 291 |         Some(ERROR_ACCESS_DENIED | ERROR_PIPE_BUSY)
[INFO] [stdout]     |              ^^^^^^^^^^^^^^^^^^^
[INFO] [stdout] 
[INFO] [stdout] 
[INFO] [stdout] error[E0433]: cannot find module or crate `windows_spawn` in this scope
[INFO] [stdout]    --> src/core/pseudocon.rs:192:13
[INFO] [stdout]     |
[INFO] [stdout] 192 | unsafe impl windows_spawn::AsPseudoConsole for SpawnCapability<'_> {
[INFO] [stdout]     |             ^^^^^^^^^^^^^ use of unresolved module or unlinked crate `windows_spawn`
[INFO] [stdout]     |
[INFO] [stdout]     = help: if you wanted to use a crate named `windows_spawn`, use `cargo add windows_spawn` to add it to your `Cargo.toml`
[INFO] [stdout] 
[INFO] [stdout] 
[INFO] [stdout] error[E0433]: cannot find module or crate `windows_spawn` in this scope
[INFO] [stdout]    --> src/core/session.rs:154:23
[INFO] [stdout]     |
[INFO] [stdout] 154 |     pub(super) child: windows_spawn::Child,
[INFO] [stdout]     |                       ^^^^^^^^^^^^^ use of unresolved module or unlinked crate `windows_spawn`
[INFO] [stdout]     |
[INFO] [stdout]     = help: if you wanted to use a crate named `windows_spawn`, use `cargo add windows_spawn` to add it to your `Cargo.toml`
[INFO] [stdout] 
[INFO] [stdout] 
[INFO] [stdout] error[E0433]: cannot find module or crate `windows_spawn` in this scope
[INFO] [stdout]    --> src/core/session.rs:197:16
[INFO] [stdout]     |
[INFO] [stdout] 197 |     F: FnOnce(&windows_spawn::Child) -> io::Result<OwnedHandle>,
[INFO] [stdout]     |                ^^^^^^^^^^^^^ use of unresolved module or unlinked crate `windows_spawn`
[INFO] [stdout]     |
[INFO] [stdout]     = help: if you wanted to use a crate named `windows_spawn`, use `cargo add windows_spawn` to add it to your `Cargo.toml`
[INFO] [stdout] 
[INFO] [stdout] 
[INFO] [stdout] error[E0433]: cannot find module or crate `windows_spawn` in this scope
[INFO] [stdout]    --> src/core/session.rs:270:28
[INFO] [stdout]     |
[INFO] [stdout] 270 | ) -> io::Result<(Arc<Job>, windows_spawn::Child)> {
[INFO] [stdout]     |                            ^^^^^^^^^^^^^ use of unresolved module or unlinked crate `windows_spawn`
[INFO] [stdout]     |
[INFO] [stdout]     = help: if you wanted to use a crate named `windows_spawn`, use `cargo add windows_spawn` to add it to your `Cargo.toml`
[INFO] [stdout] 
[INFO] [stdout] 
[INFO] [stdout] error[E0433]: cannot find module or crate `windows_spawn` in this scope
[INFO] [stdout]    --> src/core/session.rs:290:16
[INFO] [stdout]     |
[INFO] [stdout] 290 |     F: FnOnce(&windows_spawn::Child) -> io::Result<OwnedHandle>,
[INFO] [stdout]     |                ^^^^^^^^^^^^^ use of unresolved module or unlinked crate `windows_spawn`
[INFO] [stdout]     |
[INFO] [stdout]     = help: if you wanted to use a crate named `windows_spawn`, use `cargo add windows_spawn` to add it to your `Cargo.toml`
[INFO] [stdout] 
[INFO] [stdout] 
[INFO] [stdout] error[E0433]: cannot find module or crate `windows_spawn` in this scope
[INFO] [stdout]    --> src/core/session.rs:284:13
[INFO] [stdout]     |
[INFO] [stdout] 284 |     child: &windows_spawn::Child,
[INFO] [stdout]     |             ^^^^^^^^^^^^^ use of unresolved module or unlinked crate `windows_spawn`
[INFO] [stdout]     |
[INFO] [stdout]     = help: if you wanted to use a crate named `windows_spawn`, use `cargo add windows_spawn` to add it to your `Cargo.toml`
[INFO] [stdout] 
[INFO] [stdout] 
[INFO] [stdout] error[E0433]: cannot find module or crate `windows_spawn` in this scope
[INFO] [stdout]    --> src/core/session.rs:302:37
[INFO] [stdout]     |
[INFO] [stdout] 302 | fn duplicate_watcher_handle(child: &windows_spawn::Child) -> io::Result<OwnedHandle> {
[INFO] [stdout]     |                                     ^^^^^^^^^^^^^ use of unresolved module or unlinked crate `windows_spawn`
[INFO] [stdout]     |
[INFO] [stdout]     = help: if you wanted to use a crate named `windows_spawn`, use `cargo add windows_spawn` to add it to your `Cargo.toml`
[INFO] [stdout] 
[INFO] [stdout] 
[INFO] [stdout] Some errors have detailed explanations: E0432, E0433.
[INFO] [stdout] 
[INFO] [stdout] For more information about an error, try `rustc --explain E0432`.
[INFO] [stdout] 
[INFO] [stderr] error: could not compile `conpty-oxide` (lib) due to 72 previous errors
[INFO] [stderr] warning: build failed, waiting for other jobs to finish...
[INFO] [stdout] error[E0433]: cannot find module or crate `windows_spawn` in this scope
[INFO] [stdout]   --> src/core/pseudocon_tests.rs:88:13
[INFO] [stdout]    |
[INFO] [stdout] 88 |             windows_spawn::AsPseudoConsole::raw_pseudoconsole(&capability),
[INFO] [stdout]    |             ^^^^^^^^^^^^^ use of unresolved module or unlinked crate `windows_spawn`
[INFO] [stdout]    |
[INFO] [stdout]    = help: if you wanted to use a crate named `windows_spawn`, use `cargo add windows_spawn` to add it to your `Cargo.toml`
[INFO] [stdout] 
[INFO] [stdout] 
[INFO] [stdout] error[E0433]: cannot find module or crate `windows_sys` in this scope
[INFO] [stdout]    --> src/backend_tests.rs:445:18
[INFO] [stdout]     |
[INFO] [stdout] 445 |         unsafe { windows_sys::Win32::System::Diagnostics::Debug::GetThreadErrorMode() };
[INFO] [stdout]     |                  ^^^^^^^^^^^ use of unresolved module or unlinked crate `windows_sys`
[INFO] [stdout]     |
[INFO] [stdout]     = help: if you wanted to use a crate named `windows_sys`, use `cargo add windows_sys` to add it to your `Cargo.toml`
[INFO] [stdout] help: consider importing this trait
[INFO] [stdout]     |
[INFO] [stdout]   4 + use std::fmt::Debug;
[INFO] [stdout]     |
[INFO] [stdout] help: if you import `Debug`, refer to it directly
[INFO] [stdout]     |
[INFO] [stdout] 445 -         unsafe { windows_sys::Win32::System::Diagnostics::Debug::GetThreadErrorMode() };
[INFO] [stdout] 445 +         unsafe { Debug::GetThreadErrorMode() };
[INFO] [stdout]     |
[INFO] [stdout] 
[INFO] [stdout] 
[INFO] [stdout] error[E0433]: cannot find module or crate `windows_sys` in this scope
[INFO] [stdout]    --> src/backend_tests.rs:450:18
[INFO] [stdout]     |
[INFO] [stdout] 450 |         unsafe { windows_sys::Win32::System::Diagnostics::Debug::GetThreadErrorMode() };
[INFO] [stdout]     |                  ^^^^^^^^^^^ use of unresolved module or unlinked crate `windows_sys`
[INFO] [stdout]     |
[INFO] [stdout]     = help: if you wanted to use a crate named `windows_sys`, use `cargo add windows_sys` to add it to your `Cargo.toml`
[INFO] [stdout] help: consider importing this trait
[INFO] [stdout]     |
[INFO] [stdout]   4 + use std::fmt::Debug;
[INFO] [stdout]     |
[INFO] [stdout] help: if you import `Debug`, refer to it directly
[INFO] [stdout]     |
[INFO] [stdout] 450 -         unsafe { windows_sys::Win32::System::Diagnostics::Debug::GetThreadErrorMode() };
[INFO] [stdout] 450 +         unsafe { Debug::GetThreadErrorMode() };
[INFO] [stdout]     |
[INFO] [stdout] 
[INFO] [stdout] 
[INFO] [stdout] error[E0433]: cannot find module or crate `windows_spawn` in this scope
[INFO] [stdout]   --> src/command.rs:21:20
[INFO] [stdout]    |
[INFO] [stdout] 21 |             inner: windows_spawn::Command::new(program),
[INFO] [stdout]    |                    ^^^^^^^^^^^^^ use of unresolved module or unlinked crate `windows_spawn`
[INFO] [stdout]    |
[INFO] [stdout]    = help: if you wanted to use a crate named `windows_spawn`, use `cargo add windows_spawn` to add it to your `Cargo.toml`
[INFO] [stdout] help: consider importing one of these structs
[INFO] [stdout]    |
[INFO] [stdout]  7 + use crate::blocking::Command;
[INFO] [stdout]    |
[INFO] [stdout]  7 + use std::process::Command;
[INFO] [stdout]    |
[INFO] [stdout] help: if you import `Command`, refer to it directly
[INFO] [stdout]    |
[INFO] [stdout] 21 -             inner: windows_spawn::Command::new(program),
[INFO] [stdout] 21 +             inner: Command::new(program),
[INFO] [stdout]    |
[INFO] [stdout] 
[INFO] [stdout] 
[INFO] [stdout] error[E0433]: cannot find module or crate `windows_spawn` in this scope
[INFO] [stdout]   --> src/command.rs:13:12
[INFO] [stdout]    |
[INFO] [stdout] 13 |     inner: windows_spawn::Command,
[INFO] [stdout]    |            ^^^^^^^^^^^^^ use of unresolved module or unlinked crate `windows_spawn`
[INFO] [stdout]    |
[INFO] [stdout]    = help: if you wanted to use a crate named `windows_spawn`, use `cargo add windows_spawn` to add it to your `Cargo.toml`
[INFO] [stdout] 
[INFO] [stdout] 
[INFO] [stdout] error[E0433]: cannot find module or crate `windows_spawn` in this scope
[INFO] [stdout]   --> src/command.rs:91:56
[INFO] [stdout]    |
[INFO] [stdout] 91 |     pub(super) fn windows_spawn_mut(&mut self) -> &mut windows_spawn::Command {
[INFO] [stdout]    |                                                        ^^^^^^^^^^^^^ use of unresolved module or unlinked crate `windows_spawn`
[INFO] [stdout]    |
[INFO] [stdout]    = help: if you wanted to use a crate named `windows_spawn`, use `cargo add windows_spawn` to add it to your `Cargo.toml`
[INFO] [stdout] 
[INFO] [stdout] 
[INFO] [stdout] error[E0433]: cannot find module or crate `windows_spawn` in this scope
[INFO] [stdout]   --> src/core/child.rs:22:12
[INFO] [stdout]    |
[INFO] [stdout] 22 |     child: windows_spawn::Child,
[INFO] [stdout]    |            ^^^^^^^^^^^^^ use of unresolved module or unlinked crate `windows_spawn`
[INFO] [stdout]    |
[INFO] [stdout]    = help: if you wanted to use a crate named `windows_spawn`, use `cargo add windows_spawn` to add it to your `Cargo.toml`
[INFO] [stdout] 
[INFO] [stdout] 
[INFO] [stdout] error[E0433]: cannot find module or crate `windows_spawn` in this scope
[INFO] [stdout]   --> src/core/proc.rs:20:17
[INFO] [stdout]    |
[INFO] [stdout] 20 | ) -> io::Result<windows_spawn::Child> {
[INFO] [stdout]    |                 ^^^^^^^^^^^^^ use of unresolved module or unlinked crate `windows_spawn`
[INFO] [stdout]    |
[INFO] [stdout]    = help: if you wanted to use a crate named `windows_spawn`, use `cargo add windows_spawn` to add it to your `Cargo.toml`
[INFO] [stdout] 
[INFO] [stdout] 
[INFO] [stdout] error[E0433]: cannot find module or crate `windows_spawn` in this scope
[INFO] [stdout]    --> src/core/pseudocon.rs:192:13
[INFO] [stdout]     |
[INFO] [stdout] 192 | unsafe impl windows_spawn::AsPseudoConsole for SpawnCapability<'_> {
[INFO] [stdout]     |             ^^^^^^^^^^^^^ use of unresolved module or unlinked crate `windows_spawn`
[INFO] [stdout]     |
[INFO] [stdout]     = help: if you wanted to use a crate named `windows_spawn`, use `cargo add windows_spawn` to add it to your `Cargo.toml`
[INFO] [stdout] 
[INFO] [stdout] 
[INFO] [stdout] error[E0433]: cannot find module or crate `windows_spawn` in this scope
[INFO] [stdout]    --> src/core/session.rs:154:23
[INFO] [stdout]     |
[INFO] [stdout] 154 |     pub(super) child: windows_spawn::Child,
[INFO] [stdout]     |                       ^^^^^^^^^^^^^ use of unresolved module or unlinked crate `windows_spawn`
[INFO] [stdout]     |
[INFO] [stdout]     = help: if you wanted to use a crate named `windows_spawn`, use `cargo add windows_spawn` to add it to your `Cargo.toml`
[INFO] [stdout] 
[INFO] [stdout] 
[INFO] [stdout] error[E0433]: cannot find module or crate `windows_spawn` in this scope
[INFO] [stdout]    --> src/core/session.rs:197:16
[INFO] [stdout]     |
[INFO] [stdout] 197 |     F: FnOnce(&windows_spawn::Child) -> io::Result<OwnedHandle>,
[INFO] [stdout]     |                ^^^^^^^^^^^^^ use of unresolved module or unlinked crate `windows_spawn`
[INFO] [stdout]     |
[INFO] [stdout]     = help: if you wanted to use a crate named `windows_spawn`, use `cargo add windows_spawn` to add it to your `Cargo.toml`
[INFO] [stdout] 
[INFO] [stdout] 
[INFO] [stdout] error[E0433]: cannot find module or crate `windows_spawn` in this scope
[INFO] [stdout]    --> src/core/session.rs:270:28
[INFO] [stdout]     |
[INFO] [stdout] 270 | ) -> io::Result<(Arc<Job>, windows_spawn::Child)> {
[INFO] [stdout]     |                            ^^^^^^^^^^^^^ use of unresolved module or unlinked crate `windows_spawn`
[INFO] [stdout]     |
[INFO] [stdout]     = help: if you wanted to use a crate named `windows_spawn`, use `cargo add windows_spawn` to add it to your `Cargo.toml`
[INFO] [stdout] 
[INFO] [stdout] 
[INFO] [stdout] error[E0433]: cannot find module or crate `windows_spawn` in this scope
[INFO] [stdout]    --> src/core/session.rs:290:16
[INFO] [stdout]     |
[INFO] [stdout] 290 |     F: FnOnce(&windows_spawn::Child) -> io::Result<OwnedHandle>,
[INFO] [stdout]     |                ^^^^^^^^^^^^^ use of unresolved module or unlinked crate `windows_spawn`
[INFO] [stdout]     |
[INFO] [stdout]     = help: if you wanted to use a crate named `windows_spawn`, use `cargo add windows_spawn` to add it to your `Cargo.toml`
[INFO] [stdout] 
[INFO] [stdout] 
[INFO] [stdout] error[E0433]: cannot find module or crate `windows_spawn` in this scope
[INFO] [stdout]    --> src/core/session.rs:284:13
[INFO] [stdout]     |
[INFO] [stdout] 284 |     child: &windows_spawn::Child,
[INFO] [stdout]     |             ^^^^^^^^^^^^^ use of unresolved module or unlinked crate `windows_spawn`
[INFO] [stdout]     |
[INFO] [stdout]     = help: if you wanted to use a crate named `windows_spawn`, use `cargo add windows_spawn` to add it to your `Cargo.toml`
[INFO] [stdout] 
[INFO] [stdout] 
[INFO] [stdout] error[E0433]: cannot find module or crate `windows_spawn` in this scope
[INFO] [stdout]    --> src/core/session.rs:302:37
[INFO] [stdout]     |
[INFO] [stdout] 302 | fn duplicate_watcher_handle(child: &windows_spawn::Child) -> io::Result<OwnedHandle> {
[INFO] [stdout]     |                                     ^^^^^^^^^^^^^ use of unresolved module or unlinked crate `windows_spawn`
[INFO] [stdout]     |
[INFO] [stdout]     = help: if you wanted to use a crate named `windows_spawn`, use `cargo add windows_spawn` to add it to your `Cargo.toml`
[INFO] [stdout] 
[INFO] [stdout] 
[INFO] [stdout] Some errors have detailed explanations: E0408, E0432, E0433.
[INFO] [stdout] 
[INFO] [stdout] For more information about an error, try `rustc --explain E0408`.
[INFO] [stdout] 
[INFO] [stderr] error: could not compile `conpty-oxide` (lib test) due to 104 previous errors
[INFO] running `Command { std: "docker" "inspect" "6629317ccd902cdf02f0a97d2c34f410c6cf8b06cf1644c976aa568cfc395e89", kill_on_drop: false }`
[INFO] running `Command { std: "docker" "rm" "-f" "6629317ccd902cdf02f0a97d2c34f410c6cf8b06cf1644c976aa568cfc395e89", kill_on_drop: false }`
[INFO] [stdout] 6629317ccd902cdf02f0a97d2c34f410c6cf8b06cf1644c976aa568cfc395e89
