[INFO] cloning repository https://github.com/P3rtang/oxylite
[INFO] running `Command { std: "git" "-c" "credential.helper=" "-c" "credential.helper=/workspace/cargo-home/bin/git-credential-null" "clone" "--bare" "https://github.com/P3rtang/oxylite" "/workspace/cache/git-repos/https%3A%2F%2Fgithub.com%2FP3rtang%2Foxylite", kill_on_drop: false }`
[INFO] [stderr] Cloning into bare repository '/workspace/cache/git-repos/https%3A%2F%2Fgithub.com%2FP3rtang%2Foxylite'...
[INFO] running `Command { std: "git" "rev-parse" "HEAD", kill_on_drop: false }`
[INFO] [stdout] afc9422c7297181bf661b4c0463189225dae6c8e
[INFO] checking P3rtang/oxylite against 3154cc1a3e6424e44f438a95007d043ed5ceaaf6+rustflags=-Znext-solver=coherence for pr-133502-30
[INFO] running `Command { std: "git" "clone" "/workspace/cache/git-repos/https%3A%2F%2Fgithub.com%2FP3rtang%2Foxylite" "/workspace/builds/worker-5-tc1/source", kill_on_drop: false }`
[INFO] [stderr] Cloning into '/workspace/builds/worker-5-tc1/source'...
[INFO] [stderr] done.
[INFO] removed /workspace/builds/worker-5-tc1/source/.cargo/config.toml
[INFO] started tweaking git repo https://github.com/P3rtang/oxylite
[INFO] finished tweaking git repo https://github.com/P3rtang/oxylite
[INFO] tweaked toml for git repo https://github.com/P3rtang/oxylite written to /workspace/builds/worker-5-tc1/source/Cargo.toml
[INFO] validating manifest of git repo https://github.com/P3rtang/oxylite on toolchain 3154cc1a3e6424e44f438a95007d043ed5ceaaf6
[INFO] running `Command { std: CARGO_HOME="/workspace/cargo-home" RUSTUP_HOME="/workspace/rustup-home" "/workspace/cargo-home/bin/cargo" "+3154cc1a3e6424e44f438a95007d043ed5ceaaf6" "metadata" "--manifest-path" "Cargo.toml" "--no-deps", kill_on_drop: false }`
[INFO] crate git repo https://github.com/P3rtang/oxylite already has a lockfile, it will not be regenerated
[INFO] running `Command { std: CARGO_HOME="/workspace/cargo-home" RUSTUP_HOME="/workspace/rustup-home" "/workspace/cargo-home/bin/cargo" "+3154cc1a3e6424e44f438a95007d043ed5ceaaf6" "fetch" "--manifest-path" "Cargo.toml", kill_on_drop: false }`
[INFO] [stderr]     Blocking waiting for file lock on package cache
[INFO] [stderr]     Blocking waiting for file lock on package cache
[INFO] [stderr]  Downloading crates ...
[INFO] [stderr]   Downloaded const-serialize-macro v0.8.0-alpha.1
[INFO] [stderr]   Downloaded manganis v0.7.10
[INFO] [stderr]   Downloaded manganis-core v0.7.10
[INFO] [stderr]   Downloaded dioxus v0.7.10
[INFO] [stderr]   Downloaded manganis-macro v0.7.10
[INFO] [stderr]   Downloaded dioxus-logger v0.7.10
[INFO] [stderr]   Downloaded dioxus-history v0.7.10
[INFO] [stderr]   Downloaded lazy-js-bundle v0.7.10
[INFO] [stderr]   Downloaded dioxus-html-internal-macro v0.7.10
[INFO] [stderr]   Downloaded dioxus-stores-macro v0.7.10
[INFO] [stderr]   Downloaded enumset v1.1.14
[INFO] [stderr]   Downloaded dioxus-hooks v0.7.10
[INFO] [stderr]   Downloaded dioxus-document v0.7.10
[INFO] [stderr]   Downloaded dioxus-interpreter-js v0.7.10
[INFO] [stderr]   Downloaded dioxus-rsx v0.7.10
[INFO] [stderr]   Downloaded dioxus-html v0.7.10
[INFO] [stderr]   Downloaded dioxus-core-macro v0.7.10
[INFO] [stderr]   Downloaded dioxus-stores v0.7.10
[INFO] [stderr]   Downloaded dioxus-web v0.7.10
[INFO] [stderr]   Downloaded dioxus-fullstack v0.7.10
[INFO] [stderr]   Downloaded dioxus-fullstack-macro v0.7.10
[INFO] [stderr]   Downloaded dioxus-fullstack-core v0.7.10
[INFO] [stderr]   Downloaded dioxus-asset-resolver v0.7.10
[INFO] [stderr]   Downloaded dioxus-config-macro v0.7.10
[INFO] [stderr]   Downloaded dioxus-config-macros v0.7.10
[INFO] running `Command { std: "docker" "create" "-v" "/var/lib/crater-agent-workspace/builds/worker-5-tc1/source:/opt/rustwide/workdir:ro,Z" "-v" "/var/lib/crater-agent-workspace/builds/worker-5-tc1/target:/opt/rustwide/target:rw,Z" "-v" "/var/lib/crater-agent-workspace/cargo-home:/opt/rustwide/cargo-home:ro,Z" "-v" "/var/lib/crater-agent-workspace/rustup-home:/opt/rustwide/rustup-home:ro,Z" "-m" "1610612736" "--network" "none" "ghcr.io/rust-lang/crates-build-env/linux@sha256:77db811e55d90add9212f6832c23229e3de5f1c1f9905e8cb07319ea15df73ac" "sleep" "infinity", kill_on_drop: false }`
[INFO] [stdout] 8a48444de85b67e653e0c2028522cb3003c5ac92dce5c8535555a29b1ce56df5
[INFO] running `Command { std: "docker" "start" "8a48444de85b67e653e0c2028522cb3003c5ac92dce5c8535555a29b1ce56df5", kill_on_drop: false }`
[INFO] running `Command { std: "docker" "inspect" "8a48444de85b67e653e0c2028522cb3003c5ac92dce5c8535555a29b1ce56df5", kill_on_drop: false }`
[INFO] running `Command { std: "docker" "exec" "-e" "SOURCE_DIR=/opt/rustwide/workdir" "-e" "CARGO_HOME=/opt/rustwide/cargo-home" "-e" "RUSTUP_HOME=/opt/rustwide/rustup-home" "-e" "CARGO_TARGET_DIR=/opt/rustwide/target" "-w" "/opt/rustwide/workdir" "--user" "0:0" "8a48444de85b67e653e0c2028522cb3003c5ac92dce5c8535555a29b1ce56df5" "/opt/rustwide/cargo-home/bin/cargo" "+3154cc1a3e6424e44f438a95007d043ed5ceaaf6" "metadata" "--no-deps" "--format-version=1", kill_on_drop: false }`
[INFO] running `Command { std: "docker" "inspect" "8a48444de85b67e653e0c2028522cb3003c5ac92dce5c8535555a29b1ce56df5", kill_on_drop: false }`
[INFO] running `Command { std: "docker" "exec" "-e" "SOURCE_DIR=/opt/rustwide/workdir" "-e" "CARGO_HOME=/opt/rustwide/cargo-home" "-e" "RUSTUP_HOME=/opt/rustwide/rustup-home" "-e" "CARGO_TARGET_DIR=/opt/rustwide/target" "-e" "CARGO_INCREMENTAL=0" "-e" "RUST_BACKTRACE=full" "-e" "RUSTFLAGS=--cap-lints=forbid -Znext-solver=coherence" "-e" "RUSTDOCFLAGS=--cap-lints=forbid" "-w" "/opt/rustwide/workdir" "--user" "0:0" "8a48444de85b67e653e0c2028522cb3003c5ac92dce5c8535555a29b1ce56df5" "/opt/rustwide/cargo-home/bin/cargo" "+3154cc1a3e6424e44f438a95007d043ed5ceaaf6" "check" "--frozen" "--all" "--all-targets" "--message-format=json", kill_on_drop: false }`
[INFO] [stderr]    Compiling proc-macro2 v1.0.107
[INFO] [stderr]     Checking log v0.4.34
[INFO] [stderr]    Compiling wasm-bindgen-shared v0.2.128
[INFO] [stderr]    Compiling bumpalo v3.20.3
[INFO] [stderr]    Compiling wasm-bindgen v0.2.128
[INFO] [stderr]    Compiling num-traits v0.2.19
[INFO] [stderr]     Checking digest v0.10.7
[INFO] [stderr]    Compiling slotmap v1.1.1
[INFO] [stderr]     Checking konst_macro_rules v0.2.19
[INFO] [stderr]     Checking dioxus-core-types v0.7.10
[INFO] [stderr]     Checking mio v1.2.3
[INFO] [stderr]     Checking memmap2 v0.9.11
[INFO] [stderr]    Compiling crossbeam-utils v0.8.23
[INFO] [stderr]     Checking konst v0.2.20
[INFO] [stderr]     Checking longest-increasing-subsequence v0.1.0
[INFO] [stderr]    Compiling lazy-js-bundle v0.7.10
[INFO] [stderr]    Compiling convert_case v0.8.0
[INFO] [stderr]     Checking rand_chacha v0.9.0
[INFO] [stderr]    Compiling proc-macro2-diagnostics v0.10.1
[INFO] [stderr]     Checking sha1 v0.10.7
[INFO] [stderr]     Checking rand v0.9.5
[INFO] [stderr]    Compiling tinyvec v1.13.2
[INFO] [stderr]    Compiling quote v1.0.47
[INFO] [stderr]    Compiling syn v3.0.5
[INFO] [stderr]    Compiling syn v2.0.119
[INFO] [stderr]    Compiling tokio v1.53.1
[INFO] [stderr]    Compiling const_format_proc_macros v0.2.34
[INFO] [stderr]    Compiling crossbeam-queue v0.3.14
[INFO] [stderr]    Compiling unicode-normalization v0.1.25
[INFO] [stderr]    Compiling indexmap v2.14.2
[INFO] [stderr]    Compiling uuid v1.26.0
[INFO] [stderr]    Compiling chrono v0.4.45
[INFO] [stderr]    Compiling stringprep v0.1.5
[INFO] [stderr]    Compiling atoi v2.0.0
[INFO] [stderr]     Checking const_format v0.2.36
[INFO] [stderr]    Compiling rand v0.8.8
[INFO] [stderr]     Checking euclid v0.22.14
[INFO] [stderr]    Compiling dioxus-document v0.7.10
[INFO] [stderr]    Compiling dioxus-interpreter-js v0.7.10
[INFO] [stderr]     Checking keyboard-types v0.7.0
[INFO] [stderr]    Compiling bitflags v2.13.1
[INFO] [stderr]     Checking sledgehammer_utils v0.3.1
[INFO] [stderr]     Checking matchers v0.2.0
[INFO] [stderr]    Compiling dioxus-web v0.7.10
[INFO] [stderr]     Checking sha2 v0.10.9
[INFO] [stderr]     Checking hmac v0.12.1
[INFO] [stderr]     Checking hkdf v0.12.4
[INFO] [stderr]     Checking md-5 v0.10.6
[INFO] [stderr]     Checking send_wrapper v0.6.0
[INFO] [stderr]    Compiling dioxus-config-macro v0.7.10
[INFO] [stderr]     Checking dioxus-config-macros v0.7.10
[INFO] [stderr]    Compiling oxylite-migrations v0.1.7 (/opt/rustwide/workdir/crates/oxylite-migrations)
[INFO] [stderr]    Compiling oxylite v0.1.7 (/opt/rustwide/workdir/crates/oxylite)
[INFO] [stderr]    Compiling shared v1.0.0 (/opt/rustwide/workdir/crates/shared)
[INFO] [stderr]    Compiling wasm-bindgen-macro-support v0.2.128
[INFO] [stderr]    Compiling serde_derive v1.0.229
[INFO] [stderr]    Compiling zerovec-derive v0.11.6
[INFO] [stderr]    Compiling futures-macro v0.3.34
[INFO] [stderr]    Compiling thiserror-impl v2.0.20
[INFO] [stderr]    Compiling displaydoc v0.2.7
[INFO] [stderr]    Compiling synstructure v0.13.2
[INFO] [stderr]     Checking futures-util v0.3.34
[INFO] [stderr]    Compiling tokio-macros v2.7.2
[INFO] [stderr]    Compiling darling_core v0.21.3
[INFO] [stderr]     Checking thiserror v2.0.20
[INFO] [stderr]    Compiling tokio-stream v0.1.19
[INFO] [stderr]    Compiling dioxus-rsx v0.7.10
[INFO] [stderr]    Compiling async-trait v0.1.92
[INFO] [stderr]    Compiling zerofrom-derive v0.1.7
[INFO] [stderr]    Compiling yoke-derive v0.8.2
[INFO] [stderr]    Compiling tracing-attributes v0.1.31
[INFO] [stderr]    Compiling pin-project-internal v1.1.13
[INFO] [stderr]    Compiling zerofrom v0.1.8
[INFO] [stderr]    Compiling yoke v0.8.3
[INFO] [stderr]    Compiling zerovec v0.11.8
[INFO] [stderr]    Compiling zerotrie v0.2.5
[INFO] [stderr]     Checking serde v1.0.229
[INFO] [stderr]     Checking tracing v0.1.44
[INFO] [stderr]    Compiling tinystr v0.8.4
[INFO] [stderr]    Compiling potential_utf v0.1.6
[INFO] [stderr]     Checking pin-project v1.1.13
[INFO] [stderr]    Compiling icu_collections v2.3.0
[INFO] [stderr]    Compiling smallvec v1.16.0
[INFO] [stderr]    Compiling icu_locale_core v2.3.0
[INFO] [stderr]     Checking subsecond-types v0.7.10
[INFO] [stderr]     Checking subsecond v0.7.10
[INFO] [stderr]     Checking parking_lot_core v0.9.12
[INFO] [stderr]    Compiling const-serialize-macro v0.7.2
[INFO] [stderr]    Compiling warnings-macro v0.2.0
[INFO] [stderr]     Checking parking_lot v0.12.5
[INFO] [stderr]     Checking generational-box v0.7.10
[INFO] [stderr]     Checking warnings v0.2.1
[INFO] [stderr]    Compiling darling_macro v0.21.3
[INFO] [stderr]    Compiling const-serialize-macro v0.8.0-alpha.1
[INFO] [stderr]     Checking dioxus-core v0.7.10
[INFO] [stderr]    Compiling darling v0.21.3
[INFO] [stderr]     Checking icu_provider v2.3.1
[INFO] [stderr]    Compiling enumset_derive v0.15.0
[INFO] [stderr]     Checking icu_properties v2.3.0
[INFO] [stderr]     Checking icu_normalizer v2.3.0
[INFO] [stderr]    Compiling futures-intrusive v0.5.0
[INFO] [stderr]    Compiling wasm-bindgen-macro v0.2.128
[INFO] [stderr]    Compiling const-serialize v0.7.2
[INFO] [stderr]    Compiling either v1.18.0
[INFO] [stderr]    Compiling const-serialize v0.8.0-alpha.0
[INFO] [stderr]     Checking enumset v1.1.14
[INFO] [stderr]     Checking idna_adapter v1.2.2
[INFO] [stderr]     Checking idna v1.1.0
[INFO] [stderr]    Compiling dioxus-core-macro v0.7.10
[INFO] [stderr]    Compiling sledgehammer_bindgen_macro v0.6.5
[INFO] [stderr]    Compiling dioxus-html-internal-macro v0.7.10
[INFO] [stderr]     Checking url v2.5.8
[INFO] [stderr]     Checking dioxus-signals v0.7.10
[INFO] [stderr]     Checking dioxus-devtools-types v0.7.10
[INFO] [stderr]    Compiling manganis-core v0.7.10
[INFO] [stderr]     Checking js-sys v0.3.105
[INFO] [stderr]     Checking dioxus-cli-config v0.7.10
[INFO] [stderr]     Checking dioxus-hooks v0.7.10
[INFO] [stderr]     Checking tungstenite v0.28.0
[INFO] [stderr]    Compiling macro-string v0.1.4
[INFO] [stderr]     Checking sledgehammer_bindgen v0.6.0
[INFO] [stderr]     Checking dioxus-html v0.7.10
[INFO] [stderr]     Checking dioxus-devtools v0.7.10
[INFO] [stderr]    Compiling manganis-macro v0.7.10
[INFO] [stderr]     Checking dioxus-history v0.7.10
[INFO] [stderr]     Checking tracing-subscriber v0.3.23
[INFO] [stderr]    Compiling dioxus-stores-macro v0.7.10
[INFO] [stderr]     Checking tungstenite v0.29.0
[INFO] [stderr]    Compiling sqlx-core v0.8.6
[INFO] [stderr]     Checking dioxus-stores v0.7.10
[INFO] [stderr]     Checking serde_urlencoded v0.7.1
[INFO] [stderr]     Checking axum-core v0.5.6
[INFO] [stderr]     Checking manganis v0.7.10
[INFO] [stderr]    Compiling enum-iterator-derive v1.5.0
[INFO] [stderr]     Checking futures v0.3.34
[INFO] [stderr]     Checking hyper v1.11.1
[INFO] [stderr]     Checking dioxus-logger v0.7.10
[INFO] [stderr]     Checking tokio-tungstenite v0.29.0
[INFO] [stderr]     Checking tower v0.5.3
[INFO] [stderr]     Checking hyper-util v0.1.20
[INFO] [stderr]     Checking tokio-util v0.7.19
[INFO] [stderr]     Checking enum-iterator v2.3.0
[INFO] [stderr]     Checking console_error_panic_hook v0.1.7
[INFO] [stderr]     Checking tower-http v0.6.11
[INFO] [stderr]     Checking axum v0.8.9
[INFO] [stderr]    Compiling sqlx-postgres v0.8.6
[INFO] [stderr]     Checking wasm-bindgen-futures v0.4.78
[INFO] [stderr]     Checking web-sys v0.3.105
[INFO] [stderr]     Checking gloo-timers v0.3.0
[INFO] [stderr]     Checking serde-wasm-bindgen v0.6.5
[INFO] [stderr]    Compiling sqlx-macros-core v0.8.6
[INFO] [stderr]    Compiling sqlx-macros v0.8.6
[INFO] [stderr]     Checking sqlx v0.8.6
[INFO] [stderr]     Checking wasm-streams v0.4.2
[INFO] [stderr]     Checking dioxus-asset-resolver v0.7.10
[INFO] [stderr]     Checking dioxus v0.7.10
[INFO] [stdout] error[E0432]: unresolved import `web_sys::LockOptions`
[INFO] [stdout]   --> crates/oxylite/src/client/engine/tabs.rs:16:33
[INFO] [stdout]    |
[INFO] [stdout] 16 | use web_sys::{BroadcastChannel, LockOptions, MessageEvent};
[INFO] [stdout]    |                                 ^^^^^^^^^^^ no `LockOptions` in the root
[INFO] [stdout] 
[INFO] [stdout] 
[INFO] [stdout] error[E0425]: cannot find type `Lock` in crate `web_sys`
[INFO] [stdout]   --> crates/oxylite/src/client/engine/tabs.rs:72:57
[INFO] [stdout]    |
[INFO] [stdout] 72 |     type LockCallback = Function<fn(JsNullable<web_sys::Lock>) -> js_sys::Promise>;
[INFO] [stdout]    |                                                         ^^^^ not found in `web_sys`
[INFO] [stdout]    |
[INFO] [stdout] help: there is an enum variant `dioxus::prelude::Key::Lock`; try using the variant's enum
[INFO] [stdout]    |
[INFO] [stdout] 72 -     type LockCallback = Function<fn(JsNullable<web_sys::Lock>) -> js_sys::Promise>;
[INFO] [stdout] 72 +     type LockCallback = Function<fn(JsNullable<dioxus::prelude::Key>) -> js_sys::Promise>;
[INFO] [stdout]    |
[INFO] [stdout] 
[INFO] [stdout] 
[INFO] [stdout] error[E0432]: unresolved import `web_sys::LockOptions`
[INFO] [stdout]   --> crates/oxylite/src/client/engine/tabs.rs:16:33
[INFO] [stdout]    |
[INFO] [stdout] 16 | use web_sys::{BroadcastChannel, LockOptions, MessageEvent};
[INFO] [stdout]    |                                 ^^^^^^^^^^^ no `LockOptions` in the root
[INFO] [stdout] 
[INFO] [stdout] 
[INFO] [stdout] error[E0425]: cannot find type `Lock` in crate `web_sys`
[INFO] [stdout]   --> crates/oxylite/src/client/engine/tabs.rs:72:57
[INFO] [stdout]    |
[INFO] [stdout] 72 |     type LockCallback = Function<fn(JsNullable<web_sys::Lock>) -> js_sys::Promise>;
[INFO] [stdout]    |                                                         ^^^^ not found in `web_sys`
[INFO] [stdout]    |
[INFO] [stdout] help: there is an enum variant `dioxus::prelude::Key::Lock`; try using the variant's enum
[INFO] [stdout]    |
[INFO] [stdout] 72 -     type LockCallback = Function<fn(JsNullable<web_sys::Lock>) -> js_sys::Promise>;
[INFO] [stdout] 72 +     type LockCallback = Function<fn(JsNullable<dioxus::prelude::Key>) -> js_sys::Promise>;
[INFO] [stdout]    |
[INFO] [stdout] 
[INFO] [stdout] 
[INFO] [stdout] error[E0599]: no method named `locks` found for struct `Navigator` in the current scope
[INFO] [stdout]   --> crates/oxylite/src/client/engine/tabs.rs:56:36
[INFO] [stdout]    |
[INFO] [stdout] 56 |     let locks = window.navigator().locks();
[INFO] [stdout]    |                                    ^^^^^ method not found in `Navigator`
[INFO] [stdout] 
[INFO] [stdout] 
[INFO] [stdout] error[E0599]: no method named `locks` found for struct `Navigator` in the current scope
[INFO] [stdout]   --> crates/oxylite/src/client/engine/tabs.rs:56:36
[INFO] [stdout]    |
[INFO] [stdout] 56 |     let locks = window.navigator().locks();
[INFO] [stdout]    |                                    ^^^^^ method not found in `Navigator`
[INFO] [stdout] 
[INFO] [stdout] 
[INFO] [stdout] Some errors have detailed explanations: E0425, E0432, E0599.
[INFO] [stdout] 
[INFO] [stdout] For more information about an error, try `rustc --explain E0425`.
[INFO] [stdout] 
[INFO] [stderr] error: could not compile `oxylite` (lib) due to 3 previous errors
[INFO] [stderr] warning: build failed, waiting for other jobs to finish...
[INFO] [stdout] Some errors have detailed explanations: E0425, E0432, E0599.
[INFO] [stdout] 
[INFO] [stdout] For more information about an error, try `rustc --explain E0425`.
[INFO] [stdout] 
[INFO] [stderr] error: could not compile `oxylite` (lib test) due to 3 previous errors
[INFO] running `Command { std: "docker" "inspect" "8a48444de85b67e653e0c2028522cb3003c5ac92dce5c8535555a29b1ce56df5", kill_on_drop: false }`
[INFO] running `Command { std: "docker" "rm" "-f" "8a48444de85b67e653e0c2028522cb3003c5ac92dce5c8535555a29b1ce56df5", kill_on_drop: false }`
[INFO] [stdout] 8a48444de85b67e653e0c2028522cb3003c5ac92dce5c8535555a29b1ce56df5
