[INFO] cloning repository https://github.com/Ouka2020/nvm-rs
[INFO] running `Command { std: "git" "-c" "credential.helper=" "-c" "credential.helper=/workspace/cargo-home/bin/git-credential-null" "clone" "--bare" "https://github.com/Ouka2020/nvm-rs" "/workspace/cache/git-repos/https%3A%2F%2Fgithub.com%2FOuka2020%2Fnvm-rs", kill_on_drop: false }`
[INFO] [stderr] Cloning into bare repository '/workspace/cache/git-repos/https%3A%2F%2Fgithub.com%2FOuka2020%2Fnvm-rs'...
[INFO] running `Command { std: "git" "rev-parse" "HEAD", kill_on_drop: false }`
[INFO] [stdout] 1d4277375f5caaad687ec4aa09b34f0969b2cc85
[INFO] checking Ouka2020/nvm-rs against 3154cc1a3e6424e44f438a95007d043ed5ceaaf6+rustflags=-Znext-solver=coherence for pr-133502-30
[INFO] running `Command { std: "git" "clone" "/workspace/cache/git-repos/https%3A%2F%2Fgithub.com%2FOuka2020%2Fnvm-rs" "/workspace/builds/worker-1-tc1/source", kill_on_drop: false }`
[INFO] [stderr] Cloning into '/workspace/builds/worker-1-tc1/source'...
[INFO] [stderr] done.
[INFO] removed /workspace/builds/worker-1-tc1/source/.cargo/config.toml
[INFO] started tweaking git repo https://github.com/Ouka2020/nvm-rs
[INFO] finished tweaking git repo https://github.com/Ouka2020/nvm-rs
[INFO] tweaked toml for git repo https://github.com/Ouka2020/nvm-rs written to /workspace/builds/worker-1-tc1/source/Cargo.toml
[INFO] validating manifest of git repo https://github.com/Ouka2020/nvm-rs on toolchain 3154cc1a3e6424e44f438a95007d043ed5ceaaf6
[INFO] running `Command { std: CARGO_HOME="/workspace/cargo-home" RUSTUP_HOME="/workspace/rustup-home" "/workspace/cargo-home/bin/cargo" "+3154cc1a3e6424e44f438a95007d043ed5ceaaf6" "metadata" "--manifest-path" "Cargo.toml" "--no-deps", kill_on_drop: false }`
[INFO] crate git repo https://github.com/Ouka2020/nvm-rs already has a lockfile, it will not be regenerated
[INFO] running `Command { std: CARGO_HOME="/workspace/cargo-home" RUSTUP_HOME="/workspace/rustup-home" "/workspace/cargo-home/bin/cargo" "+3154cc1a3e6424e44f438a95007d043ed5ceaaf6" "fetch" "--manifest-path" "Cargo.toml", kill_on_drop: false }`
[INFO] [stderr]     Updating crates.io index
[INFO] [stderr]  Downloading crates ...
[INFO] [stderr]   Downloaded powerfmt v0.2.1
[INFO] [stderr]   Downloaded zip v8.6.0
[INFO] [stderr]   Downloaded lazy_static v1.5.1
[INFO] [stderr]   Downloaded zstd-safe v7.3.0
[INFO] [stderr]   Downloaded winreg v0.56.0
[INFO] [stderr]   Downloaded path-clean v1.0.1
[INFO] [stderr]   Downloaded serde_ignored v0.1.14
[INFO] [stderr]   Downloaded junction v2.1.0
[INFO] [stderr]   Downloaded ppmd-rust v1.5.0
[INFO] [stderr]   Downloaded futures-timer v3.0.4
[INFO] [stderr]   Downloaded libbz2-rs-sys v0.2.5
[INFO] [stderr]   Downloaded cookie_store v0.22.0
[INFO] [stderr]   Downloaded winresource v0.1.31
[INFO] [stderr]   Downloaded rstest v0.27.0
[INFO] [stderr]   Downloaded rstest_macros v0.27.0
[INFO] [stderr]   Downloaded toml_edit v0.25.15+spec-1.1.0
[INFO] [stderr]   Downloaded libredox v0.1.25
[INFO] [stderr]   Downloaded cc v1.6.0
[INFO] [stderr]   Downloaded typed-path v0.12.3
[INFO] [stderr]   Downloaded aes v0.9.2
[INFO] [stderr]   Downloaded console v0.16.6
[INFO] [stderr]   Downloaded lzma-rust2 v0.16.5
[INFO] [stderr]   Downloaded comfy-table v8.0.0
[INFO] [stderr]   Downloaded noyalib v0.0.15
[INFO] running `Command { std: "docker" "create" "-v" "/var/lib/crater-agent-workspace/builds/worker-1-tc1/source:/opt/rustwide/workdir:ro,Z" "-v" "/var/lib/crater-agent-workspace/builds/worker-1-tc1/target:/opt/rustwide/target:rw,Z" "-v" "/var/lib/crater-agent-workspace/cargo-home:/opt/rustwide/cargo-home:ro,Z" "-v" "/var/lib/crater-agent-workspace/rustup-home:/opt/rustwide/rustup-home:ro,Z" "-m" "1610612736" "--network" "none" "ghcr.io/rust-lang/crates-build-env/linux@sha256:77db811e55d90add9212f6832c23229e3de5f1c1f9905e8cb07319ea15df73ac" "sleep" "infinity", kill_on_drop: false }`
[INFO] [stdout] dce67b7dfb61c8aaea318b50e8a494e5e90729f0c417df72e6c8d4ed61667550
[INFO] running `Command { std: "docker" "start" "dce67b7dfb61c8aaea318b50e8a494e5e90729f0c417df72e6c8d4ed61667550", kill_on_drop: false }`
[INFO] running `Command { std: "docker" "inspect" "dce67b7dfb61c8aaea318b50e8a494e5e90729f0c417df72e6c8d4ed61667550", kill_on_drop: false }`
[INFO] running `Command { std: "docker" "exec" "-e" "SOURCE_DIR=/opt/rustwide/workdir" "-e" "CARGO_HOME=/opt/rustwide/cargo-home" "-e" "RUSTUP_HOME=/opt/rustwide/rustup-home" "-e" "CARGO_TARGET_DIR=/opt/rustwide/target" "-w" "/opt/rustwide/workdir" "--user" "0:0" "dce67b7dfb61c8aaea318b50e8a494e5e90729f0c417df72e6c8d4ed61667550" "/opt/rustwide/cargo-home/bin/cargo" "+3154cc1a3e6424e44f438a95007d043ed5ceaaf6" "metadata" "--no-deps" "--format-version=1", kill_on_drop: false }`
[INFO] running `Command { std: "docker" "inspect" "dce67b7dfb61c8aaea318b50e8a494e5e90729f0c417df72e6c8d4ed61667550", kill_on_drop: false }`
[INFO] running `Command { std: "docker" "exec" "-e" "SOURCE_DIR=/opt/rustwide/workdir" "-e" "CARGO_HOME=/opt/rustwide/cargo-home" "-e" "RUSTUP_HOME=/opt/rustwide/rustup-home" "-e" "CARGO_TARGET_DIR=/opt/rustwide/target" "-e" "CARGO_INCREMENTAL=0" "-e" "RUST_BACKTRACE=full" "-e" "RUSTFLAGS=--cap-lints=forbid -Znext-solver=coherence" "-e" "RUSTDOCFLAGS=--cap-lints=forbid" "-w" "/opt/rustwide/workdir" "--user" "0:0" "dce67b7dfb61c8aaea318b50e8a494e5e90729f0c417df72e6c8d4ed61667550" "/opt/rustwide/cargo-home/bin/cargo" "+3154cc1a3e6424e44f438a95007d043ed5ceaaf6" "check" "--frozen" "--all" "--all-targets" "--message-format=json", kill_on_drop: false }`
[INFO] [stderr]    Compiling unicode-ident v1.0.26
[INFO] [stderr]    Compiling libc v0.2.190
[INFO] [stderr]     Checking cfg-if v1.0.5
[INFO] [stderr]    Compiling find-msvc-tools v0.1.14
[INFO] [stderr]    Compiling serde_core v1.0.229
[INFO] [stderr]     Checking zeroize v1.9.0
[INFO] [stderr]     Checking log v0.4.34
[INFO] [stderr]     Checking smallvec v1.16.2
[INFO] [stderr]     Checking cmov v0.5.4
[INFO] [stderr]    Compiling rustix v1.1.5
[INFO] [stderr]    Compiling crc32fast v1.5.2
[INFO] [stderr]    Compiling icu_normalizer_data v2.1.1
[INFO] [stderr]    Compiling icu_properties_data v2.1.2
[INFO] [stderr]    Compiling convert_case v0.10.0
[INFO] [stderr]     Checking simd-adler32 v0.3.10
[INFO] [stderr]    Compiling proc-macro2 v1.0.107
[INFO] [stderr]    Compiling serde v1.0.229
[INFO] [stderr]     Checking untrusted v0.9.0
[INFO] [stderr]     Checking unicode-width v0.2.2
[INFO] [stderr]    Compiling windows_x86_64_gnu v0.48.5
[INFO] [stderr]    Compiling httparse v1.10.1
[INFO] [stderr]     Checking adler2 v2.0.1
[INFO] [stderr]     Checking utf8parse v0.2.2
[INFO] [stderr]     Checking block-buffer v0.12.1
[INFO] [stderr]     Checking rustls-pki-types v1.15.1
[INFO] [stderr]    Compiling zstd-safe v7.3.0
[INFO] [stderr]     Checking ctutils v0.4.2
[INFO] [stderr]    Compiling getrandom v0.4.3
[INFO] [stderr]     Checking anstyle-parse v1.0.0
[INFO] [stderr]     Checking miniz_oxide v0.9.1
[INFO] [stderr]     Checking inout v0.2.2
[INFO] [stderr]    Compiling memchr v2.8.3
[INFO] [stderr]    Compiling portable-atomic v1.15.0
[INFO] [stderr]     Checking anstyle-query v1.1.5
[INFO] [stderr]    Compiling rustls v0.23.45
[INFO] [stderr]     Checking zlib-rs v0.6.8
[INFO] [stderr]     Checking colorchoice v1.0.5
[INFO] [stderr]     Checking once_cell v1.21.4
[INFO] [stderr]    Compiling serde_json v1.0.151
[INFO] [stderr]     Checking is_terminal_polyfill v1.70.2
[INFO] [stderr]    Compiling semver v1.0.28
[INFO] [stderr]     Checking digest v0.11.3
[INFO] [stderr]     Checking anstyle v1.0.14
[INFO] [stderr]     Checking http v1.5.0
[INFO] [stderr]     Checking cipher v0.5.2
[INFO] [stderr]     Checking sha2 v0.11.0
[INFO] [stderr]    Compiling quote v1.0.47
[INFO] [stderr]     Checking anstream v1.0.0
[INFO] [stderr]    Compiling rustc_version v0.4.1
[INFO] [stderr]     Checking hmac v0.13.0
[INFO] [stderr]     Checking thread_local v1.1.10
[INFO] [stderr]     Checking strsim v0.11.1
[INFO] [stderr]     Checking libbz2-rs-sys v0.2.5
[INFO] [stderr]     Checking base64 v0.23.1
[INFO] [stderr]     Checking bumpalo v3.20.3
[INFO] [stderr]    Compiling syn v3.0.6
[INFO] [stderr]    Compiling syn v2.0.119
[INFO] [stderr]     Checking subtle v2.6.1
[INFO] [stderr]     Checking clap_lex v1.1.1
[INFO] [stderr]     Checking powerfmt v0.2.1
[INFO] [stderr]    Compiling aho-corasick v1.1.5
[INFO] [stderr]     Checking cpubits v0.1.1
[INFO] [stderr]    Compiling noyalib v0.0.15
[INFO] [stderr]     Checking time v0.3.55
[INFO] [stderr]     Checking aes v0.9.2
[INFO] [stderr]     Checking clap_builder v4.6.7
[INFO] [stderr]     Checking zopfli v0.8.3
[INFO] [stderr]     Checking bzip2 v0.6.1
[INFO] [stderr]     Checking lzma-rust2 v0.16.5
[INFO] [stderr]     Checking ureq-proto v0.6.4
[INFO] [stderr]     Checking fuzzy-matcher v0.3.7
[INFO] [stderr]    Compiling rstest_macros v0.27.0
[INFO] [stderr]     Checking regex-automata v0.4.18
[INFO] [stderr]     Checking pbkdf2 v0.13.0
[INFO] [stderr]     Checking flate2 v1.1.10
[INFO] [stderr]     Checking windows-targets v0.48.5
[INFO] [stderr]     Checking webpki-roots v1.0.9
[INFO] [stderr]     Checking sha1 v0.11.0
[INFO] [stderr]    Compiling jobserver v0.1.35
[INFO] [stderr]     Checking typed-path v0.12.3
[INFO] [stderr]     Checking ppmd-rust v1.5.0
[INFO] [stderr]     Checking errno v0.3.14
[INFO] [stderr]     Checking signal-hook-registry v1.4.8
[INFO] [stderr]     Checking getrandom v0.2.17
[INFO] [stderr]     Checking mio v1.2.4
[INFO] [stderr]     Checking parking_lot_core v0.9.12
[INFO] [stderr]    Compiling cc v1.6.0
[INFO] [stderr]     Checking signal-hook v0.3.18
[INFO] [stderr]     Checking console v0.16.6
[INFO] [stderr]     Checking parking_lot v0.12.5
[INFO] [stderr]     Checking dirs-sys v0.4.1
[INFO] [stderr]     Checking signal-hook-mio v0.2.5
[INFO] [stderr]     Checking constant_time_eq v0.4.2
[INFO] [stderr]     Checking dyn-clone v1.0.20
[INFO] [stderr]     Checking deflate64 v0.1.12
[INFO] [stderr]     Checking utf8-zero v0.8.1
[INFO] [stderr]     Checking unit-prefix v0.5.2
[INFO] [stderr]     Checking directories v5.0.1
[INFO] [stderr]     Checking windows-sys v0.48.0
[INFO] [stderr]     Checking futures-core v0.3.34
[INFO] [stderr]     Checking futures-task v0.3.34
[INFO] [stderr]     Checking path-clean v1.0.1
[INFO] [stderr]     Checking junction v2.1.0
[INFO] [stderr]    Compiling relative-path v1.9.3
[INFO] [stderr]     Checking futures-util v0.3.34
[INFO] [stderr]     Checking yansi v1.0.1
[INFO] [stderr]     Checking indicatif v0.18.6
[INFO] [stderr]     Checking futures-timer v3.0.4
[INFO] [stderr]     Checking indexmap v2.14.2
[INFO] [stderr]     Checking serde_ignored v0.1.14
[INFO] [stderr]     Checking tempfile v3.27.0
[INFO] [stderr]     Checking pretty_assertions v1.4.1
[INFO] [stderr]     Checking regex v1.13.1
[INFO] [stderr]    Compiling toml_datetime v1.1.1+spec-1.1.0
[INFO] [stderr]    Compiling serde_spanned v1.1.1
[INFO] [stderr]    Compiling zstd-sys v2.1.0+zstd.1.5.7
[INFO] [stderr]    Compiling ring v0.17.14
[INFO] [stderr]    Compiling toml_edit v0.25.15+spec-1.1.0
[INFO] [stderr]    Compiling toml v1.1.6+spec-1.1.0
[INFO] [stderr]    Compiling proc-macro-crate v3.5.0
[INFO] [stderr]    Compiling winresource v0.1.31
[INFO] [stderr]    Compiling synstructure v0.14.0
[INFO] [stderr]    Compiling nvm-windows v0.1.4 (/opt/rustwide/workdir)
[INFO] [stderr]    Compiling darling_core v0.21.3
[INFO] [stderr]    Compiling zerofrom-derive v0.1.8
[INFO] [stderr]    Compiling yoke-derive v0.8.4
[INFO] [stderr]    Compiling zerovec-derive v0.11.6
[INFO] [stderr]    Compiling displaydoc v0.2.7
[INFO] [stderr]    Compiling serde_derive v1.0.229
[INFO] [stderr]    Compiling clap_derive v4.6.7
[INFO] [stderr]    Compiling derive_more-impl v2.1.1
[INFO] [stderr]    Compiling strum_macros v0.28.0
[INFO] [stderr]    Compiling num_enum_derive v0.7.6
[INFO] [stderr]     Checking num_enum v0.7.6
[INFO] [stderr]     Checking zerofrom v0.1.8
[INFO] [stderr]     Checking yoke v0.8.3
[INFO] [stderr]     Checking zerovec v0.11.8
[INFO] [stderr]     Checking zerotrie v0.2.5
[INFO] [stderr]     Checking derive_more v2.1.1
[INFO] [stderr]     Checking crossterm v0.29.0
[INFO] [stderr]     Checking rustls-webpki v0.103.15
[INFO] [stderr]     Checking zstd v0.13.3
[INFO] [stderr]    Compiling darling_macro v0.21.3
[INFO] [stderr]     Checking tinystr v0.8.4
[INFO] [stderr]     Checking potential_utf v0.1.6
[INFO] [stderr]     Checking comfy-table v8.0.0
[INFO] [stderr]     Checking inquire v0.9.4
[INFO] [stderr]     Checking icu_collections v2.1.1
[INFO] [stderr]     Checking strum v0.28.0
[INFO] [stderr]     Checking icu_locale_core v2.1.1
[INFO] [stderr]     Checking clap v4.6.7
[INFO] [stderr]     Checking zip v8.6.0
[INFO] [stderr]    Compiling darling v0.21.3
[INFO] [stderr]    Compiling serde_with_macros v3.17.0
[INFO] [stderr]     Checking rstest v0.27.0
[INFO] [stderr]     Checking serde_with v3.17.0
[INFO] [stderr]     Checking icu_provider v2.1.1
[INFO] [stderr]     Checking icu_properties v2.1.2
[INFO] [stderr]     Checking icu_normalizer v2.1.1
[INFO] [stderr]     Checking idna_adapter v1.2.1
[INFO] [stderr]     Checking idna v1.1.0
[INFO] [stderr]     Checking ureq v3.4.2
[INFO] [stderr]     Checking url v2.5.8
[INFO] [stdout] error[E0433]: cannot find `windows` in `os`
[INFO] [stdout]  --> src/lib.rs:6:7
[INFO] [stdout]   |
[INFO] [stdout] 6 |   os::windows::ffi::OsStrExt,
[INFO] [stdout]   |       ^^^^^^^ could not find `windows` in `os`
[INFO] [stdout]   |
[INFO] [stdout] note: found an item that was configured out
[INFO] [stdout]  --> /rustc/3154cc1a3e6424e44f438a95007d043ed5ceaaf6/library/std/src/os/mod.rs:62:4
[INFO] [stdout]   |
[INFO] [stdout]   = note: the item is gated behind the `windows` feature
[INFO] [stdout] 
[INFO] [stdout] 
[INFO] [stdout] error[E0433]: cannot find module or crate `winreg` in this scope
[INFO] [stdout]   --> src/lib.rs:22:5
[INFO] [stdout]    |
[INFO] [stdout] 22 | use winreg::{
[INFO] [stdout]    |     ^^^^^^ use of unresolved module or unlinked crate `winreg`
[INFO] [stdout]    |
[INFO] [stdout]    = help: if you wanted to use a crate named `winreg`, use `cargo add winreg` to add it to your `Cargo.toml`
[INFO] [stdout] 
[INFO] [stdout] 
[INFO] [stdout] error[E0432]: unresolved import `winreg`
[INFO] [stdout]   --> src/lib.rs:22:5
[INFO] [stdout]    |
[INFO] [stdout] 22 | use winreg::{
[INFO] [stdout]    |     ^^^^^^ use of unresolved module or unlinked crate `winreg`
[INFO] [stdout]    |
[INFO] [stdout]    = help: if you wanted to use a crate named `winreg`, use `cargo add winreg` to add it to your `Cargo.toml`
[INFO] [stdout] 
[INFO] [stdout] 
[INFO] [stdout] error[E0433]: cannot find `windows` in `os`
[INFO] [stdout]  --> src/lib.rs:6:7
[INFO] [stdout]   |
[INFO] [stdout] 6 |   os::windows::ffi::OsStrExt,
[INFO] [stdout]   |       ^^^^^^^ could not find `windows` in `os`
[INFO] [stdout]   |
[INFO] [stdout] note: found an item that was configured out
[INFO] [stdout]  --> /rustc/3154cc1a3e6424e44f438a95007d043ed5ceaaf6/library/std/src/os/mod.rs:62:4
[INFO] [stdout]   |
[INFO] [stdout]   = note: the item is gated behind the `windows` feature
[INFO] [stdout] 
[INFO] [stdout] 
[INFO] [stdout] error[E0433]: cannot find module or crate `winreg` in this scope
[INFO] [stdout]   --> src/lib.rs:22:5
[INFO] [stdout]    |
[INFO] [stdout] 22 | use winreg::{
[INFO] [stdout]    |     ^^^^^^ use of unresolved module or unlinked crate `winreg`
[INFO] [stdout]    |
[INFO] [stdout]    = help: if you wanted to use a crate named `winreg`, use `cargo add winreg` to add it to your `Cargo.toml`
[INFO] [stdout] 
[INFO] [stdout] 
[INFO] [stdout] error[E0432]: unresolved import `winreg`
[INFO] [stdout]   --> src/lib.rs:22:5
[INFO] [stdout]    |
[INFO] [stdout] 22 | use winreg::{
[INFO] [stdout]    |     ^^^^^^ use of unresolved module or unlinked crate `winreg`
[INFO] [stdout]    |
[INFO] [stdout]    = help: if you wanted to use a crate named `winreg`, use `cargo add winreg` to add it to your `Cargo.toml`
[INFO] [stdout] 
[INFO] [stdout] 
[INFO] [stdout] error[E0599]: no method named `encode_wide` found for reference `&std::ffi::OsStr` in the current scope
[INFO] [stdout]    --> src/lib.rs:453:6
[INFO] [stdout]     |
[INFO] [stdout] 450 |   let wide_path: Vec<u16> = symlink
[INFO] [stdout] 451 |     .join("node.exe")
[INFO] [stdout] 452 |     .as_os_str()
[INFO] [stdout] 453 |     .encode_wide()
[INFO] [stdout]     |      ^^^^^^^^^^^ method not found in `&std::ffi::OsStr`
[INFO] [stdout] 
[INFO] [stdout] 
[INFO] [stdout] Some errors have detailed explanations: E0432, E0433, E0599.
[INFO] [stdout] 
[INFO] [stdout] For more information about an error, try `rustc --explain E0432`.
[INFO] [stdout] 
[INFO] [stderr] error: could not compile `nvm-windows` (lib) due to 4 previous errors
[INFO] [stderr] warning: build failed, waiting for other jobs to finish...
[INFO] [stdout] error[E0599]: no method named `encode_wide` found for reference `&std::ffi::OsStr` in the current scope
[INFO] [stdout]    --> src/lib.rs:453:6
[INFO] [stdout]     |
[INFO] [stdout] 450 |   let wide_path: Vec<u16> = symlink
[INFO] [stdout] 451 |     .join("node.exe")
[INFO] [stdout] 452 |     .as_os_str()
[INFO] [stdout] 453 |     .encode_wide()
[INFO] [stdout]     |      ^^^^^^^^^^^ method not found in `&std::ffi::OsStr`
[INFO] [stdout] 
[INFO] [stdout] 
[INFO] [stdout] Some errors have detailed explanations: E0432, E0433, E0599.
[INFO] [stdout] 
[INFO] [stdout] For more information about an error, try `rustc --explain E0432`.
[INFO] [stdout] 
[INFO] [stderr] error: could not compile `nvm-windows` (lib test) due to 4 previous errors
[INFO] running `Command { std: "docker" "inspect" "dce67b7dfb61c8aaea318b50e8a494e5e90729f0c417df72e6c8d4ed61667550", kill_on_drop: false }`
[INFO] running `Command { std: "docker" "rm" "-f" "dce67b7dfb61c8aaea318b50e8a494e5e90729f0c417df72e6c8d4ed61667550", kill_on_drop: false }`
[INFO] [stdout] dce67b7dfb61c8aaea318b50e8a494e5e90729f0c417df72e6c8d4ed61667550
