[INFO] cloning repository https://github.com/OnTheThirdDay/eventage-rs
[INFO] running `Command { std: "git" "-c" "credential.helper=" "-c" "credential.helper=/workspace/cargo-home/bin/git-credential-null" "clone" "--bare" "https://github.com/OnTheThirdDay/eventage-rs" "/workspace/cache/git-repos/https%3A%2F%2Fgithub.com%2FOnTheThirdDay%2Feventage-rs", kill_on_drop: false }`
[INFO] [stderr] Cloning into bare repository '/workspace/cache/git-repos/https%3A%2F%2Fgithub.com%2FOnTheThirdDay%2Feventage-rs'...
[INFO] running `Command { std: "git" "rev-parse" "HEAD", kill_on_drop: false }`
[INFO] [stdout] 1cc51e88dc78abcfb074933495d7fc0c628548f9
[INFO] checking OnTheThirdDay/eventage-rs against 3154cc1a3e6424e44f438a95007d043ed5ceaaf6+rustflags=-Znext-solver=coherence for pr-133502-30
[INFO] running `Command { std: "git" "clone" "/workspace/cache/git-repos/https%3A%2F%2Fgithub.com%2FOnTheThirdDay%2Feventage-rs" "/workspace/builds/worker-5-tc1/source", kill_on_drop: false }`
[INFO] [stderr] Cloning into '/workspace/builds/worker-5-tc1/source'...
[INFO] [stderr] done.
[INFO] started tweaking git repo https://github.com/OnTheThirdDay/eventage-rs
[INFO] removed 0 missing examples
[INFO] finished tweaking git repo https://github.com/OnTheThirdDay/eventage-rs
[INFO] tweaked toml for git repo https://github.com/OnTheThirdDay/eventage-rs written to /workspace/builds/worker-5-tc1/source/Cargo.toml
[INFO] validating manifest of git repo https://github.com/OnTheThirdDay/eventage-rs on toolchain 3154cc1a3e6424e44f438a95007d043ed5ceaaf6
[INFO] running `Command { std: CARGO_HOME="/workspace/cargo-home" RUSTUP_HOME="/workspace/rustup-home" "/workspace/cargo-home/bin/cargo" "+3154cc1a3e6424e44f438a95007d043ed5ceaaf6" "metadata" "--manifest-path" "Cargo.toml" "--no-deps", kill_on_drop: false }`
[INFO] crate git repo https://github.com/OnTheThirdDay/eventage-rs already has a lockfile, it will not be regenerated
[INFO] running `Command { std: CARGO_HOME="/workspace/cargo-home" RUSTUP_HOME="/workspace/rustup-home" "/workspace/cargo-home/bin/cargo" "+3154cc1a3e6424e44f438a95007d043ed5ceaaf6" "fetch" "--manifest-path" "Cargo.toml", kill_on_drop: false }`
[INFO] [stderr] warning: unused workspace dependency `eventage`
[INFO] [stderr]    --> Cargo.toml:126:25
[INFO] [stderr]     |
[INFO] [stderr] 126 | [workspace.dependencies.eventage]
[INFO] [stderr]     |                         ^^^^^^^^
[INFO] [stderr]     |
[INFO] [stderr]     = note: `cargo::unused_workspace_dependencies` is set to `warn` by default
[INFO] [stderr] help: consider removing the workspace dependency `eventage`
[INFO] [stderr] warning: workspace (manifest) generated 1 warning
[INFO] [stderr]     Updating crates.io index
[INFO] [stderr]  Downloading crates ...
[INFO] [stderr]   Downloaded wiggle v28.0.1
[INFO] [stderr]   Downloaded wiggle-macro v28.0.1
[INFO] [stderr]   Downloaded wiggle-generate v28.0.1
[INFO] [stderr]   Downloaded shellexpand v2.1.2
[INFO] [stderr]   Downloaded wasmtime-slab v28.0.1
[INFO] [stderr]   Downloaded wasmtime-wasi v28.0.1
[INFO] [stderr]   Downloaded wasmtime-asm-macros v28.0.1
[INFO] [stderr]   Downloaded cranelift-codegen-shared v0.115.1
[INFO] [stderr]   Downloaded wasmtime-jit-debug v28.0.1
[INFO] [stderr]   Downloaded wasmtime-component-util v28.0.1
[INFO] [stderr]   Downloaded cranelift-bitset v0.115.1
[INFO] [stderr]   Downloaded wasmtime-versioned-export-macros v28.0.1
[INFO] [stderr]   Downloaded wasmtime-jit-icache-coherence v28.0.1
[INFO] [stderr]   Downloaded wat v1.245.1
[INFO] [stderr]   Downloaded wasmtime-winch v28.0.1
[INFO] [stderr]   Downloaded cranelift-native v0.115.1
[INFO] [stderr]   Downloaded cranelift-control v0.115.1
[INFO] [stderr]   Downloaded cranelift-bforest v0.115.1
[INFO] [stderr]   Downloaded wasmtime-fiber v28.0.1
[INFO] [stderr]   Downloaded wasmtime-wit-bindgen v28.0.1
[INFO] [stderr]   Downloaded pulley-interpreter v28.0.1
[INFO] [stderr]   Downloaded cranelift-entity v0.115.1
[INFO] [stderr]   Downloaded wasmtime-cache v28.0.1
[INFO] [stderr]   Downloaded wasmprinter v0.221.3
[INFO] [stderr]   Downloaded cranelift-frontend v0.115.1
[INFO] [stderr]   Downloaded wasm-encoder v0.221.3
[INFO] [stderr]   Downloaded cranelift-isle v0.115.1
[INFO] [stderr]   Downloaded wasm-encoder v0.245.1
[INFO] [stderr]   Downloaded cranelift-codegen-meta v0.115.1
[INFO] [stderr]   Downloaded winch-codegen v28.0.1
[INFO] [stderr]   Downloaded wast v245.0.1
[INFO] [stderr]   Downloaded regalloc2 v0.11.2
[INFO] [stderr]   Downloaded wit-parser v0.221.3
[INFO] [stderr]   Downloaded landlock v0.4.4
[INFO] [stderr]   Downloaded wasmtime-cranelift v28.0.1
[INFO] [stderr]   Downloaded wasmtime-environ v28.0.1
[INFO] [stderr]   Downloaded wasmtime-component-macro v28.0.1
[INFO] [stderr]   Downloaded arc-swap v1.8.2
[INFO] [stderr]   Downloaded wasmparser v0.245.1
[INFO] [stderr]   Downloaded wasmtime v28.0.1
[INFO] [stderr]   Downloaded cranelift-codegen v0.115.1
[INFO] [stderr]   Downloaded ignore v0.4.32
[INFO] running `Command { std: "docker" "create" "-v" "/var/lib/crater-agent-workspace/builds/worker-5-tc1/source:/opt/rustwide/workdir:ro,Z" "-v" "/var/lib/crater-agent-workspace/builds/worker-5-tc1/target:/opt/rustwide/target:rw,Z" "-v" "/var/lib/crater-agent-workspace/cargo-home:/opt/rustwide/cargo-home:ro,Z" "-v" "/var/lib/crater-agent-workspace/rustup-home:/opt/rustwide/rustup-home:ro,Z" "-m" "1610612736" "--network" "none" "ghcr.io/rust-lang/crates-build-env/linux@sha256:77db811e55d90add9212f6832c23229e3de5f1c1f9905e8cb07319ea15df73ac" "sleep" "infinity", kill_on_drop: false }`
[INFO] [stdout] 14ed7ce299e49d92e41dcc464583a3461892061ac27381eca66f0d350f9eb1f9
[INFO] running `Command { std: "docker" "start" "14ed7ce299e49d92e41dcc464583a3461892061ac27381eca66f0d350f9eb1f9", kill_on_drop: false }`
[INFO] running `Command { std: "docker" "inspect" "14ed7ce299e49d92e41dcc464583a3461892061ac27381eca66f0d350f9eb1f9", kill_on_drop: false }`
[INFO] running `Command { std: "docker" "exec" "-e" "SOURCE_DIR=/opt/rustwide/workdir" "-e" "CARGO_HOME=/opt/rustwide/cargo-home" "-e" "RUSTUP_HOME=/opt/rustwide/rustup-home" "-e" "CARGO_TARGET_DIR=/opt/rustwide/target" "-w" "/opt/rustwide/workdir" "--user" "0:0" "14ed7ce299e49d92e41dcc464583a3461892061ac27381eca66f0d350f9eb1f9" "/opt/rustwide/cargo-home/bin/cargo" "+3154cc1a3e6424e44f438a95007d043ed5ceaaf6" "metadata" "--no-deps" "--format-version=1", kill_on_drop: false }`
[INFO] running `Command { std: "docker" "inspect" "14ed7ce299e49d92e41dcc464583a3461892061ac27381eca66f0d350f9eb1f9", kill_on_drop: false }`
[INFO] running `Command { std: "docker" "exec" "-e" "SOURCE_DIR=/opt/rustwide/workdir" "-e" "CARGO_HOME=/opt/rustwide/cargo-home" "-e" "RUSTUP_HOME=/opt/rustwide/rustup-home" "-e" "CARGO_TARGET_DIR=/opt/rustwide/target" "-e" "CARGO_INCREMENTAL=0" "-e" "RUST_BACKTRACE=full" "-e" "RUSTFLAGS=--cap-lints=forbid -Znext-solver=coherence" "-e" "RUSTDOCFLAGS=--cap-lints=forbid" "-w" "/opt/rustwide/workdir" "--user" "0:0" "14ed7ce299e49d92e41dcc464583a3461892061ac27381eca66f0d350f9eb1f9" "/opt/rustwide/cargo-home/bin/cargo" "+3154cc1a3e6424e44f438a95007d043ed5ceaaf6" "check" "--frozen" "--all" "--all-targets" "--message-format=json", kill_on_drop: false }`
[INFO] [stderr] warning: unused workspace dependency `eventage`
[INFO] [stderr]    --> Cargo.toml:126:25
[INFO] [stderr]     |
[INFO] [stderr] 126 | [workspace.dependencies.eventage]
[INFO] [stderr]     |                         ^^^^^^^^
[INFO] [stderr]     |
[INFO] [stderr]     = note: `cargo::unused_workspace_dependencies` is set to `warn` by default
[INFO] [stderr] help: consider removing the workspace dependency `eventage`
[INFO] [stderr] warning: workspace (manifest) generated 1 warning
[INFO] [stderr]    Compiling libc v0.2.182
[INFO] [stderr]    Compiling serde_core v1.0.228
[INFO] [stderr]    Compiling syn v2.0.117
[INFO] [stderr]    Compiling serde v1.0.228
[INFO] [stderr]     Checking ipnet v2.12.0
[INFO] [stderr]    Compiling zerocopy v0.8.40
[INFO] [stderr]    Compiling ahash v0.8.12
[INFO] [stderr]     Checking http-body-util v0.1.3
[INFO] [stderr]     Checking aho-corasick v1.1.4
[INFO] [stderr]    Compiling rustls v0.23.37
[INFO] [stderr]     Checking regex-syntax v0.8.10
[INFO] [stderr]    Compiling num-traits v0.2.19
[INFO] [stderr]     Checking indexmap v2.13.0
[INFO] [stderr]    Compiling libsqlite3-sys v0.30.1
[INFO] [stderr]    Compiling nix v0.29.0
[INFO] [stderr]     Checking rustls-native-certs v0.8.3
[INFO] [stderr]    Compiling rustix v1.1.4
[INFO] [stderr]     Checking futures-sink v0.3.32
[INFO] [stderr]     Checking fallible-iterator v0.3.0
[INFO] [stderr]     Checking fallible-streaming-iterator v0.1.9
[INFO] [stderr]     Checking linux-raw-sys v0.12.1
[INFO] [stderr]     Checking arc-swap v1.8.2
[INFO] [stderr]     Checking parking_lot_core v0.9.12
[INFO] [stderr]     Checking errno v0.3.14
[INFO] [stderr]     Checking signal-hook-registry v1.4.8
[INFO] [stderr]     Checking parking_lot v0.12.5
[INFO] [stderr]     Checking mio v1.1.1
[INFO] [stderr]     Checking socket2 v0.6.2
[INFO] [stderr]     Checking getrandom v0.2.17
[INFO] [stderr]     Checking ring v0.17.14
[INFO] [stderr]     Checking regex-automata v0.4.14
[INFO] [stderr]     Checking getrandom v0.4.2
[INFO] [stderr]     Checking serde_json v1.0.149
[INFO] [stderr]     Checking serde_path_to_error v0.1.20
[INFO] [stderr]     Checking uuid v1.22.0
[INFO] [stderr]    Compiling anyhow v1.0.102
[INFO] [stderr]     Checking rustls-webpki v0.103.9
[INFO] [stderr]    Compiling io-lifetimes v2.0.4
[INFO] [stderr]     Checking anstyle-parse v0.2.7
[INFO] [stderr]     Checking anstyle v1.0.13
[INFO] [stderr]     Checking colorchoice v1.0.4
[INFO] [stderr]     Checking option-ext v0.2.0
[INFO] [stderr]     Checking anstream v0.6.21
[INFO] [stderr]     Checking clap_lex v1.0.0
[INFO] [stderr]    Compiling io-extras v0.18.4
[INFO] [stderr]     Checking clap_builder v4.5.60
[INFO] [stderr]     Checking dirs-sys v0.4.1
[INFO] [stderr]    Compiling cap-primitives v3.4.5
[INFO] [stderr]    Compiling synstructure v0.13.2
[INFO] [stderr]     Checking hashbrown v0.14.5
[INFO] [stderr]     Checking matchers v0.2.0
[INFO] [stderr]     Checking hashlink v0.9.1
[INFO] [stderr]     Checking crossbeam-epoch v0.9.18
[INFO] [stderr]     Checking tempfile v3.26.0
[INFO] [stderr]     Checking fs-set-times v0.20.3
[INFO] [stderr]     Checking rustix-linux-procfs v0.1.1
[INFO] [stderr]     Checking dirs v5.0.1
[INFO] [stderr]     Checking bstr v1.13.1
[INFO] [stderr]    Compiling cap-std v3.4.5
[INFO] [stderr]     Checking maybe-owned v0.3.4
[INFO] [stderr]     Checking ambient-authority v0.0.2
[INFO] [stderr]     Checking crossbeam-deque v0.8.6
[INFO] [stderr]     Checking regex v1.12.3
[INFO] [stderr]     Checking glob v0.3.3
[INFO] [stderr]     Checking globset v0.4.19
[INFO] [stderr]     Checking similar v2.7.0
[INFO] [stderr]    Compiling typenum v1.19.0
[INFO] [stderr]     Checking nom v7.1.3
[INFO] [stderr]     Checking ignore v0.4.32
[INFO] [stderr]     Checking unsafe-libyaml v0.2.11
[INFO] [stderr]    Compiling zerofrom-derive v0.1.6
[INFO] [stderr]    Compiling yoke-derive v0.8.1
[INFO] [stderr]    Compiling tracing-attributes v0.1.31
[INFO] [stderr]    Compiling zerovec-derive v0.11.2
[INFO] [stderr]    Compiling serde_derive v1.0.228
[INFO] [stderr]    Compiling displaydoc v0.2.5
[INFO] [stderr]    Compiling tokio-macros v2.6.1
[INFO] [stderr]     Checking zerofrom v0.1.6
[INFO] [stderr]     Checking yoke v0.8.1
[INFO] [stderr]    Compiling futures-macro v0.3.32
[INFO] [stderr]    Compiling async-trait v0.1.89
[INFO] [stderr]     Checking zerotrie v0.2.3
[INFO] [stderr]    Compiling thiserror-impl v2.0.18
[INFO] [stderr]     Checking tokio v1.50.0
[INFO] [stderr]     Checking zerovec v0.11.5
[INFO] [stderr]     Checking tracing v0.1.44
[INFO] [stderr]    Compiling enumflags2_derive v0.7.12
[INFO] [stderr]     Checking futures-util v0.3.32
[INFO] [stderr]    Compiling axum-macros v0.4.2
[INFO] [stderr]     Checking tinystr v0.8.2
[INFO] [stderr]     Checking icu_locale_core v2.1.1
[INFO] [stderr]     Checking potential_utf v0.1.4
[INFO] [stderr]     Checking icu_collections v2.1.1
[INFO] [stderr]     Checking enumflags2 v0.7.12
[INFO] [stderr]     Checking thiserror v2.0.18
[INFO] [stderr]     Checking tracing-subscriber v0.3.22
[INFO] [stderr]     Checking landlock v0.4.4
[INFO] [stderr]     Checking icu_provider v2.1.1
[INFO] [stderr]    Compiling clap_derive v4.5.55
[INFO] [stderr]     Checking icu_properties v2.1.2
[INFO] [stderr]     Checking icu_normalizer v2.1.1
[INFO] [stderr]     Checking axum-core v0.4.5
[INFO] [stderr]    Compiling hybrid-array v0.4.10
[INFO] [stderr]    Compiling mime_guess v2.0.5
[INFO] [stderr]     Checking idna_adapter v1.2.1
[INFO] [stderr]     Checking idna v1.1.0
[INFO] [stderr]     Checking tower v0.4.13
[INFO] [stderr]     Checking url v2.5.8
[INFO] [stderr]    Compiling crypto-common v0.2.2
[INFO] [stderr]     Checking rusqlite v0.32.1
[INFO] [stderr]    Compiling block-buffer v0.12.1
[INFO] [stderr]    Compiling const-oid v0.10.2
[INFO] [stderr]     Checking serde_urlencoded v0.7.1
[INFO] [stderr]     Checking toml_datetime v0.6.11
[INFO] [stderr]     Checking serde_spanned v0.6.9
[INFO] [stderr]     Checking chrono v0.4.44
[INFO] [stderr]     Checking clap v4.5.60
[INFO] [stderr]     Checking serde_yaml v0.9.34+deprecated
[INFO] [stderr]     Checking toml_edit v0.22.27
[INFO] [stderr]    Compiling digest v0.11.3
[INFO] [stderr]    Compiling cpufeatures v0.3.0
[INFO] [stderr]    Compiling same-file v1.0.6
[INFO] [stderr]    Compiling sha2 v0.11.0
[INFO] [stderr]    Compiling walkdir v2.5.0
[INFO] [stderr]    Compiling mime v0.3.17
[INFO] [stderr]     Checking hyper v1.8.1
[INFO] [stderr]     Checking tower v0.5.3
[INFO] [stderr]     Checking tokio-rustls v0.26.4
[INFO] [stderr]     Checking tokio-util v0.7.18
[INFO] [stderr]     Checking cron v0.12.1
[INFO] [stderr]    Compiling rust-embed-utils v8.12.0
[INFO] [stderr]    Compiling eventage-studio v0.2.0 (/opt/rustwide/workdir/crates/eventage-studio)
[INFO] [stderr]    Compiling rust-embed-impl v8.12.0
[INFO] [stderr]     Checking axum-core v0.5.6
[INFO] [stderr]     Checking tower-http v0.6.8
[INFO] [stderr]     Checking toml v0.8.23
[INFO] [stderr]     Checking hyper-util v0.1.20
[INFO] [stderr]     Checking rust-embed v8.12.0
[INFO] [stderr]     Checking hyper-rustls v0.27.7
[INFO] [stderr]     Checking axum v0.7.9
[INFO] [stderr]     Checking axum v0.8.8
[INFO] [stderr]     Checking reqwest v0.12.28
[INFO] [stderr]     Checking eventage v0.2.0 (/opt/rustwide/workdir)
[INFO] [stderr]     Checking example-coding-agent v0.2.0 (/opt/rustwide/workdir/crates/example-coding-agent)
[INFO] [stderr]     Checking eventage-replay-cli v0.1.0 (/opt/rustwide/workdir/crates/eventage-replay-cli)
[INFO] [stderr]     Checking example-clang-agent v0.1.0 (/opt/rustwide/workdir/crates/example-clang-agent)
[INFO] [stderr]     Checking example-cowork v0.2.0 (/opt/rustwide/workdir/crates/example-cowork)
[INFO] [stdout] error: #[derive(RustEmbed)] folder '/opt/rustwide/workdir/crates/eventage-studio/ui/dist' does not exist. cwd: '/opt/rustwide/workdir'
[INFO] [stdout]   --> crates/eventage-studio/src/assets.rs:23:1
[INFO] [stdout]    |
[INFO] [stdout] 23 | / #[folder = "ui/dist"]
[INFO] [stdout] 24 | | struct Dist;
[INFO] [stdout]    | |____________^
[INFO] [stdout] 
[INFO] [stdout] 
[INFO] [stdout] error: #[derive(RustEmbed)] folder '/opt/rustwide/workdir/crates/eventage-studio/ui/dist' does not exist. cwd: '/opt/rustwide/workdir'
[INFO] [stdout]   --> crates/eventage-studio/src/assets.rs:23:1
[INFO] [stdout]    |
[INFO] [stdout] 23 | / #[folder = "ui/dist"]
[INFO] [stdout] 24 | | struct Dist;
[INFO] [stdout]    | |____________^
[INFO] [stdout] 
[INFO] [stdout] 
[INFO] [stdout] error[E0599]: no associated function or constant named `get` found for struct `Dist` in the current scope
[INFO] [stdout]   --> crates/eventage-studio/src/assets.rs:27:11
[INFO] [stdout]    |
[INFO] [stdout] 24 | struct Dist;
[INFO] [stdout]    | ----------- associated function or constant `get` not found for this struct
[INFO] [stdout] ...
[INFO] [stdout] 27 |     Dist::get(path.trim_start_matches('/')).is_some()
[INFO] [stdout]    |           ^^^ associated function or constant not found in `Dist`
[INFO] [stdout]    |
[INFO] [stdout]    = help: items from traits can only be used if the trait is implemented and in scope
[INFO] [stdout]    = note: the following traits define an item `get`, perhaps you need to implement one of them:
[INFO] [stdout]            candidate #1: `Embed`
[INFO] [stdout]            candidate #2: `SliceIndex`
[INFO] [stdout]            candidate #3: `fallible_streaming_iterator::FallibleStreamingIterator`
[INFO] [stdout]            candidate #4: `icu_collections::codepointtrie::cptrie::TypedCodePointTrie`
[INFO] [stdout]            candidate #5: `icu_properties::names::PropertyEnumToValueNameLookup`
[INFO] [stdout]            candidate #6: `icu_provider::baked::DataStore`
[INFO] [stdout]            candidate #7: `rustls::server::server_conn::StoresServerSessions`
[INFO] [stdout]            candidate #8: `toml_edit::table::TableLike`
[INFO] [stdout] 
[INFO] [stdout] 
[INFO] [stdout] error[E0599]: no associated function or constant named `get` found for struct `Dist` in the current scope
[INFO] [stdout]   --> crates/eventage-studio/src/assets.rs:27:11
[INFO] [stdout]    |
[INFO] [stdout] 24 | struct Dist;
[INFO] [stdout]    | ----------- associated function or constant `get` not found for this struct
[INFO] [stdout] ...
[INFO] [stdout] 27 |     Dist::get(path.trim_start_matches('/')).is_some()
[INFO] [stdout]    |           ^^^ associated function or constant not found in `Dist`
[INFO] [stdout]    |
[INFO] [stdout]    = help: items from traits can only be used if the trait is implemented and in scope
[INFO] [stdout]    = note: the following traits define an item `get`, perhaps you need to implement one of them:
[INFO] [stdout]            candidate #1: `Embed`
[INFO] [stdout]            candidate #2: `SliceIndex`
[INFO] [stdout]            candidate #3: `fallible_streaming_iterator::FallibleStreamingIterator`
[INFO] [stdout]            candidate #4: `icu_collections::codepointtrie::cptrie::TypedCodePointTrie`
[INFO] [stdout]            candidate #5: `icu_properties::names::PropertyEnumToValueNameLookup`
[INFO] [stdout]            candidate #6: `icu_provider::baked::DataStore`
[INFO] [stdout]            candidate #7: `rustls::server::server_conn::StoresServerSessions`
[INFO] [stdout]            candidate #8: `toml_edit::table::TableLike`
[INFO] [stdout] 
[INFO] [stdout] 
[INFO] [stdout] error[E0599]: no associated function or constant named `get` found for struct `Dist` in the current scope
[INFO] [stdout]   --> crates/eventage-studio/src/assets.rs:62:17
[INFO] [stdout]    |
[INFO] [stdout] 24 | struct Dist;
[INFO] [stdout]    | ----------- associated function or constant `get` not found for this struct
[INFO] [stdout] ...
[INFO] [stdout] 62 |     match Dist::get(path).filter(|file| !file.data.is_empty()) {
[INFO] [stdout]    |                 ^^^ associated function or constant not found in `Dist`
[INFO] [stdout]    |
[INFO] [stdout]    = help: items from traits can only be used if the trait is implemented and in scope
[INFO] [stdout]    = note: the following traits define an item `get`, perhaps you need to implement one of them:
[INFO] [stdout]            candidate #1: `Embed`
[INFO] [stdout]            candidate #2: `SliceIndex`
[INFO] [stdout]            candidate #3: `fallible_streaming_iterator::FallibleStreamingIterator`
[INFO] [stdout]            candidate #4: `icu_collections::codepointtrie::cptrie::TypedCodePointTrie`
[INFO] [stdout]            candidate #5: `icu_properties::names::PropertyEnumToValueNameLookup`
[INFO] [stdout]            candidate #6: `icu_provider::baked::DataStore`
[INFO] [stdout]            candidate #7: `rustls::server::server_conn::StoresServerSessions`
[INFO] [stdout]            candidate #8: `toml_edit::table::TableLike`
[INFO] [stdout] 
[INFO] [stdout] 
[INFO] [stdout] error[E0599]: no associated function or constant named `get` found for struct `Dist` in the current scope
[INFO] [stdout]   --> crates/eventage-studio/src/assets.rs:62:17
[INFO] [stdout]    |
[INFO] [stdout] 24 | struct Dist;
[INFO] [stdout]    | ----------- associated function or constant `get` not found for this struct
[INFO] [stdout] ...
[INFO] [stdout] 62 |     match Dist::get(path).filter(|file| !file.data.is_empty()) {
[INFO] [stdout]    |                 ^^^ associated function or constant not found in `Dist`
[INFO] [stdout]    |
[INFO] [stdout]    = help: items from traits can only be used if the trait is implemented and in scope
[INFO] [stdout]    = note: the following traits define an item `get`, perhaps you need to implement one of them:
[INFO] [stdout]            candidate #1: `Embed`
[INFO] [stdout]            candidate #2: `SliceIndex`
[INFO] [stdout]            candidate #3: `fallible_streaming_iterator::FallibleStreamingIterator`
[INFO] [stdout]            candidate #4: `icu_collections::codepointtrie::cptrie::TypedCodePointTrie`
[INFO] [stdout]            candidate #5: `icu_properties::names::PropertyEnumToValueNameLookup`
[INFO] [stdout]            candidate #6: `icu_provider::baked::DataStore`
[INFO] [stdout]            candidate #7: `rustls::server::server_conn::StoresServerSessions`
[INFO] [stdout]            candidate #8: `toml_edit::table::TableLike`
[INFO] [stdout] 
[INFO] [stdout] 
[INFO] [stdout] For more information about this error, try `rustc --explain E0599`.
[INFO] [stdout] 
[INFO] [stderr] error: could not compile `eventage-studio` (lib) due to 3 previous errors
[INFO] [stderr] warning: build failed, waiting for other jobs to finish...
[INFO] [stdout] For more information about this error, try `rustc --explain E0599`.
[INFO] [stdout] 
[INFO] [stderr] error: could not compile `eventage-studio` (lib test) due to 3 previous errors
[INFO] [stderr] warning: unused dependency `arc-swap`
[INFO] [stderr]  --> Cargo.toml:2:1
[INFO] [stderr]   |
[INFO] [stderr] 2 | arc-swap = "1"
[INFO] [stderr]   | ^^^^^^^^^^^^^^
[INFO] [stderr]   |
[INFO] [stderr]   = note: `cargo::unused_dependencies` is set to `warn` by default
[INFO] [stderr] help: consider removing the dependency on `arc-swap`
[INFO] [stderr] warning: unused dependency `nix`
[INFO] [stderr]    --> Cargo.toml:117:49
[INFO] [stderr]     |
[INFO] [stderr] 117 | [target.'cfg(target_os = "linux")'.dependencies.nix]
[INFO] [stderr]     |                                                 ^^^^
[INFO] [stderr]     |
[INFO] [stderr] help: consider removing the dependency on `nix`
[INFO] [stderr] warning: `eventage` (manifest) generated 2 warnings
[INFO] [stderr] warning: unused dependency `serde_yaml`
[INFO] [stderr]   --> crates/example-cowork/Cargo.toml:42:1
[INFO] [stderr]    |
[INFO] [stderr] 42 | serde_yaml         = "0.9"
[INFO] [stderr]    | ^^^^^^^^^^^^^^^^^^^^^^^^^^
[INFO] [stderr]    |
[INFO] [stderr]    = note: `cargo::unused_dependencies` is set to `warn` by default
[INFO] [stderr] help: consider removing the dependency on `serde_yaml`
[INFO] [stderr] warning: unused dependency `tower`
[INFO] [stderr]   --> crates/example-cowork/Cargo.toml:37:1
[INFO] [stderr]    |
[INFO] [stderr] 37 | tower              = "0.4"
[INFO] [stderr]    | ^^^^^^^^^^^^^^^^^^^^^^^^^^
[INFO] [stderr]    |
[INFO] [stderr] help: consider removing the dependency on `tower`
[INFO] [stderr] warning: `example-cowork` (manifest) generated 2 warnings
[INFO] running `Command { std: "docker" "inspect" "14ed7ce299e49d92e41dcc464583a3461892061ac27381eca66f0d350f9eb1f9", kill_on_drop: false }`
[INFO] running `Command { std: "docker" "rm" "-f" "14ed7ce299e49d92e41dcc464583a3461892061ac27381eca66f0d350f9eb1f9", kill_on_drop: false }`
[INFO] [stdout] 14ed7ce299e49d92e41dcc464583a3461892061ac27381eca66f0d350f9eb1f9
