[INFO] cloning repository https://github.com/OmanTgl/pda_vault
[INFO] running `Command { std: "git" "-c" "credential.helper=" "-c" "credential.helper=/workspace/cargo-home/bin/git-credential-null" "clone" "--bare" "https://github.com/OmanTgl/pda_vault" "/workspace/cache/git-repos/https%3A%2F%2Fgithub.com%2FOmanTgl%2Fpda_vault", kill_on_drop: false }`
[INFO] [stderr] Cloning into bare repository '/workspace/cache/git-repos/https%3A%2F%2Fgithub.com%2FOmanTgl%2Fpda_vault'...
[INFO] running `Command { std: "git" "rev-parse" "HEAD", kill_on_drop: false }`
[INFO] [stdout] 2de1790b55fc4fb61b4087a385d78fa18822206f
[INFO] checking OmanTgl/pda_vault against 3154cc1a3e6424e44f438a95007d043ed5ceaaf6+rustflags=-Znext-solver=coherence for pr-133502-30
[INFO] running `Command { std: "git" "clone" "/workspace/cache/git-repos/https%3A%2F%2Fgithub.com%2FOmanTgl%2Fpda_vault" "/workspace/builds/worker-4-tc1/source", kill_on_drop: false }`
[INFO] [stderr] Cloning into '/workspace/builds/worker-4-tc1/source'...
[INFO] [stderr] done.
[INFO] started tweaking git repo https://github.com/OmanTgl/pda_vault
[INFO] finished tweaking git repo https://github.com/OmanTgl/pda_vault
[INFO] tweaked toml for git repo https://github.com/OmanTgl/pda_vault written to /workspace/builds/worker-4-tc1/source/Cargo.toml
[INFO] validating manifest of git repo https://github.com/OmanTgl/pda_vault on toolchain 3154cc1a3e6424e44f438a95007d043ed5ceaaf6
[INFO] running `Command { std: CARGO_HOME="/workspace/cargo-home" RUSTUP_HOME="/workspace/rustup-home" "/workspace/cargo-home/bin/cargo" "+3154cc1a3e6424e44f438a95007d043ed5ceaaf6" "metadata" "--manifest-path" "Cargo.toml" "--no-deps", kill_on_drop: false }`
[INFO] crate git repo https://github.com/OmanTgl/pda_vault already has a lockfile, it will not be regenerated
[INFO] running `Command { std: CARGO_HOME="/workspace/cargo-home" RUSTUP_HOME="/workspace/rustup-home" "/workspace/cargo-home/bin/cargo" "+3154cc1a3e6424e44f438a95007d043ed5ceaaf6" "fetch" "--manifest-path" "Cargo.toml", kill_on_drop: false }`
[INFO] [stderr]  Downloading crates ...
[INFO] [stderr]   Downloaded solana-hash v4.4.0
[INFO] [stderr]   Downloaded wincode-derive v0.4.6
[INFO] [stderr]   Downloaded solana-program v4.0.0
[INFO] [stderr]   Downloaded solana-address v2.6.1
[INFO] [stderr]   Downloaded solana-slot-hashes v3.0.2
[INFO] [stderr]   Downloaded solana-last-restart-slot v3.0.1
[INFO] [stderr]   Downloaded solana-fee-calculator v3.2.1
[INFO] [stderr]   Downloaded solana-slot-history v3.0.1
[INFO] [stderr]   Downloaded solana-rent v4.2.0
[INFO] [stderr]   Downloaded solana-short-vec v3.2.2
[INFO] [stderr]   Downloaded solana-epoch-rewards v3.0.2
[INFO] [stderr]   Downloaded solana-clock v3.1.0
[INFO] [stderr]   Downloaded wincode v0.5.5
[INFO] [stderr]   Downloaded solana-sysvar v4.0.0
[INFO] running `Command { std: "docker" "create" "-v" "/var/lib/crater-agent-workspace/builds/worker-4-tc1/source:/opt/rustwide/workdir:ro,Z" "-v" "/var/lib/crater-agent-workspace/builds/worker-4-tc1/target:/opt/rustwide/target:rw,Z" "-v" "/var/lib/crater-agent-workspace/cargo-home:/opt/rustwide/cargo-home:ro,Z" "-v" "/var/lib/crater-agent-workspace/rustup-home:/opt/rustwide/rustup-home:ro,Z" "-m" "1610612736" "--network" "none" "ghcr.io/rust-lang/crates-build-env/linux@sha256:77db811e55d90add9212f6832c23229e3de5f1c1f9905e8cb07319ea15df73ac" "sleep" "infinity", kill_on_drop: false }`
[INFO] [stdout] e7540bb0d7a8cd681490bc47fd4b9df9b3f8990f0b06a248470b6c5b9373e0d3
[INFO] running `Command { std: "docker" "start" "e7540bb0d7a8cd681490bc47fd4b9df9b3f8990f0b06a248470b6c5b9373e0d3", kill_on_drop: false }`
[INFO] running `Command { std: "docker" "inspect" "e7540bb0d7a8cd681490bc47fd4b9df9b3f8990f0b06a248470b6c5b9373e0d3", kill_on_drop: false }`
[INFO] running `Command { std: "docker" "exec" "-e" "SOURCE_DIR=/opt/rustwide/workdir" "-e" "CARGO_HOME=/opt/rustwide/cargo-home" "-e" "RUSTUP_HOME=/opt/rustwide/rustup-home" "-e" "CARGO_TARGET_DIR=/opt/rustwide/target" "-w" "/opt/rustwide/workdir" "--user" "0:0" "e7540bb0d7a8cd681490bc47fd4b9df9b3f8990f0b06a248470b6c5b9373e0d3" "/opt/rustwide/cargo-home/bin/cargo" "+3154cc1a3e6424e44f438a95007d043ed5ceaaf6" "metadata" "--no-deps" "--format-version=1", kill_on_drop: false }`
[INFO] running `Command { std: "docker" "inspect" "e7540bb0d7a8cd681490bc47fd4b9df9b3f8990f0b06a248470b6c5b9373e0d3", kill_on_drop: false }`
[INFO] running `Command { std: "docker" "exec" "-e" "SOURCE_DIR=/opt/rustwide/workdir" "-e" "CARGO_HOME=/opt/rustwide/cargo-home" "-e" "RUSTUP_HOME=/opt/rustwide/rustup-home" "-e" "CARGO_TARGET_DIR=/opt/rustwide/target" "-e" "CARGO_INCREMENTAL=0" "-e" "RUST_BACKTRACE=full" "-e" "RUSTFLAGS=--cap-lints=forbid -Znext-solver=coherence" "-e" "RUSTDOCFLAGS=--cap-lints=forbid" "-w" "/opt/rustwide/workdir" "--user" "0:0" "e7540bb0d7a8cd681490bc47fd4b9df9b3f8990f0b06a248470b6c5b9373e0d3" "/opt/rustwide/cargo-home/bin/cargo" "+3154cc1a3e6424e44f438a95007d043ed5ceaaf6" "check" "--frozen" "--all" "--all-targets" "--message-format=json", kill_on_drop: false }`
[INFO] [stderr]     Checking zeroize v1.8.2
[INFO] [stderr]     Checking typenum v1.20.1
[INFO] [stderr]     Checking const-oid v0.9.6
[INFO] [stderr]     Checking subtle v2.6.1
[INFO] [stderr]    Compiling libc v0.2.186
[INFO] [stderr]    Compiling winnow v1.0.3
[INFO] [stderr]    Compiling toml_datetime v1.1.1+spec-1.1.0
[INFO] [stderr]    Compiling syn v2.0.117
[INFO] [stderr]    Compiling generic-array v0.14.7
[INFO] [stderr]    Compiling borsh v1.6.1
[INFO] [stderr]     Checking five8_core v1.0.0
[INFO] [stderr]     Checking solana-sanitize v3.0.1
[INFO] [stderr]     Checking solana-atomic-u64 v3.0.1
[INFO] [stderr]     Checking sha2-const-stable v0.1.0
[INFO] [stderr]    Compiling curve25519-dalek v4.1.3
[INFO] [stderr]    Compiling bs58 v0.5.1
[INFO] [stderr]     Checking solana-program-memory v3.1.0
[INFO] [stderr]     Checking five8 v1.0.0
[INFO] [stderr]     Checking five8_const v1.0.0
[INFO] [stderr]     Checking base16ct v0.2.0
[INFO] [stderr]    Compiling cc v1.2.63
[INFO] [stderr]     Checking log v0.4.32
[INFO] [stderr]    Compiling thiserror v2.0.18
[INFO] [stderr]     Checking keccak v0.1.6
[INFO] [stderr]     Checking solana-msg v3.1.0
[INFO] [stderr]     Checking der v0.7.10
[INFO] [stderr]     Checking solana-define-syscall v4.0.1
[INFO] [stderr]     Checking once_cell v1.21.4
[INFO] [stderr]     Checking solana-big-mod-exp v3.0.0
[INFO] [stderr]     Checking solana-short-vec v3.2.2
[INFO] [stderr]     Checking solana-program-option v3.1.0
[INFO] [stderr]     Checking solana-native-token v3.0.0
[INFO] [stderr]    Compiling toml_parser v1.1.2+spec-1.1.0
[INFO] [stderr]     Checking spki v0.7.3
[INFO] [stderr]    Compiling blake3 v1.8.5
[INFO] [stderr]     Checking pkcs8 v0.10.2
[INFO] [stderr]    Compiling toml_edit v0.25.12+spec-1.1.0
[INFO] [stderr]     Checking block-buffer v0.10.4
[INFO] [stderr]     Checking crypto-common v0.1.7
[INFO] [stderr]     Checking sec1 v0.7.3
[INFO] [stderr]     Checking digest v0.10.7
[INFO] [stderr]     Checking sha2 v0.10.9
[INFO] [stderr]     Checking hmac v0.12.1
[INFO] [stderr]     Checking sha3 v0.10.9
[INFO] [stderr]     Checking rfc6979 v0.4.0
[INFO] [stderr]     Checking getrandom v0.2.17
[INFO] [stderr]    Compiling proc-macro-crate v3.5.0
[INFO] [stderr]     Checking rand_core v0.6.4
[INFO] [stderr]     Checking ff v0.13.1
[INFO] [stderr]     Checking crypto-bigint v0.5.5
[INFO] [stderr]     Checking signature v2.2.0
[INFO] [stderr]     Checking group v0.13.0
[INFO] [stderr]    Compiling serde_derive v1.0.228
[INFO] [stderr]    Compiling borsh-derive v1.6.1
[INFO] [stderr]    Compiling bytemuck_derive v1.10.2
[INFO] [stderr]    Compiling curve25519-dalek-derive v0.1.1
[INFO] [stderr]    Compiling solana-sdk-macro v3.0.1
[INFO] [stderr]    Compiling thiserror-impl v2.0.18
[INFO] [stderr]     Checking elliptic-curve v0.13.8
[INFO] [stderr]     Checking ecdsa v0.16.9
[INFO] [stderr]     Checking k256 v0.13.4
[INFO] [stderr]     Checking solana-secp256k1-recover v3.1.1
[INFO] [stderr]     Checking solana-borsh v3.0.2
[INFO] [stderr]     Checking serde v1.0.228
[INFO] [stderr]     Checking solana-hash v4.4.0
[INFO] [stderr]     Checking solana-program-error v3.0.1
[INFO] [stderr]     Checking bincode v1.3.3
[INFO] [stderr]     Checking solana-fee-calculator v3.2.1
[INFO] [stderr]     Checking bv v0.11.1
[INFO] [stderr]     Checking solana-serde-varint v3.0.1
[INFO] [stderr]     Checking solana-sha256-hasher v3.1.0
[INFO] [stderr]     Checking solana-keccak-hasher v3.1.0
[INFO] [stderr]     Checking solana-blake3-hasher v3.1.0
[INFO] [stderr]     Checking solana-address v2.6.1
[INFO] [stderr]     Checking solana-instruction-error v2.3.0
[INFO] [stderr]     Checking solana-program-pack v3.1.0
[INFO] [stderr]     Checking solana-sdk-ids v3.1.0
[INFO] [stderr]     Checking solana-pubkey v4.2.0
[INFO] [stderr]     Checking solana-account-info v3.1.1
[INFO] [stderr]     Checking solana-system-interface v3.2.0
[INFO] [stderr]     Checking solana-instruction v3.4.0
[INFO] [stderr]     Checking solana-serialize-utils v3.1.2
[INFO] [stderr]     Checking solana-nonce v3.2.0
[INFO] [stderr]     Checking solana-epoch-stake v3.0.1
[INFO] [stderr]     Checking solana-sysvar-id v3.1.0
[INFO] [stderr]     Checking solana-program-entrypoint v3.1.1
[INFO] [stderr]     Checking solana-clock v3.1.0
[INFO] [stderr]     Checking solana-last-restart-slot v3.0.1
[INFO] [stderr]     Checking solana-slot-hashes v3.0.2
[INFO] [stderr]     Checking solana-epoch-schedule v3.1.0
[INFO] [stderr]     Checking solana-epoch-rewards v3.0.2
[INFO] [stderr]     Checking solana-rent v4.2.0
[INFO] [stderr]     Checking solana-example-mocks v4.0.0
[INFO] [stderr]     Checking solana-stable-layout v3.0.1
[INFO] [stderr]     Checking solana-cpi v3.1.0
[INFO] [stderr]     Checking solana-instructions-sysvar v3.0.1
[INFO] [stderr]     Checking solana-slot-history v3.0.1
[INFO] [stderr]     Checking solana-sysvar v4.0.0
[INFO] [stderr]     Checking solana-program v4.0.0
[INFO] [stderr]     Checking pda_vault v0.1.0 (/opt/rustwide/workdir)
[INFO] [stdout] error: closure bodies that contain statements must be surrounded by braces
[INFO] [stdout]   --> src/lib.rs:48:44
[INFO] [stdout]    |
[INFO] [stdout] 48 |             src[..32].try_into().map_err(|_| ProgramError::InvalidAccountData)?;
[INFO] [stdout]    |                                            ^
[INFO] [stdout] 49 |             );
[INFO] [stdout]    |             ^
[INFO] [stdout]    |
[INFO] [stdout] note: statement found outside of a block
[INFO] [stdout]   --> src/lib.rs:48:80
[INFO] [stdout]    |
[INFO] [stdout] 48 |             src[..32].try_into().map_err(|_| ProgramError::InvalidAccountData)?;
[INFO] [stdout]    |                                              --------------------------------  ^ this `;` turns the preceding closure into a statement
[INFO] [stdout]    |                                              |
[INFO] [stdout]    |                                              this expression is a statement because of the trailing semicolon
[INFO] [stdout] note: the closure body may be incorrectly delimited
[INFO] [stdout]   --> src/lib.rs:48:42
[INFO] [stdout]    |
[INFO] [stdout] 48 |             src[..32].try_into().map_err(|_| ProgramError::InvalidAccountData)?;
[INFO] [stdout]    |                                          ^^^^^^^^^^^^^^^^^^^^^^^^^^^^^^^^^^^^ this is the parsed closure...
[INFO] [stdout] 49 |             );
[INFO] [stdout]    |             - ...but likely you meant the closure to end here
[INFO] [stdout] help: try adding braces
[INFO] [stdout]    |
[INFO] [stdout] 48 ~             src[..32].try_into().map_err(|_| { ProgramError::InvalidAccountData)?;
[INFO] [stdout] 49 ~             });
[INFO] [stdout]    |
[INFO] [stdout] 
[INFO] [stdout] 
[INFO] [stdout] error: closure bodies that contain statements must be surrounded by braces
[INFO] [stdout]   --> src/lib.rs:83:53
[INFO] [stdout]    |
[INFO] [stdout] 83 |                     data[1..9].try_into().map_err(|_| ProgramError::InvalidInstructionData)?;
[INFO] [stdout]    |                                                     ^
[INFO] [stdout] 84 |                 );
[INFO] [stdout]    |                 ^
[INFO] [stdout]    |
[INFO] [stdout] note: statement found outside of a block
[INFO] [stdout]   --> src/lib.rs:83:93
[INFO] [stdout]    |
[INFO] [stdout] 83 |                     data[1..9].try_into().map_err(|_| ProgramError::InvalidInstructionData)?;
[INFO] [stdout]    |                                                       ------------------------------------  ^ this `;` turns the preceding closure into a statement
[INFO] [stdout]    |                                                       |
[INFO] [stdout]    |                                                       this expression is a statement because of the trailing semicolon
[INFO] [stdout] note: the closure body may be incorrectly delimited
[INFO] [stdout]   --> src/lib.rs:83:51
[INFO] [stdout]    |
[INFO] [stdout] 83 |                     data[1..9].try_into().map_err(|_| ProgramError::InvalidInstructionData)?;
[INFO] [stdout]    |                                                   ^^^^^^^^^^^^^^^^^^^^^^^^^^^^^^^^^^^^^^^^ this is the parsed closure...
[INFO] [stdout] 84 |                 );
[INFO] [stdout]    |                 - ...but likely you meant the closure to end here
[INFO] [stdout] help: try adding braces
[INFO] [stdout]    |
[INFO] [stdout] 83 ~                     data[1..9].try_into().map_err(|_| { ProgramError::InvalidInstructionData)?;
[INFO] [stdout] 84 ~                 });
[INFO] [stdout]    |
[INFO] [stdout] 
[INFO] [stdout] 
[INFO] [stdout] error: closure bodies that contain statements must be surrounded by braces
[INFO] [stdout]   --> src/lib.rs:93:53
[INFO] [stdout]    |
[INFO] [stdout] 93 |                     data[1..9].try_into().map_err(|_| ProgramError::InvalidInstructionData)?;
[INFO] [stdout]    |                                                     ^
[INFO] [stdout] 94 |                 );
[INFO] [stdout]    |                 ^
[INFO] [stdout]    |
[INFO] [stdout] note: statement found outside of a block
[INFO] [stdout]   --> src/lib.rs:93:93
[INFO] [stdout]    |
[INFO] [stdout] 93 |                     data[1..9].try_into().map_err(|_| ProgramError::InvalidInstructionData)?;
[INFO] [stdout]    |                                                       ------------------------------------  ^ this `;` turns the preceding closure into a statement
[INFO] [stdout]    |                                                       |
[INFO] [stdout]    |                                                       this expression is a statement because of the trailing semicolon
[INFO] [stdout] note: the closure body may be incorrectly delimited
[INFO] [stdout]   --> src/lib.rs:93:51
[INFO] [stdout]    |
[INFO] [stdout] 93 |                     data[1..9].try_into().map_err(|_| ProgramError::InvalidInstructionData)?;
[INFO] [stdout]    |                                                   ^^^^^^^^^^^^^^^^^^^^^^^^^^^^^^^^^^^^^^^^ this is the parsed closure...
[INFO] [stdout] 94 |                 );
[INFO] [stdout]    |                 - ...but likely you meant the closure to end here
[INFO] [stdout] help: try adding braces
[INFO] [stdout]    |
[INFO] [stdout] 93 ~                     data[1..9].try_into().map_err(|_| { ProgramError::InvalidInstructionData)?;
[INFO] [stdout] 94 ~                 });
[INFO] [stdout]    |
[INFO] [stdout] 
[INFO] [stdout] 
[INFO] [stdout] error: closure bodies that contain statements must be surrounded by braces
[INFO] [stdout]   --> src/lib.rs:48:44
[INFO] [stdout]    |
[INFO] [stdout] 48 |             src[..32].try_into().map_err(|_| ProgramError::InvalidAccountData)?;
[INFO] [stdout]    |                                            ^
[INFO] [stdout] 49 |             );
[INFO] [stdout]    |             ^
[INFO] [stdout]    |
[INFO] [stdout] note: statement found outside of a block
[INFO] [stdout]   --> src/lib.rs:48:80
[INFO] [stdout]    |
[INFO] [stdout] 48 |             src[..32].try_into().map_err(|_| ProgramError::InvalidAccountData)?;
[INFO] [stdout]    |                                              --------------------------------  ^ this `;` turns the preceding closure into a statement
[INFO] [stdout]    |                                              |
[INFO] [stdout]    |                                              this expression is a statement because of the trailing semicolon
[INFO] [stdout] note: the closure body may be incorrectly delimited
[INFO] [stdout]   --> src/lib.rs:48:42
[INFO] [stdout]    |
[INFO] [stdout] 48 |             src[..32].try_into().map_err(|_| ProgramError::InvalidAccountData)?;
[INFO] [stdout]    |                                          ^^^^^^^^^^^^^^^^^^^^^^^^^^^^^^^^^^^^ this is the parsed closure...
[INFO] [stdout] 49 |             );
[INFO] [stdout]    |             - ...but likely you meant the closure to end here
[INFO] [stdout] help: try adding braces
[INFO] [stdout]    |
[INFO] [stdout] 48 ~             src[..32].try_into().map_err(|_| { ProgramError::InvalidAccountData)?;
[INFO] [stdout] 49 ~             });
[INFO] [stdout]    |
[INFO] [stdout] 
[INFO] [stdout] 
[INFO] [stdout] error: closure bodies that contain statements must be surrounded by braces
[INFO] [stdout]   --> src/lib.rs:83:53
[INFO] [stdout]    |
[INFO] [stdout] 83 |                     data[1..9].try_into().map_err(|_| ProgramError::InvalidInstructionData)?;
[INFO] [stdout]    |                                                     ^
[INFO] [stdout] 84 |                 );
[INFO] [stdout]    |                 ^
[INFO] [stdout]    |
[INFO] [stdout] note: statement found outside of a block
[INFO] [stdout]   --> src/lib.rs:83:93
[INFO] [stdout]    |
[INFO] [stdout] 83 |                     data[1..9].try_into().map_err(|_| ProgramError::InvalidInstructionData)?;
[INFO] [stdout]    |                                                       ------------------------------------  ^ this `;` turns the preceding closure into a statement
[INFO] [stdout]    |                                                       |
[INFO] [stdout]    |                                                       this expression is a statement because of the trailing semicolon
[INFO] [stdout] note: the closure body may be incorrectly delimited
[INFO] [stdout]   --> src/lib.rs:83:51
[INFO] [stdout]    |
[INFO] [stdout] 83 |                     data[1..9].try_into().map_err(|_| ProgramError::InvalidInstructionData)?;
[INFO] [stdout]    |                                                   ^^^^^^^^^^^^^^^^^^^^^^^^^^^^^^^^^^^^^^^^ this is the parsed closure...
[INFO] [stdout] 84 |                 );
[INFO] [stdout]    |                 - ...but likely you meant the closure to end here
[INFO] [stdout] help: try adding braces
[INFO] [stdout]    |
[INFO] [stdout] 83 ~                     data[1..9].try_into().map_err(|_| { ProgramError::InvalidInstructionData)?;
[INFO] [stdout] 84 ~                 });
[INFO] [stdout]    |
[INFO] [stdout] 
[INFO] [stdout] 
[INFO] [stdout] error: closure bodies that contain statements must be surrounded by braces
[INFO] [stdout]   --> src/lib.rs:93:53
[INFO] [stdout]    |
[INFO] [stdout] 93 |                     data[1..9].try_into().map_err(|_| ProgramError::InvalidInstructionData)?;
[INFO] [stdout]    |                                                     ^
[INFO] [stdout] 94 |                 );
[INFO] [stdout]    |                 ^
[INFO] [stdout]    |
[INFO] [stdout] note: statement found outside of a block
[INFO] [stdout]   --> src/lib.rs:93:93
[INFO] [stdout]    |
[INFO] [stdout] 93 |                     data[1..9].try_into().map_err(|_| ProgramError::InvalidInstructionData)?;
[INFO] [stdout]    |                                                       ------------------------------------  ^ this `;` turns the preceding closure into a statement
[INFO] [stdout]    |                                                       |
[INFO] [stdout]    |                                                       this expression is a statement because of the trailing semicolon
[INFO] [stdout] note: the closure body may be incorrectly delimited
[INFO] [stdout]   --> src/lib.rs:93:51
[INFO] [stdout]    |
[INFO] [stdout] 93 |                     data[1..9].try_into().map_err(|_| ProgramError::InvalidInstructionData)?;
[INFO] [stdout]    |                                                   ^^^^^^^^^^^^^^^^^^^^^^^^^^^^^^^^^^^^^^^^ this is the parsed closure...
[INFO] [stdout] 94 |                 );
[INFO] [stdout]    |                 - ...but likely you meant the closure to end here
[INFO] [stdout] help: try adding braces
[INFO] [stdout]    |
[INFO] [stdout] 93 ~                     data[1..9].try_into().map_err(|_| { ProgramError::InvalidInstructionData)?;
[INFO] [stdout] 94 ~                 });
[INFO] [stdout]    |
[INFO] [stdout] 
[INFO] [stdout] 
[INFO] [stdout] error[E0432]: unresolved imports `solana_program::system_instruction`, `solana_program::system_program`
[INFO] [stdout]   --> src/lib.rs:9:5
[INFO] [stdout]    |
[INFO] [stdout]  9 |     system_instruction,
[INFO] [stdout]    |     ^^^^^^^^^^^^^^^^^^ no `system_instruction` in the root
[INFO] [stdout] 10 |     system_program,
[INFO] [stdout]    |     ^^^^^^^^^^^^^^ no `system_program` in the root
[INFO] [stdout] 
[INFO] [stdout] 
[INFO] [stdout] error[E0433]: cannot find `system_program` in `solana_program`
[INFO] [stdout]    --> src/lib.rs:147:47
[INFO] [stdout]     |
[INFO] [stdout] 147 |     if system_program.key != &solana_program::system_program::ID {
[INFO] [stdout]     |                                               ^^^^^^^^^^^^^^ could not find `system_program` in `solana_program`
[INFO] [stdout] 
[INFO] [stdout] 
[INFO] [stdout] error[E0433]: cannot find `system_program` in `solana_program`
[INFO] [stdout]    --> src/lib.rs:177:46
[INFO] [stdout]     |
[INFO] [stdout] 177 |     if vault_state.owner != &solana_program::system_program::ID {
[INFO] [stdout]     |                                              ^^^^^^^^^^^^^^ could not find `system_program` in `solana_program`
[INFO] [stdout] 
[INFO] [stdout] 
[INFO] [stdout] error[E0433]: cannot find `system_program` in `solana_program`
[INFO] [stdout]    --> src/lib.rs:185:40
[INFO] [stdout]     |
[INFO] [stdout] 185 |     if vault.owner != &solana_program::system_program::ID {
[INFO] [stdout]     |                                        ^^^^^^^^^^^^^^ could not find `system_program` in `solana_program`
[INFO] [stdout] 
[INFO] [stdout] 
[INFO] [stdout] error[E0433]: cannot find `system_program` in `solana_program`
[INFO] [stdout]    --> src/lib.rs:273:47
[INFO] [stdout]     |
[INFO] [stdout] 273 |     if system_program.key != &solana_program::system_program::ID {
[INFO] [stdout]     |                                               ^^^^^^^^^^^^^^ could not find `system_program` in `solana_program`
[INFO] [stdout] 
[INFO] [stdout] 
[INFO] [stdout] error[E0433]: cannot find `system_program` in `solana_program`
[INFO] [stdout]    --> src/lib.rs:372:47
[INFO] [stdout]     |
[INFO] [stdout] 372 |     if system_program.key != &solana_program::system_program::ID {
[INFO] [stdout]     |                                               ^^^^^^^^^^^^^^ could not find `system_program` in `solana_program`
[INFO] [stdout] 
[INFO] [stdout] 
[INFO] [stdout] error[E0425]: cannot find value `instruction_data` in this scope
[INFO] [stdout]    --> src/lib.rs:109:48
[INFO] [stdout]     |
[INFO] [stdout] 109 |     let instruction = VaultInstruction::unpack(instruction_data)?;
[INFO] [stdout]     |                                                ^^^^^^^^^^^^^^^^ not found in this scope
[INFO] [stdout]     |
[INFO] [stdout] help: a local variable with a similar name exists
[INFO] [stdout]     |
[INFO] [stdout] 109 -     let instruction = VaultInstruction::unpack(instruction_data)?;
[INFO] [stdout] 109 +     let instruction = VaultInstruction::unpack(instrcution_data)?;
[INFO] [stdout]     |
[INFO] [stdout] 
[INFO] [stdout] 
[INFO] [stdout] warning: unexpected `cfg` condition value: `custom-heap`
[INFO] [stdout]    --> src/lib.rs:102:1
[INFO] [stdout]     |
[INFO] [stdout] 102 | entrypoint!(process_instruction);
[INFO] [stdout]     | ^^^^^^^^^^^^^^^^^^^^^^^^^^^^^^^^
[INFO] [stdout]     |
[INFO] [stdout]     = note: no expected values for `feature`
[INFO] [stdout]     = note: using a cfg inside a macro will use the cfgs from the destination crate and not the ones from the defining crate
[INFO] [stdout]     = help: try referring to `$crate::custom_heap_default` crate for guidance on how handle this unexpected cfg
[INFO] [stdout]     = note: see <https://doc.rust-lang.org/nightly/rustc/check-cfg/cargo-specifics.html> for more information about checking conditional configuration
[INFO] [stdout]     = note: `#[warn(unexpected_cfgs)]` on by default
[INFO] [stdout]     = note: this warning originates in the macro `$crate::custom_heap_default` which comes from the expansion of the macro `entrypoint` (in Nightly builds, run with -Z macro-backtrace for more info)
[INFO] [stdout] 
[INFO] [stdout] 
[INFO] [stdout] warning: unexpected `cfg` condition value: `solana`
[INFO] [stdout]    --> src/lib.rs:102:1
[INFO] [stdout]     |
[INFO] [stdout] 102 | entrypoint!(process_instruction);
[INFO] [stdout]     | ^^^^^^^^^^^^^^^^^^^^^^^^^^^^^^^^
[INFO] [stdout]     |
[INFO] [stdout]     = note: expected values for `target_os` are: `aix`, `amdhsa`, `android`, `cuda`, `cygwin`, `dragonfly`, `emscripten`, `espidf`, `freebsd`, `fuchsia`, `haiku`, `helenos`, `hermit`, `horizon`, `hurd`, `hyperlight`, `illumos`, `ios`, `l4re`, `linux`, `lynxos178`, `macos`, `managarm`, `motor`, `netbsd`, `none`, `nto`, `nuttx`, `openbsd`, `ps3`, `psp`, `psx`, `qnx`, `qurt`, and `redox` and 17 more
[INFO] [stdout]     = note: using a cfg inside a macro will use the cfgs from the destination crate and not the ones from the defining crate
[INFO] [stdout]     = help: try referring to `$crate::custom_heap_default` crate for guidance on how handle this unexpected cfg
[INFO] [stdout]     = note: see <https://doc.rust-lang.org/nightly/rustc/check-cfg/cargo-specifics.html> for more information about checking conditional configuration
[INFO] [stdout]     = note: this warning originates in the macro `$crate::custom_heap_default` which comes from the expansion of the macro `entrypoint` (in Nightly builds, run with -Z macro-backtrace for more info)
[INFO] [stdout] 
[INFO] [stdout] 
[INFO] [stdout] warning: unexpected `cfg` condition value: `custom-panic`
[INFO] [stdout]    --> src/lib.rs:102:1
[INFO] [stdout]     |
[INFO] [stdout] 102 | entrypoint!(process_instruction);
[INFO] [stdout]     | ^^^^^^^^^^^^^^^^^^^^^^^^^^^^^^^^
[INFO] [stdout]     |
[INFO] [stdout]     = note: no expected values for `feature`
[INFO] [stdout]     = note: using a cfg inside a macro will use the cfgs from the destination crate and not the ones from the defining crate
[INFO] [stdout]     = help: try referring to `$crate::custom_panic_default` crate for guidance on how handle this unexpected cfg
[INFO] [stdout]     = note: see <https://doc.rust-lang.org/nightly/rustc/check-cfg/cargo-specifics.html> for more information about checking conditional configuration
[INFO] [stdout]     = note: this warning originates in the macro `$crate::custom_panic_default` which comes from the expansion of the macro `entrypoint` (in Nightly builds, run with -Z macro-backtrace for more info)
[INFO] [stdout] 
[INFO] [stdout] 
[INFO] [stdout] warning: unexpected `cfg` condition value: `solana`
[INFO] [stdout]    --> src/lib.rs:102:1
[INFO] [stdout]     |
[INFO] [stdout] 102 | entrypoint!(process_instruction);
[INFO] [stdout]     | ^^^^^^^^^^^^^^^^^^^^^^^^^^^^^^^^
[INFO] [stdout]     |
[INFO] [stdout]     = note: expected values for `target_os` are: `aix`, `amdhsa`, `android`, `cuda`, `cygwin`, `dragonfly`, `emscripten`, `espidf`, `freebsd`, `fuchsia`, `haiku`, `helenos`, `hermit`, `horizon`, `hurd`, `hyperlight`, `illumos`, `ios`, `l4re`, `linux`, `lynxos178`, `macos`, `managarm`, `motor`, `netbsd`, `none`, `nto`, `nuttx`, `openbsd`, `ps3`, `psp`, `psx`, `qnx`, `qurt`, and `redox` and 17 more
[INFO] [stdout]     = note: using a cfg inside a macro will use the cfgs from the destination crate and not the ones from the defining crate
[INFO] [stdout]     = help: try referring to `$crate::custom_panic_default` crate for guidance on how handle this unexpected cfg
[INFO] [stdout]     = note: see <https://doc.rust-lang.org/nightly/rustc/check-cfg/cargo-specifics.html> for more information about checking conditional configuration
[INFO] [stdout]     = note: this warning originates in the macro `$crate::custom_panic_default` which comes from the expansion of the macro `entrypoint` (in Nightly builds, run with -Z macro-backtrace for more info)
[INFO] [stdout] 
[INFO] [stdout] 
[INFO] [stdout] error: the `Self` constructor can only be used with tuple or unit structs
[INFO] [stdout]   --> src/lib.rs:32:25
[INFO] [stdout]    |
[INFO] [stdout] 32 |         if dst.len() != Self.LEN {
[INFO] [stdout]    |                         ^^^^
[INFO] [stdout]    |
[INFO] [stdout] help: you might have meant to refer to the `self` binding of type `&VaultState` (notice the capitalization)
[INFO] [stdout]    |
[INFO] [stdout] 32 -         if dst.len() != Self.LEN {
[INFO] [stdout] 32 +         if dst.len() != self.LEN {
[INFO] [stdout]    |
[INFO] [stdout] 
[INFO] [stdout] 
[INFO] [stdout] error[E0432]: unresolved imports `solana_program::system_instruction`, `solana_program::system_program`
[INFO] [stdout]   --> src/lib.rs:9:5
[INFO] [stdout]    |
[INFO] [stdout]  9 |     system_instruction,
[INFO] [stdout]    |     ^^^^^^^^^^^^^^^^^^ no `system_instruction` in the root
[INFO] [stdout] 10 |     system_program,
[INFO] [stdout]    |     ^^^^^^^^^^^^^^ no `system_program` in the root
[INFO] [stdout] 
[INFO] [stdout] 
[INFO] [stdout] Some errors have detailed explanations: E0425, E0432, E0433.
[INFO] [stdout] 
[INFO] [stdout] For more information about an error, try `rustc --explain E0425`.
[INFO] [stdout] 
[INFO] [stdout] error[E0433]: cannot find `system_program` in `solana_program`
[INFO] [stdout]    --> src/lib.rs:147:47
[INFO] [stdout]     |
[INFO] [stdout] 147 |     if system_program.key != &solana_program::system_program::ID {
[INFO] [stdout]     |                                               ^^^^^^^^^^^^^^ could not find `system_program` in `solana_program`
[INFO] [stdout] 
[INFO] [stdout] 
[INFO] [stdout] error[E0433]: cannot find `system_program` in `solana_program`
[INFO] [stdout]    --> src/lib.rs:177:46
[INFO] [stdout]     |
[INFO] [stdout] 177 |     if vault_state.owner != &solana_program::system_program::ID {
[INFO] [stdout]     |                                              ^^^^^^^^^^^^^^ could not find `system_program` in `solana_program`
[INFO] [stdout] 
[INFO] [stdout] 
[INFO] [stdout] error[E0433]: cannot find `system_program` in `solana_program`
[INFO] [stdout]    --> src/lib.rs:185:40
[INFO] [stdout]     |
[INFO] [stdout] 185 |     if vault.owner != &solana_program::system_program::ID {
[INFO] [stdout]     |                                        ^^^^^^^^^^^^^^ could not find `system_program` in `solana_program`
[INFO] [stdout] 
[INFO] [stdout] 
[INFO] [stderr] error: could not compile `pda_vault` (lib) due to 11 previous errors; 4 warnings emitted
[INFO] [stderr] warning: build failed, waiting for other jobs to finish...
[INFO] [stdout] error[E0433]: cannot find `system_program` in `solana_program`
[INFO] [stdout]    --> src/lib.rs:273:47
[INFO] [stdout]     |
[INFO] [stdout] 273 |     if system_program.key != &solana_program::system_program::ID {
[INFO] [stdout]     |                                               ^^^^^^^^^^^^^^ could not find `system_program` in `solana_program`
[INFO] [stdout] 
[INFO] [stdout] 
[INFO] [stdout] error[E0433]: cannot find `system_program` in `solana_program`
[INFO] [stdout]    --> src/lib.rs:372:47
[INFO] [stdout]     |
[INFO] [stdout] 372 |     if system_program.key != &solana_program::system_program::ID {
[INFO] [stdout]     |                                               ^^^^^^^^^^^^^^ could not find `system_program` in `solana_program`
[INFO] [stdout] 
[INFO] [stdout] 
[INFO] [stdout] error[E0425]: cannot find value `instruction_data` in this scope
[INFO] [stdout]    --> src/lib.rs:109:48
[INFO] [stdout]     |
[INFO] [stdout] 109 |     let instruction = VaultInstruction::unpack(instruction_data)?;
[INFO] [stdout]     |                                                ^^^^^^^^^^^^^^^^ not found in this scope
[INFO] [stdout]     |
[INFO] [stdout] help: a local variable with a similar name exists
[INFO] [stdout]     |
[INFO] [stdout] 109 -     let instruction = VaultInstruction::unpack(instruction_data)?;
[INFO] [stdout] 109 +     let instruction = VaultInstruction::unpack(instrcution_data)?;
[INFO] [stdout]     |
[INFO] [stdout] 
[INFO] [stdout] 
[INFO] [stdout] warning: unexpected `cfg` condition value: `custom-heap`
[INFO] [stdout]    --> src/lib.rs:102:1
[INFO] [stdout]     |
[INFO] [stdout] 102 | entrypoint!(process_instruction);
[INFO] [stdout]     | ^^^^^^^^^^^^^^^^^^^^^^^^^^^^^^^^
[INFO] [stdout]     |
[INFO] [stdout]     = note: no expected values for `feature`
[INFO] [stdout]     = note: using a cfg inside a macro will use the cfgs from the destination crate and not the ones from the defining crate
[INFO] [stdout]     = help: try referring to `$crate::custom_heap_default` crate for guidance on how handle this unexpected cfg
[INFO] [stdout]     = note: see <https://doc.rust-lang.org/nightly/rustc/check-cfg/cargo-specifics.html> for more information about checking conditional configuration
[INFO] [stdout]     = note: `#[warn(unexpected_cfgs)]` on by default
[INFO] [stdout]     = note: this warning originates in the macro `$crate::custom_heap_default` which comes from the expansion of the macro `entrypoint` (in Nightly builds, run with -Z macro-backtrace for more info)
[INFO] [stdout] 
[INFO] [stdout] 
[INFO] [stdout] warning: unexpected `cfg` condition value: `solana`
[INFO] [stdout]    --> src/lib.rs:102:1
[INFO] [stdout]     |
[INFO] [stdout] 102 | entrypoint!(process_instruction);
[INFO] [stdout]     | ^^^^^^^^^^^^^^^^^^^^^^^^^^^^^^^^
[INFO] [stdout]     |
[INFO] [stdout]     = note: expected values for `target_os` are: `aix`, `amdhsa`, `android`, `cuda`, `cygwin`, `dragonfly`, `emscripten`, `espidf`, `freebsd`, `fuchsia`, `haiku`, `helenos`, `hermit`, `horizon`, `hurd`, `hyperlight`, `illumos`, `ios`, `l4re`, `linux`, `lynxos178`, `macos`, `managarm`, `motor`, `netbsd`, `none`, `nto`, `nuttx`, `openbsd`, `ps3`, `psp`, `psx`, `qnx`, `qurt`, and `redox` and 17 more
[INFO] [stdout]     = note: using a cfg inside a macro will use the cfgs from the destination crate and not the ones from the defining crate
[INFO] [stdout]     = help: try referring to `$crate::custom_heap_default` crate for guidance on how handle this unexpected cfg
[INFO] [stdout]     = note: see <https://doc.rust-lang.org/nightly/rustc/check-cfg/cargo-specifics.html> for more information about checking conditional configuration
[INFO] [stdout]     = note: this warning originates in the macro `$crate::custom_heap_default` which comes from the expansion of the macro `entrypoint` (in Nightly builds, run with -Z macro-backtrace for more info)
[INFO] [stdout] 
[INFO] [stdout] 
[INFO] [stdout] warning: unexpected `cfg` condition value: `custom-panic`
[INFO] [stdout]    --> src/lib.rs:102:1
[INFO] [stdout]     |
[INFO] [stdout] 102 | entrypoint!(process_instruction);
[INFO] [stdout]     | ^^^^^^^^^^^^^^^^^^^^^^^^^^^^^^^^
[INFO] [stdout]     |
[INFO] [stdout]     = note: no expected values for `feature`
[INFO] [stdout]     = note: using a cfg inside a macro will use the cfgs from the destination crate and not the ones from the defining crate
[INFO] [stdout]     = help: try referring to `$crate::custom_panic_default` crate for guidance on how handle this unexpected cfg
[INFO] [stdout]     = note: see <https://doc.rust-lang.org/nightly/rustc/check-cfg/cargo-specifics.html> for more information about checking conditional configuration
[INFO] [stdout]     = note: this warning originates in the macro `$crate::custom_panic_default` which comes from the expansion of the macro `entrypoint` (in Nightly builds, run with -Z macro-backtrace for more info)
[INFO] [stdout] 
[INFO] [stdout] 
[INFO] [stdout] warning: unexpected `cfg` condition value: `solana`
[INFO] [stdout]    --> src/lib.rs:102:1
[INFO] [stdout]     |
[INFO] [stdout] 102 | entrypoint!(process_instruction);
[INFO] [stdout]     | ^^^^^^^^^^^^^^^^^^^^^^^^^^^^^^^^
[INFO] [stdout]     |
[INFO] [stdout]     = note: expected values for `target_os` are: `aix`, `amdhsa`, `android`, `cuda`, `cygwin`, `dragonfly`, `emscripten`, `espidf`, `freebsd`, `fuchsia`, `haiku`, `helenos`, `hermit`, `horizon`, `hurd`, `hyperlight`, `illumos`, `ios`, `l4re`, `linux`, `lynxos178`, `macos`, `managarm`, `motor`, `netbsd`, `none`, `nto`, `nuttx`, `openbsd`, `ps3`, `psp`, `psx`, `qnx`, `qurt`, and `redox` and 17 more
[INFO] [stdout]     = note: using a cfg inside a macro will use the cfgs from the destination crate and not the ones from the defining crate
[INFO] [stdout]     = help: try referring to `$crate::custom_panic_default` crate for guidance on how handle this unexpected cfg
[INFO] [stdout]     = note: see <https://doc.rust-lang.org/nightly/rustc/check-cfg/cargo-specifics.html> for more information about checking conditional configuration
[INFO] [stdout]     = note: this warning originates in the macro `$crate::custom_panic_default` which comes from the expansion of the macro `entrypoint` (in Nightly builds, run with -Z macro-backtrace for more info)
[INFO] [stdout] 
[INFO] [stdout] 
[INFO] [stdout] error: the `Self` constructor can only be used with tuple or unit structs
[INFO] [stdout]   --> src/lib.rs:32:25
[INFO] [stdout]    |
[INFO] [stdout] 32 |         if dst.len() != Self.LEN {
[INFO] [stdout]    |                         ^^^^
[INFO] [stdout]    |
[INFO] [stdout] help: you might have meant to refer to the `self` binding of type `&VaultState` (notice the capitalization)
[INFO] [stdout]    |
[INFO] [stdout] 32 -         if dst.len() != Self.LEN {
[INFO] [stdout] 32 +         if dst.len() != self.LEN {
[INFO] [stdout]    |
[INFO] [stdout] 
[INFO] [stdout] 
[INFO] [stdout] Some errors have detailed explanations: E0425, E0432, E0433.
[INFO] [stdout] 
[INFO] [stdout] For more information about an error, try `rustc --explain E0425`.
[INFO] [stdout] 
[INFO] [stderr] error: could not compile `pda_vault` (lib test) due to 11 previous errors; 4 warnings emitted
[INFO] running `Command { std: "docker" "inspect" "e7540bb0d7a8cd681490bc47fd4b9df9b3f8990f0b06a248470b6c5b9373e0d3", kill_on_drop: false }`
[INFO] running `Command { std: "docker" "rm" "-f" "e7540bb0d7a8cd681490bc47fd4b9df9b3f8990f0b06a248470b6c5b9373e0d3", kill_on_drop: false }`
[INFO] [stdout] e7540bb0d7a8cd681490bc47fd4b9df9b3f8990f0b06a248470b6c5b9373e0d3
