[INFO] cloning repository https://github.com/OleksandrShabaldas/PhoTag
[INFO] running `Command { std: "git" "-c" "credential.helper=" "-c" "credential.helper=/workspace/cargo-home/bin/git-credential-null" "clone" "--bare" "https://github.com/OleksandrShabaldas/PhoTag" "/workspace/cache/git-repos/https%3A%2F%2Fgithub.com%2FOleksandrShabaldas%2FPhoTag", kill_on_drop: false }`
[INFO] [stderr] Cloning into bare repository '/workspace/cache/git-repos/https%3A%2F%2Fgithub.com%2FOleksandrShabaldas%2FPhoTag'...
[INFO] running `Command { std: "git" "rev-parse" "HEAD", kill_on_drop: false }`
[INFO] [stdout] 36cee242a78c0a8cd9ac6b0d63b64265aa0add90
[INFO] checking OleksandrShabaldas/PhoTag against 3154cc1a3e6424e44f438a95007d043ed5ceaaf6+rustflags=-Znext-solver=coherence for pr-133502-30
[INFO] running `Command { std: "git" "clone" "/workspace/cache/git-repos/https%3A%2F%2Fgithub.com%2FOleksandrShabaldas%2FPhoTag" "/workspace/builds/worker-1-tc1/source", kill_on_drop: false }`
[INFO] [stderr] Cloning into '/workspace/builds/worker-1-tc1/source'...
[INFO] [stderr] done.
[INFO] started tweaking git repo https://github.com/OleksandrShabaldas/PhoTag
[INFO] finished tweaking git repo https://github.com/OleksandrShabaldas/PhoTag
[INFO] tweaked toml for git repo https://github.com/OleksandrShabaldas/PhoTag written to /workspace/builds/worker-1-tc1/source/Cargo.toml
[INFO] validating manifest of git repo https://github.com/OleksandrShabaldas/PhoTag on toolchain 3154cc1a3e6424e44f438a95007d043ed5ceaaf6
[INFO] running `Command { std: CARGO_HOME="/workspace/cargo-home" RUSTUP_HOME="/workspace/rustup-home" "/workspace/cargo-home/bin/cargo" "+3154cc1a3e6424e44f438a95007d043ed5ceaaf6" "metadata" "--manifest-path" "Cargo.toml" "--no-deps", kill_on_drop: false }`
[INFO] crate git repo https://github.com/OleksandrShabaldas/PhoTag already has a lockfile, it will not be regenerated
[INFO] running `Command { std: CARGO_HOME="/workspace/cargo-home" RUSTUP_HOME="/workspace/rustup-home" "/workspace/cargo-home/bin/cargo" "+3154cc1a3e6424e44f438a95007d043ed5ceaaf6" "fetch" "--manifest-path" "Cargo.toml", kill_on_drop: false }`
[INFO] [stderr]     Updating crates.io index
[INFO] [stderr]  Downloading crates ...
[INFO] [stderr]   Downloaded cc v1.2.59
[INFO] [stderr]   Downloaded wasm-bindgen-shared v0.2.117
[INFO] [stderr]   Downloaded scan_fmt v0.2.6
[INFO] [stderr]   Downloaded dyn-hash v0.2.2
[INFO] [stderr]   Downloaded wasm-bindgen-macro v0.2.117
[INFO] [stderr]   Downloaded trash v5.2.5
[INFO] [stderr]   Downloaded liquid v0.26.8
[INFO] [stderr]   Downloaded derive-new v0.5.9
[INFO] [stderr]   Downloaded kstring v2.0.2
[INFO] [stderr]   Downloaded tract-onnx-opl v0.21.10
[INFO] [stderr]   Downloaded liquid-derive v0.26.8
[INFO] [stderr]   Downloaded string-interner v0.15.0
[INFO] [stderr]   Downloaded tract-data v0.21.10
[INFO] [stderr]   Downloaded liquid-lib v0.26.8
[INFO] [stderr]   Downloaded tract-nnef v0.21.10
[INFO] [stderr]   Downloaded wasm-bindgen v0.2.117
[INFO] [stderr]   Downloaded tract-onnx v0.21.10
[INFO] [stderr]   Downloaded liquid-core v0.26.8
[INFO] [stderr]   Downloaded wasm-bindgen-futures v0.4.67
[INFO] [stderr]   Downloaded wasm-bindgen-macro-support v0.2.117
[INFO] [stderr]   Downloaded tract-hir v0.21.10
[INFO] [stderr]   Downloaded indexmap v2.13.1
[INFO] [stderr]   Downloaded js-sys v0.3.94
[INFO] [stderr]   Downloaded rodio v0.19.0
[INFO] [stderr]   Downloaded toml_edit v0.25.10+spec-1.1.0
[INFO] [stderr]   Downloaded tract-core v0.21.10
[INFO] [stderr]   Downloaded tract-linalg v0.21.10
[INFO] [stderr]   Downloaded fastrand v2.4.0
[INFO] [stderr]   Downloaded libc v0.2.184
[INFO] [stderr]   Downloaded web-sys v0.3.94
[INFO] [stderr]   Downloaded immutable-chunkmap v2.1.2
[INFO] running `Command { std: "docker" "create" "-v" "/var/lib/crater-agent-workspace/builds/worker-1-tc1/source:/opt/rustwide/workdir:ro,Z" "-v" "/var/lib/crater-agent-workspace/builds/worker-1-tc1/target:/opt/rustwide/target:rw,Z" "-v" "/var/lib/crater-agent-workspace/cargo-home:/opt/rustwide/cargo-home:ro,Z" "-v" "/var/lib/crater-agent-workspace/rustup-home:/opt/rustwide/rustup-home:ro,Z" "-m" "1610612736" "--network" "none" "ghcr.io/rust-lang/crates-build-env/linux@sha256:77db811e55d90add9212f6832c23229e3de5f1c1f9905e8cb07319ea15df73ac" "sleep" "infinity", kill_on_drop: false }`
[INFO] [stdout] b0ca0334389aa307a462000c529e67fd7f5c7e679c0272e39440616830a6365e
[INFO] running `Command { std: "docker" "start" "b0ca0334389aa307a462000c529e67fd7f5c7e679c0272e39440616830a6365e", kill_on_drop: false }`
[INFO] running `Command { std: "docker" "inspect" "b0ca0334389aa307a462000c529e67fd7f5c7e679c0272e39440616830a6365e", kill_on_drop: false }`
[INFO] running `Command { std: "docker" "exec" "-e" "SOURCE_DIR=/opt/rustwide/workdir" "-e" "CARGO_HOME=/opt/rustwide/cargo-home" "-e" "RUSTUP_HOME=/opt/rustwide/rustup-home" "-e" "CARGO_TARGET_DIR=/opt/rustwide/target" "-w" "/opt/rustwide/workdir" "--user" "0:0" "b0ca0334389aa307a462000c529e67fd7f5c7e679c0272e39440616830a6365e" "/opt/rustwide/cargo-home/bin/cargo" "+3154cc1a3e6424e44f438a95007d043ed5ceaaf6" "metadata" "--no-deps" "--format-version=1", kill_on_drop: false }`
[INFO] running `Command { std: "docker" "inspect" "b0ca0334389aa307a462000c529e67fd7f5c7e679c0272e39440616830a6365e", kill_on_drop: false }`
[INFO] running `Command { std: "docker" "exec" "-e" "SOURCE_DIR=/opt/rustwide/workdir" "-e" "CARGO_HOME=/opt/rustwide/cargo-home" "-e" "RUSTUP_HOME=/opt/rustwide/rustup-home" "-e" "CARGO_TARGET_DIR=/opt/rustwide/target" "-e" "CARGO_INCREMENTAL=0" "-e" "RUST_BACKTRACE=full" "-e" "RUSTFLAGS=--cap-lints=forbid -Znext-solver=coherence" "-e" "RUSTDOCFLAGS=--cap-lints=forbid" "-w" "/opt/rustwide/workdir" "--user" "0:0" "b0ca0334389aa307a462000c529e67fd7f5c7e679c0272e39440616830a6365e" "/opt/rustwide/cargo-home/bin/cargo" "+3154cc1a3e6424e44f438a95007d043ed5ceaaf6" "check" "--frozen" "--all" "--all-targets" "--message-format=json", kill_on_drop: false }`
[INFO] [stderr]    Compiling proc-macro2 v1.0.106
[INFO] [stderr]    Compiling libc v0.2.184
[INFO] [stderr]     Checking log v0.4.29
[INFO] [stderr]    Compiling quote v1.0.45
[INFO] [stderr]     Checking bitflags v2.11.0
[INFO] [stderr]    Compiling rustix v1.1.4
[INFO] [stderr]    Compiling cc v1.2.59
[INFO] [stderr]    Compiling zerocopy v0.8.48
[INFO] [stderr]     Checking linux-raw-sys v0.12.1
[INFO] [stderr]    Compiling winnow v1.0.1
[INFO] [stderr]    Compiling indexmap v2.13.1
[INFO] [stderr]    Compiling num-traits v0.2.19
[INFO] [stderr]    Compiling static_assertions v1.1.0
[INFO] [stderr]     Checking dlib v0.5.3
[INFO] [stderr]    Compiling wayland-sys v0.31.11
[INFO] [stderr]     Checking fastrand v2.4.0
[INFO] [stderr]    Compiling syn v2.0.117
[INFO] [stderr]    Compiling ahash v0.8.12
[INFO] [stderr]     Checking event-listener v5.4.1
[INFO] [stderr]    Compiling quick-xml v0.39.2
[INFO] [stderr]    Compiling wayland-client v0.31.14
[INFO] [stderr]     Checking num-integer v0.1.46
[INFO] [stderr]     Checking event-listener-strategy v0.5.4
[INFO] [stderr]     Checking futures-lite v2.6.1
[INFO] [stderr]    Compiling endi v1.1.1
[INFO] [stderr]    Compiling toml_parser v1.1.2+spec-1.1.0
[INFO] [stderr]    Compiling async-io v2.6.0
[INFO] [stderr]    Compiling wayland-backend v0.3.15
[INFO] [stderr]     Checking arrayvec v0.7.6
[INFO] [stderr]     Checking getrandom v0.3.4
[INFO] [stderr]     Checking getrandom v0.2.17
[INFO] [stderr]     Checking async-channel v2.5.0
[INFO] [stderr]    Compiling wayland-scanner v0.31.10
[INFO] [stderr]     Checking scopeguard v1.2.0
[INFO] [stderr]     Checking piper v0.2.5
[INFO] [stderr]    Compiling toml_edit v0.25.10+spec-1.1.0
[INFO] [stderr]     Checking lock_api v0.4.14
[INFO] [stderr]     Checking parking_lot_core v0.9.12
[INFO] [stderr]     Checking blocking v1.6.2
[INFO] [stderr]     Checking rand_core v0.6.4
[INFO] [stderr]     Checking async-lock v3.4.2
[INFO] [stderr]    Compiling ucd-trie v0.1.7
[INFO] [stderr]    Compiling either v1.15.0
[INFO] [stderr]     Checking parking_lot v0.12.5
[INFO] [stderr]    Compiling pest v2.8.6
[INFO] [stderr]     Checking async-executor v1.14.0
[INFO] [stderr]     Checking async-broadcast v0.7.2
[INFO] [stderr]     Checking ordered-stream v0.2.0
[INFO] [stderr]    Compiling libm v0.2.16
[INFO] [stderr]    Compiling aho-corasick v1.1.4
[INFO] [stderr]    Compiling proc-macro-crate v3.5.0
[INFO] [stderr]    Compiling regex-syntax v0.8.10
[INFO] [stderr]    Compiling num-conv v0.2.1
[INFO] [stderr]    Compiling time-macros v0.2.27
[INFO] [stderr]    Compiling pest_meta v2.8.6
[INFO] [stderr]    Compiling deranged v0.5.8
[INFO] [stderr]     Checking async-fs v2.2.0
[INFO] [stderr]    Compiling nix v0.29.0
[INFO] [stderr]     Checking ttf-parser v0.25.1
[INFO] [stderr]    Compiling itertools v0.13.0
[INFO] [stderr]    Compiling syn v1.0.109
[INFO] [stderr]    Compiling regex-automata v0.4.14
[INFO] [stderr]    Compiling synstructure v0.13.2
[INFO] [stderr]    Compiling zvariant_utils v2.1.0
[INFO] [stderr]     Checking polling v3.11.0
[INFO] [stderr]    Compiling pest_generator v2.8.6
[INFO] [stderr]    Compiling time v0.3.47
[INFO] [stderr]    Compiling anymap2 v0.13.0
[INFO] [stderr]     Checking ab_glyph_rasterizer v0.1.10
[INFO] [stderr]    Compiling doc-comment v0.3.4
[INFO] [stderr]    Compiling rustix v0.38.44
[INFO] [stderr]     Checking owned_ttf_parser v0.25.1
[INFO] [stderr]     Checking xdg-home v1.3.0
[INFO] [stderr]     Checking ab_glyph v0.2.32
[INFO] [stderr]     Checking memmap2 v0.9.10
[INFO] [stderr]    Compiling serde_derive v1.0.228
[INFO] [stderr]    Compiling zerocopy-derive v0.8.48
[INFO] [stderr]    Compiling enumflags2_derive v0.7.12
[INFO] [stderr]    Compiling zerofrom-derive v0.1.7
[INFO] [stderr]    Compiling yoke-derive v0.8.2
[INFO] [stderr]    Compiling zerovec-derive v0.11.3
[INFO] [stderr]    Compiling tracing-attributes v0.1.31
[INFO] [stderr]     Checking zerofrom v0.1.7
[INFO] [stderr]    Compiling zvariant_derive v4.2.0
[INFO] [stderr]    Compiling displaydoc v0.2.5
[INFO] [stderr]     Checking yoke v0.8.2
[INFO] [stderr]    Compiling bytemuck_derive v1.10.2
[INFO] [stderr]     Checking zerovec v0.11.6
[INFO] [stderr]     Checking wayland-protocols v0.32.12
[INFO] [stderr]     Checking zerotrie v0.2.4
[INFO] [stderr]    Compiling async-trait v0.1.89
[INFO] [stderr]     Checking tracing v0.1.44
[INFO] [stderr]    Compiling futures-macro v0.3.32
[INFO] [stderr]     Checking tinystr v0.8.3
[INFO] [stderr]     Checking potential_utf v0.1.5
[INFO] [stderr]     Checking icu_locale_core v2.2.0
[INFO] [stderr]     Checking icu_collections v2.2.0
[INFO] [stderr]     Checking bytemuck v1.25.0
[INFO] [stderr]    Compiling thiserror-impl v1.0.69
[INFO] [stderr]    Compiling serde_repr v0.1.20
[INFO] [stderr]    Compiling regex v1.12.3
[INFO] [stderr]     Checking futures-util v0.3.32
[INFO] [stderr]    Compiling pest_derive v2.8.6
[INFO] [stderr]    Compiling liquid-derive v0.26.8
[INFO] [stderr]    Compiling equator-macro v0.4.2
[INFO] [stderr]     Checking icu_provider v2.2.0
[INFO] [stderr]     Checking icu_properties v2.2.0
[INFO] [stderr]     Checking thiserror v1.0.69
[INFO] [stderr]    Compiling serde v1.0.228
[INFO] [stderr]     Checking icu_normalizer v2.2.0
[INFO] [stderr]    Compiling enumflags2 v0.7.12
[INFO] [stderr]    Compiling quick-xml v0.30.0
[INFO] [stderr]    Compiling zvariant v4.2.0
[INFO] [stderr]     Checking idna_adapter v1.2.1
[INFO] [stderr]    Compiling kstring v2.0.2
[INFO] [stderr]    Compiling liquid-core v0.26.8
[INFO] [stderr]     Checking idna v1.1.0
[INFO] [stderr]    Compiling thiserror-impl v2.0.18
[INFO] [stderr]    Compiling zbus_macros v4.4.0
[INFO] [stderr]    Compiling matrixmultiply v0.3.10
[INFO] [stderr]     Checking cursor-icon v1.2.0
[INFO] [stderr]     Checking xcursor v0.3.10
[INFO] [stderr]     Checking ppv-lite86 v0.2.21
[INFO] [stderr]     Checking half v2.7.1
[INFO] [stderr]     Checking rand_chacha v0.3.1
[INFO] [stderr]     Checking hashbrown v0.14.5
[INFO] [stderr]     Checking rand v0.8.5
[INFO] [stderr]     Checking zbus_names v3.0.0
[INFO] [stderr]    Compiling percent-encoding v2.3.2
[INFO] [stderr]     Checking xkeysym v0.2.1
[INFO] [stderr]     Checking zbus_xml v4.0.0
[INFO] [stderr]    Compiling xml-rs v0.8.28
[INFO] [stderr]    Compiling winnow v0.7.15
[INFO] [stderr]    Compiling tinyvec_macros v0.1.1
[INFO] [stderr]    Compiling unicode-segmentation v1.13.2
[INFO] [stderr]     Checking linux-raw-sys v0.4.15
[INFO] [stderr]     Checking wayland-protocols-wlr v0.3.12
[INFO] [stderr]    Compiling liquid-lib v0.26.8
[INFO] [stderr]    Compiling tinyvec v1.11.0
[INFO] [stderr]    Compiling zbus-lockstep v0.4.4
[INFO] [stderr]    Compiling gl_generator v0.14.0
[INFO] [stderr]    Compiling zbus-lockstep-macros v0.4.4
[INFO] [stderr]     Checking thiserror v2.0.18
[INFO] [stderr]     Checking wayland-cursor v0.31.14
[INFO] [stderr]     Checking wayland-csd-frame v0.3.0
[INFO] [stderr]     Checking url v2.5.8
[INFO] [stderr]     Checking equator v0.4.2
[INFO] [stderr]     Checking num-complex v0.4.6
[INFO] [stderr]     Checking zbus v4.4.0
[INFO] [stderr]     Checking unicode-ident v1.0.24
[INFO] [stderr]     Checking accesskit v0.16.3
[INFO] [stderr]    Compiling zvariant_utils v3.3.0
[INFO] [stderr]     Checking rawpointer v0.2.1
[INFO] [stderr]    Compiling x11-dl v2.21.0
[INFO] [stderr]    Compiling zvariant_derive v5.10.0
[INFO] [stderr]     Checking aligned-vec v0.6.4
[INFO] [stderr]    Compiling liquid v0.26.8
[INFO] [stderr]    Compiling unicode-normalization v0.1.25
[INFO] [stderr]     Checking num-bigint v0.4.6
[INFO] [stderr]     Checking strict-num v0.1.1
[INFO] [stderr]    Compiling smithay-client-toolkit v0.19.2
[INFO] [stderr]     Checking nom v7.1.3
[INFO] [stderr]     Checking tiny-skia-path v0.11.4
[INFO] [stderr]     Checking scan_fmt v0.2.6
[INFO] [stderr]     Checking calloop v0.13.0
[INFO] [stderr]     Checking v_frame v0.3.9
[INFO] [stderr]     Checking ndarray v0.16.1
[INFO] [stderr]     Checking num-rational v0.4.2
[INFO] [stderr]     Checking calloop-wayland-source v0.3.0
[INFO] [stderr]     Checking string-interner v0.15.0
[INFO] [stderr]     Checking emath v0.29.1
[INFO] [stderr]     Checking gethostname v1.1.0
[INFO] [stderr]     Checking as-slice v0.2.1
[INFO] [stderr]     Checking x11rb-protocol v0.13.2
[INFO] [stderr]    Compiling built v0.8.0
[INFO] [stderr]     Checking maplit v1.0.2
[INFO] [stderr]     Checking as-raw-xcb-connection v1.0.1
[INFO] [stderr]    Compiling av-scenechange v0.14.1
[INFO] [stderr]     Checking dyn-hash v0.2.2
[INFO] [stderr]     Checking strength_reduce v0.2.4
[INFO] [stderr]     Checking dyn-clone v1.0.20
[INFO] [stderr]     Checking transpose v0.2.3
[INFO] [stderr]    Compiling derive-new v0.5.9
[INFO] [stderr]     Checking ecolor v0.29.1
[INFO] [stderr]    Compiling rav1e v0.8.1
[INFO] [stderr]     Checking aligned v0.4.3
[INFO] [stderr]     Checking tiny-skia v0.11.4
[INFO] [stderr]    Compiling arg_enum_proc_macro v0.3.4
[INFO] [stderr]    Compiling profiling-procmacros v1.0.17
[INFO] [stderr]     Checking immutable-chunkmap v2.1.2
[INFO] [stderr]     Checking errno v0.3.14
[INFO] [stderr]    Compiling ring v0.17.14
[INFO] [stderr]     Checking primal-check v0.3.4
[INFO] [stderr]    Compiling winit v0.30.13
[INFO] [stderr]     Checking core2 v0.4.0
[INFO] [stderr]     Checking nom v8.0.0
[INFO] [stderr]    Compiling tract-linalg v0.21.10
[INFO] [stderr]     Checking tract-data v0.21.10
[INFO] [stderr]     Checking atspi-common v0.6.0
[INFO] [stderr]     Checking epaint_default_fonts v0.29.1
[INFO] [stderr]     Checking quick-error v2.0.1
[INFO] [stderr]     Checking y4m v0.8.0
[INFO] [stderr]     Checking bit-vec v0.6.3
[INFO] [stderr]     Checking nohash-hasher v0.2.0
[INFO] [stderr]    Compiling pastey v0.1.1
[INFO] [stderr]     Checking rustls-pki-types v1.14.1
[INFO] [stderr]    Compiling phf_shared v0.11.3
[INFO] [stderr]     Checking epaint v0.29.1
[INFO] [stderr]     Checking bit-set v0.5.3
[INFO] [stderr]     Checking bitstream-io v4.9.0
[INFO] [stderr]     Checking rustfft v6.4.1
[INFO] [stderr]     Checking accesskit_consumer v0.24.3
[INFO] [stderr]     Checking signal-hook-registry v1.4.8
[INFO] [stderr]     Checking profiling v1.0.17
[INFO] [stderr]     Checking sctk-adwaita v0.10.1
[INFO] [stderr]    Compiling zvariant v5.10.0
[INFO] [stderr]    Compiling glutin_egl_sys v0.7.1
[INFO] [stderr]     Checking av1-grain v0.2.5
[INFO] [stderr]    Compiling glutin_glx_sys v0.6.1
[INFO] [stderr]     Checking wayland-protocols-plasma v0.3.12
[INFO] [stderr]     Checking xkbcommon-dl v0.4.2
[INFO] [stderr]     Checking calloop v0.14.4
[INFO] [stderr]     Checking atspi-proxies v0.6.0
[INFO] [stderr]    Compiling num-derive v0.4.2
[INFO] [stderr]    Compiling fax_derive v0.2.0
[INFO] [stderr]     Checking maybe-rayon v0.1.1
[INFO] [stderr]     Checking filetime v0.2.27
[INFO] [stderr]     Checking itertools v0.14.0
[INFO] [stderr]    Compiling simd_helpers v0.1.0
[INFO] [stderr]    Compiling alsa-sys v0.3.1
[INFO] [stderr]     Checking weezl v0.1.12
[INFO] [stderr]     Checking smol_str v0.2.2
[INFO] [stderr]     Checking anymap3 v1.0.1
[INFO] [stderr]     Checking dpi v0.1.2
[INFO] [stderr]    Compiling smithay-client-toolkit v0.20.0
[INFO] [stderr]    Compiling noop_proc_macro v0.3.0
[INFO] [stderr]     Checking zune-core v0.5.1
[INFO] [stderr]     Checking imgref v1.12.0
[INFO] [stderr]     Checking zune-jpeg v0.5.15
[INFO] [stderr]     Checking loop9 v0.1.5
[INFO] [stderr]    Compiling zbus_names v4.3.1
[INFO] [stderr]     Checking fax v0.2.6
[INFO] [stderr]     Checking atspi-connection v0.6.0
[INFO] [stderr]     Checking calloop-wayland-source v0.4.1
[INFO] [stderr]     Checking accesskit_atspi_common v0.9.3
[INFO] [stderr]     Checking async-signal v0.2.13
[INFO] [stderr]     Checking atspi v0.22.0
[INFO] [stderr]     Checking egui v0.29.1
[INFO] [stderr]    Compiling phf v0.11.3
[INFO] [stderr]     Checking wayland-protocols-experimental v20250721.0.1
[INFO] [stderr]     Checking wayland-protocols-misc v0.3.12
[INFO] [stderr]     Checking xattr v1.6.1
[INFO] [stderr]     Checking zune-inflate v0.2.54
[INFO] [stderr]     Checking rand_core v0.9.5
[INFO] [stderr]     Checking avif-serialize v0.8.8
[INFO] [stderr]     Checking tract-core v0.21.10
[INFO] [stderr]    Compiling glutin v0.32.3
[INFO] [stderr]     Checking pxfm v0.1.28
[INFO] [stderr]     Checking lebe v0.5.3
[INFO] [stderr]     Checking bit_field v0.10.3
[INFO] [stderr]     Checking rgb v0.8.53
[INFO] [stderr]     Checking exr v1.74.0
[INFO] [stderr]    Compiling libsqlite3-sys v0.28.0
[INFO] [stderr]     Checking gif v0.14.1
[INFO] [stderr]     Checking image-webp v0.2.4
[INFO] [stderr]     Checking x11rb v0.13.2
[INFO] [stderr]     Checking rand_chacha v0.9.0
[INFO] [stderr]     Checking png v0.18.1
[INFO] [stderr]     Checking moxcms v0.8.1
[INFO] [stderr]     Checking tar v0.4.45
[INFO] [stderr]     Checking accesskit_unix v0.12.3
[INFO] [stderr]    Compiling zbus_macros v5.14.0
[INFO] [stderr]    Compiling mime_guess2 v2.3.1
[INFO] [stderr]     Checking async-process v2.5.0
[INFO] [stderr]     Checking ravif v0.13.0
[INFO] [stderr]     Checking tiff v0.11.3
[INFO] [stderr]     Checking qoi v0.4.1
[INFO] [stderr]    Compiling async-recursion v1.1.1
[INFO] [stderr]    Compiling itertools v0.10.5
[INFO] [stderr]    Compiling libmimalloc-sys v0.1.47
[INFO] [stderr]    Compiling glutin-winit v0.5.0
[INFO] [stderr]     Checking uuid v1.23.0
[INFO] [stderr]    Compiling cpal v0.15.3
[INFO] [stderr]    Compiling rustls v0.23.40
[INFO] [stderr]     Checking chrono v0.4.44
[INFO] [stderr]     Checking alsa v0.9.1
[INFO] [stderr]    Compiling prost-derive v0.11.9
[INFO] [stderr]     Checking arboard v3.6.1
[INFO] [stderr]     Checking zbus v5.14.0
[INFO] [stderr]     Checking image v0.25.10
[INFO] [stderr]     Checking smithay-clipboard v0.7.3
[INFO] [stderr]     Checking rand v0.9.2
[INFO] [stderr]     Checking rustls-webpki v0.103.13
[INFO] [stderr]     Checking webpki-roots v1.0.7
[INFO] [stderr]     Checking accesskit_winit v0.22.4
[INFO] [stderr]     Checking webbrowser v1.2.0
[INFO] [stderr]     Checking rand_distr v0.4.3
[INFO] [stderr]    Compiling enum-map-derive v0.17.0
[INFO] [stderr]     Checking async-net v2.0.0
[INFO] [stderr]     Checking inotify-sys v0.1.5
[INFO] [stderr]     Checking is-docker v0.2.0
[INFO] [stderr]    Compiling rfd v0.15.4
[INFO] [stderr]     Checking dasp_sample v0.11.0
[INFO] [stderr]     Checking unicase v2.9.0
[INFO] [stderr]     Checking glow v0.14.2
[INFO] [stderr]     Checking egui-winit v0.29.1
[INFO] [stderr]     Checking inotify v0.9.6
[INFO] [stderr]     Checking dirs-sys v0.4.1
[INFO] [stderr]     Checking enum-map v2.7.3
[INFO] [stderr]     Checking prost v0.11.9
[INFO] [stderr]     Checking is-wsl v0.4.0
[INFO] [stderr]     Checking webpki-roots v0.26.11
[INFO] [stderr]     Checking hashlink v0.9.1
[INFO] [stderr]     Checking mio v0.8.11
[INFO] [stderr]     Checking pathdiff v0.2.3
[INFO] [stderr]     Checking mutate_once v0.1.2
[INFO] [stderr]     Checking fallible-iterator v0.3.0
[INFO] [stderr]     Checking egui_glow v0.29.1
[INFO] [stderr]     Checking fallible-streaming-iterator v0.1.9
[INFO] [stderr]     Checking pollster v0.4.0
[INFO] [stderr]     Checking kamadak-exif v0.6.1
[INFO] [stderr]     Checking open v5.3.3
[INFO] [stderr]     Checking serde_json v1.0.149
[INFO] [stderr]     Checking notify v6.1.1
[INFO] [stderr]     Checking mimalloc v0.1.50
[INFO] [stderr]     Checking tract-nnef v0.21.10
[INFO] [stderr]     Checking tract-hir v0.21.10
[INFO] [stderr]     Checking egui_extras v0.29.1
[INFO] [stderr]     Checking eframe v0.29.1
[INFO] [stderr]     Checking dirs v5.0.1
[INFO] [stderr]     Checking rodio v0.19.0
[INFO] [stderr]     Checking trash v5.2.5
[INFO] [stderr]     Checking sha2 v0.10.9
[INFO] [stderr]     Checking jpeg-decoder v0.3.2
[INFO] [stderr]     Checking ureq v2.12.1
[INFO] [stderr]     Checking tract-onnx-opl v0.21.10
[INFO] [stderr]     Checking ashpd v0.11.1
[INFO] [stderr]     Checking tract-onnx v0.21.10
[INFO] [stderr]     Checking rusqlite v0.31.0
[INFO] [stderr]     Checking photag v0.2.0 (/opt/rustwide/workdir)
[INFO] [stdout] error[E0433]: cannot find `windows` in `os`
[INFO] [stdout]  --> src/drag.rs:7:14
[INFO] [stdout]   |
[INFO] [stdout] 7 | use std::os::windows::ffi::OsStrExt;
[INFO] [stdout]   |              ^^^^^^^ could not find `windows` in `os`
[INFO] [stdout]   |
[INFO] [stdout] note: found an item that was configured out
[INFO] [stdout]  --> /rustc/3154cc1a3e6424e44f438a95007d043ed5ceaaf6/library/std/src/os/mod.rs:62:4
[INFO] [stdout]   |
[INFO] [stdout]   = note: the item is gated behind the `windows` feature
[INFO] [stdout] 
[INFO] [stdout] 
[INFO] [stdout] error[E0433]: cannot find `windows` in `os`
[INFO] [stdout]  --> src/drag.rs:7:14
[INFO] [stdout]   |
[INFO] [stdout] 7 | use std::os::windows::ffi::OsStrExt;
[INFO] [stdout]   |              ^^^^^^^ could not find `windows` in `os`
[INFO] [stdout]   |
[INFO] [stdout] note: found an item that was configured out
[INFO] [stdout]  --> /rustc/3154cc1a3e6424e44f438a95007d043ed5ceaaf6/library/std/src/os/mod.rs:62:4
[INFO] [stdout]   |
[INFO] [stdout]   = note: the item is gated behind the `windows` feature
[INFO] [stdout] 
[INFO] [stdout] 
[INFO] [stdout] error[E0599]: no method named `encode_wide` found for reference `&OsStr` in the current scope
[INFO] [stdout]    --> src/drag.rs:281:45
[INFO] [stdout]     |
[INFO] [stdout] 281 |         wide.extend(std::ffi::OsStr::new(p).encode_wide());
[INFO] [stdout]     |                                             ^^^^^^^^^^^ method not found in `&OsStr`
[INFO] [stdout] 
[INFO] [stdout] 
[INFO] [stdout] error[E0599]: no method named `encode_wide` found for reference `&OsStr` in the current scope
[INFO] [stdout]    --> src/drag.rs:281:45
[INFO] [stdout]     |
[INFO] [stdout] 281 |         wide.extend(std::ffi::OsStr::new(p).encode_wide());
[INFO] [stdout]     |                                             ^^^^^^^^^^^ method not found in `&OsStr`
[INFO] [stdout] 
[INFO] [stdout] 
[INFO] [stdout] warning: falling back to `f32` as the trait bound `f32: From<f64>` is not satisfied
[INFO] [stdout]    --> src/theme.rs:434:60
[INFO] [stdout]     |
[INFO] [stdout] 434 |     visuals.widgets.noninteractive.bg_stroke = Stroke::new(1.0, HAIRLINE);
[INFO] [stdout]     |                                                            ^^^ help: explicitly specify the type as `f32`: `1.0_f32`
[INFO] [stdout]     |
[INFO] [stdout]     = warning: this was previously accepted by the compiler but is being phased out; it will become a hard error in a future release!
[INFO] [stdout]     = note: for more information, see issue #154024 <https://github.com/rust-lang/rust/issues/154024>
[INFO] [stdout]     = note: `#[warn(float_literal_f32_fallback)]` (part of `#[warn(future_incompatible)]`) on by default
[INFO] [stdout] 
[INFO] [stdout] 
[INFO] [stdout] warning: falling back to `f32` as the trait bound `f32: From<f64>` is not satisfied
[INFO] [stdout]    --> src/theme.rs:435:60
[INFO] [stdout]     |
[INFO] [stdout] 435 |     visuals.widgets.noninteractive.fg_stroke = Stroke::new(1.0, TEXT_PRIMARY);
[INFO] [stdout]     |                                                            ^^^ help: explicitly specify the type as `f32`: `1.0_f32`
[INFO] [stdout]     |
[INFO] [stdout]     = warning: this was previously accepted by the compiler but is being phased out; it will become a hard error in a future release!
[INFO] [stdout]     = note: for more information, see issue #154024 <https://github.com/rust-lang/rust/issues/154024>
[INFO] [stdout] 
[INFO] [stdout] 
[INFO] [stdout] warning: falling back to `f32` as the trait bound `f32: From<f64>` is not satisfied
[INFO] [stdout]    --> src/theme.rs:458:57
[INFO] [stdout]     |
[INFO] [stdout] 458 |     visuals.widgets.inactive.fg_stroke    = Stroke::new(1.0, TEXT_PRIMARY);
[INFO] [stdout]     |                                                         ^^^ help: explicitly specify the type as `f32`: `1.0_f32`
[INFO] [stdout]     |
[INFO] [stdout]     = warning: this was previously accepted by the compiler but is being phased out; it will become a hard error in a future release!
[INFO] [stdout]     = note: for more information, see issue #154024 <https://github.com/rust-lang/rust/issues/154024>
[INFO] [stdout] 
[INFO] [stdout] 
[INFO] [stdout] warning: falling back to `f32` as the trait bound `f32: From<f64>` is not satisfied
[INFO] [stdout]    --> src/theme.rs:464:57
[INFO] [stdout]     |
[INFO] [stdout] 464 |     visuals.widgets.hovered.fg_stroke     = Stroke::new(1.0, TEXT_PRIMARY);
[INFO] [stdout]     |                                                         ^^^ help: explicitly specify the type as `f32`: `1.0_f32`
[INFO] [stdout]     |
[INFO] [stdout]     = warning: this was previously accepted by the compiler but is being phased out; it will become a hard error in a future release!
[INFO] [stdout]     = note: for more information, see issue #154024 <https://github.com/rust-lang/rust/issues/154024>
[INFO] [stdout] 
[INFO] [stdout] 
[INFO] [stdout] warning: falling back to `f32` as the trait bound `f32: From<f64>` is not satisfied
[INFO] [stdout]    --> src/theme.rs:470:57
[INFO] [stdout]     |
[INFO] [stdout] 470 |     visuals.widgets.active.fg_stroke      = Stroke::new(1.0, TEXT_PRIMARY);
[INFO] [stdout]     |                                                         ^^^ help: explicitly specify the type as `f32`: `1.0_f32`
[INFO] [stdout]     |
[INFO] [stdout]     = warning: this was previously accepted by the compiler but is being phased out; it will become a hard error in a future release!
[INFO] [stdout]     = note: for more information, see issue #154024 <https://github.com/rust-lang/rust/issues/154024>
[INFO] [stdout] 
[INFO] [stdout] 
[INFO] [stdout] warning: falling back to `f32` as the trait bound `f32: From<f64>` is not satisfied
[INFO] [stdout]    --> src/theme.rs:476:57
[INFO] [stdout]     |
[INFO] [stdout] 476 |     visuals.widgets.open.fg_stroke        = Stroke::new(1.0, TEXT_PRIMARY);
[INFO] [stdout]     |                                                         ^^^ help: explicitly specify the type as `f32`: `1.0_f32`
[INFO] [stdout]     |
[INFO] [stdout]     = warning: this was previously accepted by the compiler but is being phased out; it will become a hard error in a future release!
[INFO] [stdout]     = note: for more information, see issue #154024 <https://github.com/rust-lang/rust/issues/154024>
[INFO] [stdout] 
[INFO] [stdout] 
[INFO] [stdout] warning: falling back to `f32` as the trait bound `f32: From<f64>` is not satisfied
[INFO] [stdout]    --> src/theme.rs:483:45
[INFO] [stdout]     |
[INFO] [stdout] 483 |     visuals.window_stroke     = Stroke::new(1.0, BORDER);
[INFO] [stdout]     |                                             ^^^ help: explicitly specify the type as `f32`: `1.0_f32`
[INFO] [stdout]     |
[INFO] [stdout]     = warning: this was previously accepted by the compiler but is being phased out; it will become a hard error in a future release!
[INFO] [stdout]     = note: for more information, see issue #154024 <https://github.com/rust-lang/rust/issues/154024>
[INFO] [stdout] 
[INFO] [stdout] 
[INFO] [stdout] warning: falling back to `f32` as the trait bound `f32: From<f64>` is not satisfied
[INFO] [stdout]    --> src/ui/sidebar.rs:626:51
[INFO] [stdout]     |
[INFO] [stdout] 626 |         let strike = if is_excluded { Stroke::new(1.0, body_col) } else { Stroke::NONE };
[INFO] [stdout]     |                                                   ^^^ help: explicitly specify the type as `f32`: `1.0_f32`
[INFO] [stdout]     |
[INFO] [stdout]     = warning: this was previously accepted by the compiler but is being phased out; it will become a hard error in a future release!
[INFO] [stdout]     = note: for more information, see issue #154024 <https://github.com/rust-lang/rust/issues/154024>
[INFO] [stdout] 
[INFO] [stdout] 
[INFO] [stdout] warning: falling back to `f32` as the trait bound `f32: From<f64>` is not satisfied
[INFO] [stdout]    --> src/ui/sidebar.rs:699:37
[INFO] [stdout]     |
[INFO] [stdout] 699 |                         Stroke::new(2.0, accent),
[INFO] [stdout]     |                                     ^^^ help: explicitly specify the type as `f32`: `2.0_f32`
[INFO] [stdout]     |
[INFO] [stdout]     = warning: this was previously accepted by the compiler but is being phased out; it will become a hard error in a future release!
[INFO] [stdout]     = note: for more information, see issue #154024 <https://github.com/rust-lang/rust/issues/154024>
[INFO] [stdout] 
[INFO] [stdout] 
[INFO] [stdout] warning: falling back to `f32` as the trait bound `f32: From<f64>` is not satisfied
[INFO] [stdout]    --> src/ui/sidebar.rs:706:37
[INFO] [stdout]     |
[INFO] [stdout] 706 |                         Stroke::new(2.0, accent),
[INFO] [stdout]     |                                     ^^^ help: explicitly specify the type as `f32`: `2.0_f32`
[INFO] [stdout]     |
[INFO] [stdout]     = warning: this was previously accepted by the compiler but is being phased out; it will become a hard error in a future release!
[INFO] [stdout]     = note: for more information, see issue #154024 <https://github.com/rust-lang/rust/issues/154024>
[INFO] [stdout] 
[INFO] [stdout] 
[INFO] [stdout] warning: falling back to `f32` as the trait bound `f32: From<f64>` is not satisfied
[INFO] [stdout]    --> src/ui/sidebar.rs:713:37
[INFO] [stdout]     |
[INFO] [stdout] 713 |                         Stroke::new(1.5, accent),
[INFO] [stdout]     |                                     ^^^ help: explicitly specify the type as `f32`: `1.5_f32`
[INFO] [stdout]     |
[INFO] [stdout]     = warning: this was previously accepted by the compiler but is being phased out; it will become a hard error in a future release!
[INFO] [stdout]     = note: for more information, see issue #154024 <https://github.com/rust-lang/rust/issues/154024>
[INFO] [stdout] 
[INFO] [stdout] 
[INFO] [stdout] warning: falling back to `f32` as the trait bound `f32: From<f64>` is not satisfied
[INFO] [stdout]    --> src/ui/gallery.rs:820:27
[INFO] [stdout]     |
[INFO] [stdout] 820 |         egui::Stroke::new(1.6, theme::TEXT_SECONDARY),
[INFO] [stdout]     |                           ^^^ help: explicitly specify the type as `f32`: `1.6_f32`
[INFO] [stdout]     |
[INFO] [stdout]     = warning: this was previously accepted by the compiler but is being phased out; it will become a hard error in a future release!
[INFO] [stdout]     = note: for more information, see issue #154024 <https://github.com/rust-lang/rust/issues/154024>
[INFO] [stdout] 
[INFO] [stdout] 
[INFO] [stdout] warning: falling back to `f32` as the trait bound `f32: From<f64>` is not satisfied
[INFO] [stdout]    --> src/theme.rs:434:60
[INFO] [stdout]     |
[INFO] [stdout] 434 |     visuals.widgets.noninteractive.bg_stroke = Stroke::new(1.0, HAIRLINE);
[INFO] [stdout]     |                                                            ^^^ help: explicitly specify the type as `f32`: `1.0_f32`
[INFO] [stdout]     |
[INFO] [stdout]     = warning: this was previously accepted by the compiler but is being phased out; it will become a hard error in a future release!
[INFO] [stdout]     = note: for more information, see issue #154024 <https://github.com/rust-lang/rust/issues/154024>
[INFO] [stdout]     = note: `#[warn(float_literal_f32_fallback)]` (part of `#[warn(future_incompatible)]`) on by default
[INFO] [stdout] 
[INFO] [stdout] 
[INFO] [stdout] warning: falling back to `f32` as the trait bound `f32: From<f64>` is not satisfied
[INFO] [stdout]    --> src/theme.rs:435:60
[INFO] [stdout]     |
[INFO] [stdout] 435 |     visuals.widgets.noninteractive.fg_stroke = Stroke::new(1.0, TEXT_PRIMARY);
[INFO] [stdout]     |                                                            ^^^ help: explicitly specify the type as `f32`: `1.0_f32`
[INFO] [stdout]     |
[INFO] [stdout]     = warning: this was previously accepted by the compiler but is being phased out; it will become a hard error in a future release!
[INFO] [stdout]     = note: for more information, see issue #154024 <https://github.com/rust-lang/rust/issues/154024>
[INFO] [stdout] 
[INFO] [stdout] 
[INFO] [stdout] warning: falling back to `f32` as the trait bound `f32: From<f64>` is not satisfied
[INFO] [stdout]    --> src/theme.rs:458:57
[INFO] [stdout]     |
[INFO] [stdout] 458 |     visuals.widgets.inactive.fg_stroke    = Stroke::new(1.0, TEXT_PRIMARY);
[INFO] [stdout]     |                                                         ^^^ help: explicitly specify the type as `f32`: `1.0_f32`
[INFO] [stdout]     |
[INFO] [stdout]     = warning: this was previously accepted by the compiler but is being phased out; it will become a hard error in a future release!
[INFO] [stdout]     = note: for more information, see issue #154024 <https://github.com/rust-lang/rust/issues/154024>
[INFO] [stdout] 
[INFO] [stdout] 
[INFO] [stdout] warning: falling back to `f32` as the trait bound `f32: From<f64>` is not satisfied
[INFO] [stdout]    --> src/theme.rs:464:57
[INFO] [stdout]     |
[INFO] [stdout] 464 |     visuals.widgets.hovered.fg_stroke     = Stroke::new(1.0, TEXT_PRIMARY);
[INFO] [stdout]     |                                                         ^^^ help: explicitly specify the type as `f32`: `1.0_f32`
[INFO] [stdout]     |
[INFO] [stdout]     = warning: this was previously accepted by the compiler but is being phased out; it will become a hard error in a future release!
[INFO] [stdout]     = note: for more information, see issue #154024 <https://github.com/rust-lang/rust/issues/154024>
[INFO] [stdout] 
[INFO] [stdout] 
[INFO] [stdout] warning: falling back to `f32` as the trait bound `f32: From<f64>` is not satisfied
[INFO] [stdout]    --> src/theme.rs:470:57
[INFO] [stdout]     |
[INFO] [stdout] 470 |     visuals.widgets.active.fg_stroke      = Stroke::new(1.0, TEXT_PRIMARY);
[INFO] [stdout]     |                                                         ^^^ help: explicitly specify the type as `f32`: `1.0_f32`
[INFO] [stdout]     |
[INFO] [stdout]     = warning: this was previously accepted by the compiler but is being phased out; it will become a hard error in a future release!
[INFO] [stdout]     = note: for more information, see issue #154024 <https://github.com/rust-lang/rust/issues/154024>
[INFO] [stdout] 
[INFO] [stdout] 
[INFO] [stdout] warning: falling back to `f32` as the trait bound `f32: From<f64>` is not satisfied
[INFO] [stdout]    --> src/theme.rs:476:57
[INFO] [stdout]     |
[INFO] [stdout] 476 |     visuals.widgets.open.fg_stroke        = Stroke::new(1.0, TEXT_PRIMARY);
[INFO] [stdout]     |                                                         ^^^ help: explicitly specify the type as `f32`: `1.0_f32`
[INFO] [stdout]     |
[INFO] [stdout]     = warning: this was previously accepted by the compiler but is being phased out; it will become a hard error in a future release!
[INFO] [stdout]     = note: for more information, see issue #154024 <https://github.com/rust-lang/rust/issues/154024>
[INFO] [stdout] 
[INFO] [stdout] 
[INFO] [stdout] warning: falling back to `f32` as the trait bound `f32: From<f64>` is not satisfied
[INFO] [stdout]    --> src/theme.rs:483:45
[INFO] [stdout]     |
[INFO] [stdout] 483 |     visuals.window_stroke     = Stroke::new(1.0, BORDER);
[INFO] [stdout]     |                                             ^^^ help: explicitly specify the type as `f32`: `1.0_f32`
[INFO] [stdout]     |
[INFO] [stdout]     = warning: this was previously accepted by the compiler but is being phased out; it will become a hard error in a future release!
[INFO] [stdout]     = note: for more information, see issue #154024 <https://github.com/rust-lang/rust/issues/154024>
[INFO] [stdout] 
[INFO] [stdout] 
[INFO] [stdout] warning: falling back to `f32` as the trait bound `f32: From<f64>` is not satisfied
[INFO] [stdout]     --> src/ui/gallery.rs:1567:47
[INFO] [stdout]      |
[INFO] [stdout] 1567 | ...                   egui::Stroke::new(2.0, theme::accent_alpha(0.95 * sel_t)),
[INFO] [stdout]      |                                         ^^^ help: explicitly specify the type as `f32`: `2.0_f32`
[INFO] [stdout]      |
[INFO] [stdout]      = warning: this was previously accepted by the compiler but is being phased out; it will become a hard error in a future release!
[INFO] [stdout]      = note: for more information, see issue #154024 <https://github.com/rust-lang/rust/issues/154024>
[INFO] [stdout] 
[INFO] [stdout] 
[INFO] [stdout] warning: falling back to `f32` as the trait bound `f32: From<f64>` is not satisfied
[INFO] [stdout]     --> src/ui/gallery.rs:1598:51
[INFO] [stdout]      |
[INFO] [stdout] 1598 | ...                   egui::Stroke::new(2.5, theme::accent_hover()),
[INFO] [stdout]      |                                         ^^^ help: explicitly specify the type as `f32`: `2.5_f32`
[INFO] [stdout]      |
[INFO] [stdout]      = warning: this was previously accepted by the compiler but is being phased out; it will become a hard error in a future release!
[INFO] [stdout]      = note: for more information, see issue #154024 <https://github.com/rust-lang/rust/issues/154024>
[INFO] [stdout] 
[INFO] [stdout] 
[INFO] [stdout] warning: falling back to `f32` as the trait bound `f32: From<f64>` is not satisfied
[INFO] [stdout]     --> src/ui/gallery.rs:1830:39
[INFO] [stdout]      |
[INFO] [stdout] 1830 |                     egui::Stroke::new(1.0, accent),
[INFO] [stdout]      |                                       ^^^ help: explicitly specify the type as `f32`: `1.0_f32`
[INFO] [stdout]      |
[INFO] [stdout]      = warning: this was previously accepted by the compiler but is being phased out; it will become a hard error in a future release!
[INFO] [stdout]      = note: for more information, see issue #154024 <https://github.com/rust-lang/rust/issues/154024>
[INFO] [stdout] 
[INFO] [stdout] 
[INFO] [stdout] warning: falling back to `f32` as the trait bound `f32: From<f64>` is not satisfied
[INFO] [stdout]    --> src/ui/preview.rs:392:36
[INFO] [stdout]     |
[INFO] [stdout] 392 |     let stroke = egui::Stroke::new(2.5, fade(Color32::from_white_alpha(200), alpha));
[INFO] [stdout]     |                                    ^^^ help: explicitly specify the type as `f32`: `2.5_f32`
[INFO] [stdout]     |
[INFO] [stdout]     = warning: this was previously accepted by the compiler but is being phased out; it will become a hard error in a future release!
[INFO] [stdout]     = note: for more information, see issue #154024 <https://github.com/rust-lang/rust/issues/154024>
[INFO] [stdout] 
[INFO] [stdout] 
[INFO] [stdout] warning: falling back to `f32` as the trait bound `f32: From<f64>` is not satisfied
[INFO] [stdout]    --> src/ui/preview.rs:436:35
[INFO] [stdout]     |
[INFO] [stdout] 436 |                 egui::Stroke::new(1.5, fade(Color32::from_white_alpha(220), alpha)),
[INFO] [stdout]     |                                   ^^^ help: explicitly specify the type as `f32`: `1.5_f32`
[INFO] [stdout]     |
[INFO] [stdout]     = warning: this was previously accepted by the compiler but is being phased out; it will become a hard error in a future release!
[INFO] [stdout]     = note: for more information, see issue #154024 <https://github.com/rust-lang/rust/issues/154024>
[INFO] [stdout] 
[INFO] [stdout] 
[INFO] [stdout] warning: falling back to `f32` as the trait bound `f32: From<f64>` is not satisfied
[INFO] [stdout]    --> src/ui/preview.rs:486:35
[INFO] [stdout]     |
[INFO] [stdout] 486 |                 egui::Stroke::new(1.5, fade(Color32::from_white_alpha(220), alpha)),
[INFO] [stdout]     |                                   ^^^ help: explicitly specify the type as `f32`: `1.5_f32`
[INFO] [stdout]     |
[INFO] [stdout]     = warning: this was previously accepted by the compiler but is being phased out; it will become a hard error in a future release!
[INFO] [stdout]     = note: for more information, see issue #154024 <https://github.com/rust-lang/rust/issues/154024>
[INFO] [stdout] 
[INFO] [stdout] 
[INFO] [stdout] warning: falling back to `f32` as the trait bound `f32: From<f64>` is not satisfied
[INFO] [stdout]    --> src/ui/preview.rs:538:43
[INFO] [stdout]     |
[INFO] [stdout] 538 |                 .stroke(egui::Stroke::new(1.0, Color32::from_rgba_unmultiplied(0, 0, 0, frame_alpha)))
[INFO] [stdout]     |                                           ^^^ help: explicitly specify the type as `f32`: `1.0_f32`
[INFO] [stdout]     |
[INFO] [stdout]     = warning: this was previously accepted by the compiler but is being phased out; it will become a hard error in a future release!
[INFO] [stdout]     = note: for more information, see issue #154024 <https://github.com/rust-lang/rust/issues/154024>
[INFO] [stdout] 
[INFO] [stdout] 
[INFO] [stdout] warning: falling back to `f32` as the trait bound `f32: From<f64>` is not satisfied
[INFO] [stdout]    --> src/ui/preview.rs:674:36
[INFO] [stdout]     |
[INFO] [stdout] 674 |     let stroke = egui::Stroke::new(2.5, color);
[INFO] [stdout]     |                                    ^^^ help: explicitly specify the type as `f32`: `2.5_f32`
[INFO] [stdout]     |
[INFO] [stdout]     = warning: this was previously accepted by the compiler but is being phased out; it will become a hard error in a future release!
[INFO] [stdout]     = note: for more information, see issue #154024 <https://github.com/rust-lang/rust/issues/154024>
[INFO] [stdout] 
[INFO] [stdout] 
[INFO] [stdout] warning: falling back to `f32` as the trait bound `f32: From<f64>` is not satisfied
[INFO] [stdout]    --> src/ui/preview.rs:916:43
[INFO] [stdout]     |
[INFO] [stdout] 916 |                         egui::Stroke::new(2.0, fade(theme::accent(), chrome_alpha)),
[INFO] [stdout]     |                                           ^^^ help: explicitly specify the type as `f32`: `2.0_f32`
[INFO] [stdout]     |
[INFO] [stdout]     = warning: this was previously accepted by the compiler but is being phased out; it will become a hard error in a future release!
[INFO] [stdout]     = note: for more information, see issue #154024 <https://github.com/rust-lang/rust/issues/154024>
[INFO] [stdout] 
[INFO] [stdout] 
[INFO] [stdout] warning: falling back to `f32` as the trait bound `f32: From<f64>` is not satisfied
[INFO] [stdout]     --> src/ui/preview.rs:1023:51
[INFO] [stdout]      |
[INFO] [stdout] 1023 |                         .stroke(egui::Stroke::new(1.0, theme::BORDER))
[INFO] [stdout]      |                                                   ^^^ help: explicitly specify the type as `f32`: `1.0_f32`
[INFO] [stdout]      |
[INFO] [stdout]      = warning: this was previously accepted by the compiler but is being phased out; it will become a hard error in a future release!
[INFO] [stdout]      = note: for more information, see issue #154024 <https://github.com/rust-lang/rust/issues/154024>
[INFO] [stdout] 
[INFO] [stdout] 
[INFO] [stdout] warning: falling back to `f32` as the trait bound `f32: From<f64>` is not satisfied
[INFO] [stdout]     --> src/ui/preview.rs:2047:47
[INFO] [stdout]      |
[INFO] [stdout] 2047 | ...                   egui::Stroke::new(1.0, fade(Color32::from_white_alpha(180), chrome_alpha)),
[INFO] [stdout]      |                                         ^^^ help: explicitly specify the type as `f32`: `1.0_f32`
[INFO] [stdout]      |
[INFO] [stdout]      = warning: this was previously accepted by the compiler but is being phased out; it will become a hard error in a future release!
[INFO] [stdout]      = note: for more information, see issue #154024 <https://github.com/rust-lang/rust/issues/154024>
[INFO] [stdout] 
[INFO] [stdout] 
[INFO] [stdout] warning: falling back to `f32` as the trait bound `f32: From<f64>` is not satisfied
[INFO] [stdout]    --> src/ui/filterbar.rs:102:25
[INFO] [stdout]     |
[INFO] [stdout] 102 |             Stroke::new(2.0, theme::accent_alpha(0.9 * focus_t)),
[INFO] [stdout]     |                         ^^^ help: explicitly specify the type as `f32`: `2.0_f32`
[INFO] [stdout]     |
[INFO] [stdout]     = warning: this was previously accepted by the compiler but is being phased out; it will become a hard error in a future release!
[INFO] [stdout]     = note: for more information, see issue #154024 <https://github.com/rust-lang/rust/issues/154024>
[INFO] [stdout] 
[INFO] [stdout] 
[INFO] [stdout] warning: falling back to `f32` as the trait bound `f32: From<f64>` is not satisfied
[INFO] [stdout]    --> src/ui/sidebar.rs:626:51
[INFO] [stdout]     |
[INFO] [stdout] 626 |         let strike = if is_excluded { Stroke::new(1.0, body_col) } else { Stroke::NONE };
[INFO] [stdout]     |                                                   ^^^ help: explicitly specify the type as `f32`: `1.0_f32`
[INFO] [stdout]     |
[INFO] [stdout]     = warning: this was previously accepted by the compiler but is being phased out; it will become a hard error in a future release!
[INFO] [stdout]     = note: for more information, see issue #154024 <https://github.com/rust-lang/rust/issues/154024>
[INFO] [stdout] 
[INFO] [stdout] 
[INFO] [stdout] warning: falling back to `f32` as the trait bound `f32: From<f64>` is not satisfied
[INFO] [stdout]    --> src/ui/sidebar.rs:699:37
[INFO] [stdout]     |
[INFO] [stdout] 699 |                         Stroke::new(2.0, accent),
[INFO] [stdout]     |                                     ^^^ help: explicitly specify the type as `f32`: `2.0_f32`
[INFO] [stdout]     |
[INFO] [stdout]     = warning: this was previously accepted by the compiler but is being phased out; it will become a hard error in a future release!
[INFO] [stdout]     = note: for more information, see issue #154024 <https://github.com/rust-lang/rust/issues/154024>
[INFO] [stdout] 
[INFO] [stdout] 
[INFO] [stdout] warning: falling back to `f32` as the trait bound `f32: From<f64>` is not satisfied
[INFO] [stdout]    --> src/ui/sidebar.rs:706:37
[INFO] [stdout]     |
[INFO] [stdout] 706 |                         Stroke::new(2.0, accent),
[INFO] [stdout]     |                                     ^^^ help: explicitly specify the type as `f32`: `2.0_f32`
[INFO] [stdout]     |
[INFO] [stdout]     = warning: this was previously accepted by the compiler but is being phased out; it will become a hard error in a future release!
[INFO] [stdout]     = note: for more information, see issue #154024 <https://github.com/rust-lang/rust/issues/154024>
[INFO] [stdout] 
[INFO] [stdout] 
[INFO] [stdout] warning: falling back to `f32` as the trait bound `f32: From<f64>` is not satisfied
[INFO] [stdout]    --> src/ui/sidebar.rs:713:37
[INFO] [stdout]     |
[INFO] [stdout] 713 |                         Stroke::new(1.5, accent),
[INFO] [stdout]     |                                     ^^^ help: explicitly specify the type as `f32`: `1.5_f32`
[INFO] [stdout]     |
[INFO] [stdout]     = warning: this was previously accepted by the compiler but is being phased out; it will become a hard error in a future release!
[INFO] [stdout]     = note: for more information, see issue #154024 <https://github.com/rust-lang/rust/issues/154024>
[INFO] [stdout] 
[INFO] [stdout] 
[INFO] [stdout] warning: falling back to `f32` as the trait bound `f32: From<f64>` is not satisfied
[INFO] [stdout]    --> src/ui/filterbar.rs:635:27
[INFO] [stdout]     |
[INFO] [stdout] 635 |         egui::Stroke::new(3.0, Color32::from_white_alpha(18)),
[INFO] [stdout]     |                           ^^^ help: explicitly specify the type as `f32`: `3.0_f32`
[INFO] [stdout]     |
[INFO] [stdout]     = warning: this was previously accepted by the compiler but is being phased out; it will become a hard error in a future release!
[INFO] [stdout]     = note: for more information, see issue #154024 <https://github.com/rust-lang/rust/issues/154024>
[INFO] [stdout] 
[INFO] [stdout] 
[INFO] [stdout] warning: falling back to `f32` as the trait bound `f32: From<f64>` is not satisfied
[INFO] [stdout]    --> src/ui/filterbar.rs:646:13
[INFO] [stdout]     |
[INFO] [stdout] 646 |             3.0,
[INFO] [stdout]     |             ^^^ help: explicitly specify the type as `f32`: `3.0_f32`
[INFO] [stdout]     |
[INFO] [stdout]     = warning: this was previously accepted by the compiler but is being phased out; it will become a hard error in a future release!
[INFO] [stdout]     = note: for more information, see issue #154024 <https://github.com/rust-lang/rust/issues/154024>
[INFO] [stdout] 
[INFO] [stdout] 
[INFO] [stdout] warning: falling back to `f32` as the trait bound `f32: From<f64>` is not satisfied
[INFO] [stdout]    --> src/ui/filterbar.rs:755:21
[INFO] [stdout]     |
[INFO] [stdout] 755 |         Stroke::new(3.0, Color32::from_white_alpha(22)),
[INFO] [stdout]     |                     ^^^ help: explicitly specify the type as `f32`: `3.0_f32`
[INFO] [stdout]     |
[INFO] [stdout]     = warning: this was previously accepted by the compiler but is being phased out; it will become a hard error in a future release!
[INFO] [stdout]     = note: for more information, see issue #154024 <https://github.com/rust-lang/rust/issues/154024>
[INFO] [stdout] 
[INFO] [stdout] 
[INFO] [stdout] warning: falling back to `f32` as the trait bound `f32: From<f64>` is not satisfied
[INFO] [stdout]    --> src/ui/filterbar.rs:759:21
[INFO] [stdout]     |
[INFO] [stdout] 759 |         Stroke::new(3.0, theme::accent()),
[INFO] [stdout]     |                     ^^^ help: explicitly specify the type as `f32`: `3.0_f32`
[INFO] [stdout]     |
[INFO] [stdout]     = warning: this was previously accepted by the compiler but is being phased out; it will become a hard error in a future release!
[INFO] [stdout]     = note: for more information, see issue #154024 <https://github.com/rust-lang/rust/issues/154024>
[INFO] [stdout] 
[INFO] [stdout] 
[INFO] [stdout] warning: falling back to `f32` as the trait bound `f32: From<f64>` is not satisfied
[INFO] [stdout]   --> src/ui/info.rs:39:43
[INFO] [stdout]    |
[INFO] [stdout] 39 |                 .stroke(egui::Stroke::new(1.0, crate::theme::BORDER))
[INFO] [stdout]    |                                           ^^^ help: explicitly specify the type as `f32`: `1.0_f32`
[INFO] [stdout]    |
[INFO] [stdout]    = warning: this was previously accepted by the compiler but is being phased out; it will become a hard error in a future release!
[INFO] [stdout]    = note: for more information, see issue #154024 <https://github.com/rust-lang/rust/issues/154024>
[INFO] [stdout] 
[INFO] [stdout] 
[INFO] [stdout] warning: falling back to `f32` as the trait bound `f32: From<f64>` is not satisfied
[INFO] [stdout]    --> src/ui/gallery.rs:820:27
[INFO] [stdout]     |
[INFO] [stdout] 820 |         egui::Stroke::new(1.6, theme::TEXT_SECONDARY),
[INFO] [stdout]     |                           ^^^ help: explicitly specify the type as `f32`: `1.6_f32`
[INFO] [stdout]     |
[INFO] [stdout]     = warning: this was previously accepted by the compiler but is being phased out; it will become a hard error in a future release!
[INFO] [stdout]     = note: for more information, see issue #154024 <https://github.com/rust-lang/rust/issues/154024>
[INFO] [stdout] 
[INFO] [stdout] 
[INFO] [stdout] warning: falling back to `f32` as the trait bound `f32: From<f64>` is not satisfied
[INFO] [stdout]     --> src/ui/gallery.rs:1567:47
[INFO] [stdout]      |
[INFO] [stdout] 1567 | ...                   egui::Stroke::new(2.0, theme::accent_alpha(0.95 * sel_t)),
[INFO] [stdout]      |                                         ^^^ help: explicitly specify the type as `f32`: `2.0_f32`
[INFO] [stdout]      |
[INFO] [stdout]      = warning: this was previously accepted by the compiler but is being phased out; it will become a hard error in a future release!
[INFO] [stdout]      = note: for more information, see issue #154024 <https://github.com/rust-lang/rust/issues/154024>
[INFO] [stdout] 
[INFO] [stdout] 
[INFO] [stdout] warning: falling back to `f32` as the trait bound `f32: From<f64>` is not satisfied
[INFO] [stdout]     --> src/ui/gallery.rs:1598:51
[INFO] [stdout]      |
[INFO] [stdout] 1598 | ...                   egui::Stroke::new(2.5, theme::accent_hover()),
[INFO] [stdout]      |                                         ^^^ help: explicitly specify the type as `f32`: `2.5_f32`
[INFO] [stdout]      |
[INFO] [stdout]      = warning: this was previously accepted by the compiler but is being phased out; it will become a hard error in a future release!
[INFO] [stdout]      = note: for more information, see issue #154024 <https://github.com/rust-lang/rust/issues/154024>
[INFO] [stdout] 
[INFO] [stdout] 
[INFO] [stdout] warning: falling back to `f32` as the trait bound `f32: From<f64>` is not satisfied
[INFO] [stdout]     --> src/ui/gallery.rs:1830:39
[INFO] [stdout]      |
[INFO] [stdout] 1830 |                     egui::Stroke::new(1.0, accent),
[INFO] [stdout]      |                                       ^^^ help: explicitly specify the type as `f32`: `1.0_f32`
[INFO] [stdout]      |
[INFO] [stdout]      = warning: this was previously accepted by the compiler but is being phased out; it will become a hard error in a future release!
[INFO] [stdout]      = note: for more information, see issue #154024 <https://github.com/rust-lang/rust/issues/154024>
[INFO] [stdout] 
[INFO] [stdout] 
[INFO] [stdout] warning: falling back to `f32` as the trait bound `f32: From<f64>` is not satisfied
[INFO] [stdout]    --> src/ui/preview.rs:392:36
[INFO] [stdout]     |
[INFO] [stdout] 392 |     let stroke = egui::Stroke::new(2.5, fade(Color32::from_white_alpha(200), alpha));
[INFO] [stdout]     |                                    ^^^ help: explicitly specify the type as `f32`: `2.5_f32`
[INFO] [stdout]     |
[INFO] [stdout]     = warning: this was previously accepted by the compiler but is being phased out; it will become a hard error in a future release!
[INFO] [stdout]     = note: for more information, see issue #154024 <https://github.com/rust-lang/rust/issues/154024>
[INFO] [stdout] 
[INFO] [stdout] 
[INFO] [stdout] warning: falling back to `f32` as the trait bound `f32: From<f64>` is not satisfied
[INFO] [stdout]    --> src/ui/preview.rs:436:35
[INFO] [stdout]     |
[INFO] [stdout] 436 |                 egui::Stroke::new(1.5, fade(Color32::from_white_alpha(220), alpha)),
[INFO] [stdout]     |                                   ^^^ help: explicitly specify the type as `f32`: `1.5_f32`
[INFO] [stdout]     |
[INFO] [stdout]     = warning: this was previously accepted by the compiler but is being phased out; it will become a hard error in a future release!
[INFO] [stdout]     = note: for more information, see issue #154024 <https://github.com/rust-lang/rust/issues/154024>
[INFO] [stdout] 
[INFO] [stdout] 
[INFO] [stdout] warning: falling back to `f32` as the trait bound `f32: From<f64>` is not satisfied
[INFO] [stdout]    --> src/ui/preview.rs:486:35
[INFO] [stdout]     |
[INFO] [stdout] 486 |                 egui::Stroke::new(1.5, fade(Color32::from_white_alpha(220), alpha)),
[INFO] [stdout]     |                                   ^^^ help: explicitly specify the type as `f32`: `1.5_f32`
[INFO] [stdout]     |
[INFO] [stdout]     = warning: this was previously accepted by the compiler but is being phased out; it will become a hard error in a future release!
[INFO] [stdout]     = note: for more information, see issue #154024 <https://github.com/rust-lang/rust/issues/154024>
[INFO] [stdout] 
[INFO] [stdout] 
[INFO] [stdout] warning: falling back to `f32` as the trait bound `f32: From<f64>` is not satisfied
[INFO] [stdout]    --> src/ui/preview.rs:538:43
[INFO] [stdout]     |
[INFO] [stdout] 538 |                 .stroke(egui::Stroke::new(1.0, Color32::from_rgba_unmultiplied(0, 0, 0, frame_alpha)))
[INFO] [stdout]     |                                           ^^^ help: explicitly specify the type as `f32`: `1.0_f32`
[INFO] [stdout]     |
[INFO] [stdout]     = warning: this was previously accepted by the compiler but is being phased out; it will become a hard error in a future release!
[INFO] [stdout]     = note: for more information, see issue #154024 <https://github.com/rust-lang/rust/issues/154024>
[INFO] [stdout] 
[INFO] [stdout] 
[INFO] [stdout] warning: falling back to `f32` as the trait bound `f32: From<f64>` is not satisfied
[INFO] [stdout]    --> src/ui/preview.rs:674:36
[INFO] [stdout]     |
[INFO] [stdout] 674 |     let stroke = egui::Stroke::new(2.5, color);
[INFO] [stdout]     |                                    ^^^ help: explicitly specify the type as `f32`: `2.5_f32`
[INFO] [stdout]     |
[INFO] [stdout]     = warning: this was previously accepted by the compiler but is being phased out; it will become a hard error in a future release!
[INFO] [stdout]     = note: for more information, see issue #154024 <https://github.com/rust-lang/rust/issues/154024>
[INFO] [stdout] 
[INFO] [stdout] 
[INFO] [stdout] warning: falling back to `f32` as the trait bound `f32: From<f64>` is not satisfied
[INFO] [stdout]    --> src/ui/preview.rs:916:43
[INFO] [stdout]     |
[INFO] [stdout] 916 |                         egui::Stroke::new(2.0, fade(theme::accent(), chrome_alpha)),
[INFO] [stdout]     |                                           ^^^ help: explicitly specify the type as `f32`: `2.0_f32`
[INFO] [stdout]     |
[INFO] [stdout]     = warning: this was previously accepted by the compiler but is being phased out; it will become a hard error in a future release!
[INFO] [stdout]     = note: for more information, see issue #154024 <https://github.com/rust-lang/rust/issues/154024>
[INFO] [stdout] 
[INFO] [stdout] 
[INFO] [stdout] warning: falling back to `f32` as the trait bound `f32: From<f64>` is not satisfied
[INFO] [stdout]    --> src/video.rs:735:39
[INFO] [stdout]     |
[INFO] [stdout] 735 |                     egui::Stroke::new(2.5, Color32::from_white_alpha(200)),
[INFO] [stdout]     |                                       ^^^ help: explicitly specify the type as `f32`: `2.5_f32`
[INFO] [stdout]     |
[INFO] [stdout]     = warning: this was previously accepted by the compiler but is being phased out; it will become a hard error in a future release!
[INFO] [stdout]     = note: for more information, see issue #154024 <https://github.com/rust-lang/rust/issues/154024>
[INFO] [stdout] 
[INFO] [stdout] 
[INFO] [stdout] warning: falling back to `f32` as the trait bound `f32: From<f64>` is not satisfied
[INFO] [stdout]    --> src/video.rs:742:39
[INFO] [stdout]     |
[INFO] [stdout] 742 |                     egui::Stroke::new(2.5, Color32::from_white_alpha(200)),
[INFO] [stdout]     |                                       ^^^ help: explicitly specify the type as `f32`: `2.5_f32`
[INFO] [stdout]     |
[INFO] [stdout]     = warning: this was previously accepted by the compiler but is being phased out; it will become a hard error in a future release!
[INFO] [stdout]     = note: for more information, see issue #154024 <https://github.com/rust-lang/rust/issues/154024>
[INFO] [stdout] 
[INFO] [stdout] 
[INFO] [stdout] warning: falling back to `f32` as the trait bound `f32: From<f64>` is not satisfied
[INFO] [stdout]     --> src/ui/preview.rs:1023:51
[INFO] [stdout]      |
[INFO] [stdout] 1023 |                         .stroke(egui::Stroke::new(1.0, theme::BORDER))
[INFO] [stdout]      |                                                   ^^^ help: explicitly specify the type as `f32`: `1.0_f32`
[INFO] [stdout]      |
[INFO] [stdout]      = warning: this was previously accepted by the compiler but is being phased out; it will become a hard error in a future release!
[INFO] [stdout]      = note: for more information, see issue #154024 <https://github.com/rust-lang/rust/issues/154024>
[INFO] [stdout] 
[INFO] [stdout] 
[INFO] [stdout] warning: falling back to `f32` as the trait bound `f32: From<f64>` is not satisfied
[INFO] [stdout]     --> src/ui/preview.rs:2047:47
[INFO] [stdout]      |
[INFO] [stdout] 2047 | ...                   egui::Stroke::new(1.0, fade(Color32::from_white_alpha(180), chrome_alpha)),
[INFO] [stdout]      |                                         ^^^ help: explicitly specify the type as `f32`: `1.0_f32`
[INFO] [stdout]      |
[INFO] [stdout]      = warning: this was previously accepted by the compiler but is being phased out; it will become a hard error in a future release!
[INFO] [stdout]      = note: for more information, see issue #154024 <https://github.com/rust-lang/rust/issues/154024>
[INFO] [stdout] 
[INFO] [stdout] 
[INFO] [stdout] warning: falling back to `f32` as the trait bound `f32: From<f64>` is not satisfied
[INFO] [stdout]    --> src/ui/filterbar.rs:102:25
[INFO] [stdout]     |
[INFO] [stdout] 102 |             Stroke::new(2.0, theme::accent_alpha(0.9 * focus_t)),
[INFO] [stdout]     |                         ^^^ help: explicitly specify the type as `f32`: `2.0_f32`
[INFO] [stdout]     |
[INFO] [stdout]     = warning: this was previously accepted by the compiler but is being phased out; it will become a hard error in a future release!
[INFO] [stdout]     = note: for more information, see issue #154024 <https://github.com/rust-lang/rust/issues/154024>
[INFO] [stdout] 
[INFO] [stdout] 
[INFO] [stdout] warning: falling back to `f32` as the trait bound `f32: From<f64>` is not satisfied
[INFO] [stdout]    --> src/ui/filterbar.rs:635:27
[INFO] [stdout]     |
[INFO] [stdout] 635 |         egui::Stroke::new(3.0, Color32::from_white_alpha(18)),
[INFO] [stdout]     |                           ^^^ help: explicitly specify the type as `f32`: `3.0_f32`
[INFO] [stdout]     |
[INFO] [stdout]     = warning: this was previously accepted by the compiler but is being phased out; it will become a hard error in a future release!
[INFO] [stdout]     = note: for more information, see issue #154024 <https://github.com/rust-lang/rust/issues/154024>
[INFO] [stdout] 
[INFO] [stdout] 
[INFO] [stdout] warning: falling back to `f32` as the trait bound `f32: From<f64>` is not satisfied
[INFO] [stdout]    --> src/ui/filterbar.rs:646:13
[INFO] [stdout]     |
[INFO] [stdout] 646 |             3.0,
[INFO] [stdout]     |             ^^^ help: explicitly specify the type as `f32`: `3.0_f32`
[INFO] [stdout]     |
[INFO] [stdout]     = warning: this was previously accepted by the compiler but is being phased out; it will become a hard error in a future release!
[INFO] [stdout]     = note: for more information, see issue #154024 <https://github.com/rust-lang/rust/issues/154024>
[INFO] [stdout] 
[INFO] [stdout] 
[INFO] [stdout] warning: falling back to `f32` as the trait bound `f32: From<f64>` is not satisfied
[INFO] [stdout]    --> src/ui/filterbar.rs:755:21
[INFO] [stdout]     |
[INFO] [stdout] 755 |         Stroke::new(3.0, Color32::from_white_alpha(22)),
[INFO] [stdout]     |                     ^^^ help: explicitly specify the type as `f32`: `3.0_f32`
[INFO] [stdout]     |
[INFO] [stdout]     = warning: this was previously accepted by the compiler but is being phased out; it will become a hard error in a future release!
[INFO] [stdout]     = note: for more information, see issue #154024 <https://github.com/rust-lang/rust/issues/154024>
[INFO] [stdout] 
[INFO] [stdout] 
[INFO] [stdout] warning: falling back to `f32` as the trait bound `f32: From<f64>` is not satisfied
[INFO] [stdout]    --> src/ui/filterbar.rs:759:21
[INFO] [stdout]     |
[INFO] [stdout] 759 |         Stroke::new(3.0, theme::accent()),
[INFO] [stdout]     |                     ^^^ help: explicitly specify the type as `f32`: `3.0_f32`
[INFO] [stdout]     |
[INFO] [stdout]     = warning: this was previously accepted by the compiler but is being phased out; it will become a hard error in a future release!
[INFO] [stdout]     = note: for more information, see issue #154024 <https://github.com/rust-lang/rust/issues/154024>
[INFO] [stdout] 
[INFO] [stdout] 
[INFO] [stdout] warning: falling back to `f32` as the trait bound `f32: From<f64>` is not satisfied
[INFO] [stdout]   --> src/ui/info.rs:39:43
[INFO] [stdout]    |
[INFO] [stdout] 39 |                 .stroke(egui::Stroke::new(1.0, crate::theme::BORDER))
[INFO] [stdout]    |                                           ^^^ help: explicitly specify the type as `f32`: `1.0_f32`
[INFO] [stdout]    |
[INFO] [stdout]    = warning: this was previously accepted by the compiler but is being phased out; it will become a hard error in a future release!
[INFO] [stdout]    = note: for more information, see issue #154024 <https://github.com/rust-lang/rust/issues/154024>
[INFO] [stdout] 
[INFO] [stdout] 
[INFO] [stdout] warning: falling back to `f32` as the trait bound `f32: From<f64>` is not satisfied
[INFO] [stdout]    --> src/video.rs:735:39
[INFO] [stdout]     |
[INFO] [stdout] 735 |                     egui::Stroke::new(2.5, Color32::from_white_alpha(200)),
[INFO] [stdout]     |                                       ^^^ help: explicitly specify the type as `f32`: `2.5_f32`
[INFO] [stdout]     |
[INFO] [stdout]     = warning: this was previously accepted by the compiler but is being phased out; it will become a hard error in a future release!
[INFO] [stdout]     = note: for more information, see issue #154024 <https://github.com/rust-lang/rust/issues/154024>
[INFO] [stdout] 
[INFO] [stdout] 
[INFO] [stdout] warning: falling back to `f32` as the trait bound `f32: From<f64>` is not satisfied
[INFO] [stdout]    --> src/video.rs:742:39
[INFO] [stdout]     |
[INFO] [stdout] 742 |                     egui::Stroke::new(2.5, Color32::from_white_alpha(200)),
[INFO] [stdout]     |                                       ^^^ help: explicitly specify the type as `f32`: `2.5_f32`
[INFO] [stdout]     |
[INFO] [stdout]     = warning: this was previously accepted by the compiler but is being phased out; it will become a hard error in a future release!
[INFO] [stdout]     = note: for more information, see issue #154024 <https://github.com/rust-lang/rust/issues/154024>
[INFO] [stdout] 
[INFO] [stdout] 
[INFO] [stdout] warning: falling back to `f32` as the trait bound `f32: From<f64>` is not satisfied
[INFO] [stdout]     --> src/main.rs:1332:43
[INFO] [stdout]      |
[INFO] [stdout] 1332 |                         egui::Stroke::new(1.0, egui::Color32::from_white_alpha(26)),
[INFO] [stdout]      |                                           ^^^ help: explicitly specify the type as `f32`: `1.0_f32`
[INFO] [stdout]      |
[INFO] [stdout]      = warning: this was previously accepted by the compiler but is being phased out; it will become a hard error in a future release!
[INFO] [stdout]      = note: for more information, see issue #154024 <https://github.com/rust-lang/rust/issues/154024>
[INFO] [stdout] 
[INFO] [stdout] 
[INFO] [stdout] warning: falling back to `f32` as the trait bound `f32: From<f64>` is not satisfied
[INFO] [stdout]     --> src/main.rs:2204:63
[INFO] [stdout]      |
[INFO] [stdout] 2204 | ...                   egui::Stroke::new(1.5, theme::TEXT_PRIMARY),
[INFO] [stdout]      |                                         ^^^ help: explicitly specify the type as `f32`: `1.5_f32`
[INFO] [stdout]      |
[INFO] [stdout]      = warning: this was previously accepted by the compiler but is being phased out; it will become a hard error in a future release!
[INFO] [stdout]      = note: for more information, see issue #154024 <https://github.com/rust-lang/rust/issues/154024>
[INFO] [stdout] 
[INFO] [stdout] 
[INFO] [stdout] warning: falling back to `f32` as the trait bound `f32: From<f64>` is not satisfied
[INFO] [stdout]     --> src/main.rs:2236:63
[INFO] [stdout]      |
[INFO] [stdout] 2236 | ...                   egui::Stroke::new(1.5, theme::TEXT_PRIMARY),
[INFO] [stdout]      |                                         ^^^ help: explicitly specify the type as `f32`: `1.5_f32`
[INFO] [stdout]      |
[INFO] [stdout]      = warning: this was previously accepted by the compiler but is being phased out; it will become a hard error in a future release!
[INFO] [stdout]      = note: for more information, see issue #154024 <https://github.com/rust-lang/rust/issues/154024>
[INFO] [stdout] 
[INFO] [stdout] 
[INFO] [stdout] warning: falling back to `f32` as the trait bound `f32: From<f64>` is not satisfied
[INFO] [stdout]     --> src/main.rs:1332:43
[INFO] [stdout]      |
[INFO] [stdout] 1332 |                         egui::Stroke::new(1.0, egui::Color32::from_white_alpha(26)),
[INFO] [stdout]      |                                           ^^^ help: explicitly specify the type as `f32`: `1.0_f32`
[INFO] [stdout]      |
[INFO] [stdout]      = warning: this was previously accepted by the compiler but is being phased out; it will become a hard error in a future release!
[INFO] [stdout]      = note: for more information, see issue #154024 <https://github.com/rust-lang/rust/issues/154024>
[INFO] [stdout] 
[INFO] [stdout] 
[INFO] [stdout] warning: falling back to `f32` as the trait bound `f32: From<f64>` is not satisfied
[INFO] [stdout]     --> src/main.rs:2204:63
[INFO] [stdout]      |
[INFO] [stdout] 2204 | ...                   egui::Stroke::new(1.5, theme::TEXT_PRIMARY),
[INFO] [stdout]      |                                         ^^^ help: explicitly specify the type as `f32`: `1.5_f32`
[INFO] [stdout]      |
[INFO] [stdout]      = warning: this was previously accepted by the compiler but is being phased out; it will become a hard error in a future release!
[INFO] [stdout]      = note: for more information, see issue #154024 <https://github.com/rust-lang/rust/issues/154024>
[INFO] [stdout] 
[INFO] [stdout] 
[INFO] [stdout] warning: falling back to `f32` as the trait bound `f32: From<f64>` is not satisfied
[INFO] [stdout]     --> src/main.rs:2236:63
[INFO] [stdout]      |
[INFO] [stdout] 2236 | ...                   egui::Stroke::new(1.5, theme::TEXT_PRIMARY),
[INFO] [stdout]      |                                         ^^^ help: explicitly specify the type as `f32`: `1.5_f32`
[INFO] [stdout]      |
[INFO] [stdout]      = warning: this was previously accepted by the compiler but is being phased out; it will become a hard error in a future release!
[INFO] [stdout]      = note: for more information, see issue #154024 <https://github.com/rust-lang/rust/issues/154024>
[INFO] [stdout] 
[INFO] [stdout] 
[INFO] [stdout] warning: unused variable: `vlen`
[INFO] [stdout]    --> src/ui/sidebar.rs:557:13
[INFO] [stdout]     |
[INFO] [stdout] 557 |         let vlen = visible.len();
[INFO] [stdout]     |             ^^^^ help: if this is intentional, prefix it with an underscore: `_vlen`
[INFO] [stdout]     |
[INFO] [stdout]     = note: `#[warn(unused_variables)]` (part of `#[warn(unused)]`) on by default
[INFO] [stdout] 
[INFO] [stdout] 
[INFO] [stdout] warning: unused variable: `i`
[INFO] [stdout]    --> src/ui/sidebar.rs:559:14
[INFO] [stdout]     |
[INFO] [stdout] 559 |         for (i, tag) in visible.iter().enumerate() {
[INFO] [stdout]     |              ^ help: if this is intentional, prefix it with an underscore: `_i`
[INFO] [stdout] 
[INFO] [stdout] 
[INFO] [stdout] warning: unused variable: `vlen`
[INFO] [stdout]    --> src/ui/sidebar.rs:833:13
[INFO] [stdout]     |
[INFO] [stdout] 833 |         let vlen = visible.len();
[INFO] [stdout]     |             ^^^^ help: if this is intentional, prefix it with an underscore: `_vlen`
[INFO] [stdout] 
[INFO] [stdout] 
[INFO] [stdout] warning: unused variable: `i`
[INFO] [stdout]    --> src/ui/sidebar.rs:834:14
[INFO] [stdout]     |
[INFO] [stdout] 834 |         for (i, child) in visible.iter().enumerate() {
[INFO] [stdout]     |              ^ help: if this is intentional, prefix it with an underscore: `_i`
[INFO] [stdout] 
[INFO] [stdout] 
[INFO] [stdout] warning: unused variable: `vlen`
[INFO] [stdout]    --> src/ui/sidebar.rs:557:13
[INFO] [stdout]     |
[INFO] [stdout] 557 |         let vlen = visible.len();
[INFO] [stdout]     |             ^^^^ help: if this is intentional, prefix it with an underscore: `_vlen`
[INFO] [stdout]     |
[INFO] [stdout]     = note: `#[warn(unused_variables)]` (part of `#[warn(unused)]`) on by default
[INFO] [stdout] 
[INFO] [stdout] 
[INFO] [stdout] warning: unused variable: `i`
[INFO] [stdout]    --> src/ui/sidebar.rs:559:14
[INFO] [stdout]     |
[INFO] [stdout] 559 |         for (i, tag) in visible.iter().enumerate() {
[INFO] [stdout]     |              ^ help: if this is intentional, prefix it with an underscore: `_i`
[INFO] [stdout] 
[INFO] [stdout] 
[INFO] [stdout] warning: unused variable: `r`
[INFO] [stdout]     --> src/ui/preview.rs:1469:26
[INFO] [stdout]      |
[INFO] [stdout] 1469 |                     let (r, resp) = ui.allocate_exact_size(close_rect.size(), egui::Sense::click());
[INFO] [stdout]      |                          ^ help: if this is intentional, prefix it with an underscore: `_r`
[INFO] [stdout] 
[INFO] [stdout] 
[INFO] [stdout] warning: unused variable: `title_y`
[INFO] [stdout]     --> src/ui/preview.rs:1947:21
[INFO] [stdout]      |
[INFO] [stdout] 1947 |                 let title_y = rect.min.y + 25.0;
[INFO] [stdout]      |                     ^^^^^^^ help: if this is intentional, prefix it with an underscore: `_title_y`
[INFO] [stdout] 
[INFO] [stdout] 
[INFO] [stdout] warning: unused variable: `vlen`
[INFO] [stdout]    --> src/ui/sidebar.rs:833:13
[INFO] [stdout]     |
[INFO] [stdout] 833 |         let vlen = visible.len();
[INFO] [stdout]     |             ^^^^ help: if this is intentional, prefix it with an underscore: `_vlen`
[INFO] [stdout] 
[INFO] [stdout] 
[INFO] [stdout] warning: unused variable: `i`
[INFO] [stdout]    --> src/ui/sidebar.rs:834:14
[INFO] [stdout]     |
[INFO] [stdout] 834 |         for (i, child) in visible.iter().enumerate() {
[INFO] [stdout]     |              ^ help: if this is intentional, prefix it with an underscore: `_i`
[INFO] [stdout] 
[INFO] [stdout] 
[INFO] [stdout] warning: unused variable: `min_w`
[INFO] [stdout]     --> src/ui/preview.rs:2512:37
[INFO] [stdout]      |
[INFO] [stdout] 2512 | ...                   let min_w = 240.0_f32;
[INFO] [stdout]      |                           ^^^^^ help: if this is intentional, prefix it with an underscore: `_min_w`
[INFO] [stdout] 
[INFO] [stdout] 
[INFO] [stdout] warning: variable does not need to be mutable
[INFO] [stdout]   --> src/video.rs:51:9
[INFO] [stdout]    |
[INFO] [stdout] 51 |     let mut cmd = Command::new(binary);
[INFO] [stdout]    |         ----^^^
[INFO] [stdout]    |         |
[INFO] [stdout]    |         help: remove this `mut`
[INFO] [stdout]    |
[INFO] [stdout]    = note: `#[warn(unused_mut)]` (part of `#[warn(unused)]`) on by default
[INFO] [stdout] 
[INFO] [stdout] 
[INFO] [stdout] warning: unused variable: `r`
[INFO] [stdout]     --> src/ui/preview.rs:1469:26
[INFO] [stdout]      |
[INFO] [stdout] 1469 |                     let (r, resp) = ui.allocate_exact_size(close_rect.size(), egui::Sense::click());
[INFO] [stdout]      |                          ^ help: if this is intentional, prefix it with an underscore: `_r`
[INFO] [stdout] 
[INFO] [stdout] 
[INFO] [stdout] warning: unused variable: `title_y`
[INFO] [stdout]     --> src/ui/preview.rs:1947:21
[INFO] [stdout]      |
[INFO] [stdout] 1947 |                 let title_y = rect.min.y + 25.0;
[INFO] [stdout]      |                     ^^^^^^^ help: if this is intentional, prefix it with an underscore: `_title_y`
[INFO] [stdout] 
[INFO] [stdout] 
[INFO] [stdout] warning: unused variable: `min_w`
[INFO] [stdout]     --> src/ui/preview.rs:2512:37
[INFO] [stdout]      |
[INFO] [stdout] 2512 | ...                   let min_w = 240.0_f32;
[INFO] [stdout]      |                           ^^^^^ help: if this is intentional, prefix it with an underscore: `_min_w`
[INFO] [stdout] 
[INFO] [stdout] 
[INFO] [stdout] warning: unused variable: `pre_pending_some`
[INFO] [stdout]     --> src/main.rs:1160:29
[INFO] [stdout]      |
[INFO] [stdout] 1160 |                         let pre_pending_some = self.state.pending_action.is_some();
[INFO] [stdout]      |                             ^^^^^^^^^^^^^^^^ help: if this is intentional, prefix it with an underscore: `_pre_pending_some`
[INFO] [stdout] 
[INFO] [stdout] 
[INFO] [stdout] warning: unused variable: `min_w`
[INFO] [stdout]     --> src/main.rs:1168:29
[INFO] [stdout]      |
[INFO] [stdout] 1168 |                         let min_w = 240.0_f32;
[INFO] [stdout]      |                             ^^^^^ help: if this is intentional, prefix it with an underscore: `_min_w`
[INFO] [stdout] 
[INFO] [stdout] 
[INFO] [stdout] Some errors have detailed explanations: E0433, E0599.
[INFO] [stdout] 
[INFO] [stdout] For more information about an error, try `rustc --explain E0433`.
[INFO] [stdout] 
[INFO] [stderr] error: could not compile `photag` (bin "photag" test) due to 2 previous errors; 44 warnings emitted
[INFO] [stderr] warning: build failed, waiting for other jobs to finish...
[INFO] [stdout] warning: variable does not need to be mutable
[INFO] [stdout]   --> src/video.rs:51:9
[INFO] [stdout]    |
[INFO] [stdout] 51 |     let mut cmd = Command::new(binary);
[INFO] [stdout]    |         ----^^^
[INFO] [stdout]    |         |
[INFO] [stdout]    |         help: remove this `mut`
[INFO] [stdout]    |
[INFO] [stdout]    = note: `#[warn(unused_mut)]` (part of `#[warn(unused)]`) on by default
[INFO] [stdout] 
[INFO] [stdout] 
[INFO] [stdout] warning: unused variable: `pre_pending_some`
[INFO] [stdout]     --> src/main.rs:1160:29
[INFO] [stdout]      |
[INFO] [stdout] 1160 |                         let pre_pending_some = self.state.pending_action.is_some();
[INFO] [stdout]      |                             ^^^^^^^^^^^^^^^^ help: if this is intentional, prefix it with an underscore: `_pre_pending_some`
[INFO] [stdout] 
[INFO] [stdout] 
[INFO] [stdout] warning: unused variable: `min_w`
[INFO] [stdout]     --> src/main.rs:1168:29
[INFO] [stdout]      |
[INFO] [stdout] 1168 |                         let min_w = 240.0_f32;
[INFO] [stdout]      |                             ^^^^^ help: if this is intentional, prefix it with an underscore: `_min_w`
[INFO] [stdout] 
[INFO] [stdout] 
[INFO] [stdout] Some errors have detailed explanations: E0433, E0599.
[INFO] [stdout] 
[INFO] [stdout] For more information about an error, try `rustc --explain E0433`.
[INFO] [stdout] 
[INFO] [stderr] error: could not compile `photag` (bin "photag") due to 2 previous errors; 44 warnings emitted
[INFO] running `Command { std: "docker" "inspect" "b0ca0334389aa307a462000c529e67fd7f5c7e679c0272e39440616830a6365e", kill_on_drop: false }`
[INFO] running `Command { std: "docker" "rm" "-f" "b0ca0334389aa307a462000c529e67fd7f5c7e679c0272e39440616830a6365e", kill_on_drop: false }`
[INFO] [stdout] b0ca0334389aa307a462000c529e67fd7f5c7e679c0272e39440616830a6365e
