[INFO] cloning repository https://github.com/NullMagic2/OpenCTL-460
[INFO] running `Command { std: "git" "-c" "credential.helper=" "-c" "credential.helper=/workspace/cargo-home/bin/git-credential-null" "clone" "--bare" "https://github.com/NullMagic2/OpenCTL-460" "/workspace/cache/git-repos/https%3A%2F%2Fgithub.com%2FNullMagic2%2FOpenCTL-460", kill_on_drop: false }`
[INFO] [stderr] Cloning into bare repository '/workspace/cache/git-repos/https%3A%2F%2Fgithub.com%2FNullMagic2%2FOpenCTL-460'...
[INFO] running `Command { std: "git" "rev-parse" "HEAD", kill_on_drop: false }`
[INFO] [stdout] 3a06576e1bbf660ad9bdb3b51dd758b97edcd750
[INFO] checking NullMagic2/OpenCTL-460 against 3154cc1a3e6424e44f438a95007d043ed5ceaaf6+rustflags=-Znext-solver=coherence for pr-133502-30
[INFO] running `Command { std: "git" "clone" "/workspace/cache/git-repos/https%3A%2F%2Fgithub.com%2FNullMagic2%2FOpenCTL-460" "/workspace/builds/worker-1-tc1/source", kill_on_drop: false }`
[INFO] [stderr] Cloning into '/workspace/builds/worker-1-tc1/source'...
[INFO] [stderr] done.
[INFO] started tweaking git repo https://github.com/NullMagic2/OpenCTL-460
[INFO] removed 0 missing tests
[INFO] finished tweaking git repo https://github.com/NullMagic2/OpenCTL-460
[INFO] tweaked toml for git repo https://github.com/NullMagic2/OpenCTL-460 written to /workspace/builds/worker-1-tc1/source/Cargo.toml
[INFO] validating manifest of git repo https://github.com/NullMagic2/OpenCTL-460 on toolchain 3154cc1a3e6424e44f438a95007d043ed5ceaaf6
[INFO] running `Command { std: CARGO_HOME="/workspace/cargo-home" RUSTUP_HOME="/workspace/rustup-home" "/workspace/cargo-home/bin/cargo" "+3154cc1a3e6424e44f438a95007d043ed5ceaaf6" "metadata" "--manifest-path" "Cargo.toml" "--no-deps", kill_on_drop: false }`
[INFO] crate git repo https://github.com/NullMagic2/OpenCTL-460 already has a lockfile, it will not be regenerated
[INFO] running `Command { std: CARGO_HOME="/workspace/cargo-home" RUSTUP_HOME="/workspace/rustup-home" "/workspace/cargo-home/bin/cargo" "+3154cc1a3e6424e44f438a95007d043ed5ceaaf6" "fetch" "--manifest-path" "Cargo.toml", kill_on_drop: false }`
[INFO] running `Command { std: "docker" "create" "-v" "/var/lib/crater-agent-workspace/builds/worker-1-tc1/source:/opt/rustwide/workdir:ro,Z" "-v" "/var/lib/crater-agent-workspace/builds/worker-1-tc1/target:/opt/rustwide/target:rw,Z" "-v" "/var/lib/crater-agent-workspace/cargo-home:/opt/rustwide/cargo-home:ro,Z" "-v" "/var/lib/crater-agent-workspace/rustup-home:/opt/rustwide/rustup-home:ro,Z" "-m" "1610612736" "--network" "none" "ghcr.io/rust-lang/crates-build-env/linux@sha256:77db811e55d90add9212f6832c23229e3de5f1c1f9905e8cb07319ea15df73ac" "sleep" "infinity", kill_on_drop: false }`
[INFO] [stdout] 64e43e685dcc0f8786229f71f25d75e714947520b9bfd2f50e571f47a4754185
[INFO] running `Command { std: "docker" "start" "64e43e685dcc0f8786229f71f25d75e714947520b9bfd2f50e571f47a4754185", kill_on_drop: false }`
[INFO] running `Command { std: "docker" "inspect" "64e43e685dcc0f8786229f71f25d75e714947520b9bfd2f50e571f47a4754185", kill_on_drop: false }`
[INFO] running `Command { std: "docker" "exec" "-e" "SOURCE_DIR=/opt/rustwide/workdir" "-e" "CARGO_HOME=/opt/rustwide/cargo-home" "-e" "RUSTUP_HOME=/opt/rustwide/rustup-home" "-e" "CARGO_TARGET_DIR=/opt/rustwide/target" "-w" "/opt/rustwide/workdir" "--user" "0:0" "64e43e685dcc0f8786229f71f25d75e714947520b9bfd2f50e571f47a4754185" "/opt/rustwide/cargo-home/bin/cargo" "+3154cc1a3e6424e44f438a95007d043ed5ceaaf6" "metadata" "--no-deps" "--format-version=1", kill_on_drop: false }`
[INFO] running `Command { std: "docker" "inspect" "64e43e685dcc0f8786229f71f25d75e714947520b9bfd2f50e571f47a4754185", kill_on_drop: false }`
[INFO] running `Command { std: "docker" "exec" "-e" "SOURCE_DIR=/opt/rustwide/workdir" "-e" "CARGO_HOME=/opt/rustwide/cargo-home" "-e" "RUSTUP_HOME=/opt/rustwide/rustup-home" "-e" "CARGO_TARGET_DIR=/opt/rustwide/target" "-e" "CARGO_INCREMENTAL=0" "-e" "RUST_BACKTRACE=full" "-e" "RUSTFLAGS=--cap-lints=forbid -Znext-solver=coherence" "-e" "RUSTDOCFLAGS=--cap-lints=forbid" "-w" "/opt/rustwide/workdir" "--user" "0:0" "64e43e685dcc0f8786229f71f25d75e714947520b9bfd2f50e571f47a4754185" "/opt/rustwide/cargo-home/bin/cargo" "+3154cc1a3e6424e44f438a95007d043ed5ceaaf6" "check" "--frozen" "--all" "--all-targets" "--message-format=json", kill_on_drop: false }`
[INFO] [stderr]    Compiling ctl460-rust v0.3.21 (/opt/rustwide/workdir)
[INFO] [stderr]     Checking indexmap v2.14.2
[INFO] [stderr]    Compiling syn v3.0.5
[INFO] [stderr]    Compiling serde_derive v1.0.229
[INFO] [stderr]     Checking serde v1.0.229
[INFO] [stderr]     Checking toml_datetime v0.6.11
[INFO] [stderr]     Checking serde_spanned v0.6.9
[INFO] [stderr]     Checking toml_edit v0.22.27
[INFO] [stderr]     Checking toml v0.8.23
[INFO] [stdout] error[E0433]: cannot find module or crate `windows_sys` in this scope
[INFO] [stdout]   --> debug/wall_probe.rs:10:5
[INFO] [stdout]    |
[INFO] [stdout] 10 | use windows_sys::Win32::{
[INFO] [stdout]    |     ^^^^^^^^^^^ use of unresolved module or unlinked crate `windows_sys`
[INFO] [stdout]    |
[INFO] [stdout]    = help: if you wanted to use a crate named `windows_sys`, use `cargo add windows_sys` to add it to your `Cargo.toml`
[INFO] [stdout] 
[INFO] [stdout] 
[INFO] [stdout] error[E0432]: unresolved import `ctl460_rust::ipc`
[INFO] [stdout]   --> debug/wall_probe.rs:3:5
[INFO] [stdout]    |
[INFO] [stdout]  3 |     ipc::Mapping,
[INFO] [stdout]    |     ^^^ could not find `ipc` in `ctl460_rust`
[INFO] [stdout]    |
[INFO] [stdout] note: found an item that was configured out
[INFO] [stdout]   --> src/lib.rs:17:9
[INFO] [stdout]    |
[INFO] [stdout] 15 | #[cfg(windows)]
[INFO] [stdout]    |       ------- the item is gated here
[INFO] [stdout] 16 | #[path = "../shared/ipc.rs"]
[INFO] [stdout] 17 | pub mod ipc;
[INFO] [stdout]    |         ^^^
[INFO] [stdout] 
[INFO] [stdout] 
[INFO] [stdout] error[E0433]: cannot find module or crate `windows_sys` in this scope
[INFO] [stdout]  --> debug/edge_probe.rs:8:5
[INFO] [stdout]   |
[INFO] [stdout] 8 | use windows_sys::Win32::{
[INFO] [stdout]   |     ^^^^^^^^^^^ use of unresolved module or unlinked crate `windows_sys`
[INFO] [stdout]   |
[INFO] [stdout]   = help: if you wanted to use a crate named `windows_sys`, use `cargo add windows_sys` to add it to your `Cargo.toml`
[INFO] [stdout] 
[INFO] [stdout] 
[INFO] [stdout] error[E0432]: unresolved import `ctl460_rust::ipc`
[INFO] [stdout]   --> debug/edge_probe.rs:3:18
[INFO] [stdout]    |
[INFO] [stdout]  3 | use ctl460_rust::ipc::Mapping;
[INFO] [stdout]    |                  ^^^ could not find `ipc` in `ctl460_rust`
[INFO] [stdout]    |
[INFO] [stdout] note: found an item that was configured out
[INFO] [stdout]   --> src/lib.rs:17:9
[INFO] [stdout]    |
[INFO] [stdout] 15 | #[cfg(windows)]
[INFO] [stdout]    |       ------- the item is gated here
[INFO] [stdout] 16 | #[path = "../shared/ipc.rs"]
[INFO] [stdout] 17 | pub mod ipc;
[INFO] [stdout]    |         ^^^
[INFO] [stdout] 
[INFO] [stdout] 
[INFO] [stdout] error[E0425]: cannot find value `DPI_AWARENESS_CONTEXT_PER_MONITOR_AWARE_V2` in this scope
[INFO] [stdout]   --> debug/edge_probe.rs:14:39
[INFO] [stdout]    |
[INFO] [stdout] 14 |         SetProcessDpiAwarenessContext(DPI_AWARENESS_CONTEXT_PER_MONITOR_AWARE_V2);
[INFO] [stdout]    |                                       ^^^^^^^^^^^^^^^^^^^^^^^^^^^^^^^^^^^^^^^^^^ not found in this scope
[INFO] [stdout] 
[INFO] [stdout] 
[INFO] [stdout] error[E0433]: cannot find module or crate `windows_sys` in this scope
[INFO] [stdout]   --> debug/wall_probe.rs:10:5
[INFO] [stdout]    |
[INFO] [stdout] 10 | use windows_sys::Win32::{
[INFO] [stdout]    |     ^^^^^^^^^^^ use of unresolved module or unlinked crate `windows_sys`
[INFO] [stdout]    |
[INFO] [stdout]    = help: if you wanted to use a crate named `windows_sys`, use `cargo add windows_sys` to add it to your `Cargo.toml`
[INFO] [stdout] 
[INFO] [stdout] 
[INFO] [stdout] error[E0432]: unresolved import `ctl460_rust::ipc`
[INFO] [stdout]   --> debug/wall_probe.rs:3:5
[INFO] [stdout]    |
[INFO] [stdout]  3 |     ipc::Mapping,
[INFO] [stdout]    |     ^^^ could not find `ipc` in `ctl460_rust`
[INFO] [stdout]    |
[INFO] [stdout] note: found an item that was configured out
[INFO] [stdout]   --> src/lib.rs:17:9
[INFO] [stdout]    |
[INFO] [stdout] 15 | #[cfg(windows)]
[INFO] [stdout]    |       ------- the item is gated here
[INFO] [stdout] 16 | #[path = "../shared/ipc.rs"]
[INFO] [stdout] 17 | pub mod ipc;
[INFO] [stdout]    |         ^^^
[INFO] [stdout] 
[INFO] [stdout] 
[INFO] [stdout] error[E0425]: cannot find function, tuple struct or tuple variant `SetProcessDpiAwarenessContext` in this scope
[INFO] [stdout]   --> debug/edge_probe.rs:14:9
[INFO] [stdout]    |
[INFO] [stdout] 14 |         SetProcessDpiAwarenessContext(DPI_AWARENESS_CONTEXT_PER_MONITOR_AWARE_V2);
[INFO] [stdout]    |         ^^^^^^^^^^^^^^^^^^^^^^^^^^^^^ not found in this scope
[INFO] [stdout] 
[INFO] [stdout] 
[INFO] [stdout] error[E0425]: cannot find function, tuple struct or tuple variant `GetCursorPos` in this scope
[INFO] [stdout]   --> debug/edge_probe.rs:40:43
[INFO] [stdout]    |
[INFO] [stdout] 40 |                         let ok = unsafe { GetCursorPos(&mut cursor) };
[INFO] [stdout]    |                                           ^^^^^^^^^^^^ not found in this scope
[INFO] [stdout] 
[INFO] [stdout] 
[INFO] [stdout] error[E0433]: cannot find module or crate `hidapi` in this scope
[INFO] [stdout]   --> debug/wall_probe.rs:25:15
[INFO] [stdout]    |
[INFO] [stdout] 25 |     let api = hidapi::HidApi::new()?;
[INFO] [stdout]    |               ^^^^^^ use of unresolved module or unlinked crate `hidapi`
[INFO] [stdout]    |
[INFO] [stdout]    = help: if you wanted to use a crate named `hidapi`, use `cargo add hidapi` to add it to your `Cargo.toml`
[INFO] [stdout] 
[INFO] [stdout] 
[INFO] [stdout] Some errors have detailed explanations: E0425, E0432, E0433.
[INFO] [stdout] 
[INFO] [stdout] For more information about an error, try `rustc --explain E0425`.
[INFO] [stdout] 
[INFO] [stderr] error: could not compile `ctl460-rust` (bin "ctl460-edge-probe") due to 5 previous errors
[INFO] [stderr] warning: build failed, waiting for other jobs to finish...
[INFO] [stdout] error[E0433]: cannot find module or crate `windows_sys` in this scope
[INFO] [stdout]  --> debug/edge_probe.rs:8:5
[INFO] [stdout]   |
[INFO] [stdout] 8 | use windows_sys::Win32::{
[INFO] [stdout]   |     ^^^^^^^^^^^ use of unresolved module or unlinked crate `windows_sys`
[INFO] [stdout]   |
[INFO] [stdout]   = help: if you wanted to use a crate named `windows_sys`, use `cargo add windows_sys` to add it to your `Cargo.toml`
[INFO] [stdout] 
[INFO] [stdout] 
[INFO] [stdout] error[E0432]: unresolved import `ctl460_rust::ipc`
[INFO] [stdout]   --> debug/edge_probe.rs:3:18
[INFO] [stdout]    |
[INFO] [stdout]  3 | use ctl460_rust::ipc::Mapping;
[INFO] [stdout]    |                  ^^^ could not find `ipc` in `ctl460_rust`
[INFO] [stdout]    |
[INFO] [stdout] note: found an item that was configured out
[INFO] [stdout]   --> src/lib.rs:17:9
[INFO] [stdout]    |
[INFO] [stdout] 15 | #[cfg(windows)]
[INFO] [stdout]    |       ------- the item is gated here
[INFO] [stdout] 16 | #[path = "../shared/ipc.rs"]
[INFO] [stdout] 17 | pub mod ipc;
[INFO] [stdout]    |         ^^^
[INFO] [stdout] 
[INFO] [stdout] 
[INFO] [stdout] error[E0433]: cannot find module or crate `hidapi` in this scope
[INFO] [stdout]   --> debug/wall_probe.rs:25:15
[INFO] [stdout]    |
[INFO] [stdout] 25 |     let api = hidapi::HidApi::new()?;
[INFO] [stdout]    |               ^^^^^^ use of unresolved module or unlinked crate `hidapi`
[INFO] [stdout]    |
[INFO] [stdout]    = help: if you wanted to use a crate named `hidapi`, use `cargo add hidapi` to add it to your `Cargo.toml`
[INFO] [stdout] 
[INFO] [stdout] 
[INFO] [stdout] error[E0425]: cannot find value `DPI_AWARENESS_CONTEXT_PER_MONITOR_AWARE_V2` in this scope
[INFO] [stdout]   --> debug/edge_probe.rs:14:39
[INFO] [stdout]    |
[INFO] [stdout] 14 |         SetProcessDpiAwarenessContext(DPI_AWARENESS_CONTEXT_PER_MONITOR_AWARE_V2);
[INFO] [stdout]    |                                       ^^^^^^^^^^^^^^^^^^^^^^^^^^^^^^^^^^^^^^^^^^ not found in this scope
[INFO] [stdout] 
[INFO] [stdout] 
[INFO] [stdout] error[E0425]: cannot find function, tuple struct or tuple variant `SetProcessDpiAwarenessContext` in this scope
[INFO] [stdout]   --> debug/edge_probe.rs:14:9
[INFO] [stdout]    |
[INFO] [stdout] 14 |         SetProcessDpiAwarenessContext(DPI_AWARENESS_CONTEXT_PER_MONITOR_AWARE_V2);
[INFO] [stdout]    |         ^^^^^^^^^^^^^^^^^^^^^^^^^^^^^ not found in this scope
[INFO] [stdout] 
[INFO] [stdout] 
[INFO] [stdout] error[E0425]: cannot find function, tuple struct or tuple variant `GetCursorPos` in this scope
[INFO] [stdout]   --> debug/edge_probe.rs:40:43
[INFO] [stdout]    |
[INFO] [stdout] 40 |                         let ok = unsafe { GetCursorPos(&mut cursor) };
[INFO] [stdout]    |                                           ^^^^^^^^^^^^ not found in this scope
[INFO] [stdout] 
[INFO] [stdout] 
[INFO] [stdout] error[E0425]: cannot find value `DPI_AWARENESS_CONTEXT_PER_MONITOR_AWARE_V2` in this scope
[INFO] [stdout]   --> debug/wall_probe.rs:16:39
[INFO] [stdout]    |
[INFO] [stdout] 16 |         SetProcessDpiAwarenessContext(DPI_AWARENESS_CONTEXT_PER_MONITOR_AWARE_V2);
[INFO] [stdout]    |                                       ^^^^^^^^^^^^^^^^^^^^^^^^^^^^^^^^^^^^^^^^^^ not found in this scope
[INFO] [stdout] 
[INFO] [stdout] 
[INFO] [stdout] error[E0425]: cannot find value `SM_CXSCREEN` in this scope
[INFO] [stdout]   --> debug/wall_probe.rs:43:30
[INFO] [stdout]    |
[INFO] [stdout] 43 |             GetSystemMetrics(SM_CXSCREEN),
[INFO] [stdout]    |                              ^^^^^^^^^^^ not found in this scope
[INFO] [stdout] 
[INFO] [stdout] 
[INFO] [stdout] error[E0425]: cannot find value `SM_CYSCREEN` in this scope
[INFO] [stdout]   --> debug/wall_probe.rs:44:30
[INFO] [stdout]    |
[INFO] [stdout] 44 |             GetSystemMetrics(SM_CYSCREEN),
[INFO] [stdout]    |                              ^^^^^^^^^^^ not found in this scope
[INFO] [stdout] 
[INFO] [stdout] 
[INFO] [stdout] error[E0425]: cannot find value `SM_XVIRTUALSCREEN` in this scope
[INFO] [stdout]   --> debug/wall_probe.rs:45:30
[INFO] [stdout]    |
[INFO] [stdout] 45 |             GetSystemMetrics(SM_XVIRTUALSCREEN),
[INFO] [stdout]    |                              ^^^^^^^^^^^^^^^^^ not found in this scope
[INFO] [stdout] 
[INFO] [stdout] 
[INFO] [stdout] error[E0425]: cannot find value `SM_YVIRTUALSCREEN` in this scope
[INFO] [stdout]   --> debug/wall_probe.rs:46:30
[INFO] [stdout]    |
[INFO] [stdout] 46 |             GetSystemMetrics(SM_YVIRTUALSCREEN),
[INFO] [stdout]    |                              ^^^^^^^^^^^^^^^^^ not found in this scope
[INFO] [stdout] 
[INFO] [stdout] 
[INFO] [stdout] error[E0425]: cannot find value `SM_CXVIRTUALSCREEN` in this scope
[INFO] [stdout]   --> debug/wall_probe.rs:47:30
[INFO] [stdout]    |
[INFO] [stdout] 47 |             GetSystemMetrics(SM_CXVIRTUALSCREEN),
[INFO] [stdout]    |                              ^^^^^^^^^^^^^^^^^^ not found in this scope
[INFO] [stdout] 
[INFO] [stdout] 
[INFO] [stdout] error[E0425]: cannot find value `SM_CYVIRTUALSCREEN` in this scope
[INFO] [stdout]   --> debug/wall_probe.rs:48:30
[INFO] [stdout]    |
[INFO] [stdout] 48 |             GetSystemMetrics(SM_CYVIRTUALSCREEN),
[INFO] [stdout]    |                              ^^^^^^^^^^^^^^^^^^ not found in this scope
[INFO] [stdout] 
[INFO] [stdout] 
[INFO] [stdout] Some errors have detailed explanations: E0425, E0432, E0433.
[INFO] [stdout] 
[INFO] [stderr] error: could not compile `ctl460-rust` (bin "ctl460-edge-probe" test) due to 5 previous errors
[INFO] [stdout] For more information about an error, try `rustc --explain E0425`.
[INFO] [stdout] 
[INFO] [stdout] error[E0425]: cannot find function, tuple struct or tuple variant `SetProcessDpiAwarenessContext` in this scope
[INFO] [stdout]   --> debug/wall_probe.rs:16:9
[INFO] [stdout]    |
[INFO] [stdout] 16 |         SetProcessDpiAwarenessContext(DPI_AWARENESS_CONTEXT_PER_MONITOR_AWARE_V2);
[INFO] [stdout]    |         ^^^^^^^^^^^^^^^^^^^^^^^^^^^^^ not found in this scope
[INFO] [stdout] 
[INFO] [stdout] 
[INFO] [stdout] error[E0425]: cannot find function, tuple struct or tuple variant `GetSystemMetrics` in this scope
[INFO] [stdout]   --> debug/wall_probe.rs:43:13
[INFO] [stdout]    |
[INFO] [stdout] 43 |             GetSystemMetrics(SM_CXSCREEN),
[INFO] [stdout]    |             ^^^^^^^^^^^^^^^^ not found in this scope
[INFO] [stdout] 
[INFO] [stdout] 
[INFO] [stdout] error[E0425]: cannot find function, tuple struct or tuple variant `GetSystemMetrics` in this scope
[INFO] [stdout]   --> debug/wall_probe.rs:44:13
[INFO] [stdout]    |
[INFO] [stdout] 44 |             GetSystemMetrics(SM_CYSCREEN),
[INFO] [stdout]    |             ^^^^^^^^^^^^^^^^ not found in this scope
[INFO] [stdout] 
[INFO] [stdout] 
[INFO] [stdout] error[E0425]: cannot find function, tuple struct or tuple variant `GetSystemMetrics` in this scope
[INFO] [stdout]   --> debug/wall_probe.rs:45:13
[INFO] [stdout]    |
[INFO] [stdout] 45 |             GetSystemMetrics(SM_XVIRTUALSCREEN),
[INFO] [stdout]    |             ^^^^^^^^^^^^^^^^ not found in this scope
[INFO] [stdout] 
[INFO] [stdout] 
[INFO] [stdout] error[E0425]: cannot find function, tuple struct or tuple variant `GetSystemMetrics` in this scope
[INFO] [stdout]   --> debug/wall_probe.rs:46:13
[INFO] [stdout]    |
[INFO] [stdout] 46 |             GetSystemMetrics(SM_YVIRTUALSCREEN),
[INFO] [stdout]    |             ^^^^^^^^^^^^^^^^ not found in this scope
[INFO] [stdout] 
[INFO] [stdout] 
[INFO] [stdout] error[E0425]: cannot find function, tuple struct or tuple variant `GetSystemMetrics` in this scope
[INFO] [stdout]   --> debug/wall_probe.rs:47:13
[INFO] [stdout]    |
[INFO] [stdout] 47 |             GetSystemMetrics(SM_CXVIRTUALSCREEN),
[INFO] [stdout]    |             ^^^^^^^^^^^^^^^^ not found in this scope
[INFO] [stdout] 
[INFO] [stdout] 
[INFO] [stdout] error[E0425]: cannot find function, tuple struct or tuple variant `GetSystemMetrics` in this scope
[INFO] [stdout]   --> debug/wall_probe.rs:48:13
[INFO] [stdout]    |
[INFO] [stdout] 48 |             GetSystemMetrics(SM_CYVIRTUALSCREEN),
[INFO] [stdout]    |             ^^^^^^^^^^^^^^^^ not found in this scope
[INFO] [stdout] 
[INFO] [stdout] 
[INFO] [stdout] error[E0425]: cannot find function, tuple struct or tuple variant `GetCursorPos` in this scope
[INFO] [stdout]   --> debug/wall_probe.rs:88:17
[INFO] [stdout]    |
[INFO] [stdout] 88 |                 GetCursorPos(&mut cursor);
[INFO] [stdout]    |                 ^^^^^^^^^^^^ not found in this scope
[INFO] [stdout] 
[INFO] [stdout] 
[INFO] [stdout] error[E0425]: cannot find function, tuple struct or tuple variant `GetClipCursor` in this scope
[INFO] [stdout]   --> debug/wall_probe.rs:89:17
[INFO] [stdout]    |
[INFO] [stdout] 89 |                 GetClipCursor(&mut clip);
[INFO] [stdout]    |                 ^^^^^^^^^^^^^ not found in this scope
[INFO] [stdout] 
[INFO] [stdout] 
[INFO] [stdout] error[E0425]: cannot find value `DPI_AWARENESS_CONTEXT_PER_MONITOR_AWARE_V2` in this scope
[INFO] [stdout]   --> debug/wall_probe.rs:16:39
[INFO] [stdout]    |
[INFO] [stdout] 16 |         SetProcessDpiAwarenessContext(DPI_AWARENESS_CONTEXT_PER_MONITOR_AWARE_V2);
[INFO] [stdout]    |                                       ^^^^^^^^^^^^^^^^^^^^^^^^^^^^^^^^^^^^^^^^^^ not found in this scope
[INFO] [stdout] 
[INFO] [stdout] 
[INFO] [stdout] error[E0425]: cannot find value `SM_CXSCREEN` in this scope
[INFO] [stdout]   --> debug/wall_probe.rs:43:30
[INFO] [stdout]    |
[INFO] [stdout] 43 |             GetSystemMetrics(SM_CXSCREEN),
[INFO] [stdout]    |                              ^^^^^^^^^^^ not found in this scope
[INFO] [stdout] 
[INFO] [stdout] 
[INFO] [stdout] error[E0425]: cannot find value `SM_CYSCREEN` in this scope
[INFO] [stdout]   --> debug/wall_probe.rs:44:30
[INFO] [stdout]    |
[INFO] [stdout] 44 |             GetSystemMetrics(SM_CYSCREEN),
[INFO] [stdout]    |                              ^^^^^^^^^^^ not found in this scope
[INFO] [stdout] 
[INFO] [stdout] 
[INFO] [stdout] error[E0425]: cannot find value `SM_XVIRTUALSCREEN` in this scope
[INFO] [stdout]   --> debug/wall_probe.rs:45:30
[INFO] [stdout]    |
[INFO] [stdout] 45 |             GetSystemMetrics(SM_XVIRTUALSCREEN),
[INFO] [stdout]    |                              ^^^^^^^^^^^^^^^^^ not found in this scope
[INFO] [stdout] 
[INFO] [stdout] 
[INFO] [stdout] error[E0425]: cannot find value `SM_YVIRTUALSCREEN` in this scope
[INFO] [stdout]   --> debug/wall_probe.rs:46:30
[INFO] [stdout]    |
[INFO] [stdout] 46 |             GetSystemMetrics(SM_YVIRTUALSCREEN),
[INFO] [stdout]    |                              ^^^^^^^^^^^^^^^^^ not found in this scope
[INFO] [stdout] 
[INFO] [stdout] 
[INFO] [stdout] error[E0425]: cannot find value `SM_CXVIRTUALSCREEN` in this scope
[INFO] [stdout]   --> debug/wall_probe.rs:47:30
[INFO] [stdout]    |
[INFO] [stdout] 47 |             GetSystemMetrics(SM_CXVIRTUALSCREEN),
[INFO] [stdout]    |                              ^^^^^^^^^^^^^^^^^^ not found in this scope
[INFO] [stdout] 
[INFO] [stdout] 
[INFO] [stdout] error[E0425]: cannot find value `SM_CYVIRTUALSCREEN` in this scope
[INFO] [stdout]   --> debug/wall_probe.rs:48:30
[INFO] [stdout]    |
[INFO] [stdout] 48 |             GetSystemMetrics(SM_CYVIRTUALSCREEN),
[INFO] [stdout]    |                              ^^^^^^^^^^^^^^^^^^ not found in this scope
[INFO] [stdout] 
[INFO] [stdout] 
[INFO] [stdout] Some errors have detailed explanations: E0425, E0432, E0433.
[INFO] [stdout] 
[INFO] [stdout] For more information about an error, try `rustc --explain E0425`.
[INFO] [stdout] 
[INFO] [stdout] error[E0425]: cannot find function, tuple struct or tuple variant `SetProcessDpiAwarenessContext` in this scope
[INFO] [stdout]   --> debug/wall_probe.rs:16:9
[INFO] [stdout]    |
[INFO] [stdout] 16 |         SetProcessDpiAwarenessContext(DPI_AWARENESS_CONTEXT_PER_MONITOR_AWARE_V2);
[INFO] [stdout]    |         ^^^^^^^^^^^^^^^^^^^^^^^^^^^^^ not found in this scope
[INFO] [stdout] 
[INFO] [stdout] 
[INFO] [stderr] error: could not compile `ctl460-rust` (bin "ctl460-wall-probe") due to 19 previous errors
[INFO] [stdout] error[E0425]: cannot find function, tuple struct or tuple variant `GetSystemMetrics` in this scope
[INFO] [stdout]   --> debug/wall_probe.rs:43:13
[INFO] [stdout]    |
[INFO] [stdout] 43 |             GetSystemMetrics(SM_CXSCREEN),
[INFO] [stdout]    |             ^^^^^^^^^^^^^^^^ not found in this scope
[INFO] [stdout] 
[INFO] [stdout] 
[INFO] [stdout] error[E0425]: cannot find function, tuple struct or tuple variant `GetSystemMetrics` in this scope
[INFO] [stdout]   --> debug/wall_probe.rs:44:13
[INFO] [stdout]    |
[INFO] [stdout] 44 |             GetSystemMetrics(SM_CYSCREEN),
[INFO] [stdout]    |             ^^^^^^^^^^^^^^^^ not found in this scope
[INFO] [stdout] 
[INFO] [stdout] 
[INFO] [stdout] error[E0425]: cannot find function, tuple struct or tuple variant `GetSystemMetrics` in this scope
[INFO] [stdout]   --> debug/wall_probe.rs:45:13
[INFO] [stdout]    |
[INFO] [stdout] 45 |             GetSystemMetrics(SM_XVIRTUALSCREEN),
[INFO] [stdout]    |             ^^^^^^^^^^^^^^^^ not found in this scope
[INFO] [stdout] 
[INFO] [stdout] 
[INFO] [stdout] error[E0425]: cannot find function, tuple struct or tuple variant `GetSystemMetrics` in this scope
[INFO] [stdout]   --> debug/wall_probe.rs:46:13
[INFO] [stdout]    |
[INFO] [stdout] 46 |             GetSystemMetrics(SM_YVIRTUALSCREEN),
[INFO] [stdout]    |             ^^^^^^^^^^^^^^^^ not found in this scope
[INFO] [stdout] 
[INFO] [stdout] 
[INFO] [stdout] error[E0425]: cannot find function, tuple struct or tuple variant `GetSystemMetrics` in this scope
[INFO] [stdout]   --> debug/wall_probe.rs:47:13
[INFO] [stdout]    |
[INFO] [stdout] 47 |             GetSystemMetrics(SM_CXVIRTUALSCREEN),
[INFO] [stdout]    |             ^^^^^^^^^^^^^^^^ not found in this scope
[INFO] [stdout] 
[INFO] [stdout] 
[INFO] [stdout] error[E0425]: cannot find function, tuple struct or tuple variant `GetSystemMetrics` in this scope
[INFO] [stdout]   --> debug/wall_probe.rs:48:13
[INFO] [stdout]    |
[INFO] [stdout] 48 |             GetSystemMetrics(SM_CYVIRTUALSCREEN),
[INFO] [stdout]    |             ^^^^^^^^^^^^^^^^ not found in this scope
[INFO] [stdout] 
[INFO] [stdout] 
[INFO] [stdout] error[E0425]: cannot find function, tuple struct or tuple variant `GetCursorPos` in this scope
[INFO] [stdout]   --> debug/wall_probe.rs:88:17
[INFO] [stdout]    |
[INFO] [stdout] 88 |                 GetCursorPos(&mut cursor);
[INFO] [stdout]    |                 ^^^^^^^^^^^^ not found in this scope
[INFO] [stdout] 
[INFO] [stdout] 
[INFO] [stdout] error[E0425]: cannot find function, tuple struct or tuple variant `GetClipCursor` in this scope
[INFO] [stdout]   --> debug/wall_probe.rs:89:17
[INFO] [stdout]    |
[INFO] [stdout] 89 |                 GetClipCursor(&mut clip);
[INFO] [stdout]    |                 ^^^^^^^^^^^^^ not found in this scope
[INFO] [stdout] 
[INFO] [stdout] 
[INFO] [stdout] Some errors have detailed explanations: E0425, E0432, E0433.
[INFO] [stdout] 
[INFO] [stdout] For more information about an error, try `rustc --explain E0425`.
[INFO] [stdout] 
[INFO] [stderr] error: could not compile `ctl460-rust` (bin "ctl460-wall-probe" test) due to 19 previous errors
[INFO] running `Command { std: "docker" "inspect" "64e43e685dcc0f8786229f71f25d75e714947520b9bfd2f50e571f47a4754185", kill_on_drop: false }`
[INFO] running `Command { std: "docker" "rm" "-f" "64e43e685dcc0f8786229f71f25d75e714947520b9bfd2f50e571f47a4754185", kill_on_drop: false }`
[INFO] [stdout] 64e43e685dcc0f8786229f71f25d75e714947520b9bfd2f50e571f47a4754185
