[INFO] cloning repository https://github.com/Nk-YMZ/SPlayer-Forge
[INFO] running `Command { std: "git" "-c" "credential.helper=" "-c" "credential.helper=/workspace/cargo-home/bin/git-credential-null" "clone" "--bare" "https://github.com/Nk-YMZ/SPlayer-Forge" "/workspace/cache/git-repos/https%3A%2F%2Fgithub.com%2FNk-YMZ%2FSPlayer-Forge", kill_on_drop: false }`
[INFO] [stderr] Cloning into bare repository '/workspace/cache/git-repos/https%3A%2F%2Fgithub.com%2FNk-YMZ%2FSPlayer-Forge'...
[INFO] running `Command { std: "git" "rev-parse" "HEAD", kill_on_drop: false }`
[INFO] [stdout] 571dcf6742c2390e14ee6a0b7cdab4fe99d634fb
[INFO] checking Nk-YMZ/SPlayer-Forge against 3154cc1a3e6424e44f438a95007d043ed5ceaaf6 for pr-133502-30
[INFO] running `Command { std: "git" "clone" "/workspace/cache/git-repos/https%3A%2F%2Fgithub.com%2FNk-YMZ%2FSPlayer-Forge" "/workspace/builds/worker-2-tc2/source", kill_on_drop: false }`
[INFO] [stderr] Cloning into '/workspace/builds/worker-2-tc2/source'...
[INFO] [stderr] done.
[INFO] started tweaking git repo https://github.com/Nk-YMZ/SPlayer-Forge
[INFO] finished tweaking git repo https://github.com/Nk-YMZ/SPlayer-Forge
[INFO] tweaked toml for git repo https://github.com/Nk-YMZ/SPlayer-Forge written to /workspace/builds/worker-2-tc2/source/Cargo.toml
[INFO] validating manifest of git repo https://github.com/Nk-YMZ/SPlayer-Forge on toolchain 3154cc1a3e6424e44f438a95007d043ed5ceaaf6
[INFO] running `Command { std: CARGO_HOME="/workspace/cargo-home" RUSTUP_HOME="/workspace/rustup-home" "/workspace/cargo-home/bin/cargo" "+3154cc1a3e6424e44f438a95007d043ed5ceaaf6" "metadata" "--manifest-path" "Cargo.toml" "--no-deps", kill_on_drop: false }`
[INFO] crate git repo https://github.com/Nk-YMZ/SPlayer-Forge already has a lockfile, it will not be regenerated
[INFO] running `Command { std: CARGO_HOME="/workspace/cargo-home" RUSTUP_HOME="/workspace/rustup-home" "/workspace/cargo-home/bin/cargo" "+3154cc1a3e6424e44f438a95007d043ed5ceaaf6" "fetch" "--manifest-path" "Cargo.toml", kill_on_drop: false }`
[INFO] running `Command { std: "docker" "create" "-v" "/var/lib/crater-agent-workspace/builds/worker-2-tc2/source:/opt/rustwide/workdir:ro,Z" "-v" "/var/lib/crater-agent-workspace/builds/worker-2-tc2/target:/opt/rustwide/target:rw,Z" "-v" "/var/lib/crater-agent-workspace/cargo-home:/opt/rustwide/cargo-home:ro,Z" "-v" "/var/lib/crater-agent-workspace/rustup-home:/opt/rustwide/rustup-home:ro,Z" "-m" "1610612736" "--network" "none" "ghcr.io/rust-lang/crates-build-env/linux@sha256:77db811e55d90add9212f6832c23229e3de5f1c1f9905e8cb07319ea15df73ac" "sleep" "infinity", kill_on_drop: false }`
[INFO] [stdout] 8110f799d9a9fbefa71f95b666efd2bbbab8b729618e1baea4c0432b8a8e9a09
[INFO] running `Command { std: "docker" "start" "8110f799d9a9fbefa71f95b666efd2bbbab8b729618e1baea4c0432b8a8e9a09", kill_on_drop: false }`
[INFO] running `Command { std: "docker" "inspect" "8110f799d9a9fbefa71f95b666efd2bbbab8b729618e1baea4c0432b8a8e9a09", kill_on_drop: false }`
[INFO] running `Command { std: "docker" "exec" "-e" "SOURCE_DIR=/opt/rustwide/workdir" "-e" "CARGO_HOME=/opt/rustwide/cargo-home" "-e" "RUSTUP_HOME=/opt/rustwide/rustup-home" "-e" "CARGO_TARGET_DIR=/opt/rustwide/target" "-w" "/opt/rustwide/workdir" "--user" "0:0" "8110f799d9a9fbefa71f95b666efd2bbbab8b729618e1baea4c0432b8a8e9a09" "/opt/rustwide/cargo-home/bin/cargo" "+3154cc1a3e6424e44f438a95007d043ed5ceaaf6" "metadata" "--no-deps" "--format-version=1", kill_on_drop: false }`
[INFO] running `Command { std: "docker" "inspect" "8110f799d9a9fbefa71f95b666efd2bbbab8b729618e1baea4c0432b8a8e9a09", kill_on_drop: false }`
[INFO] running `Command { std: "docker" "exec" "-e" "SOURCE_DIR=/opt/rustwide/workdir" "-e" "CARGO_HOME=/opt/rustwide/cargo-home" "-e" "RUSTUP_HOME=/opt/rustwide/rustup-home" "-e" "CARGO_TARGET_DIR=/opt/rustwide/target" "-e" "CARGO_INCREMENTAL=0" "-e" "RUST_BACKTRACE=full" "-e" "RUSTFLAGS=--cap-lints=forbid" "-e" "RUSTDOCFLAGS=--cap-lints=forbid" "-w" "/opt/rustwide/workdir" "--user" "0:0" "8110f799d9a9fbefa71f95b666efd2bbbab8b729618e1baea4c0432b8a8e9a09" "/opt/rustwide/cargo-home/bin/cargo" "+3154cc1a3e6424e44f438a95007d043ed5ceaaf6" "check" "--frozen" "--all" "--all-targets" "--message-format=json", kill_on_drop: false }`
[INFO] [stderr]    Compiling quote v1.0.44
[INFO] [stderr]    Compiling proc-macro2 v1.0.106
[INFO] [stderr]     Checking futures-core v0.3.31
[INFO] [stderr]     Checking smallvec v1.15.1
[INFO] [stderr]    Compiling libc v0.2.180
[INFO] [stderr]     Checking memchr v2.7.6
[INFO] [stderr]     Checking futures-io v0.3.31
[INFO] [stderr]    Compiling serde_core v1.0.228
[INFO] [stderr]     Checking arrayvec v0.7.6
[INFO] [stderr]    Compiling anyhow v1.0.100
[INFO] [stderr]     Checking futures-sink v0.3.31
[INFO] [stderr]    Compiling winnow v0.7.14
[INFO] [stderr]     Checking parking_lot_core v0.9.12
[INFO] [stderr]     Checking bitflags v2.10.0
[INFO] [stderr]    Compiling num-traits v0.2.19
[INFO] [stderr]    Compiling zmij v1.0.19
[INFO] [stderr]     Checking bytemuck v1.25.0
[INFO] [stderr]     Checking parking_lot v0.12.5
[INFO] [stderr]     Checking futures-channel v0.3.31
[INFO] [stderr]     Checking socket2 v0.6.2
[INFO] [stderr]    Compiling syn v2.0.114
[INFO] [stderr]     Checking symphonia-core v0.5.5
[INFO] [stderr]     Checking tracing-core v0.1.36
[INFO] [stderr]     Checking crossbeam-epoch v0.9.18
[INFO] [stderr]     Checking unicode-ident v1.0.22
[INFO] [stderr]    Compiling jobserver v0.1.34
[INFO] [stderr]    Compiling napi-build v2.3.1
[INFO] [stderr]     Checking crossbeam-deque v0.8.6
[INFO] [stderr]     Checking concurrent-queue v2.5.0
[INFO] [stderr]     Checking simd-adler32 v0.3.8
[INFO] [stderr]    Compiling cc v1.2.55
[INFO] [stderr]     Checking rayon-core v1.13.0
[INFO] [stderr]     Checking num-integer v0.1.46
[INFO] [stderr]     Checking either v1.15.0
[INFO] [stderr]    Compiling dtor-proc-macro v0.0.6
[INFO] [stderr]    Compiling zstd-safe v7.2.4
[INFO] [stderr]     Checking serde_json v1.0.149
[INFO] [stderr]     Checking miniz_oxide v0.8.9
[INFO] [stderr]     Checking zeroize v1.8.2
[INFO] [stderr]     Checking symphonia-metadata v0.5.5
[INFO] [stderr]    Compiling rustix v1.1.3
[INFO] [stderr]    Compiling fastrand v2.3.0
[INFO] [stderr]    Compiling aws-lc-rs v1.15.4
[INFO] [stderr]     Checking rayon v1.11.0
[INFO] [stderr]     Checking event-listener v5.4.1
[INFO] [stderr]     Checking http v1.4.0
[INFO] [stderr]     Checking windows-link v0.2.1
[INFO] [stderr]    Compiling fst v0.4.7
[INFO] [stderr]    Compiling cmake v0.1.57
[INFO] [stderr]    Compiling toml_parser v1.0.6+spec-1.1.0
[INFO] [stderr]     Checking linux-raw-sys v0.11.0
[INFO] [stderr]    Compiling utf8parse v0.2.2
[INFO] [stderr]    Compiling wasm-bindgen-shared v0.2.108
[INFO] [stderr]    Compiling toml_datetime v0.7.5+spec-1.1.0
[INFO] [stderr]    Compiling virtue v0.0.18
[INFO] [stderr]    Compiling phf_shared v0.13.1
[INFO] [stderr]    Compiling zstd-sys v2.0.16+zstd.1.5.7
[INFO] [stderr]    Compiling aws-lc-sys v0.37.0
[INFO] [stderr]    Compiling toml_edit v0.23.10+spec-1.0.0
[INFO] [stderr]    Compiling anstyle-parse v0.2.7
[INFO] [stderr]     Checking event-listener-strategy v0.5.4
[INFO] [stderr]    Compiling bincode_derive v2.0.1
[INFO] [stderr]     Checking flate2 v1.1.9
[INFO] [stderr]    Compiling proc-macro-crate v3.4.0
[INFO] [stderr]     Checking rustls-pki-types v1.14.0
[INFO] [stderr]     Checking futures-lite v2.6.1
[INFO] [stderr]    Compiling anstyle-query v1.1.5
[INFO] [stderr]    Compiling anstyle v1.0.13
[INFO] [stderr]    Compiling is_terminal_polyfill v1.70.2
[INFO] [stderr]    Compiling colorchoice v1.0.4
[INFO] [stderr]    Compiling convert_case v0.10.0
[INFO] [stderr]    Compiling anstream v0.6.21
[INFO] [stderr]    Compiling synstructure v0.13.2
[INFO] [stderr]    Compiling phf_generator v0.13.1
[INFO] [stderr]     Checking http-body v1.0.1
[INFO] [stderr]     Checking symphonia-utils-xiph v0.5.5
[INFO] [stderr]     Checking dtor v0.1.1
[INFO] [stderr]     Checking num-bigint v0.4.6
[INFO] [stderr]    Compiling napi v3.8.2
[INFO] [stderr]    Compiling async-io v2.6.0
[INFO] [stderr]     Checking libloading v0.9.0
[INFO] [stderr]    Compiling rustversion v1.0.22
[INFO] [stderr]    Compiling zerocopy v0.8.38
[INFO] [stderr]    Compiling rustls v0.23.36
[INFO] [stderr]    Compiling clap_lex v0.7.7
[INFO] [stderr]    Compiling getrandom v0.3.4
[INFO] [stderr]    Compiling clap_builder v4.5.57
[INFO] [stderr]     Checking indexmap v2.13.0
[INFO] [stderr]    Compiling serde_derive v1.0.228
[INFO] [stderr]    Compiling zerofrom-derive v0.1.6
[INFO] [stderr]    Compiling yoke-derive v0.8.1
[INFO] [stderr]    Compiling tokio-macros v2.6.0
[INFO] [stderr]     Checking zerofrom v0.1.6
[INFO] [stderr]     Checking yoke v0.8.1
[INFO] [stderr]    Compiling zerovec-derive v0.11.2
[INFO] [stderr]    Compiling futures-macro v0.3.31
[INFO] [stderr]    Compiling displaydoc v0.2.5
[INFO] [stderr]     Checking tokio v1.49.0
[INFO] [stderr]     Checking futures-util v0.3.31
[INFO] [stderr]    Compiling tracing-attributes v0.1.31
[INFO] [stderr]     Checking zerovec v0.11.5
[INFO] [stderr]    Compiling thiserror-impl v2.0.18
[INFO] [stderr]     Checking tinystr v0.8.2
[INFO] [stderr]     Checking icu_locale_core v2.1.1
[INFO] [stderr]     Checking tracing v0.1.44
[INFO] [stderr]     Checking potential_utf v0.1.4
[INFO] [stderr]     Checking zerotrie v0.2.3
[INFO] [stderr]    Compiling enumflags2_derive v0.7.12
[INFO] [stderr]     Checking icu_collections v2.1.1
[INFO] [stderr]     Checking thiserror v2.0.18
[INFO] [stderr]    Compiling equator-macro v0.4.2
[INFO] [stderr]     Checking futures-executor v0.3.31
[INFO] [stderr]     Checking icu_provider v2.1.1
[INFO] [stderr]     Checking polling v3.11.0
[INFO] [stderr]     Checking futures v0.3.31
[INFO] [stderr]     Checking num-rational v0.4.2
[INFO] [stderr]    Compiling serde v1.0.228
[INFO] [stderr]     Checking icu_properties v2.1.2
[INFO] [stderr]     Checking icu_normalizer v2.1.1
[INFO] [stderr]     Checking equator v0.4.2
[INFO] [stderr]    Compiling windows-interface v0.59.3
[INFO] [stderr]     Checking aligned-vec v0.6.4
[INFO] [stderr]    Compiling windows-implement v0.60.2
[INFO] [stderr]    Compiling zvariant_utils v3.3.0
[INFO] [stderr]     Checking v_frame v0.3.9
[INFO] [stderr]    Compiling enumflags2 v0.7.12
[INFO] [stderr]    Compiling zerocopy-derive v0.8.38
[INFO] [stderr]    Compiling napi-derive-backend v5.0.1
[INFO] [stderr]    Compiling zvariant_derive v5.9.2
[INFO] [stderr]     Checking napi-sys v3.2.1
[INFO] [stderr]     Checking idna_adapter v1.2.1
[INFO] [stderr]     Checking ctor v0.6.3
[INFO] [stderr]    Compiling serde_spanned v1.0.4
[INFO] [stderr]     Checking windows-result v0.4.1
[INFO] [stderr]     Checking windows-strings v0.5.1
[INFO] [stderr]     Checking as-slice v0.2.1
[INFO] [stderr]    Compiling once_cell v1.21.3
[INFO] [stderr]     Checking rustc-hash v2.1.1
[INFO] [stderr]    Compiling cbindgen v0.29.2
[INFO] [stderr]    Compiling built v0.8.0
[INFO] [stderr]    Compiling av-scenechange v0.14.1
[INFO] [stderr]     Checking tokio-util v0.7.18
[INFO] [stderr]    Compiling unty v0.0.4
[INFO] [stderr]    Compiling windows_x86_64_gnu v0.52.6
[INFO] [stderr]    Compiling bincode v2.0.1
[INFO] [stderr]    Compiling rav1e v0.8.1
[INFO] [stderr]     Checking h2 v0.4.13
[INFO] [stderr]    Compiling napi-derive v3.5.1
[INFO] [stderr]     Checking idna v1.1.0
[INFO] [stderr]    Compiling zvariant v5.9.2
[INFO] [stderr]    Compiling tempfile v3.24.0
[INFO] [stderr]     Checking aligned v0.4.3
[INFO] [stderr]     Checking windows-core v0.62.2
[INFO] [stderr]    Compiling toml v0.9.11+spec-1.1.0
[INFO] [stderr]    Compiling clap v4.5.57
[INFO] [stderr]    Compiling profiling-procmacros v1.0.17
[INFO] [stderr]    Compiling arg_enum_proc_macro v0.3.4
[INFO] [stderr]    Compiling zstd v0.13.3
[INFO] [stderr]     Checking async-channel v2.5.0
[INFO] [stderr]     Checking nom v8.0.0
[INFO] [stderr]     Checking core2 v0.4.0
[INFO] [stderr]    Compiling bumpalo v3.19.1
[INFO] [stderr]     Checking quick-error v2.0.1
[INFO] [stderr]    Compiling time-core v0.1.8
[INFO] [stderr]    Compiling num-conv v0.2.0
[INFO] [stderr]     Checking regex-syntax v0.8.9
[INFO] [stderr]     Checking y4m v0.8.0
[INFO] [stderr]    Compiling pastey v0.1.1
[INFO] [stderr]    Compiling zbus_names v4.3.1
[INFO] [stderr]    Compiling time-macros v0.2.26
[INFO] [stderr]     Checking regex-automata v0.4.14
[INFO] [stderr]    Compiling ferrous-opencc-compiler v0.3.0
[INFO] [stderr]     Checking half v2.7.1
[INFO] [stderr]     Checking deranged v0.5.5
[INFO] [stderr]    Compiling libsqlite3-sys v0.36.0
[INFO] [stderr]    Compiling wasm-bindgen-macro-support v0.2.108
[INFO] [stderr]     Checking bitstream-io v4.9.0
[INFO] [stderr]     Checking url v2.5.8
[INFO] [stderr]     Checking profiling v1.0.17
[INFO] [stderr]    Compiling wasm-bindgen v0.2.108
[INFO] [stderr]     Checking hyper v1.8.1
[INFO] [stderr]     Checking async-signal v0.2.13
[INFO] [stderr]    Compiling num-derive v0.4.2
[INFO] [stderr]    Compiling fax_derive v0.2.0
[INFO] [stderr]    Compiling serde_repr v0.1.20
[INFO] [stderr]    Compiling phf_codegen v0.13.1
[INFO] [stderr]     Checking maybe-rayon v0.1.1
[INFO] [stderr]     Checking async-lock v3.4.2
[INFO] [stderr]     Checking av1-grain v0.2.5
[INFO] [stderr]     Checking itertools v0.14.0
[INFO] [stderr]     Checking piper v0.2.4
[INFO] [stderr]    Compiling simd_helpers v0.1.0
[INFO] [stderr]     Checking sync_wrapper v1.0.2
[INFO] [stderr]     Checking zune-core v0.4.12
[INFO] [stderr]    Compiling noop_proc_macro v0.3.0
[INFO] [stderr]     Checking weezl v0.1.12
[INFO] [stderr]     Checking new_debug_unreachable v1.0.6
[INFO] [stderr]     Checking ipnet v2.11.0
[INFO] [stderr]     Checking imgref v1.12.0
[INFO] [stderr]     Checking tower v0.5.3
[INFO] [stderr]     Checking loop9 v0.1.5
[INFO] [stderr]     Checking time v0.3.46
[INFO] [stderr]     Checking hyper-util v0.1.20
[INFO] [stderr]     Checking rustls-native-certs v0.8.3
[INFO] [stderr]     Checking zune-jpeg v0.4.21
[INFO] [stderr]    Compiling wasm-bindgen-macro v0.2.108
[INFO] [stderr]     Checking async-process v2.5.0
[INFO] [stderr]     Checking blocking v1.6.2
[INFO] [stderr]    Compiling ferrous-opencc v0.3.1
[INFO] [stderr]     Checking fax v0.2.6
[INFO] [stderr]     Checking windows-targets v0.52.6
[INFO] [stderr]     Checking matchers v0.2.0
[INFO] [stderr]    Compiling zbus_macros v5.13.2
[INFO] [stderr]     Checking async-executor v1.13.3
[INFO] [stderr]    Compiling async-trait v0.1.89
[INFO] [stderr]    Compiling phf_macros v0.13.1
[INFO] [stderr]     Checking async-broadcast v0.7.2
[INFO] [stderr]     Checking windows-threading v0.2.1
[INFO] [stderr]     Checking zune-inflate v0.2.54
[INFO] [stderr]     Checking fdeflate v0.3.7
[INFO] [stderr]     Checking pxfm v0.1.27
[INFO] [stderr]     Checking tracing-log v0.2.0
[INFO] [stderr]     Checking uuid v1.20.0
[INFO] [stderr]     Checking avif-serialize v0.8.6
[INFO] [stderr]     Checking ordered-stream v0.2.0
[INFO] [stderr]     Checking getrandom v0.2.17
[INFO] [stderr]     Checking crossbeam-queue v0.3.12
[INFO] [stderr]     Checking thread_local v1.1.9
[INFO] [stderr]     Checking rgb v0.8.52
[INFO] [stderr]     Checking extended v0.1.0
[INFO] [stderr]     Checking lebe v0.5.3
[INFO] [stderr]     Checking strength_reduce v0.2.4
[INFO] [stderr]     Checking color_quant v1.1.0
[INFO] [stderr]     Checking nu-ansi-term v0.50.3
[INFO] [stderr]     Checking bit_field v0.10.3
[INFO] [stderr]     Checking iri-string v0.7.10
[INFO] [stderr]     Checking zune-jpeg v0.5.12
[INFO] [stderr]     Checking tracing-subscriber v0.3.22
[INFO] [stderr]     Checking exr v1.74.0
[INFO] [stderr]     Checking zbus v5.13.2
[INFO] [stderr]     Checking tower-http v0.6.8
[INFO] [stderr]     Checking moxcms v0.7.11
[INFO] [stderr]     Checking gif v0.14.1
[INFO] [stderr]     Checking transpose v0.2.3
[INFO] [stderr]     Checking image-webp v0.2.4
[INFO] [stderr]     Checking symphonia-format-riff v0.5.5
[INFO] [stderr]     Checking crossbeam v0.8.4
[INFO] [stderr]     Checking ravif v0.12.0
[INFO] [stderr]     Checking uuid v0.8.2
[INFO] [stderr]     Checking png v0.18.0
[INFO] [stderr]     Checking phf v0.13.1
[INFO] [stderr]     Checking windows-future v0.3.2
[INFO] [stdout] error[E0425]: cannot find type `IMarshal` in module `windows_core::imp`
[INFO] [stdout]   --> /opt/rustwide/cargo-home/registry/src/index.crates.io-1949cf8c6b5b557f/windows-future-0.3.2/src/bindings.rs:87:51
[INFO] [stdout]    |
[INFO] [stdout] 87 |             } else if *iid == <windows_core::imp::IMarshal as windows_core::Interface>::IID {
[INFO] [stdout]    |                                                   ^^^^^^^^ not found in `windows_core::imp`
[INFO] [stdout] 
[INFO] [stdout] 
[INFO] [stdout] error[E0425]: cannot find function `marshaler` in module `windows_core::imp`
[INFO] [stdout]   --> /opt/rustwide/cargo-home/registry/src/index.crates.io-1949cf8c6b5b557f/windows-future-0.3.2/src/bindings.rs:89:43
[INFO] [stdout]    |
[INFO] [stdout] 89 |                 return windows_core::imp::marshaler(
[INFO] [stdout]    |                                           ^^^^^^^^^ not found in `windows_core::imp`
[INFO] [stdout] 
[INFO] [stdout] 
[INFO] [stdout] error[E0425]: cannot find type `IMarshal` in module `windows_core::imp`
[INFO] [stdout]    --> /opt/rustwide/cargo-home/registry/src/index.crates.io-1949cf8c6b5b557f/windows-future-0.3.2/src/bindings.rs:255:51
[INFO] [stdout]     |
[INFO] [stdout] 255 |             } else if *iid == <windows_core::imp::IMarshal as windows_core::Interface>::IID {
[INFO] [stdout]     |                                                   ^^^^^^^^ not found in `windows_core::imp`
[INFO] [stdout] 
[INFO] [stdout] 
[INFO] [stdout] error[E0425]: cannot find function `marshaler` in module `windows_core::imp`
[INFO] [stdout]    --> /opt/rustwide/cargo-home/registry/src/index.crates.io-1949cf8c6b5b557f/windows-future-0.3.2/src/bindings.rs:257:43
[INFO] [stdout]     |
[INFO] [stdout] 257 |                 return windows_core::imp::marshaler(
[INFO] [stdout]     |                                           ^^^^^^^^^ not found in `windows_core::imp`
[INFO] [stdout] 
[INFO] [stdout] 
[INFO] [stdout] error[E0425]: cannot find type `IMarshal` in module `windows_core::imp`
[INFO] [stdout]    --> /opt/rustwide/cargo-home/registry/src/index.crates.io-1949cf8c6b5b557f/windows-future-0.3.2/src/bindings.rs:422:364
[INFO] [stdout]     |
[INFO] [stdout] 422 | ... _ } else if * iid == < windows_core::imp::IMarshal as windows_core::Interface >::IID { ( * this ) . count . add_ref ( ) ; retur...
[INFO] [stdout]     |                                               ^^^^^^^^ not found in `windows_core::imp`
[INFO] [stdout] 
[INFO] [stdout] 
[INFO] [stdout] error[E0425]: cannot find function `marshaler` in module `windows_core::imp`
[INFO] [stdout]    --> /opt/rustwide/cargo-home/registry/src/index.crates.io-1949cf8c6b5b557f/windows-future-0.3.2/src/bindings.rs:422:470
[INFO] [stdout]     |
[INFO] [stdout] 422 | ... . add_ref ( ) ; return windows_core::imp::marshaler ( core::mem::transmute ( & mut ( * this ) . vtable as * mut _ as * mut core...
[INFO] [stdout]     |                                               ^^^^^^^^^ not found in `windows_core::imp`
[INFO] [stdout] 
[INFO] [stdout] 
[INFO] [stdout] error[E0425]: cannot find type `IMarshal` in module `windows_core::imp`
[INFO] [stdout]    --> /opt/rustwide/cargo-home/registry/src/index.crates.io-1949cf8c6b5b557f/windows-future-0.3.2/src/bindings.rs:572:51
[INFO] [stdout]     |
[INFO] [stdout] 572 |             } else if *iid == <windows_core::imp::IMarshal as windows_core::Interface>::IID {
[INFO] [stdout]     |                                                   ^^^^^^^^ not found in `windows_core::imp`
[INFO] [stdout] 
[INFO] [stdout] 
[INFO] [stdout] error[E0425]: cannot find function `marshaler` in module `windows_core::imp`
[INFO] [stdout]    --> /opt/rustwide/cargo-home/registry/src/index.crates.io-1949cf8c6b5b557f/windows-future-0.3.2/src/bindings.rs:574:43
[INFO] [stdout]     |
[INFO] [stdout] 574 |                 return windows_core::imp::marshaler(
[INFO] [stdout]     |                                           ^^^^^^^^^ not found in `windows_core::imp`
[INFO] [stdout] 
[INFO] [stdout] 
[INFO] [stdout] error[E0425]: cannot find type `IMarshal` in module `windows_core::imp`
[INFO] [stdout]    --> /opt/rustwide/cargo-home/registry/src/index.crates.io-1949cf8c6b5b557f/windows-future-0.3.2/src/bindings.rs:752:364
[INFO] [stdout]     |
[INFO] [stdout] 752 | ... _ } else if * iid == < windows_core::imp::IMarshal as windows_core::Interface >::IID { ( * this ) . count . add_ref ( ) ; retur...
[INFO] [stdout]     |                                               ^^^^^^^^ not found in `windows_core::imp`
[INFO] [stdout] 
[INFO] [stdout] 
[INFO] [stdout] error[E0425]: cannot find function `marshaler` in module `windows_core::imp`
[INFO] [stdout]    --> /opt/rustwide/cargo-home/registry/src/index.crates.io-1949cf8c6b5b557f/windows-future-0.3.2/src/bindings.rs:752:470
[INFO] [stdout]     |
[INFO] [stdout] 752 | ... . add_ref ( ) ; return windows_core::imp::marshaler ( core::mem::transmute ( & mut ( * this ) . vtable as * mut _ as * mut core...
[INFO] [stdout]     |                                               ^^^^^^^^^ not found in `windows_core::imp`
[INFO] [stdout] 
[INFO] [stdout] 
[INFO] [stdout] error[E0425]: cannot find type `IMarshal` in module `windows_core::imp`
[INFO] [stdout]    --> /opt/rustwide/cargo-home/registry/src/index.crates.io-1949cf8c6b5b557f/windows-future-0.3.2/src/bindings.rs:927:377
[INFO] [stdout]     |
[INFO] [stdout] 927 | ... _ } else if * iid == < windows_core::imp::IMarshal as windows_core::Interface >::IID { ( * this ) . count . add_ref ( ) ; retur...
[INFO] [stdout]     |                                               ^^^^^^^^ not found in `windows_core::imp`
[INFO] [stdout] 
[INFO] [stdout] 
[INFO] [stdout] error[E0425]: cannot find function `marshaler` in module `windows_core::imp`
[INFO] [stdout]    --> /opt/rustwide/cargo-home/registry/src/index.crates.io-1949cf8c6b5b557f/windows-future-0.3.2/src/bindings.rs:927:483
[INFO] [stdout]     |
[INFO] [stdout] 927 | ... . add_ref ( ) ; return windows_core::imp::marshaler ( core::mem::transmute ( & mut ( * this ) . vtable as * mut _ as * mut core...
[INFO] [stdout]     |                                               ^^^^^^^^^ not found in `windows_core::imp`
[INFO] [stdout] 
[INFO] [stdout] 
[INFO] [stdout] error[E0425]: cannot find function `submit` in crate `windows_threading`
[INFO] [stdout]    --> /opt/rustwide/cargo-home/registry/src/index.crates.io-1949cf8c6b5b557f/windows-future-0.3.2/src/async_spawn.rs:264:28
[INFO] [stdout]     |
[INFO] [stdout] 264 |         windows_threading::submit(move || {
[INFO] [stdout]     |                            ^^^^^^ not found in `windows_threading`
[INFO] [stdout] 
[INFO] [stdout] 
[INFO] [stdout] error[E0425]: cannot find function `submit` in crate `windows_threading`
[INFO] [stdout]    --> /opt/rustwide/cargo-home/registry/src/index.crates.io-1949cf8c6b5b557f/windows-future-0.3.2/src/async_spawn.rs:281:28
[INFO] [stdout]     |
[INFO] [stdout] 281 |         windows_threading::submit(move || {
[INFO] [stdout]     |                            ^^^^^^ not found in `windows_threading`
[INFO] [stdout] 
[INFO] [stdout] 
[INFO] [stdout] error[E0425]: cannot find function `submit` in crate `windows_threading`
[INFO] [stdout]    --> /opt/rustwide/cargo-home/registry/src/index.crates.io-1949cf8c6b5b557f/windows-future-0.3.2/src/async_spawn.rs:298:28
[INFO] [stdout]     |
[INFO] [stdout] 298 |         windows_threading::submit(move || {
[INFO] [stdout]     |                            ^^^^^^ not found in `windows_threading`
[INFO] [stdout] 
[INFO] [stdout] 
[INFO] [stdout] error[E0425]: cannot find function `submit` in crate `windows_threading`
[INFO] [stdout]    --> /opt/rustwide/cargo-home/registry/src/index.crates.io-1949cf8c6b5b557f/windows-future-0.3.2/src/async_spawn.rs:315:28
[INFO] [stdout]     |
[INFO] [stdout] 315 |         windows_threading::submit(move || {
[INFO] [stdout]     |                            ^^^^^^ not found in `windows_threading`
[INFO] [stdout] 
[INFO] [stdout] 
[INFO] [stdout] For more information about this error, try `rustc --explain E0425`.
[INFO] [stdout] 
[INFO] [stderr] error: could not compile `windows-future` (lib) due to 16 previous errors
[INFO] [stderr] warning: build failed, waiting for other jobs to finish...
[INFO] [stderr] error: failed to run custom build command for `ferrous-opencc v0.3.1`
[INFO] [stderr] note: To improve backtraces for build dependencies, set the CARGO_PROFILE_DEV_BUILD_OVERRIDE_DEBUG=true environment variable to enable debug information generation.
[INFO] [stderr] 
[INFO] [stderr] Caused by:
[INFO] [stderr]   process didn't exit successfully: `/opt/rustwide/target/debug/build/ferrous-opencc/7e3c36c2dc09ac0f/out/build_script_build` (exit status: 101)
[INFO] [stderr]   --- stderr
[INFO] [stderr] 
[INFO] [stderr]   thread 'main' (3334) panicked at /opt/rustwide/cargo-home/registry/src/index.crates.io-1949cf8c6b5b557f/ferrous-opencc-0.3.1/build.rs:115:10:
[INFO] [stderr]   Unable to generate bindings: CargoMetadata("/opt/rustwide/cargo-home/registry/src/index.crates.io-1949cf8c6b5b557f/ferrous-opencc-0.3.1/Cargo.toml", Metadata(Output { status: ExitStatus(unix_wait_status(25856)), stdout: "", stderr: " Downloading crates ...\nwarning: spurious network error (3 tries remaining): [6] Could not resolve hostname (Could not resolve host: static.crates.io)\nwarning: spurious network error (3 tries remaining): [6] Could not resolve hostname (Could not resolve host: static.crates.io)\nwarning: spurious network error (3 tries remaining): [6] Could not resolve hostname (Could not resolve host: static.crates.io)\nwarning: spurious network error (2 tries remaining): [6] Could not resolve hostname (Could not resolve host: static.crates.io)\nwarning: spurious network error (2 tries remaining): [6] Could not resolve hostname (Could not resolve host: static.crates.io)\nwarning: spurious network error (2 tries remaining): [6] Could not resolve hostname (Could not resolve host: static.crates.io)\nwarning: spurious network error (1 try remaining): [6] Could not resolve hostname (Could not resolve host: static.crates.io)\nwarning: spurious network error (1 try remaining): [6] Could not resolve hostname (Could not resolve host: static.crates.io)\nwarning: spurious network error (1 try remaining): [6] Could not resolve hostname (Could not resolve host: static.crates.io)\nerror: failed to download from `https://static.crates.io/crates/clap_builder/4.5.54/download`\n\nCaused by:\n  [6] Could not resolve hostname (Could not resolve host: static.crates.io)\n" }))
[INFO] [stderr]   stack backtrace:
[INFO] [stderr]      0:     0x56808dbdd741 - std[3164a59e47d3bde]::backtrace_rs::backtrace::libunwind::trace
[INFO] [stderr]                                  at /rustc/3154cc1a3e6424e44f438a95007d043ed5ceaaf6/library/std/src/../../backtrace/src/backtrace/libunwind.rs:117:9
[INFO] [stderr]      1:     0x56808dbdd741 - std[3164a59e47d3bde]::backtrace_rs::backtrace::trace_unsynchronized::<std[3164a59e47d3bde]::sys::backtrace::_print_fmt::{closure#1}>
[INFO] [stderr]                                  at /rustc/3154cc1a3e6424e44f438a95007d043ed5ceaaf6/library/std/src/../../backtrace/src/backtrace/mod.rs:66:14
[INFO] [stderr]      2:     0x56808dbdd741 - std[3164a59e47d3bde]::sys::backtrace::_print_fmt
[INFO] [stderr]                                  at /rustc/3154cc1a3e6424e44f438a95007d043ed5ceaaf6/library/std/src/sys/backtrace.rs:74:9
[INFO] [stderr]      3:     0x56808dbdd741 - <<std[3164a59e47d3bde]::sys::backtrace::BacktraceLock>::print::DisplayBacktrace as core[934024a1e6126fb4]::fmt::Display>::fmt
[INFO] [stderr]                                  at /rustc/3154cc1a3e6424e44f438a95007d043ed5ceaaf6/library/std/src/sys/backtrace.rs:44:26
[INFO] [stderr]      4:     0x56808dbf546a - <core[934024a1e6126fb4]::fmt::rt::Argument>::fmt
[INFO] [stderr]                                  at /rustc/3154cc1a3e6424e44f438a95007d043ed5ceaaf6/library/core/src/fmt/rt.rs:152:76
[INFO] [stderr]      5:     0x56808dbf546a - core[934024a1e6126fb4]::fmt::write
[INFO] [stderr]      6:     0x56808dbe335c - core[934024a1e6126fb4]::io::write::default_write_fmt::<std[3164a59e47d3bde]::sys::stdio::unix::Stderr>
[INFO] [stderr]                                  at /rustc/3154cc1a3e6424e44f438a95007d043ed5ceaaf6/library/core/src/io/write.rs:402:11
[INFO] [stderr]      7:     0x56808dbe335c - <std[3164a59e47d3bde]::sys::stdio::unix::Stderr as core[934024a1e6126fb4]::io::write::Write>::write_fmt
[INFO] [stderr]                                  at /rustc/3154cc1a3e6424e44f438a95007d043ed5ceaaf6/library/core/src/io/write.rs:335:13
[INFO] [stderr]      8:     0x56808dbbc4a6 - <std[3164a59e47d3bde]::sys::backtrace::BacktraceLock>::print
[INFO] [stderr]                                  at /rustc/3154cc1a3e6424e44f438a95007d043ed5ceaaf6/library/std/src/sys/backtrace.rs:47:9
[INFO] [stderr]      9:     0x56808dbbc4a6 - std[3164a59e47d3bde]::panicking::default_hook::{closure#0}
[INFO] [stderr]                                  at /rustc/3154cc1a3e6424e44f438a95007d043ed5ceaaf6/library/std/src/panicking.rs:289:27
[INFO] [stderr]     10:     0x56808dbd7b31 - std[3164a59e47d3bde]::panicking::default_hook
[INFO] [stderr]                                  at /rustc/3154cc1a3e6424e44f438a95007d043ed5ceaaf6/library/std/src/panicking.rs:316:9
[INFO] [stderr]     11:     0x56808dbd7e5b - std[3164a59e47d3bde]::panicking::panic_with_hook
[INFO] [stderr]                                  at /rustc/3154cc1a3e6424e44f438a95007d043ed5ceaaf6/library/std/src/panicking.rs:811:13
[INFO] [stderr]     12:     0x56808dbbc552 - std[3164a59e47d3bde]::panicking::panic_handler::{closure#0}
[INFO] [stderr]                                  at /rustc/3154cc1a3e6424e44f438a95007d043ed5ceaaf6/library/std/src/panicking.rs:685:13
[INFO] [stderr]     13:     0x56808dbb4a99 - std[3164a59e47d3bde]::sys::backtrace::__rust_end_short_backtrace::<std[3164a59e47d3bde]::panicking::panic_handler::{closure#0}, !>
[INFO] [stderr]                                  at /rustc/3154cc1a3e6424e44f438a95007d043ed5ceaaf6/library/std/src/sys/backtrace.rs:182:18
[INFO] [stderr]     14:     0x56808dbbce1d - __rustc[2e7b49d4226056d3]::rust_begin_unwind
[INFO] [stderr]                                  at /rustc/3154cc1a3e6424e44f438a95007d043ed5ceaaf6/library/std/src/panicking.rs:676:5
[INFO] [stderr]     15:     0x56808dbf5c8c - core[934024a1e6126fb4]::panicking::panic_fmt
[INFO] [stderr]                                  at /rustc/3154cc1a3e6424e44f438a95007d043ed5ceaaf6/library/core/src/panicking.rs:80:14
[INFO] [stderr]     16:     0x56808dbf59e2 - core[934024a1e6126fb4]::result::unwrap_failed
[INFO] [stderr]                                  at /rustc/3154cc1a3e6424e44f438a95007d043ed5ceaaf6/library/core/src/result.rs:1866:5
[INFO] [stderr]     17:     0x56808d6ecd08 - <core[934024a1e6126fb4]::result::Result<cbindgen[4f97f2bba8a9e555]::bindgen::bindings::Bindings, cbindgen[4f97f2bba8a9e555]::bindgen::error::Error>>::expect
[INFO] [stderr]     18:     0x56808d6e248b - build_script_build[d10de221dc482ae6]::run
[INFO] [stderr]     19:     0x56808d6e3bd9 - build_script_build[d10de221dc482ae6]::main
[INFO] [stderr]     20:     0x56808d71a303 - <fn() as core[934024a1e6126fb4]::ops::function::FnOnce<()>>::call_once
[INFO] [stderr]     21:     0x56808d6beea6 - std[3164a59e47d3bde]::sys::backtrace::__rust_begin_short_backtrace::<fn(), ()>
[INFO] [stderr]     22:     0x56808d6c4729 - std[3164a59e47d3bde]::rt::lang_start::<()>::{closure#0}
[INFO] [stderr]     23:     0x56808dbd6e28 - <&dyn core[934024a1e6126fb4]::ops::function::Fn<(), Output = i32> + core[934024a1e6126fb4]::marker::Sync + core[934024a1e6126fb4]::panic::unwind_safe::RefUnwindSafe as core[934024a1e6126fb4]::ops::function::FnOnce<()>>::call_once
[INFO] [stderr]                                  at /rustc/3154cc1a3e6424e44f438a95007d043ed5ceaaf6/library/core/src/ops/function.rs:287:21
[INFO] [stderr]     24:     0x56808dbd6e28 - std[3164a59e47d3bde]::panicking::catch_unwind::do_call::<&dyn core[934024a1e6126fb4]::ops::function::Fn<(), Output = i32> + core[934024a1e6126fb4]::marker::Sync + core[934024a1e6126fb4]::panic::unwind_safe::RefUnwindSafe, i32>
[INFO] [stderr]                                  at /rustc/3154cc1a3e6424e44f438a95007d043ed5ceaaf6/library/std/src/panicking.rs:573:43
[INFO] [stderr]     25:     0x56808dbd6e28 - std[3164a59e47d3bde]::panicking::catch_unwind::<i32, &dyn core[934024a1e6126fb4]::ops::function::Fn<(), Output = i32> + core[934024a1e6126fb4]::marker::Sync + core[934024a1e6126fb4]::panic::unwind_safe::RefUnwindSafe>
[INFO] [stderr]                                  at /rustc/3154cc1a3e6424e44f438a95007d043ed5ceaaf6/library/std/src/panicking.rs:541:19
[INFO] [stderr]     26:     0x56808dbd6e28 - std[3164a59e47d3bde]::panic::catch_unwind::<&dyn core[934024a1e6126fb4]::ops::function::Fn<(), Output = i32> + core[934024a1e6126fb4]::marker::Sync + core[934024a1e6126fb4]::panic::unwind_safe::RefUnwindSafe, i32>
[INFO] [stderr]                                  at /rustc/3154cc1a3e6424e44f438a95007d043ed5ceaaf6/library/std/src/panic.rs:359:14
[INFO] [stderr]     27:     0x56808dbd6e28 - std[3164a59e47d3bde]::rt::lang_start_internal::{closure#0}
[INFO] [stderr]                                  at /rustc/3154cc1a3e6424e44f438a95007d043ed5ceaaf6/library/std/src/rt.rs:175:24
[INFO] [stderr]     28:     0x56808dbd6e28 - std[3164a59e47d3bde]::panicking::catch_unwind::do_call::<std[3164a59e47d3bde]::rt::lang_start_internal::{closure#0}, isize>
[INFO] [stderr]                                  at /rustc/3154cc1a3e6424e44f438a95007d043ed5ceaaf6/library/std/src/panicking.rs:573:43
[INFO] [stderr]     29:     0x56808dbd6e28 - std[3164a59e47d3bde]::panicking::catch_unwind::<isize, std[3164a59e47d3bde]::rt::lang_start_internal::{closure#0}>
[INFO] [stderr]                                  at /rustc/3154cc1a3e6424e44f438a95007d043ed5ceaaf6/library/std/src/panicking.rs:541:19
[INFO] [stderr]     30:     0x56808dbd6e28 - std[3164a59e47d3bde]::panic::catch_unwind::<std[3164a59e47d3bde]::rt::lang_start_internal::{closure#0}, isize>
[INFO] [stderr]                                  at /rustc/3154cc1a3e6424e44f438a95007d043ed5ceaaf6/library/std/src/panic.rs:359:14
[INFO] [stderr]     31:     0x56808dbd6e28 - std[3164a59e47d3bde]::rt::lang_start_internal
[INFO] [stderr]                                  at /rustc/3154cc1a3e6424e44f438a95007d043ed5ceaaf6/library/std/src/rt.rs:171:5
[INFO] [stderr]     32:     0x56808d6be551 - std[3164a59e47d3bde]::rt::lang_start::<()>
[INFO] [stderr]     33:     0x56808d6e54d5 - main
[INFO] [stderr]     34:     0x7009cf345601 - <unknown>
[INFO] [stderr]     35:     0x7009cf345718 - __libc_start_main
[INFO] [stderr]     36:     0x56808d5fbfc5 - _start
[INFO] [stderr]     37:                0x0 - <unknown>
[INFO] running `Command { std: "docker" "inspect" "8110f799d9a9fbefa71f95b666efd2bbbab8b729618e1baea4c0432b8a8e9a09", kill_on_drop: false }`
[INFO] running `Command { std: "docker" "rm" "-f" "8110f799d9a9fbefa71f95b666efd2bbbab8b729618e1baea4c0432b8a8e9a09", kill_on_drop: false }`
[INFO] [stdout] 8110f799d9a9fbefa71f95b666efd2bbbab8b729618e1baea4c0432b8a8e9a09
