[INFO] cloning repository https://github.com/NivredG/xet-core
[INFO] running `Command { std: "git" "-c" "credential.helper=" "-c" "credential.helper=/workspace/cargo-home/bin/git-credential-null" "clone" "--bare" "https://github.com/NivredG/xet-core" "/workspace/cache/git-repos/https%3A%2F%2Fgithub.com%2FNivredG%2Fxet-core", kill_on_drop: false }`
[INFO] [stderr] Cloning into bare repository '/workspace/cache/git-repos/https%3A%2F%2Fgithub.com%2FNivredG%2Fxet-core'...
[INFO] running `Command { std: "git" "rev-parse" "HEAD", kill_on_drop: false }`
[INFO] [stdout] 830ee493cd089c0ad8702185194991cd20b1adc8
[INFO] checking NivredG/xet-core against 3154cc1a3e6424e44f438a95007d043ed5ceaaf6 for pr-133502-30
[INFO] running `Command { std: "git" "clone" "/workspace/cache/git-repos/https%3A%2F%2Fgithub.com%2FNivredG%2Fxet-core" "/workspace/builds/worker-7-tc2/source", kill_on_drop: false }`
[INFO] [stderr] Cloning into '/workspace/builds/worker-7-tc2/source'...
[INFO] [stderr] done.
[INFO] removed /workspace/builds/worker-7-tc2/source/.cargo/config.toml
[INFO] started tweaking git repo https://github.com/NivredG/xet-core
[INFO] finished tweaking git repo https://github.com/NivredG/xet-core
[INFO] tweaked toml for git repo https://github.com/NivredG/xet-core written to /workspace/builds/worker-7-tc2/source/Cargo.toml
[INFO] validating manifest of git repo https://github.com/NivredG/xet-core on toolchain 3154cc1a3e6424e44f438a95007d043ed5ceaaf6
[INFO] running `Command { std: CARGO_HOME="/workspace/cargo-home" RUSTUP_HOME="/workspace/rustup-home" "/workspace/cargo-home/bin/cargo" "+3154cc1a3e6424e44f438a95007d043ed5ceaaf6" "metadata" "--manifest-path" "Cargo.toml" "--no-deps", kill_on_drop: false }`
[INFO] crate git repo https://github.com/NivredG/xet-core already has a lockfile, it will not be regenerated
[INFO] running `Command { std: CARGO_HOME="/workspace/cargo-home" RUSTUP_HOME="/workspace/rustup-home" "/workspace/cargo-home/bin/cargo" "+3154cc1a3e6424e44f438a95007d043ed5ceaaf6" "fetch" "--manifest-path" "Cargo.toml", kill_on_drop: false }`
[INFO] [stderr] warning: unused workspace dependency `bitflags`
[INFO] [stderr]   --> Cargo.toml:94:25
[INFO] [stderr]    |
[INFO] [stderr] 94 | [workspace.dependencies.bitflags]
[INFO] [stderr]    |                         ^^^^^^^^
[INFO] [stderr]    |
[INFO] [stderr]    = note: `cargo::unused_workspace_dependencies` is set to `warn` by default
[INFO] [stderr] help: consider removing the workspace dependency `bitflags`
[INFO] [stderr] warning: unused workspace dependency `hyper-util`
[INFO] [stderr]   --> Cargo.toml:49:1
[INFO] [stderr]    |
[INFO] [stderr] 49 | hyper-util = "0.1"
[INFO] [stderr]    | ^^^^^^^^^^
[INFO] [stderr]    |
[INFO] [stderr] help: consider removing the workspace dependency `hyper-util`
[INFO] [stderr] warning: unused workspace dependency `js-sys`
[INFO] [stderr]   --> Cargo.toml:51:1
[INFO] [stderr]    |
[INFO] [stderr] 51 | js-sys = "0.3"
[INFO] [stderr]    | ^^^^^^
[INFO] [stderr]    |
[INFO] [stderr] help: consider removing the workspace dependency `js-sys`
[INFO] [stderr] warning: unused workspace dependency `rand_chacha`
[INFO] [stderr]   --> Cargo.toml:59:1
[INFO] [stderr]    |
[INFO] [stderr] 59 | rand_chacha = "0.10"
[INFO] [stderr]    | ^^^^^^^^^^^
[INFO] [stderr]    |
[INFO] [stderr] help: consider removing the workspace dependency `rand_chacha`
[INFO] [stderr] warning: unused workspace dependency `rand_core`
[INFO] [stderr]   --> Cargo.toml:60:1
[INFO] [stderr]    |
[INFO] [stderr] 60 | rand_core = "0.10"
[INFO] [stderr]    | ^^^^^^^^^
[INFO] [stderr]    |
[INFO] [stderr] help: consider removing the workspace dependency `rand_core`
[INFO] [stderr] warning: unused workspace dependency `tracing-log`
[INFO] [stderr]   --> Cargo.toml:83:1
[INFO] [stderr]    |
[INFO] [stderr] 83 | tracing-log = "0.2"
[INFO] [stderr]    | ^^^^^^^^^^^
[INFO] [stderr]    |
[INFO] [stderr] help: consider removing the workspace dependency `tracing-log`
[INFO] [stderr] warning: unused workspace dependency `wasm-bindgen`
[INFO] [stderr]   --> Cargo.toml:88:1
[INFO] [stderr]    |
[INFO] [stderr] 88 | wasm-bindgen = "=0.2.121"
[INFO] [stderr]    | ^^^^^^^^^^^^
[INFO] [stderr]    |
[INFO] [stderr] help: consider removing the workspace dependency `wasm-bindgen`
[INFO] [stderr] warning: unused workspace dependency `wasm-bindgen-futures`
[INFO] [stderr]   --> Cargo.toml:89:1
[INFO] [stderr]    |
[INFO] [stderr] 89 | wasm-bindgen-futures = "0.4"
[INFO] [stderr]    | ^^^^^^^^^^^^^^^^^^^^
[INFO] [stderr]    |
[INFO] [stderr] help: consider removing the workspace dependency `wasm-bindgen-futures`
[INFO] [stderr] warning: workspace (manifest) generated 8 warnings
[INFO] [stderr] warning: `package.homepage` is redundant with `package.repository`
[INFO] [stderr]  --> xet_pkg/Cargo.toml:6:1
[INFO] [stderr]   |
[INFO] [stderr] 6 | homepage.workspace = true
[INFO] [stderr]   | ^^^^^^^^
[INFO] [stderr] 7 | repository.workspace = true
[INFO] [stderr]   | ----------
[INFO] [stderr]   |
[INFO] [stderr]   = note: `cargo::redundant_homepage` is set to `warn` by default
[INFO] [stderr] help: consider removing `package.homepage`
[INFO] [stderr] warning: `hf-xet` (manifest) generated 1 warning
[INFO] [stderr] warning: `package.homepage` is redundant with `package.repository`
[INFO] [stderr]  --> xet_data/Cargo.toml:6:1
[INFO] [stderr]   |
[INFO] [stderr] 6 | homepage.workspace = true
[INFO] [stderr]   | ^^^^^^^^
[INFO] [stderr] 7 | repository.workspace = true
[INFO] [stderr]   | ----------
[INFO] [stderr]   |
[INFO] [stderr]   = note: `cargo::redundant_homepage` is set to `warn` by default
[INFO] [stderr] help: consider removing `package.homepage`
[INFO] [stderr] warning: `xet-data` (manifest) generated 1 warning
[INFO] [stderr] warning: `package.homepage` is redundant with `package.repository`
[INFO] [stderr]  --> xet_runtime/Cargo.toml:6:1
[INFO] [stderr]   |
[INFO] [stderr] 6 | homepage.workspace = true
[INFO] [stderr]   | ^^^^^^^^
[INFO] [stderr] 7 | repository.workspace = true
[INFO] [stderr]   | ----------
[INFO] [stderr]   |
[INFO] [stderr]   = note: `cargo::redundant_homepage` is set to `warn` by default
[INFO] [stderr] help: consider removing `package.homepage`
[INFO] [stderr] warning: `xet-runtime` (manifest) generated 1 warning
[INFO] [stderr] warning: `package.homepage` is redundant with `package.repository`
[INFO] [stderr]  --> xet_core_structures/Cargo.toml:6:1
[INFO] [stderr]   |
[INFO] [stderr] 6 | homepage.workspace = true
[INFO] [stderr]   | ^^^^^^^^
[INFO] [stderr] 7 | repository.workspace = true
[INFO] [stderr]   | ----------
[INFO] [stderr]   |
[INFO] [stderr]   = note: `cargo::redundant_homepage` is set to `warn` by default
[INFO] [stderr] help: consider removing `package.homepage`
[INFO] [stderr] warning: `xet-core-structures` (manifest) generated 1 warning
[INFO] [stderr] warning: `package.homepage` is redundant with `package.repository`
[INFO] [stderr]  --> xet_client/Cargo.toml:6:1
[INFO] [stderr]   |
[INFO] [stderr] 6 | homepage.workspace = true
[INFO] [stderr]   | ^^^^^^^^
[INFO] [stderr] 7 | repository.workspace = true
[INFO] [stderr]   | ----------
[INFO] [stderr]   |
[INFO] [stderr]   = note: `cargo::redundant_homepage` is set to `warn` by default
[INFO] [stderr] help: consider removing `package.homepage`
[INFO] [stderr] warning: `xet-client` (manifest) generated 1 warning
[INFO] running `Command { std: "docker" "create" "-v" "/var/lib/crater-agent-workspace/builds/worker-7-tc2/source:/opt/rustwide/workdir:ro,Z" "-v" "/var/lib/crater-agent-workspace/builds/worker-7-tc2/target:/opt/rustwide/target:rw,Z" "-v" "/var/lib/crater-agent-workspace/cargo-home:/opt/rustwide/cargo-home:ro,Z" "-v" "/var/lib/crater-agent-workspace/rustup-home:/opt/rustwide/rustup-home:ro,Z" "-m" "1610612736" "--network" "none" "ghcr.io/rust-lang/crates-build-env/linux@sha256:77db811e55d90add9212f6832c23229e3de5f1c1f9905e8cb07319ea15df73ac" "sleep" "infinity", kill_on_drop: false }`
[INFO] [stdout] 3845886a24899eea7d0d43a67b636d51587a668b86aecf7dcdf85ad6c3967f95
[INFO] running `Command { std: "docker" "start" "3845886a24899eea7d0d43a67b636d51587a668b86aecf7dcdf85ad6c3967f95", kill_on_drop: false }`
[INFO] running `Command { std: "docker" "inspect" "3845886a24899eea7d0d43a67b636d51587a668b86aecf7dcdf85ad6c3967f95", kill_on_drop: false }`
[INFO] running `Command { std: "docker" "exec" "-e" "SOURCE_DIR=/opt/rustwide/workdir" "-e" "CARGO_HOME=/opt/rustwide/cargo-home" "-e" "RUSTUP_HOME=/opt/rustwide/rustup-home" "-e" "CARGO_TARGET_DIR=/opt/rustwide/target" "-w" "/opt/rustwide/workdir" "--user" "0:0" "3845886a24899eea7d0d43a67b636d51587a668b86aecf7dcdf85ad6c3967f95" "/opt/rustwide/cargo-home/bin/cargo" "+3154cc1a3e6424e44f438a95007d043ed5ceaaf6" "metadata" "--no-deps" "--format-version=1", kill_on_drop: false }`
[INFO] running `Command { std: "docker" "inspect" "3845886a24899eea7d0d43a67b636d51587a668b86aecf7dcdf85ad6c3967f95", kill_on_drop: false }`
[INFO] running `Command { std: "docker" "exec" "-e" "SOURCE_DIR=/opt/rustwide/workdir" "-e" "CARGO_HOME=/opt/rustwide/cargo-home" "-e" "RUSTUP_HOME=/opt/rustwide/rustup-home" "-e" "CARGO_TARGET_DIR=/opt/rustwide/target" "-e" "CARGO_INCREMENTAL=0" "-e" "RUST_BACKTRACE=full" "-e" "RUSTFLAGS=--cap-lints=forbid" "-e" "RUSTDOCFLAGS=--cap-lints=forbid" "-w" "/opt/rustwide/workdir" "--user" "0:0" "3845886a24899eea7d0d43a67b636d51587a668b86aecf7dcdf85ad6c3967f95" "/opt/rustwide/cargo-home/bin/cargo" "+3154cc1a3e6424e44f438a95007d043ed5ceaaf6" "check" "--frozen" "--all" "--all-targets" "--message-format=json", kill_on_drop: false }`
[INFO] [stderr] warning: unused workspace dependency `bitflags`
[INFO] [stderr]   --> Cargo.toml:94:25
[INFO] [stderr]    |
[INFO] [stderr] 94 | [workspace.dependencies.bitflags]
[INFO] [stderr]    |                         ^^^^^^^^
[INFO] [stderr]    |
[INFO] [stderr]    = note: `cargo::unused_workspace_dependencies` is set to `warn` by default
[INFO] [stderr] help: consider removing the workspace dependency `bitflags`
[INFO] [stderr] warning: unused workspace dependency `hyper-util`
[INFO] [stderr]   --> Cargo.toml:49:1
[INFO] [stderr]    |
[INFO] [stderr] 49 | hyper-util = "0.1"
[INFO] [stderr]    | ^^^^^^^^^^
[INFO] [stderr]    |
[INFO] [stderr] help: consider removing the workspace dependency `hyper-util`
[INFO] [stderr] warning: unused workspace dependency `js-sys`
[INFO] [stderr]   --> Cargo.toml:51:1
[INFO] [stderr]    |
[INFO] [stderr] 51 | js-sys = "0.3"
[INFO] [stderr]    | ^^^^^^
[INFO] [stderr]    |
[INFO] [stderr] help: consider removing the workspace dependency `js-sys`
[INFO] [stderr] warning: unused workspace dependency `rand_chacha`
[INFO] [stderr]   --> Cargo.toml:59:1
[INFO] [stderr]    |
[INFO] [stderr] 59 | rand_chacha = "0.10"
[INFO] [stderr]    | ^^^^^^^^^^^
[INFO] [stderr]    |
[INFO] [stderr] help: consider removing the workspace dependency `rand_chacha`
[INFO] [stderr] warning: unused workspace dependency `rand_core`
[INFO] [stderr]   --> Cargo.toml:60:1
[INFO] [stderr]    |
[INFO] [stderr] 60 | rand_core = "0.10"
[INFO] [stderr]    | ^^^^^^^^^
[INFO] [stderr]    |
[INFO] [stderr] help: consider removing the workspace dependency `rand_core`
[INFO] [stderr] warning: unused workspace dependency `tracing-log`
[INFO] [stderr]   --> Cargo.toml:83:1
[INFO] [stderr]    |
[INFO] [stderr] 83 | tracing-log = "0.2"
[INFO] [stderr]    | ^^^^^^^^^^^
[INFO] [stderr]    |
[INFO] [stderr] help: consider removing the workspace dependency `tracing-log`
[INFO] [stderr] warning: unused workspace dependency `wasm-bindgen`
[INFO] [stderr]   --> Cargo.toml:88:1
[INFO] [stderr]    |
[INFO] [stderr] 88 | wasm-bindgen = "=0.2.121"
[INFO] [stderr]    | ^^^^^^^^^^^^
[INFO] [stderr]    |
[INFO] [stderr] help: consider removing the workspace dependency `wasm-bindgen`
[INFO] [stderr] warning: unused workspace dependency `wasm-bindgen-futures`
[INFO] [stderr]   --> Cargo.toml:89:1
[INFO] [stderr]    |
[INFO] [stderr] 89 | wasm-bindgen-futures = "0.4"
[INFO] [stderr]    | ^^^^^^^^^^^^^^^^^^^^
[INFO] [stderr]    |
[INFO] [stderr] help: consider removing the workspace dependency `wasm-bindgen-futures`
[INFO] [stderr] warning: workspace (manifest) generated 8 warnings
[INFO] [stderr] warning: `package.homepage` is redundant with `package.repository`
[INFO] [stderr]  --> xet_runtime/Cargo.toml:6:1
[INFO] [stderr]   |
[INFO] [stderr] 6 | homepage.workspace = true
[INFO] [stderr]   | ^^^^^^^^
[INFO] [stderr] 7 | repository.workspace = true
[INFO] [stderr]   | ----------
[INFO] [stderr]   |
[INFO] [stderr]   = note: `cargo::redundant_homepage` is set to `warn` by default
[INFO] [stderr] help: consider removing `package.homepage`
[INFO] [stderr] warning: `xet-runtime` (manifest) generated 1 warning
[INFO] [stderr] warning: `package.homepage` is redundant with `package.repository`
[INFO] [stderr]  --> xet_core_structures/Cargo.toml:6:1
[INFO] [stderr]   |
[INFO] [stderr] 6 | homepage.workspace = true
[INFO] [stderr]   | ^^^^^^^^
[INFO] [stderr] 7 | repository.workspace = true
[INFO] [stderr]   | ----------
[INFO] [stderr]   |
[INFO] [stderr]   = note: `cargo::redundant_homepage` is set to `warn` by default
[INFO] [stderr] help: consider removing `package.homepage`
[INFO] [stderr] warning: `xet-core-structures` (manifest) generated 1 warning
[INFO] [stderr] warning: `package.homepage` is redundant with `package.repository`
[INFO] [stderr]  --> xet_client/Cargo.toml:6:1
[INFO] [stderr]   |
[INFO] [stderr] 6 | homepage.workspace = true
[INFO] [stderr]   | ^^^^^^^^
[INFO] [stderr] 7 | repository.workspace = true
[INFO] [stderr]   | ----------
[INFO] [stderr]   |
[INFO] [stderr]   = note: `cargo::redundant_homepage` is set to `warn` by default
[INFO] [stderr] help: consider removing `package.homepage`
[INFO] [stderr] warning: `xet-client` (manifest) generated 1 warning
[INFO] [stderr] warning: `package.homepage` is redundant with `package.repository`
[INFO] [stderr]  --> xet_data/Cargo.toml:6:1
[INFO] [stderr]   |
[INFO] [stderr] 6 | homepage.workspace = true
[INFO] [stderr]   | ^^^^^^^^
[INFO] [stderr] 7 | repository.workspace = true
[INFO] [stderr]   | ----------
[INFO] [stderr]   |
[INFO] [stderr]   = note: `cargo::redundant_homepage` is set to `warn` by default
[INFO] [stderr] help: consider removing `package.homepage`
[INFO] [stderr] warning: `xet-data` (manifest) generated 1 warning
[INFO] [stderr] warning: `package.homepage` is redundant with `package.repository`
[INFO] [stderr]  --> xet_pkg/Cargo.toml:6:1
[INFO] [stderr]   |
[INFO] [stderr] 6 | homepage.workspace = true
[INFO] [stderr]   | ^^^^^^^^
[INFO] [stderr] 7 | repository.workspace = true
[INFO] [stderr]   | ----------
[INFO] [stderr]   |
[INFO] [stderr]   = note: `cargo::redundant_homepage` is set to `warn` by default
[INFO] [stderr] help: consider removing `package.homepage`
[INFO] [stderr] warning: `hf-xet` (manifest) generated 1 warning
[INFO] [stderr]    Compiling proc-macro2 v1.0.106
[INFO] [stderr]    Compiling quote v1.0.45
[INFO] [stderr]    Compiling libc v0.2.186
[INFO] [stderr]     Checking zeroize v1.8.2
[INFO] [stderr]     Checking subtle v2.6.1
[INFO] [stderr]     Checking cmov v0.5.4
[INFO] [stderr]    Compiling getrandom v0.4.2
[INFO] [stderr]    Compiling serde_core v1.0.228
[INFO] [stderr]    Compiling serde v1.0.228
[INFO] [stderr]     Checking futures-core v0.3.32
[INFO] [stderr]     Checking memchr v2.8.0
[INFO] [stderr]    Compiling libm v0.2.16
[INFO] [stderr]    Compiling num-traits v0.2.19
[INFO] [stderr]     Checking ctutils v0.4.2
[INFO] [stderr]     Checking futures-io v0.3.32
[INFO] [stderr]     Checking hybrid-array v0.4.13
[INFO] [stderr]    Compiling find-msvc-tools v0.1.9
[INFO] [stderr]     Checking value-bag v1.12.0
[INFO] [stderr]     Checking smallvec v1.15.1
[INFO] [stderr]     Checking log v0.4.29
[INFO] [stderr]     Checking futures-sink v0.3.32
[INFO] [stderr]    Compiling syn v2.0.117
[INFO] [stderr]     Checking bitflags v2.11.0
[INFO] [stderr]     Checking futures-channel v0.3.32
[INFO] [stderr]     Checking futures-task v0.3.32
[INFO] [stderr]    Compiling zmij v1.0.21
[INFO] [stderr]     Checking aho-corasick v1.1.4
[INFO] [stderr]    Compiling serde_json v1.0.149
[INFO] [stderr]     Checking regex-syntax v0.8.10
[INFO] [stderr]    Compiling jobserver v0.1.34
[INFO] [stderr]    Compiling cc v1.2.57
[INFO] [stderr]     Checking errno v0.3.14
[INFO] [stderr]     Checking crypto-common v0.2.2
[INFO] [stderr]     Checking block-buffer v0.12.0
[INFO] [stderr]     Checking block-padding v0.4.2
[INFO] [stderr]     Checking signal-hook-registry v1.4.8
[INFO] [stderr]     Checking mio v1.1.1
[INFO] [stderr]     Checking inout v0.2.2
[INFO] [stderr]     Checking socket2 v0.6.3
[INFO] [stderr]     Checking writeable v0.6.2
[INFO] [stderr]     Checking litemap v0.8.1
[INFO] [stderr]    Compiling aws-lc-rs v1.16.2
[INFO] [stderr]     Checking indexmap v2.13.0
[INFO] [stderr]     Checking fastrand v2.3.0
[INFO] [stderr]     Checking cipher v0.5.2
[INFO] [stderr]    Compiling thiserror v2.0.18
[INFO] [stderr]     Checking digest v0.11.3
[INFO] [stderr]    Compiling cmake v0.1.57
[INFO] [stderr]     Checking regex-automata v0.4.14
[INFO] [stderr]     Checking rustls-pki-types v1.14.0
[INFO] [stderr]     Checking chacha20 v0.10.2
[INFO] [stderr]    Compiling rustls v0.23.37
[INFO] [stderr]     Checking ipnet v2.12.0
[INFO] [stderr]    Compiling rustix v1.1.4
[INFO] [stderr]     Checking sync_wrapper v1.0.2
[INFO] [stderr]     Checking linux-raw-sys v0.12.1
[INFO] [stderr]    Compiling aws-lc-sys v0.39.0
[INFO] [stderr]     Checking rand v0.10.1
[INFO] [stderr]     Checking dirs-sys v0.5.0
[INFO] [stderr]     Checking rustls-native-certs v0.8.3
[INFO] [stderr]     Checking sharded-slab v0.1.7
[INFO] [stderr]     Checking tracing-log v0.2.0
[INFO] [stderr]     Checking thread_local v1.1.9
[INFO] [stderr]     Checking nu-ansi-term v0.50.3
[INFO] [stderr]    Compiling anyhow v1.0.103
[INFO] [stderr]     Checking iri-string v0.7.11
[INFO] [stderr]     Checking dirs v6.0.0
[INFO] [stderr]     Checking os_str_bytes v6.6.1
[INFO] [stderr]     Checking num-conv v0.2.0
[INFO] [stderr]     Checking typewit v1.14.2
[INFO] [stderr]     Checking time-core v0.1.8
[INFO] [stderr]     Checking time v0.3.47
[INFO] [stderr]     Checking crossbeam-channel v0.5.15
[INFO] [stderr]     Checking const_panic v0.2.15
[INFO] [stderr]    Compiling linktime-proc-macro v0.1.0
[INFO] [stderr]     Checking link-section v0.13.1
[INFO] [stderr]     Checking iana-time-zone v0.1.65
[INFO] [stderr]    Compiling konst_proc_macros v0.4.1
[INFO] [stderr]     Checking chrono v0.4.44
[INFO] [stderr]    Compiling synstructure v0.13.2
[INFO] [stderr]     Checking konst v0.4.3
[INFO] [stderr]     Checking matchers v0.2.0
[INFO] [stderr]     Checking bstr v1.12.1
[INFO] [stderr]     Checking ctor v1.0.1
[INFO] [stderr]     Checking sysinfo v0.39.6
[INFO] [stderr]     Checking whoami v2.1.1
[INFO] [stderr]     Checking more-asserts v0.3.1
[INFO] [stderr]     Checking oneshot v0.1.13
[INFO] [stderr]     Checking const-str v1.1.0
[INFO] [stderr]     Checking humantime v2.3.0
[INFO] [stderr]     Checking shellexpand v3.1.2
[INFO] [stderr]     Checking colored v3.1.1
[INFO] [stderr]    Compiling getrandom v0.3.4
[INFO] [stderr]     Checking either v1.15.0
[INFO] [stderr]     Checking regex v1.12.3
[INFO] [stderr]     Checking sha2 v0.11.0
[INFO] [stderr]    Compiling blake3 v1.8.3
[INFO] [stderr]     Checking constant_time_eq v0.4.2
[INFO] [stderr]     Checking arrayref v0.3.9
[INFO] [stderr]     Checking arrayvec v0.7.6
[INFO] [stderr]     Checking twox-hash v2.1.2
[INFO] [stderr]     Checking lz4_flex v0.13.0
[INFO] [stderr]     Checking parking_lot_core v0.9.12
[INFO] [stderr]     Checking itertools v0.14.0
[INFO] [stderr]     Checking uuid v1.22.0
[INFO] [stderr]     Checking countio v0.3.0
[INFO] [stderr]     Checking bytemuck v1.25.0
[INFO] [stderr]    Compiling serde_derive v1.0.228
[INFO] [stderr]    Compiling tokio-macros v2.6.1
[INFO] [stderr]    Compiling zerofrom-derive v0.1.6
[INFO] [stderr]    Compiling yoke-derive v0.8.1
[INFO] [stderr]    Compiling tracing-attributes v0.1.31
[INFO] [stderr]    Compiling zerovec-derive v0.11.2
[INFO] [stderr]    Compiling displaydoc v0.2.5
[INFO] [stderr]     Checking zerofrom v0.1.6
[INFO] [stderr]    Compiling futures-macro v0.3.32
[INFO] [stderr]     Checking yoke v0.8.1
[INFO] [stderr]    Compiling thiserror-impl v2.0.18
[INFO] [stderr]     Checking tracing v0.1.44
[INFO] [stderr]    Compiling async-trait v0.1.89
[INFO] [stderr]    Compiling pin-project-internal v1.1.11
[INFO] [stderr]     Checking zerovec v0.11.5
[INFO] [stderr]     Checking zerotrie v0.2.3
[INFO] [stderr]    Compiling git-version-macro v0.3.9
[INFO] [stderr]     Checking futures-util v0.3.32
[INFO] [stderr]     Checking git-version v0.3.9
[INFO] [stderr]     Checking tinystr v0.8.2
[INFO] [stderr]     Checking potential_utf v0.1.4
[INFO] [stderr]     Checking tempfile v3.27.0
[INFO] [stderr]     Checking icu_collections v2.1.1
[INFO] [stderr]     Checking icu_locale_core v2.1.1
[INFO] [stderr]     Checking safe-transmute v0.11.3
[INFO] [stderr]     Checking anstyle v1.0.14
[INFO] [stderr]    Compiling rustversion v1.0.22
[INFO] [stderr]     Checking pin-project v1.1.11
[INFO] [stderr]     Checking static_assertions v1.1.0
[INFO] [stderr]     Checking heapify v0.2.0
[INFO] [stderr]    Compiling serial_test_derive v3.5.0
[INFO] [stderr]     Checking parking_lot v0.12.5
[INFO] [stderr]     Checking anstyle-parse v1.0.0
[INFO] [stderr]     Checking colorchoice v1.0.5
[INFO] [stderr]     Checking clap_lex v1.1.0
[INFO] [stderr]     Checking anstream v1.0.0
[INFO] [stderr]    Compiling clap_derive v4.6.0
[INFO] [stderr]     Checking clap_builder v4.6.0
[INFO] [stderr]     Checking icu_provider v2.1.1
[INFO] [stderr]    Compiling redb v3.1.1
[INFO] [stderr]     Checking bandwidth v0.3.0
[INFO] [stderr]     Checking serde_path_to_error v0.1.20
[INFO] [stderr]     Checking icu_properties v2.1.2
[INFO] [stderr]     Checking icu_normalizer v2.1.1
[INFO] [stderr]     Checking approx v0.5.1
[INFO] [stderr]     Checking human-bandwidth v0.1.4
[INFO] [stderr]     Checking statrs v0.18.0
[INFO] [stderr]     Checking bytes v1.11.1
[INFO] [stderr]     Checking tokio v1.50.0
[INFO] [stderr]     Checking http v1.4.0
[INFO] [stderr]     Checking idna_adapter v1.2.1
[INFO] [stderr]     Checking idna v1.1.0
[INFO] [stderr]     Checking url v2.5.8
[INFO] [stderr]     Checking tracing-serde v0.2.0
[INFO] [stderr]     Checking clap v4.6.0
[INFO] [stderr]     Checking tracing-subscriber v0.3.23
[INFO] [stderr]     Checking serde_urlencoded v0.7.1
[INFO] [stderr]    Compiling serde_repr v0.1.20
[INFO] [stderr]     Checking futures-executor v0.3.32
[INFO] [stderr]     Checking http-body v1.0.1
[INFO] [stderr]     Checking futures v0.3.32
[INFO] [stderr]     Checking http-body-util v0.1.3
[INFO] [stderr]     Checking serial_test v3.5.0
[INFO] [stderr]     Checking urlencoding v2.1.3
[INFO] [stderr]     Checking gearhash v0.1.3
[INFO] [stderr]    Compiling tracing-test-macro v0.2.6
[INFO] [stderr]     Checking cpubits v0.1.1
[INFO] [stderr]     Checking base64ct v1.8.3
[INFO] [stderr]     Checking axum-core v0.5.6
[INFO] [stderr]    Compiling zerocopy v0.8.47
[INFO] [stderr]    Compiling zerocopy-derive v0.8.47
[INFO] [stderr]     Checking pem-rfc7468 v1.0.0
[INFO] [stderr]     Checking hmac v0.13.0
[INFO] [stderr]     Checking event-listener-strategy v0.5.4
[INFO] [stderr]    Compiling crossbeam-epoch v0.9.20
[INFO] [stderr]     Checking der v0.8.0
[INFO] [stderr]     Checking pbkdf2 v0.13.0
[INFO] [stderr]     Checking aes v0.9.1
[INFO] [stderr]     Checking tracing-appender v0.2.4
[INFO] [stderr]     Checking tracing-test v0.2.6
[INFO] [stderr]     Checking concurrent-queue v2.5.0
[INFO] [stderr]     Checking crossbeam-deque v0.8.6
[INFO] [stderr]     Checking crypto-bigint v0.7.5
[INFO] [stderr]     Checking cbc v0.2.1
[INFO] [stderr]     Checking salsa20 v0.11.0
[INFO] [stderr]     Checking plotters-backend v0.3.7
[INFO] [stderr]     Checking scrypt v0.12.0
[INFO] [stderr]     Checking plotters-svg v0.3.7
[INFO] [stderr]     Checking rayon-core v1.13.0
[INFO] [stderr]     Checking async-lock v3.4.2
[INFO] [stderr]     Checking spki v0.8.0
[INFO] [stderr]     Checking futures-lite v2.6.1
[INFO] [stderr]     Checking itertools v0.13.0
[INFO] [stderr]     Checking cast v0.3.0
[INFO] [stderr]     Checking rayon v1.11.0
[INFO] [stderr]     Checking pkcs5 v0.8.0
[INFO] [stderr]     Checking plotters v0.3.7
[INFO] [stderr]     Checking tinytemplate v1.2.1
[INFO] [stderr]     Checking anes v0.1.6
[INFO] [stderr]     Checking oorandom v11.1.5
[INFO] [stderr]     Checking pkcs8 v0.11.0
[INFO] [stderr]    Compiling async-io v2.6.0
[INFO] [stderr]     Checking async-task v4.7.1
[INFO] [stderr]     Checking async-channel v2.5.0
[INFO] [stderr]     Checking tokio-util v0.7.18
[INFO] [stderr]     Checking tower v0.5.3
[INFO] [stderr]     Checking tokio-retry v0.3.1
[INFO] [stderr]     Checking criterion-plot v0.6.0
[INFO] [stderr]     Checking polling v3.11.0
[INFO] [stderr]     Checking ff v0.14.0
[INFO] [stderr]     Checking h2 v0.4.18
[INFO] [stderr]     Checking signature v3.0.0
[INFO] [stderr]     Checking piper v0.2.5
[INFO] [stderr]     Checking tower-http v0.6.8
[INFO] [stderr]     Checking base16ct v1.0.0
[INFO] [stderr]     Checking sec1 v0.8.1
[INFO] [stderr]     Checking blocking v1.6.2
[INFO] [stderr]     Checking group v0.14.0
[INFO] [stderr]     Checking hkdf v0.13.0
[INFO] [stderr]     Checking assert-json-diff v2.0.2
[INFO] [stderr]     Checking num_cpus v1.17.0
[INFO] [stderr]     Checking deadpool-runtime v0.1.4
[INFO] [stderr]    Compiling libz-sys v1.1.25
[INFO] [stderr]     Checking universal-hash v0.6.1
[INFO] [stderr]     Checking elliptic-curve v0.14.0-rc.33
[INFO] [stderr]     Checking deadpool v0.12.3
[INFO] [stderr]    Compiling semver v1.0.27
[INFO] [stderr]     Checking async-executor v1.14.0
[INFO] [stderr]    Compiling rustc_version v0.4.1
[INFO] [stderr]     Checking rfc6979 v0.5.0
[INFO] [stderr]     Checking polyval v0.7.1
[INFO] [stderr]     Checking primefield v0.14.0-rc.10
[INFO] [stderr]     Checking async-signal v0.2.13
[INFO] [stderr]    Compiling libgit2-sys v0.18.5+1.9.4
[INFO] [stderr]     Checking event-listener v2.5.3
[INFO] [stderr]    Compiling cfg_aliases v0.2.1
[INFO] [stderr]    Compiling curve25519-dalek v5.0.0-rc.0
[INFO] [stderr]    Compiling nix v0.31.3
[INFO] [stderr]     Checking async-process v2.5.0
[INFO] [stderr]     Checking async-channel v1.9.0
[INFO] [stderr]     Checking primeorder v0.14.0-rc.10
[INFO] [stderr]     Checking ecdsa v0.17.0-rc.18
[INFO] [stderr]     Checking ghash v0.6.0
[INFO] [stderr]     Checking async-global-executor v2.4.1
[INFO] [stderr]     Checking ssh-encoding v0.3.0-rc.9
[INFO] [stderr]     Checking async-fs v2.2.0
[INFO] [stderr]     Checking async-net v2.0.0
[INFO] [stderr]    Compiling strum_macros v0.27.2
[INFO] [stderr]    Compiling thiserror-impl v1.0.69
[INFO] [stderr]    Compiling curve25519-dalek-derive v0.1.1
[INFO] [stderr]     Checking ctr v0.10.1
[INFO] [stderr]     Checking aead v0.6.0-rc.10
[INFO] [stderr]     Checking kv-log-macro v1.0.7
[INFO] [stderr]     Checking blowfish v0.10.0
[INFO] [stderr]     Checking async-std v1.13.2
[INFO] [stderr]     Checking half v2.7.1
[INFO] [stderr]     Checking ciborium-ll v0.2.2
[INFO] [stderr]     Checking ciborium v0.2.2
[INFO] [stderr]     Checking thiserror v1.0.69
[INFO] [stderr]     Checking aes-gcm v0.11.0-rc.3
[INFO] [stderr]     Checking smol v2.0.2
[INFO] [stderr]     Checking digest v0.10.7
[INFO] [stderr]     Checking poly1305 v0.9.0
[INFO] [stderr]     Checking criterion v0.7.0
[INFO] [stderr]     Checking crypto-primes v0.7.0
[INFO] [stderr]     Checking ed25519 v3.0.0
[INFO] [stderr]     Checking pkcs1 v0.8.0-rc.4
[INFO] [stderr]     Checking strum v0.27.2
[INFO] [stderr]     Checking blake2 v0.11.0-rc.6
[INFO] [stderr]     Checking num-integer v0.1.46
[INFO] [stderr]     Checking keccak v0.2.0
[INFO] [stderr]     Checking predicates-core v1.0.10
[INFO] [stderr]     Checking fiat-crypto v0.3.0
[INFO] [stderr]    Compiling mockall_derive v0.14.0
[INFO] [stderr]     Checking simd-adler32 v0.3.8
[INFO] [stderr]     Checking sha3 v0.11.0
[INFO] [stderr]     Checking miniz_oxide v0.8.9
[INFO] [stderr]     Checking hyper v1.8.1
[INFO] [stderr]     Checking argon2 v0.6.0-rc.8
[INFO] [stderr]     Checking git-url-parse v0.4.6
[INFO] [stderr]     Checking ed25519-dalek v3.0.0-rc.0
[INFO] [stderr]     Checking ssh-cipher v0.3.0-rc.9
[INFO] [stderr]     Checking sha1 v0.10.6
[INFO] [stderr]     Checking rust-netrc v0.1.2
[INFO] [stderr]     Checking bcrypt-pbkdf v0.11.0
[INFO] [stderr]     Checking p256 v0.14.0-rc.10
[INFO] [stderr]     Checking rsa v0.10.0-rc.18
[INFO] [stderr]     Checking p521 v0.14.0-rc.10
[INFO] [stderr]     Checking headers-core v0.3.0
[INFO] [stderr]     Checking cobs v0.3.0
[INFO] [stderr]     Checking sha1 v0.11.0
[INFO] [stderr]     Checking kem v0.3.0
[INFO] [stderr]     Checking module-lattice v0.2.3
[INFO] [stderr]     Checking shell-words v1.1.1
[INFO] [stderr]     Checking hyper-util v0.1.20
[INFO] [stderr]    Compiling mockall v0.14.0
[INFO] [stderr]     Checking hex v0.4.3
[INFO] [stderr]     Checking termtree v0.5.1
[INFO] [stderr]     Checking predicates-tree v1.0.13
[INFO] [stderr]    Compiling enum_dispatch v0.3.13
[INFO] [stderr]     Checking ml-kem v0.3.2
[INFO] [stderr]     Checking tabwriter v1.4.1
[INFO] [stderr]     Checking postcard v1.1.3
[INFO] [stderr]     Checking headers v0.4.1
[INFO] [stderr]     Checking russh-cryptovec v0.61.0
[INFO] [stderr]     Checking flate2 v1.1.9
[INFO] [stderr]     Checking axum v0.8.8
[INFO] [stderr]     Checking wiremock v0.6.5
[INFO] [stderr]     Checking num-bigint v0.4.6
[INFO] [stderr]     Checking internal-russh-num-bigint v0.5.0
[INFO] [stderr]     Checking predicates v3.1.4
[INFO] [stderr]     Checking russh-util v0.52.0
[INFO] [stderr]     Checking generic-array v1.3.5
[INFO] [stderr]     Checking async-object-pool v0.2.0
[INFO] [stderr]     Checking serde_regex v1.1.0
[INFO] [stderr]    Compiling delegate v0.13.5
[INFO] [stderr]     Checking path-tree v0.8.3
[INFO] [stderr]     Checking hex-literal v1.1.0
[INFO] [stderr]     Checking downcast v0.11.0
[INFO] [stderr]     Checking fragile v2.0.1
[INFO] [stderr]     Checking futures-timer v3.0.3
[INFO] [stderr]     Checking md5 v0.8.0
[INFO] [stderr]     Checking similar v2.7.0
[INFO] [stderr]     Checking stringmetrics v2.2.2
[INFO] [stderr]     Checking data-encoding v2.10.0
[INFO] [stderr]     Checking rand_distr v0.6.0
[INFO] [stderr]     Checking httpmock v0.8.3
[INFO] [stderr]     Checking p384 v0.14.0-rc.10
[INFO] [stderr]     Checking ssh-key v0.7.0-rc.10
[INFO] [stderr]     Checking git2 v0.21.0
[INFO] [stderr]     Checking rustls-webpki v0.103.13
[INFO] [stderr]     Checking russh v0.61.2
[INFO] [stderr]     Checking tokio-rustls v0.26.4
[INFO] [stderr]     Checking rustls-platform-verifier v0.6.2
[INFO] [stderr]     Checking hyper-rustls v0.27.7
[INFO] [stderr]     Checking reqwest v0.13.2
[INFO] [stderr]     Checking xet-runtime v1.6.0 (/opt/rustwide/workdir/xet_runtime)
[INFO] [stderr]     Checking reqwest-middleware v0.5.1
[INFO] [stdout] warning: use of deprecated method `std::sync::atomic::Atomic::<u64>::fetch_update`: renamed to `try_update` for consistency
[INFO] [stdout]    --> xet_runtime/src/utils/adjustable_semaphore.rs:322:13
[INFO] [stdout]     |
[INFO] [stdout] 322 |     match v.fetch_update(SeqCst, SeqCst, |x| {
[INFO] [stdout]     |             ^^^^^^^^^^^^
[INFO] [stdout]     |
[INFO] [stdout]     = note: `#[warn(deprecated)]` on by default
[INFO] [stdout] help: replace the use of the deprecated method
[INFO] [stdout]     |
[INFO] [stdout] 322 -     match v.fetch_update(SeqCst, SeqCst, |x| {
[INFO] [stdout] 322 +     match v.try_update(SeqCst, SeqCst, |x| {
[INFO] [stdout]     |
[INFO] [stdout] 
[INFO] [stdout] 
[INFO] [stdout] warning: use of deprecated method `std::sync::atomic::Atomic::<u64>::fetch_update`: renamed to `try_update` for consistency
[INFO] [stdout]    --> xet_runtime/src/utils/adjustable_semaphore.rs:338:13
[INFO] [stdout]     |
[INFO] [stdout] 338 |     match v.fetch_update(SeqCst, SeqCst, |x| {
[INFO] [stdout]     |             ^^^^^^^^^^^^
[INFO] [stdout]     |
[INFO] [stdout] help: replace the use of the deprecated method
[INFO] [stdout]     |
[INFO] [stdout] 338 -     match v.fetch_update(SeqCst, SeqCst, |x| {
[INFO] [stdout] 338 +     match v.try_update(SeqCst, SeqCst, |x| {
[INFO] [stdout]     |
[INFO] [stdout] 
[INFO] [stdout] 
[INFO] [stdout] warning: use of deprecated method `std::sync::atomic::Atomic::<u64>::fetch_update`: renamed to `try_update` for consistency
[INFO] [stdout]    --> xet_runtime/src/utils/adjustable_semaphore.rs:322:13
[INFO] [stdout]     |
[INFO] [stdout] 322 |     match v.fetch_update(SeqCst, SeqCst, |x| {
[INFO] [stdout]     |             ^^^^^^^^^^^^
[INFO] [stdout]     |
[INFO] [stdout]     = note: `#[warn(deprecated)]` on by default
[INFO] [stdout] help: replace the use of the deprecated method
[INFO] [stdout]     |
[INFO] [stdout] 322 -     match v.fetch_update(SeqCst, SeqCst, |x| {
[INFO] [stdout] 322 +     match v.try_update(SeqCst, SeqCst, |x| {
[INFO] [stdout]     |
[INFO] [stdout] 
[INFO] [stdout] 
[INFO] [stdout] warning: use of deprecated method `std::sync::atomic::Atomic::<u64>::fetch_update`: renamed to `try_update` for consistency
[INFO] [stdout]    --> xet_runtime/src/utils/adjustable_semaphore.rs:338:13
[INFO] [stdout]     |
[INFO] [stdout] 338 |     match v.fetch_update(SeqCst, SeqCst, |x| {
[INFO] [stdout]     |             ^^^^^^^^^^^^
[INFO] [stdout]     |
[INFO] [stdout] help: replace the use of the deprecated method
[INFO] [stdout]     |
[INFO] [stdout] 338 -     match v.fetch_update(SeqCst, SeqCst, |x| {
[INFO] [stdout] 338 +     match v.try_update(SeqCst, SeqCst, |x| {
[INFO] [stdout]     |
[INFO] [stdout] 
[INFO] [stdout] 
[INFO] [stderr]     Checking xet-core-structures v1.6.0 (/opt/rustwide/workdir/xet_core_structures)
[INFO] [stderr]     Checking xet-client v1.6.0 (/opt/rustwide/workdir/xet_client)
[INFO] [stdout] warning: use of deprecated method `std::sync::atomic::Atomic::<u64>::fetch_update`: renamed to `try_update` for consistency
[INFO] [stdout]    --> xet_client/src/cas_client/adaptive_concurrency/controller.rs:664:18
[INFO] [stdout]     |
[INFO] [stdout] 664 |                 .fetch_update(Ordering::AcqRel, Ordering::Acquire, |last_ms| {
[INFO] [stdout]     |                  ^^^^^^^^^^^^
[INFO] [stdout]     |
[INFO] [stdout]     = note: `#[warn(deprecated)]` on by default
[INFO] [stdout] help: replace the use of the deprecated method
[INFO] [stdout]     |
[INFO] [stdout] 664 -                 .fetch_update(Ordering::AcqRel, Ordering::Acquire, |last_ms| {
[INFO] [stdout] 664 +                 .try_update(Ordering::AcqRel, Ordering::Acquire, |last_ms| {
[INFO] [stdout]     |
[INFO] [stdout] 
[INFO] [stdout] 
[INFO] [stdout] warning: use of deprecated method `std::sync::atomic::Atomic::<usize>::fetch_update`: renamed to `try_update` for consistency
[INFO] [stdout]    --> xet_client/src/cas_client/telemetry/sink.rs:133:14
[INFO] [stdout]     |
[INFO] [stdout] 133 |             .fetch_update(Ordering::AcqRel, Ordering::Acquire, |n| (n < max).then_some(n + 1))
[INFO] [stdout]     |              ^^^^^^^^^^^^
[INFO] [stdout]     |
[INFO] [stdout] help: replace the use of the deprecated method
[INFO] [stdout]     |
[INFO] [stdout] 133 -             .fetch_update(Ordering::AcqRel, Ordering::Acquire, |n| (n < max).then_some(n + 1))
[INFO] [stdout] 133 +             .try_update(Ordering::AcqRel, Ordering::Acquire, |n| (n < max).then_some(n + 1))
[INFO] [stdout]     |
[INFO] [stdout] 
[INFO] [stdout] 
[INFO] [stdout] warning: use of deprecated method `std::sync::atomic::Atomic::<u64>::fetch_update`: renamed to `try_update` for consistency
[INFO] [stdout]    --> xet_client/src/cas_client/adaptive_concurrency/controller.rs:664:18
[INFO] [stdout]     |
[INFO] [stdout] 664 |                 .fetch_update(Ordering::AcqRel, Ordering::Acquire, |last_ms| {
[INFO] [stdout]     |                  ^^^^^^^^^^^^
[INFO] [stdout]     |
[INFO] [stdout]     = note: `#[warn(deprecated)]` on by default
[INFO] [stdout] help: replace the use of the deprecated method
[INFO] [stdout]     |
[INFO] [stdout] 664 -                 .fetch_update(Ordering::AcqRel, Ordering::Acquire, |last_ms| {
[INFO] [stdout] 664 +                 .try_update(Ordering::AcqRel, Ordering::Acquire, |last_ms| {
[INFO] [stdout]     |
[INFO] [stdout] 
[INFO] [stdout] 
[INFO] [stderr]     Checking xet-data v1.6.0 (/opt/rustwide/workdir/xet_data)
[INFO] [stdout] warning: use of deprecated method `std::sync::atomic::Atomic::<usize>::fetch_update`: renamed to `try_update` for consistency
[INFO] [stdout]    --> xet_client/src/cas_client/telemetry/sink.rs:133:14
[INFO] [stdout]     |
[INFO] [stdout] 133 |             .fetch_update(Ordering::AcqRel, Ordering::Acquire, |n| (n < max).then_some(n + 1))
[INFO] [stdout]     |              ^^^^^^^^^^^^
[INFO] [stdout]     |
[INFO] [stdout] help: replace the use of the deprecated method
[INFO] [stdout]     |
[INFO] [stdout] 133 -             .fetch_update(Ordering::AcqRel, Ordering::Acquire, |n| (n < max).then_some(n + 1))
[INFO] [stdout] 133 +             .try_update(Ordering::AcqRel, Ordering::Acquire, |n| (n < max).then_some(n + 1))
[INFO] [stdout]     |
[INFO] [stdout] 
[INFO] [stdout] 
[INFO] [stdout] warning: use of deprecated method `std::sync::atomic::Atomic::<usize>::fetch_update`: renamed to `try_update` for consistency
[INFO] [stdout]    --> xet_client/src/cas_client/telemetry/sink.rs:257:14
[INFO] [stdout]     |
[INFO] [stdout] 257 |             .fetch_update(Ordering::AcqRel, Ordering::Acquire, |n| (n < max).then_some(n + 1))
[INFO] [stdout]     |              ^^^^^^^^^^^^
[INFO] [stdout]     |
[INFO] [stdout] help: replace the use of the deprecated method
[INFO] [stdout]     |
[INFO] [stdout] 257 -             .fetch_update(Ordering::AcqRel, Ordering::Acquire, |n| (n < max).then_some(n + 1))
[INFO] [stdout] 257 +             .try_update(Ordering::AcqRel, Ordering::Acquire, |n| (n < max).then_some(n + 1))
[INFO] [stdout]     |
[INFO] [stdout] 
[INFO] [stdout] 
[INFO] [stdout] warning: use of deprecated method `std::sync::atomic::Atomic::<u64>::fetch_update`: renamed to `try_update` for consistency
[INFO] [stdout]    --> xet_data/src/progress_tracking/progress_types.rs:531:14
[INFO] [stdout]     |
[INFO] [stdout] 531 |             .fetch_update(Ordering::Release, Ordering::Acquire, |old| if total > old { Some(total) } else { None });
[INFO] [stdout]     |              ^^^^^^^^^^^^
[INFO] [stdout]     |
[INFO] [stdout]     = note: `#[warn(deprecated)]` on by default
[INFO] [stdout] help: replace the use of the deprecated method
[INFO] [stdout]     |
[INFO] [stdout] 531 -             .fetch_update(Ordering::Release, Ordering::Acquire, |old| if total > old { Some(total) } else { None });
[INFO] [stdout] 531 +             .try_update(Ordering::Release, Ordering::Acquire, |old| if total > old { Some(total) } else { None });
[INFO] [stdout]     |
[INFO] [stdout] 
[INFO] [stdout] 
[INFO] [stdout] warning: use of deprecated method `std::sync::atomic::Atomic::<u64>::fetch_update`: renamed to `try_update` for consistency
[INFO] [stdout]    --> xet_data/src/progress_tracking/progress_types.rs:542:14
[INFO] [stdout]     |
[INFO] [stdout] 542 |             .fetch_update(Ordering::Release, Ordering::Acquire, |old| if total > old { Some(total) } else { None });
[INFO] [stdout]     |              ^^^^^^^^^^^^
[INFO] [stdout]     |
[INFO] [stdout] help: replace the use of the deprecated method
[INFO] [stdout]     |
[INFO] [stdout] 542 -             .fetch_update(Ordering::Release, Ordering::Acquire, |old| if total > old { Some(total) } else { None });
[INFO] [stdout] 542 +             .try_update(Ordering::Release, Ordering::Acquire, |old| if total > old { Some(total) } else { None });
[INFO] [stdout]     |
[INFO] [stdout] 
[INFO] [stdout] 
[INFO] [stderr]     Checking hf-xet v1.6.0 (/opt/rustwide/workdir/xet_pkg)
[INFO] [stdout] warning: use of deprecated method `std::sync::atomic::Atomic::<u64>::fetch_update`: renamed to `try_update` for consistency
[INFO] [stdout]    --> xet_data/src/progress_tracking/progress_types.rs:531:14
[INFO] [stdout]     |
[INFO] [stdout] 531 |             .fetch_update(Ordering::Release, Ordering::Acquire, |old| if total > old { Some(total) } else { None });
[INFO] [stdout]     |              ^^^^^^^^^^^^
[INFO] [stdout]     |
[INFO] [stdout]     = note: `#[warn(deprecated)]` on by default
[INFO] [stdout] help: replace the use of the deprecated method
[INFO] [stdout]     |
[INFO] [stdout] 531 -             .fetch_update(Ordering::Release, Ordering::Acquire, |old| if total > old { Some(total) } else { None });
[INFO] [stdout] 531 +             .try_update(Ordering::Release, Ordering::Acquire, |old| if total > old { Some(total) } else { None });
[INFO] [stdout]     |
[INFO] [stdout] 
[INFO] [stdout] 
[INFO] [stdout] warning: use of deprecated method `std::sync::atomic::Atomic::<u64>::fetch_update`: renamed to `try_update` for consistency
[INFO] [stdout]    --> xet_data/src/progress_tracking/progress_types.rs:542:14
[INFO] [stdout]     |
[INFO] [stdout] 542 |             .fetch_update(Ordering::Release, Ordering::Acquire, |old| if total > old { Some(total) } else { None });
[INFO] [stdout]     |              ^^^^^^^^^^^^
[INFO] [stdout]     |
[INFO] [stdout] help: replace the use of the deprecated method
[INFO] [stdout]     |
[INFO] [stdout] 542 -             .fetch_update(Ordering::Release, Ordering::Acquire, |old| if total > old { Some(total) } else { None });
[INFO] [stdout] 542 +             .try_update(Ordering::Release, Ordering::Acquire, |old| if total > old { Some(total) } else { None });
[INFO] [stdout]     |
[INFO] [stdout] 
[INFO] [stdout] 
[INFO] [stderr]     Checking git_xet v0.2.1 (/opt/rustwide/workdir/git_xet)
[INFO] [stdout] error[E0432]: unresolved import `clap`
[INFO] [stdout]  --> xet_pkg/examples/example.rs:9:5
[INFO] [stdout]   |
[INFO] [stdout] 9 | use clap::{Parser, Subcommand};
[INFO] [stdout]   |     ^^^^ use of unresolved module or unlinked crate `clap`
[INFO] [stdout]   |
[INFO] [stdout]   = help: if you wanted to use a crate named `clap`, use `cargo add clap` to add it to your `Cargo.toml`
[INFO] [stdout] 
[INFO] [stdout] 
[INFO] [stdout] error: cannot find attribute `clap` in this scope
[INFO] [stdout]   --> xet_pkg/examples/example.rs:15:3
[INFO] [stdout]    |
[INFO] [stdout] 15 | #[clap(name = "session-demo-async", about = "XetSession async API demo")]
[INFO] [stdout]    |   ^^^^
[INFO] [stdout] 
[INFO] [stdout] 
[INFO] [stdout] error: cannot find attribute `clap` in this scope
[INFO] [stdout]   --> xet_pkg/examples/example.rs:17:7
[INFO] [stdout]    |
[INFO] [stdout] 17 |     #[clap(subcommand)]
[INFO] [stdout]    |       ^^^^
[INFO] [stdout] 
[INFO] [stdout] 
[INFO] [stdout] error: cannot find attribute `clap` in this scope
[INFO] [stdout]   --> xet_pkg/examples/example.rs:25:11
[INFO] [stdout]    |
[INFO] [stdout] 25 |         #[clap(required = true)]
[INFO] [stdout]    |           ^^^^
[INFO] [stdout] 
[INFO] [stdout] 
[INFO] [stdout] error: cannot find attribute `clap` in this scope
[INFO] [stdout]   --> xet_pkg/examples/example.rs:27:11
[INFO] [stdout]    |
[INFO] [stdout] 27 |         #[clap(long)]
[INFO] [stdout]    |           ^^^^
[INFO] [stdout] 
[INFO] [stdout] 
[INFO] [stdout] error: cannot find attribute `clap` in this scope
[INFO] [stdout]   --> xet_pkg/examples/example.rs:33:11
[INFO] [stdout]    |
[INFO] [stdout] 33 |         #[clap(short, long, default_value = "./downloads")]
[INFO] [stdout]    |           ^^^^
[INFO] [stdout] 
[INFO] [stdout] 
[INFO] [stdout] error: cannot find attribute `clap` in this scope
[INFO] [stdout]   --> xet_pkg/examples/example.rs:35:11
[INFO] [stdout]    |
[INFO] [stdout] 35 |         #[clap(long)]
[INFO] [stdout]    |           ^^^^
[INFO] [stdout] 
[INFO] [stdout] 
[INFO] [stdout] error[E0432]: unresolved import `clap`
[INFO] [stdout]  --> xet_pkg/examples/example_sync.rs:9:5
[INFO] [stdout]   |
[INFO] [stdout] 9 | use clap::{Parser, Subcommand};
[INFO] [stdout]   |     ^^^^ use of unresolved module or unlinked crate `clap`
[INFO] [stdout]   |
[INFO] [stdout]   = help: if you wanted to use a crate named `clap`, use `cargo add clap` to add it to your `Cargo.toml`
[INFO] [stdout] 
[INFO] [stdout] 
[INFO] [stdout] error: cannot find attribute `clap` in this scope
[INFO] [stdout]   --> xet_pkg/examples/example_sync.rs:15:3
[INFO] [stdout]    |
[INFO] [stdout] 15 | #[clap(name = "session-demo", about = "XetSession API demo")]
[INFO] [stdout]    |   ^^^^
[INFO] [stdout] 
[INFO] [stdout] 
[INFO] [stdout] error: cannot find attribute `clap` in this scope
[INFO] [stdout]   --> xet_pkg/examples/example_sync.rs:17:7
[INFO] [stdout]    |
[INFO] [stdout] 17 |     #[clap(subcommand)]
[INFO] [stdout]    |       ^^^^
[INFO] [stdout] 
[INFO] [stdout] 
[INFO] [stdout] error: cannot find attribute `clap` in this scope
[INFO] [stdout]   --> xet_pkg/examples/example_sync.rs:25:11
[INFO] [stdout]    |
[INFO] [stdout] 25 |         #[clap(required = true)]
[INFO] [stdout]    |           ^^^^
[INFO] [stdout] 
[INFO] [stdout] 
[INFO] [stdout] error: cannot find attribute `clap` in this scope
[INFO] [stdout]   --> xet_pkg/examples/example_sync.rs:27:11
[INFO] [stdout]    |
[INFO] [stdout] 27 |         #[clap(long)]
[INFO] [stdout]    |           ^^^^
[INFO] [stdout] 
[INFO] [stdout] 
[INFO] [stdout] error: cannot find attribute `clap` in this scope
[INFO] [stdout]   --> xet_pkg/examples/example_sync.rs:33:11
[INFO] [stdout]    |
[INFO] [stdout] 33 |         #[clap(short, long, default_value = "./downloads")]
[INFO] [stdout]    |           ^^^^
[INFO] [stdout] 
[INFO] [stdout] 
[INFO] [stdout] error: cannot find attribute `clap` in this scope
[INFO] [stdout]   --> xet_pkg/examples/example_sync.rs:35:11
[INFO] [stdout]    |
[INFO] [stdout] 35 |         #[clap(long)]
[INFO] [stdout]    |           ^^^^
[INFO] [stdout] 
[INFO] [stdout] 
[INFO] [stdout] error[E0599]: no associated function or constant named `parse` found for struct `Cli` in the current scope
[INFO] [stdout]   --> xet_pkg/examples/example_sync.rs:42:20
[INFO] [stdout]    |
[INFO] [stdout] 16 | struct Cli {
[INFO] [stdout]    | ---------- associated function or constant `parse` not found for this struct
[INFO] [stdout] ...
[INFO] [stdout] 42 |     let cli = Cli::parse();
[INFO] [stdout]    |                    ^^^^^ associated function or constant not found in `Cli`
[INFO] [stdout]    |
[INFO] [stdout]    = help: items from traits can only be used if the trait is implemented and in scope
[INFO] [stdout]    = note: the following trait defines an item `parse`, perhaps you need to implement it:
[INFO] [stdout]            candidate #1: `time::parsing::parsable::sealed::Sealed`
[INFO] [stdout] 
[INFO] [stdout] 
[INFO] [stdout] error[E0599]: no associated function or constant named `parse` found for struct `Cli` in the current scope
[INFO] [stdout]   --> xet_pkg/examples/example.rs:43:20
[INFO] [stdout]    |
[INFO] [stdout] 16 | struct Cli {
[INFO] [stdout]    | ---------- associated function or constant `parse` not found for this struct
[INFO] [stdout] ...
[INFO] [stdout] 43 |     let cli = Cli::parse();
[INFO] [stdout]    |                    ^^^^^ associated function or constant not found in `Cli`
[INFO] [stdout]    |
[INFO] [stdout]    = help: items from traits can only be used if the trait is implemented and in scope
[INFO] [stdout]    = note: the following trait defines an item `parse`, perhaps you need to implement it:
[INFO] [stdout]            candidate #1: `time::parsing::parsable::sealed::Sealed`
[INFO] [stdout] 
[INFO] [stdout] 
[INFO] [stdout] Some errors have detailed explanations: E0432, E0599.
[INFO] [stdout] 
[INFO] [stdout] For more information about an error, try `rustc --explain E0432`.
[INFO] [stdout] 
[INFO] [stderr] error: could not compile `hf-xet` (example "example") due to 8 previous errors
[INFO] [stderr] warning: build failed, waiting for other jobs to finish...
[INFO] [stdout] Some errors have detailed explanations: E0432, E0599.
[INFO] [stdout] 
[INFO] [stdout] For more information about an error, try `rustc --explain E0432`.
[INFO] [stdout] 
[INFO] [stderr] error: could not compile `hf-xet` (example "example_sync") due to 8 previous errors
[INFO] running `Command { std: "docker" "inspect" "3845886a24899eea7d0d43a67b636d51587a668b86aecf7dcdf85ad6c3967f95", kill_on_drop: false }`
[INFO] running `Command { std: "docker" "rm" "-f" "3845886a24899eea7d0d43a67b636d51587a668b86aecf7dcdf85ad6c3967f95", kill_on_drop: false }`
[INFO] [stdout] 3845886a24899eea7d0d43a67b636d51587a668b86aecf7dcdf85ad6c3967f95
