[INFO] cloning repository https://github.com/NivredG/tokbench
[INFO] running `Command { std: "git" "-c" "credential.helper=" "-c" "credential.helper=/workspace/cargo-home/bin/git-credential-null" "clone" "--bare" "https://github.com/NivredG/tokbench" "/workspace/cache/git-repos/https%3A%2F%2Fgithub.com%2FNivredG%2Ftokbench", kill_on_drop: false }`
[INFO] [stderr] Cloning into bare repository '/workspace/cache/git-repos/https%3A%2F%2Fgithub.com%2FNivredG%2Ftokbench'...
[INFO] running `Command { std: "git" "rev-parse" "HEAD", kill_on_drop: false }`
[INFO] [stdout] fa209cc28b12f338a01bde352aa61c9840451bc7
[INFO] checking NivredG/tokbench against 3154cc1a3e6424e44f438a95007d043ed5ceaaf6+rustflags=-Znext-solver=coherence for pr-133502-30
[INFO] running `Command { std: "git" "clone" "/workspace/cache/git-repos/https%3A%2F%2Fgithub.com%2FNivredG%2Ftokbench" "/workspace/builds/worker-1-tc1/source", kill_on_drop: false }`
[INFO] [stderr] Cloning into '/workspace/builds/worker-1-tc1/source'...
[INFO] [stderr] done.
[INFO] started tweaking git repo https://github.com/NivredG/tokbench
[INFO] finished tweaking git repo https://github.com/NivredG/tokbench
[INFO] tweaked toml for git repo https://github.com/NivredG/tokbench written to /workspace/builds/worker-1-tc1/source/Cargo.toml
[INFO] validating manifest of git repo https://github.com/NivredG/tokbench on toolchain 3154cc1a3e6424e44f438a95007d043ed5ceaaf6
[INFO] running `Command { std: CARGO_HOME="/workspace/cargo-home" RUSTUP_HOME="/workspace/rustup-home" "/workspace/cargo-home/bin/cargo" "+3154cc1a3e6424e44f438a95007d043ed5ceaaf6" "metadata" "--manifest-path" "Cargo.toml" "--no-deps", kill_on_drop: false }`
[INFO] crate git repo https://github.com/NivredG/tokbench already has a lockfile, it will not be regenerated
[INFO] running `Command { std: CARGO_HOME="/workspace/cargo-home" RUSTUP_HOME="/workspace/rustup-home" "/workspace/cargo-home/bin/cargo" "+3154cc1a3e6424e44f438a95007d043ed5ceaaf6" "fetch" "--manifest-path" "Cargo.toml", kill_on_drop: false }`
[INFO] [stderr]     Updating crates.io index
[INFO] [stderr]     Updating git repository `https://github.com/huggingface/tokenizers`
[INFO] [stderr]  Downloading crates ...
[INFO] [stderr]   Downloaded logos v0.16.1
[INFO] [stderr]   Downloaded logos-derive v0.16.1
[INFO] [stderr]   Downloaded logos-codegen v0.16.1
[INFO] [stderr]   Downloaded rustc-std-workspace-alloc v1.0.1
[INFO] [stderr]   Downloaded tikv-jemallocator v0.5.4
[INFO] [stderr]   Downloaded partition v0.1.2
[INFO] [stderr]   Downloaded block-pseudorand v0.1.2
[INFO] [stderr]   Downloaded prefetch-index v0.2.1
[INFO] [stderr]   Downloaded mem_dbg-derive v0.3.4
[INFO] [stderr]   Downloaded yada v0.7.0
[INFO] [stderr]   Downloaded nanorand v0.6.1
[INFO] [stderr]   Downloaded chiapos-chacha8 v0.1.0
[INFO] [stderr]   Downloaded arbitrary-chunks v0.4.1
[INFO] [stderr]   Downloaded wordchipper v0.9.2
[INFO] [stderr]   Downloaded litemap v0.7.5
[INFO] [stderr]   Downloaded chunk v0.9.2
[INFO] [stderr]   Downloaded rand_chacha v0.10.0
[INFO] [stderr]   Downloaded beef v0.5.2
[INFO] [stderr]   Downloaded ptr_hash v2.0.2
[INFO] [stderr]   Downloaded sentencepiece-model v0.1.4
[INFO] [stderr]   Downloaded logos-derive v0.14.4
[INFO] [stderr]   Downloaded aneubeck-daachorse v1.1.1
[INFO] [stderr]   Downloaded rdst v0.20.14
[INFO] [stderr]   Downloaded protox-parse v0.7.0
[INFO] [stderr]   Downloaded miette-derive v7.6.0
[INFO] [stderr]   Downloaded pretokie v0.1.3
[INFO] [stderr]   Downloaded logos-codegen v0.14.4
[INFO] [stderr]   Downloaded pcre2 v0.2.11
[INFO] [stderr]   Downloaded fancy-regex v0.13.0
[INFO] [stderr]   Downloaded protox v0.7.2
[INFO] [stderr]   Downloaded daachorse v1.0.1
[INFO] [stderr]   Downloaded daachorse v3.0.3
[INFO] [stderr]   Downloaded kitoken v0.11.0
[INFO] [stderr]   Downloaded mem_dbg v0.4.4
[INFO] [stderr]   Downloaded prost-reflect v0.14.7
[INFO] [stderr]   Downloaded miette v7.6.0
[INFO] [stderr]   Downloaded daggrs v0.1.1
[INFO] [stderr]   Downloaded sentencepiece v0.14.0
[INFO] [stderr]   Downloaded orx-priority-queue v1.8.0
[INFO] [stderr]   Downloaded tokie v0.1.4
[INFO] [stderr]   Downloaded tokenizers v0.23.1
[INFO] [stderr]   Downloaded bpe v0.2.1
[INFO] [stderr]   Downloaded voracious_radix_sort v1.2.0
[INFO] [stderr]   Downloaded fastokens v0.3.1
[INFO] [stderr]   Downloaded pcre2-sys v0.2.10
[INFO] [stderr]   Downloaded tikv-jemalloc-sys v0.5.4+5.3.0-patched
[INFO] [stderr]   Downloaded logos v0.14.4
[INFO] [stderr]   Downloaded sentencepiece-sys v0.14.0
[INFO] [stderr]   Downloaded bpe-openai v0.3.0
[INFO] [stderr]   Downloaded tiktoken-rs v0.12.0
[INFO] running `Command { std: "docker" "create" "-v" "/var/lib/crater-agent-workspace/builds/worker-1-tc1/source:/opt/rustwide/workdir:ro,Z" "-v" "/var/lib/crater-agent-workspace/builds/worker-1-tc1/target:/opt/rustwide/target:rw,Z" "-v" "/var/lib/crater-agent-workspace/cargo-home:/opt/rustwide/cargo-home:ro,Z" "-v" "/var/lib/crater-agent-workspace/rustup-home:/opt/rustwide/rustup-home:ro,Z" "-m" "1610612736" "--network" "none" "ghcr.io/rust-lang/crates-build-env/linux@sha256:77db811e55d90add9212f6832c23229e3de5f1c1f9905e8cb07319ea15df73ac" "sleep" "infinity", kill_on_drop: false }`
[INFO] [stdout] 399cd523d4df2cf5a45db1e70bc3bf538f262228c6b6d2feedc0878778f02163
[INFO] running `Command { std: "docker" "start" "399cd523d4df2cf5a45db1e70bc3bf538f262228c6b6d2feedc0878778f02163", kill_on_drop: false }`
[INFO] running `Command { std: "docker" "inspect" "399cd523d4df2cf5a45db1e70bc3bf538f262228c6b6d2feedc0878778f02163", kill_on_drop: false }`
[INFO] running `Command { std: "docker" "exec" "-e" "SOURCE_DIR=/opt/rustwide/workdir" "-e" "CARGO_HOME=/opt/rustwide/cargo-home" "-e" "RUSTUP_HOME=/opt/rustwide/rustup-home" "-e" "CARGO_TARGET_DIR=/opt/rustwide/target" "-w" "/opt/rustwide/workdir" "--user" "0:0" "399cd523d4df2cf5a45db1e70bc3bf538f262228c6b6d2feedc0878778f02163" "/opt/rustwide/cargo-home/bin/cargo" "+3154cc1a3e6424e44f438a95007d043ed5ceaaf6" "metadata" "--no-deps" "--format-version=1", kill_on_drop: false }`
[INFO] running `Command { std: "docker" "inspect" "399cd523d4df2cf5a45db1e70bc3bf538f262228c6b6d2feedc0878778f02163", kill_on_drop: false }`
[INFO] running `Command { std: "docker" "exec" "-e" "SOURCE_DIR=/opt/rustwide/workdir" "-e" "CARGO_HOME=/opt/rustwide/cargo-home" "-e" "RUSTUP_HOME=/opt/rustwide/rustup-home" "-e" "CARGO_TARGET_DIR=/opt/rustwide/target" "-e" "CARGO_INCREMENTAL=0" "-e" "RUST_BACKTRACE=full" "-e" "RUSTFLAGS=--cap-lints=forbid -Znext-solver=coherence" "-e" "RUSTDOCFLAGS=--cap-lints=forbid" "-w" "/opt/rustwide/workdir" "--user" "0:0" "399cd523d4df2cf5a45db1e70bc3bf538f262228c6b6d2feedc0878778f02163" "/opt/rustwide/cargo-home/bin/cargo" "+3154cc1a3e6424e44f438a95007d043ed5ceaaf6" "check" "--frozen" "--all" "--all-targets" "--message-format=json", kill_on_drop: false }`
[INFO] [stderr]    Compiling syn v2.0.119
[INFO] [stderr]    Compiling syn v3.0.3
[INFO] [stderr]    Compiling serde_core v1.0.229
[INFO] [stderr]     Checking tokbench-core v0.1.0 (/opt/rustwide/workdir/core)
[INFO] [stderr]    Compiling serde v1.0.229
[INFO] [stderr]    Compiling portable-atomic v1.14.0
[INFO] [stderr]    Compiling either v1.17.0
[INFO] [stderr]     Checking aho-corasick v1.1.5
[INFO] [stderr]     Checking critical-section v1.2.0
[INFO] [stderr]    Compiling regex-syntax v0.8.11
[INFO] [stderr]     Checking stable_deref_trait v1.2.1
[INFO] [stderr]    Compiling serde_json v1.0.151
[INFO] [stderr]    Compiling zerocopy v0.8.55
[INFO] [stderr]     Checking smallvec v1.15.2
[INFO] [stderr]    Compiling memchr v2.8.3
[INFO] [stderr]     Checking rayon-core v1.13.0
[INFO] [stderr]    Compiling num-traits v0.2.19
[INFO] [stderr]    Compiling lazy_static v1.5.0
[INFO] [stderr]     Checking unicode-segmentation v1.13.3
[INFO] [stderr]    Compiling beef v0.5.2
[INFO] [stderr]    Compiling itertools v0.14.0
[INFO] [stderr]     Checking bit-vec v0.8.0
[INFO] [stderr]    Compiling ahash v0.8.12
[INFO] [stderr]    Compiling rustversion v1.0.23
[INFO] [stderr]     Checking tinyvec v1.12.0
[INFO] [stderr]     Checking bit-set v0.8.0
[INFO] [stderr]    Compiling unicode-width v0.1.14
[INFO] [stderr]     Checking rayon v1.12.0
[INFO] [stderr]    Compiling getrandom v0.4.3
[INFO] [stderr]    Compiling thiserror v1.0.69
[INFO] [stderr]     Checking unicode-normalization v0.1.25
[INFO] [stderr]     Checking nom v7.1.3
[INFO] [stderr]     Checking castaway v0.2.4
[INFO] [stderr]     Checking regex-automata v0.4.18
[INFO] [stderr]    Compiling pastey v0.2.3
[INFO] [stderr]    Compiling prettyplease v0.2.37
[INFO] [stderr]     Checking rustc-std-workspace-alloc v1.0.1
[INFO] [stderr]    Compiling unicode-general-category v1.1.0
[INFO] [stderr]     Checking once_cell v1.21.4
[INFO] [stderr]    Compiling macro_rules_attribute-proc_macro v0.2.3
[INFO] [stderr]     Checking bytes v1.12.1
[INFO] [stderr]    Compiling linux-raw-sys v0.12.1
[INFO] [stderr]    Compiling bitflags v2.13.1
[INFO] [stderr]     Checking rand_core v0.10.1
[INFO] [stderr]     Checking macro_rules_attribute v0.2.3
[INFO] [stderr]     Checking hashbrown v0.16.1
[INFO] [stderr]    Compiling rustix v1.1.4
[INFO] [stderr]     Checking unicode-normalization-alignments v0.1.12
[INFO] [stderr]    Compiling onig_sys v69.9.3
[INFO] [stderr]    Compiling target-features v0.1.6
[INFO] [stderr]     Checking daachorse v1.0.1
[INFO] [stderr]    Compiling fastrand v2.5.0
[INFO] [stderr]     Checking writeable v0.5.5
[INFO] [stderr]    Compiling icu_locid_transform_data v1.5.1
[INFO] [stderr]     Checking utf16_iter v1.0.5
[INFO] [stderr]     Checking litemap v0.7.5
[INFO] [stderr]     Checking write16 v1.0.0
[INFO] [stderr]     Checking unicode_categories v0.1.1
[INFO] [stderr]    Compiling fixedbitset v0.5.7
[INFO] [stderr]    Compiling simd-adler32 v0.3.10
[INFO] [stderr]    Compiling adler2 v2.0.1
[INFO] [stderr]    Compiling icu_properties_data v1.5.1
[INFO] [stderr]    Compiling multimap v0.10.1
[INFO] [stderr]    Compiling petgraph v0.7.1
[INFO] [stderr]    Compiling esaxx-rs v0.1.10
[INFO] [stderr]    Compiling radium v0.7.0
[INFO] [stderr]     Checking rayon-cond v0.4.0
[INFO] [stderr]    Compiling miniz_oxide v0.8.9
[INFO] [stderr]    Compiling rmp v0.8.15
[INFO] [stderr]    Compiling crc32fast v1.5.0
[INFO] [stderr]    Compiling pcre2-sys v0.2.10
[INFO] [stderr]    Compiling base64 v0.22.1
[INFO] [stderr]     Checking tap v1.0.1
[INFO] [stderr]    Compiling aneubeck-daachorse v1.1.1
[INFO] [stderr]    Compiling icu_normalizer_data v1.5.1
[INFO] [stderr]     Checking wyz v0.5.1
[INFO] [stderr]     Checking chacha20 v0.10.1
[INFO] [stderr]    Compiling sentencepiece-sys v0.14.0
[INFO] [stderr]    Compiling tempfile v3.27.0
[INFO] [stderr]     Checking regex v1.13.1
[INFO] [stderr]     Checking fancy-regex v0.17.0
[INFO] [stderr]     Checking bstr v1.13.0
[INFO] [stderr]    Compiling flate2 v1.1.9
[INFO] [stderr]     Checking anyhow v1.0.104
[INFO] [stderr]     Checking unicode-width v0.2.2
[INFO] [stderr]     Checking arbitrary-chunks v0.4.1
[INFO] [stderr]     Checking bit-vec v0.6.3
[INFO] [stderr]     Checking partition v0.1.2
[INFO] [stderr]     Checking funty v2.0.0
[INFO] [stderr]     Checking fxhash v0.2.1
[INFO] [stderr]     Checking rdst v0.20.14
[INFO] [stderr]     Checking console v0.16.4
[INFO] [stderr]     Checking rand v0.10.2
[INFO] [stderr]     Checking bit-set v0.5.3
[INFO] [stderr]     Checking is-docker v0.2.0
[INFO] [stderr]     Checking itertools v0.15.0
[INFO] [stderr]     Checking atomsplit v0.1.0 (https://github.com/huggingface/tokenizers?rev=e35dc99c#e35dc99c)
[INFO] [stderr]     Checking bitvec v1.1.1
[INFO] [stderr]    Compiling tokie v0.1.4
[INFO] [stderr]     Checking daggrs v0.1.1
[INFO] [stderr]    Compiling synstructure v0.13.2
[INFO] [stderr]    Compiling darling_core v0.20.11
[INFO] [stderr]    Compiling logos-codegen v0.14.4
[INFO] [stderr]     Checking ppv-lite86 v0.2.21
[INFO] [stderr]     Checking prefetch-index v0.2.1
[INFO] [stderr]    Compiling litrs v1.0.0
[INFO] [stderr]     Checking xxhash-rust v0.8.18
[INFO] [stderr]     Checking unit-prefix v0.5.2
[INFO] [stderr]     Checking clap_builder v4.6.5
[INFO] [stderr]     Checking indicatif v0.18.6
[INFO] [stderr]     Checking rand_chacha v0.9.0
[INFO] [stderr]     Checking rand_chacha v0.10.0
[INFO] [stderr]    Compiling serde_derive v1.0.229
[INFO] [stderr]    Compiling thiserror-impl v2.0.19
[INFO] [stderr]    Compiling displaydoc v0.2.7
[INFO] [stderr]     Checking rand v0.9.5
[INFO] [stderr]    Compiling document-features v0.2.12
[INFO] [stderr]    Compiling clap_derive v4.6.4
[INFO] [stderr]     Checking chunk v0.9.2
[INFO] [stderr]     Checking tinystr v0.8.3
[INFO] [stderr]    Compiling logos-codegen v0.16.1
[INFO] [stderr]     Checking zerotrie v0.2.4
[INFO] [stderr]     Checking fancy-regex v0.13.0
[INFO] [stderr]     Checking is-wsl v0.4.0
[INFO] [stderr]     Checking icu_locale_core v2.2.0
[INFO] [stderr]     Checking pcre2 v0.2.11
[INFO] [stderr]     Checking fancy-regex v0.18.0
[INFO] [stderr]     Checking pretokie v0.1.3
[INFO] [stderr]     Checking hashbrown v0.17.1
[INFO] [stderr]     Checking thiserror v2.0.19
[INFO] [stderr]    Compiling tokbench-executorch v0.1.0 (/opt/rustwide/workdir/engines/executorch)
[INFO] [stderr]     Checking cobs v0.3.0
[INFO] [stderr]    Compiling zerofrom-derive v0.1.7
[INFO] [stderr]    Compiling prost-derive v0.13.5
[INFO] [stderr]    Compiling yoke-derive v0.7.5
[INFO] [stderr]    Compiling zerovec-derive v0.10.3
[INFO] [stderr]    Compiling logos-derive v0.14.4
[INFO] [stderr]    Compiling miette-derive v7.6.0
[INFO] [stderr]    Compiling logos v0.14.4
[INFO] [stderr]    Compiling yoke-derive v0.8.2
[INFO] [stderr]    Compiling monostate-impl v0.1.18
[INFO] [stderr]    Compiling thiserror-impl v1.0.69
[INFO] [stderr]    Compiling zerovec-derive v0.11.3
[INFO] [stderr]     Checking monostate v0.1.18
[INFO] [stderr]    Compiling strum_macros v0.27.2
[INFO] [stderr]    Compiling icu_provider_macros v1.5.0
[INFO] [stderr]    Compiling mem_dbg-derive v0.3.4
[INFO] [stderr]    Compiling derive_more-impl v2.1.1
[INFO] [stderr]    Compiling logos-derive v0.16.1
[INFO] [stderr]    Compiling prost-derive v0.14.4
[INFO] [stderr]    Compiling darling_macro v0.20.11
[INFO] [stderr]    Compiling multiversion-macros v0.8.0
[INFO] [stderr]     Checking logos v0.16.1
[INFO] [stderr]     Checking mem_dbg v0.4.4
[INFO] [stderr]    Compiling darling v0.20.11
[INFO] [stderr]    Compiling derive_builder_core v0.20.2
[INFO] [stderr]    Compiling num-derive v0.4.2
[INFO] [stderr]     Checking zerofrom v0.1.8
[INFO] [stderr]    Compiling prost v0.13.5
[INFO] [stderr]    Compiling miette v7.6.0
[INFO] [stderr]     Checking yoke v0.7.5
[INFO] [stderr]     Checking yoke v0.8.3
[INFO] [stderr]     Checking zerovec v0.10.4
[INFO] [stderr]    Compiling prost-types v0.13.5
[INFO] [stderr]    Compiling tokbench-llamacpp v0.1.0 (/opt/rustwide/workdir/engines/llamacpp)
[INFO] [stderr]     Checking ringbuffer v0.16.0
[INFO] [stderr]     Checking rustc-hash v2.1.3
[INFO] [stderr]     Checking onig v6.5.3
[INFO] [stderr]     Checking zerovec v0.11.6
[INFO] [stderr]     Checking orx-priority-queue v1.8.0
[INFO] [stderr]     Checking daachorse v3.0.3
[INFO] [stderr]     Checking foldhash v0.1.5
[INFO] [stderr]    Compiling tokbench-iree v0.1.0 (/opt/rustwide/workdir/engines/iree)
[INFO] [stderr]     Checking yada v0.7.0
[INFO] [stderr]    Compiling tokbench-blingfire v0.1.0 (/opt/rustwide/workdir/engines/blingfire)
[INFO] [stderr]    Compiling indoc v2.0.7
[INFO] [stderr]     Checking inventory v0.3.24
[INFO] [stderr]     Checking derive_more v2.1.1
[INFO] [stderr] warning: tokbench-blingfire@0.1.0: libblingfiretokdll not found; the blingfire engine will report Unsupported. Run engines/blingfire/scripts/vendor_blingfire.sh to build it, or set BLINGFIRE_LIB_DIR to a directory containing libblingfiretokdll.so.
[INFO] [stderr] warning: tokbench-iree@0.1.0: tokbench-iree: /opt/rustwide/workdir/engines/iree/vendor/lib/libiree_tokenizer.a not found; the engine will report Unsupported. Run `bash engines/iree/scripts/vendor_iree.sh` to build it.
[INFO] [stderr]     Checking tiktoken-rs v0.12.0
[INFO] [stderr]    Compiling derive_builder_macro v0.20.2
[INFO] [stderr]     Checking clap v4.6.5
[INFO] [stderr]     Checking open v5.4.0
[INFO] [stderr] warning: tokbench-executorch@0.1.0: tokbench-executorch: no vendored library at /opt/rustwide/workdir/engines/executorch/vendor — engine will report Unsupported. Run engines/executorch/scripts/vendor_executorch.sh
[INFO] [stderr]     Checking dary_heap v0.3.9
[INFO] [stderr]     Checking spm_precompiled v0.1.4
[INFO] [stderr]     Checking compact_str v0.9.1
[INFO] [stderr]     Checking multiversion v0.8.0
[INFO] [stderr]     Checking postcard v1.1.3
[INFO] [stderr]     Checking derive_builder v0.20.2
[INFO] [stderr]    Compiling rmp-serde v1.3.1
[INFO] [stderr]     Checking bitsplit v0.1.0 (https://github.com/huggingface/tokenizers?rev=e35dc99c#e35dc99c)
[INFO] [stderr]     Checking ptr_hash v2.0.2
[INFO] [stderr]    Compiling bpe v0.2.1
[INFO] [stderr] warning: tokbench-llamacpp@0.1.0: llama.cpp not found (looked at pkg-config `llama`, $LLAMA_CPP_DIR, Homebrew and /usr/local). tokbench-llamacpp will report Unsupported. Install with `brew install llama.cpp`, or set LLAMA_CPP_DIR to a built checkout.
[INFO] [stderr]     Checking potential_utf v0.1.5
[INFO] [stderr]     Checking icu_provider v2.2.0
[INFO] [stderr]     Checking icu_collections v2.2.0
[INFO] [stderr]     Checking prost v0.14.4
[INFO] [stderr]     Checking tokbench-tiktoken v0.1.0 (/opt/rustwide/workdir/engines/tiktoken)
[INFO] [stderr]     Checking tokbench-binsize v0.1.0 (/opt/rustwide/workdir/binsize)
[INFO] [stderr]     Checking tokbench-gigatoken v0.1.0 (/opt/rustwide/workdir/engines/gigatoken)
[INFO] [stdout] warning: unused import: `Build`
[INFO] [stdout]   --> binsize/src/main.rs:16:21
[INFO] [stdout]    |
[INFO] [stdout] 16 | use tokbench_core::{Build, Engine, Model, Unsupported};
[INFO] [stdout]    |                     ^^^^^
[INFO] [stdout]    |
[INFO] [stdout]    = note: `#[warn(unused_imports)]` (part of `#[warn(unused)]`) on by default
[INFO] [stdout] 
[INFO] [stdout] 
[INFO] [stdout] warning: unused import: `Build`
[INFO] [stdout]   --> binsize/src/main.rs:16:21
[INFO] [stdout]    |
[INFO] [stdout] 16 | use tokbench_core::{Build, Engine, Model, Unsupported};
[INFO] [stdout]    |                     ^^^^^
[INFO] [stdout]    |
[INFO] [stdout]    = note: `#[warn(unused_imports)]` (part of `#[warn(unused)]`) on by default
[INFO] [stdout] 
[INFO] [stdout] 
[INFO] [stderr]     Checking tinystr v0.7.6
[INFO] [stdout] warning: unexpected `cfg` condition name: `gigatoken_wired`
[INFO] [stdout]   --> engines/gigatoken/src/lib.rs:92:7
[INFO] [stdout]    |
[INFO] [stdout] 92 | #[cfg(gigatoken_wired)]
[INFO] [stdout]    |       ^^^^^^^^^^^^^^^
[INFO] [stdout]    |
[INFO] [stdout]    = help: expected names are: `docsrs`, `feature`, and `test` and 34 more
[INFO] [stdout]    = help: consider using a Cargo feature instead
[INFO] [stdout]    = help: or consider adding in `Cargo.toml` the `check-cfg` lint config for the lint:
[INFO] [stdout]             [lints.rust]
[INFO] [stdout]             unexpected_cfgs = { level = "warn", check-cfg = ['cfg(gigatoken_wired)'] }
[INFO] [stdout]    = help: or consider adding `println!("cargo::rustc-check-cfg=cfg(gigatoken_wired)");` to the top of the `build.rs`
[INFO] [stdout]    = note: see <https://doc.rust-lang.org/nightly/rustc/check-cfg/cargo-specifics.html> for more information about checking conditional configuration
[INFO] [stdout]    = note: `#[warn(unexpected_cfgs)]` on by default
[INFO] [stdout] 
[INFO] [stdout] 
[INFO] [stdout] warning: unexpected `cfg` condition name: `gigatoken_wired`
[INFO] [stdout]    --> engines/gigatoken/src/lib.rs:175:7
[INFO] [stdout]     |
[INFO] [stdout] 175 | #[cfg(gigatoken_wired)]
[INFO] [stdout]     |       ^^^^^^^^^^^^^^^
[INFO] [stdout]     |
[INFO] [stdout]     = help: consider using a Cargo feature instead
[INFO] [stdout]     = help: or consider adding in `Cargo.toml` the `check-cfg` lint config for the lint:
[INFO] [stdout]              [lints.rust]
[INFO] [stdout]              unexpected_cfgs = { level = "warn", check-cfg = ['cfg(gigatoken_wired)'] }
[INFO] [stdout]     = help: or consider adding `println!("cargo::rustc-check-cfg=cfg(gigatoken_wired)");` to the top of the `build.rs`
[INFO] [stdout]     = note: see <https://doc.rust-lang.org/nightly/rustc/check-cfg/cargo-specifics.html> for more information about checking conditional configuration
[INFO] [stdout] 
[INFO] [stdout] 
[INFO] [stdout] warning: unexpected `cfg` condition name: `gigatoken_wired`
[INFO] [stdout]    --> engines/gigatoken/src/lib.rs:180:11
[INFO] [stdout]     |
[INFO] [stdout] 180 | #[cfg(not(gigatoken_wired))]
[INFO] [stdout]     |           ^^^^^^^^^^^^^^^
[INFO] [stdout]     |
[INFO] [stdout]     = help: consider using a Cargo feature instead
[INFO] [stdout]     = help: or consider adding in `Cargo.toml` the `check-cfg` lint config for the lint:
[INFO] [stdout]              [lints.rust]
[INFO] [stdout]              unexpected_cfgs = { level = "warn", check-cfg = ['cfg(gigatoken_wired)'] }
[INFO] [stdout]     = help: or consider adding `println!("cargo::rustc-check-cfg=cfg(gigatoken_wired)");` to the top of the `build.rs`
[INFO] [stdout]     = note: see <https://doc.rust-lang.org/nightly/rustc/check-cfg/cargo-specifics.html> for more information about checking conditional configuration
[INFO] [stdout] 
[INFO] [stdout] 
[INFO] [stdout] warning: unexpected `cfg` condition name: `gigatoken_wired`
[INFO] [stdout]    --> engines/gigatoken/src/lib.rs:183:11
[INFO] [stdout]     |
[INFO] [stdout] 183 | #[cfg(not(gigatoken_wired))]
[INFO] [stdout]     |           ^^^^^^^^^^^^^^^
[INFO] [stdout]     |
[INFO] [stdout]     = help: consider using a Cargo feature instead
[INFO] [stdout]     = help: or consider adding in `Cargo.toml` the `check-cfg` lint config for the lint:
[INFO] [stdout]              [lints.rust]
[INFO] [stdout]              unexpected_cfgs = { level = "warn", check-cfg = ['cfg(gigatoken_wired)'] }
[INFO] [stdout]     = help: or consider adding `println!("cargo::rustc-check-cfg=cfg(gigatoken_wired)");` to the top of the `build.rs`
[INFO] [stdout]     = note: see <https://doc.rust-lang.org/nightly/rustc/check-cfg/cargo-specifics.html> for more information about checking conditional configuration
[INFO] [stdout] 
[INFO] [stdout] 
[INFO] [stderr]     Checking icu_collections v1.5.0
[INFO] [stdout] warning: unexpected `cfg` condition name: `gigatoken_wired`
[INFO] [stdout]   --> engines/gigatoken/src/lib.rs:92:7
[INFO] [stdout]    |
[INFO] [stdout] 92 | #[cfg(gigatoken_wired)]
[INFO] [stdout]    |       ^^^^^^^^^^^^^^^
[INFO] [stdout]    |
[INFO] [stdout]    = help: expected names are: `docsrs`, `feature`, and `test` and 34 more
[INFO] [stdout]    = help: consider using a Cargo feature instead
[INFO] [stdout]    = help: or consider adding in `Cargo.toml` the `check-cfg` lint config for the lint:
[INFO] [stdout]             [lints.rust]
[INFO] [stdout]             unexpected_cfgs = { level = "warn", check-cfg = ['cfg(gigatoken_wired)'] }
[INFO] [stdout]    = help: or consider adding `println!("cargo::rustc-check-cfg=cfg(gigatoken_wired)");` to the top of the `build.rs`
[INFO] [stdout]    = note: see <https://doc.rust-lang.org/nightly/rustc/check-cfg/cargo-specifics.html> for more information about checking conditional configuration
[INFO] [stdout]    = note: `#[warn(unexpected_cfgs)]` on by default
[INFO] [stdout] 
[INFO] [stdout] 
[INFO] [stdout] warning: unexpected `cfg` condition name: `gigatoken_wired`
[INFO] [stdout]    --> engines/gigatoken/src/lib.rs:175:7
[INFO] [stdout]     |
[INFO] [stdout] 175 | #[cfg(gigatoken_wired)]
[INFO] [stdout]     |       ^^^^^^^^^^^^^^^
[INFO] [stdout]     |
[INFO] [stdout]     = help: consider using a Cargo feature instead
[INFO] [stdout]     = help: or consider adding in `Cargo.toml` the `check-cfg` lint config for the lint:
[INFO] [stdout]              [lints.rust]
[INFO] [stdout]              unexpected_cfgs = { level = "warn", check-cfg = ['cfg(gigatoken_wired)'] }
[INFO] [stdout]     = help: or consider adding `println!("cargo::rustc-check-cfg=cfg(gigatoken_wired)");` to the top of the `build.rs`
[INFO] [stdout]     = note: see <https://doc.rust-lang.org/nightly/rustc/check-cfg/cargo-specifics.html> for more information about checking conditional configuration
[INFO] [stdout] 
[INFO] [stdout] 
[INFO] [stdout] warning: unexpected `cfg` condition name: `gigatoken_wired`
[INFO] [stdout]    --> engines/gigatoken/src/lib.rs:180:11
[INFO] [stdout]     |
[INFO] [stdout] 180 | #[cfg(not(gigatoken_wired))]
[INFO] [stdout]     |           ^^^^^^^^^^^^^^^
[INFO] [stdout]     |
[INFO] [stdout]     = help: consider using a Cargo feature instead
[INFO] [stdout]     = help: or consider adding in `Cargo.toml` the `check-cfg` lint config for the lint:
[INFO] [stdout]              [lints.rust]
[INFO] [stdout]              unexpected_cfgs = { level = "warn", check-cfg = ['cfg(gigatoken_wired)'] }
[INFO] [stdout]     = help: or consider adding `println!("cargo::rustc-check-cfg=cfg(gigatoken_wired)");` to the top of the `build.rs`
[INFO] [stdout]     = note: see <https://doc.rust-lang.org/nightly/rustc/check-cfg/cargo-specifics.html> for more information about checking conditional configuration
[INFO] [stdout] 
[INFO] [stdout] 
[INFO] [stdout] warning: unexpected `cfg` condition name: `gigatoken_wired`
[INFO] [stdout]    --> engines/gigatoken/src/lib.rs:183:11
[INFO] [stdout]     |
[INFO] [stdout] 183 | #[cfg(not(gigatoken_wired))]
[INFO] [stdout]     |           ^^^^^^^^^^^^^^^
[INFO] [stdout]     |
[INFO] [stdout]     = help: consider using a Cargo feature instead
[INFO] [stdout]     = help: or consider adding in `Cargo.toml` the `check-cfg` lint config for the lint:
[INFO] [stdout]              [lints.rust]
[INFO] [stdout]              unexpected_cfgs = { level = "warn", check-cfg = ['cfg(gigatoken_wired)'] }
[INFO] [stdout]     = help: or consider adding `println!("cargo::rustc-check-cfg=cfg(gigatoken_wired)");` to the top of the `build.rs`
[INFO] [stdout]     = note: see <https://doc.rust-lang.org/nightly/rustc/check-cfg/cargo-specifics.html> for more information about checking conditional configuration
[INFO] [stdout] 
[INFO] [stdout] 
[INFO] [stderr]     Checking tokenizers v0.23.1
[INFO] [stderr]     Checking strum v0.27.2
[INFO] [stderr]    Compiling protox-parse v0.7.0
[INFO] [stderr]    Compiling prost-reflect v0.14.7
[INFO] [stderr]    Compiling prost-build v0.13.5
[INFO] [stderr]     Checking icu_normalizer v2.2.0
[INFO] [stderr]     Checking icu_locid v1.5.0
[INFO] [stderr]     Checking wordchipper v0.9.2
[INFO] [stderr]    Compiling bpe-openai v0.3.0
[INFO] [stderr]     Checking tk-encode v0.23.2-dev.0 (https://github.com/huggingface/tokenizers?rev=e35dc99c#e35dc99c)
[INFO] [stderr]     Checking icu_provider v1.5.0
[INFO] [stderr]     Checking fastokens v0.3.1
[INFO] [stderr]     Checking icu_locid_transform v1.5.0
[INFO] [stderr]     Checking icu_properties v1.5.1
[INFO] [stderr]     Checking tokbench-fastokens v0.1.0 (/opt/rustwide/workdir/engines/fastokens)
[INFO] [stderr] error: could not compile `tokenizers` (lib)
[INFO] [stderr] 
[INFO] [stderr] Caused by:
[INFO] [stderr]   process didn't exit successfully: `/opt/rustwide/rustup-home/toolchains/3154cc1a3e6424e44f438a95007d043ed5ceaaf6/bin/rustc --crate-name tokenizers --edition=2018 /opt/rustwide/cargo-home/registry/src/index.crates.io-1949cf8c6b5b557f/tokenizers-0.23.1/src/lib.rs --error-format=json --json=diagnostic-rendered-ansi,artifacts,future-incompat,unused-externs-silent --crate-type lib --emit=dep-info,metadata -C embed-bitcode=no -C debuginfo=2 --cfg 'feature="onig"' --check-cfg 'cfg(docsrs,test)' --check-cfg 'cfg(feature, values("default", "esaxx_fast", "fancy-regex", "hf-hub", "http", "indicatif", "onig", "progressbar", "rustls-tls", "unstable_wasm"))' -C metadata=9a0215f5bf6be3c4 -C extra-filename=-91fed60e6bca4da8 --out-dir /opt/rustwide/target/debug/build/tokenizers/91fed60e6bca4da8/out -L dependency=/opt/rustwide/target/debug/build/aho-corasick/38f7c458e3d22093/out -L dependency=/opt/rustwide/target/debug/build/base64/903209484930998f/out -L dependency=/opt/rustwide/target/debug/build/bitflags/cac3c35dac4bb677/out -L dependency=/opt/rustwide/target/debug/build/castaway/286eb4eec33bad8a/out -L dependency=/opt/rustwide/target/debug/build/cfg-if/455a21b2886a1534/out -L dependency=/opt/rustwide/target/debug/build/critical-section/eccb42b79f92499e/out -L dependency=/opt/rustwide/target/debug/build/crossbeam-deque/10030ecdaf6ba5af/out -L dependency=/opt/rustwide/target/debug/build/crossbeam-epoch/c2c92f0c3476f76e/out -L dependency=/opt/rustwide/target/debug/build/crossbeam-utils/37dca2c2174e5380/out -L dependency=/opt/rustwide/target/debug/build/derive_builder_macro/1b7182d2e138cadb/out -L dependency=/opt/rustwide/target/debug/build/either/40ac410d495b0848/out -L dependency=/opt/rustwide/target/debug/build/getrandom/6126cedb6e9f09ea/out -L dependency=/opt/rustwide/target/debug/build/itertools/1add6dd0b4619e94/out -L dependency=/opt/rustwide/target/debug/build/itoa/9757112bd9972718/out -L dependency=/opt/rustwide/target/debug/build/libc/6c469ea5525a8374/out -L dependency=/opt/rustwide/target/debug/build/macro_rules_attribute-proc_macro/e11e14b7c2e8f018/out -L dependency=/opt/rustwide/target/debug/build/memchr/1dee75255e878028/out -L dependency=/opt/rustwide/target/debug/build/minimal-lexical/a8b06c322f46c594/out -L dependency=/opt/rustwide/target/debug/build/monostate-impl/3a01151868f6c6fa/out -L dependency=/opt/rustwide/target/debug/build/nom/6a54d706dcf571bb/out -L dependency=/opt/rustwide/target/debug/build/once_cell/bbdcd2724293c2eb/out -L dependency=/opt/rustwide/target/debug/build/onig_sys/8eeaa80e7936f9d5/out -L dependency=/opt/rustwide/target/debug/build/pastey/8c239f599fd61641/out -L dependency=/opt/rustwide/target/debug/build/portable-atomic/c1a0eb69b7663f09/out -L dependency=/opt/rustwide/target/debug/build/ppv-lite86/cd8cf2ed5d5384bf/out -L dependency=/opt/rustwide/target/debug/build/rand_chacha/7a6c9f1cd867265c/out -L dependency=/opt/rustwide/target/debug/build/rand_core/8951c0c4903cadf5/out -L dependency=/opt/rustwide/target/debug/build/rayon-core/031c899edfaeedde/out -L dependency=/opt/rustwide/target/debug/build/rayon/818ac70123aaada7/out -L dependency=/opt/rustwide/target/debug/build/regex-automata/c3697dc178f9e64b/out -L dependency=/opt/rustwide/target/debug/build/regex-syntax/8191e3a61fa341b7/out -L dependency=/opt/rustwide/target/debug/build/rustversion/6a05414b448f1068/out -L dependency=/opt/rustwide/target/debug/build/ryu/659b25542bb7dde0/out -L dependency=/opt/rustwide/target/debug/build/serde/535daea469ca5a0d/out -L dependency=/opt/rustwide/target/debug/build/serde_core/ae61b85b9f07edfc/out -L dependency=/opt/rustwide/target/debug/build/serde_derive/17bba8048bf40c89/out -L dependency=/opt/rustwide/target/debug/build/smallvec/2642dccadf3d8629/out -L dependency=/opt/rustwide/target/debug/build/static_assertions/ccbe326b41a234c7/out -L dependency=/opt/rustwide/target/debug/build/thiserror-impl/0b468b015dda32df/out -L dependency=/opt/rustwide/target/debug/build/unicode-segmentation/0dcd97b7d4f408c1/out -L dependency=/opt/rustwide/target/debug/build/zerocopy/4f4850014b727ff4/out -L dependency=/opt/rustwide/target/debug/build/zmij/7db290db90de1c50/out --extern ahash=/opt/rustwide/target/debug/build/ahash/f5daf82815104275/out/libahash-f5daf82815104275.rmeta --extern compact_str=/opt/rustwide/target/debug/build/compact_str/b72ba605738df453/out/libcompact_str-b72ba605738df453.rmeta --extern daachorse=/opt/rustwide/target/debug/build/daachorse/a6b9788f0a9b226c/out/libdaachorse-a6b9788f0a9b226c.rmeta --extern dary_heap=/opt/rustwide/target/debug/build/dary_heap/1771e55d76e6e435/out/libdary_heap-1771e55d76e6e435.rmeta --extern derive_builder=/opt/rustwide/target/debug/build/derive_builder/15430ed137b9f5a3/out/libderive_builder-15430ed137b9f5a3.rmeta --extern esaxx_rs=/opt/rustwide/target/debug/build/esaxx-rs/9212cc71ac1eb4bc/out/libesaxx_rs-9212cc71ac1eb4bc.rmeta --extern getrandom=/opt/rustwide/target/debug/build/getrandom/6126cedb6e9f09ea/out/libgetrandom-6126cedb6e9f09ea.rmeta --extern itertools=/opt/rustwide/target/debug/build/itertools/1add6dd0b4619e94/out/libitertools-1add6dd0b4619e94.rmeta --extern log=/opt/rustwide/target/debug/build/log/b577a85bc909ef1e/out/liblog-b577a85bc909ef1e.rmeta --extern macro_rules_attribute=/opt/rustwide/target/debug/build/macro_rules_attribute/e685d3c6c72efb10/out/libmacro_rules_attribute-e685d3c6c72efb10.rmeta --extern monostate=/opt/rustwide/target/debug/build/monostate/07f4b0c168b20369/out/libmonostate-07f4b0c168b20369.rmeta --extern onig=/opt/rustwide/target/debug/build/onig/ceb39b91cc3129b9/out/libonig-ceb39b91cc3129b9.rmeta --extern paste=/opt/rustwide/target/debug/build/paste/ed0d01cb7994f7d7/out/libpaste-ed0d01cb7994f7d7.so --extern rand=/opt/rustwide/target/debug/build/rand/c23614734c23a590/out/librand-c23614734c23a590.rmeta --extern rayon=/opt/rustwide/target/debug/build/rayon/818ac70123aaada7/out/librayon-818ac70123aaada7.rmeta --extern rayon_cond=/opt/rustwide/target/debug/build/rayon-cond/6ac083878729ecf8/out/librayon_cond-6ac083878729ecf8.rmeta --extern regex=/opt/rustwide/target/debug/build/regex/f2ff3bc3c4cc7e87/out/libregex-f2ff3bc3c4cc7e87.rmeta --extern regex_syntax=/opt/rustwide/target/debug/build/regex-syntax/8191e3a61fa341b7/out/libregex_syntax-8191e3a61fa341b7.rmeta --extern serde=/opt/rustwide/target/debug/build/serde/535daea469ca5a0d/out/libserde-535daea469ca5a0d.rmeta --extern serde_json=/opt/rustwide/target/debug/build/serde_json/b5b03ca6df1faa66/out/libserde_json-b5b03ca6df1faa66.rmeta --extern spm_precompiled=/opt/rustwide/target/debug/build/spm_precompiled/9a7056e3a6663470/out/libspm_precompiled-9a7056e3a6663470.rmeta --extern thiserror=/opt/rustwide/target/debug/build/thiserror/77f3c1bed1afbdcf/out/libthiserror-77f3c1bed1afbdcf.rmeta --extern unicode_normalization_alignments=/opt/rustwide/target/debug/build/unicode-normalization-alignments/0481a2ca073e4987/out/libunicode_normalization_alignments-0481a2ca073e4987.rmeta --extern unicode_segmentation=/opt/rustwide/target/debug/build/unicode-segmentation/0dcd97b7d4f408c1/out/libunicode_segmentation-0dcd97b7d4f408c1.rmeta --extern unicode_categories=/opt/rustwide/target/debug/build/unicode_categories/14a092ec7bb6316c/out/libunicode_categories-14a092ec7bb6316c.rmeta --cap-lints allow --cap-lints=forbid -Znext-solver=coherence --force-warn=unused_crate_dependencies -L native=/opt/rustwide/target/debug/build/onig_sys/025e80d662f1d96f/out` (signal: 9, SIGKILL: kill)
[INFO] [stderr] warning: build failed, waiting for other jobs to finish...
[INFO] [stderr] error: could not compile `prost-reflect` (lib)
[INFO] [stderr] 
[INFO] [stderr] Caused by:
[INFO] [stderr]   process didn't exit successfully: `/opt/rustwide/rustup-home/toolchains/3154cc1a3e6424e44f438a95007d043ed5ceaaf6/bin/rustc --crate-name prost_reflect --edition=2021 /opt/rustwide/cargo-home/registry/src/index.crates.io-1949cf8c6b5b557f/prost-reflect-0.14.7/src/lib.rs --error-format=json --json=diagnostic-rendered-ansi,artifacts,future-incompat,unused-externs-silent --crate-type lib --emit=dep-info,metadata,link -Z embed-metadata=no -C embed-bitcode=no --cfg 'feature="logos"' --cfg 'feature="miette"' --cfg 'feature="text-format"' --check-cfg 'cfg(docsrs,test)' --check-cfg 'cfg(feature, values("base64", "derive", "logos", "miette", "prost-reflect-derive", "serde", "serde-value", "serde1", "text-format"))' -C metadata=d69c619c4113eb5f -C extra-filename=-32102ec1b6569719 --out-dir /opt/rustwide/target/debug/build/prost-reflect/32102ec1b6569719/out -L dependency=/opt/rustwide/target/debug/build/bytes/9d5db70a86469ac7/out -L dependency=/opt/rustwide/target/debug/build/cfg-if/70389ec646bd910c/out -L dependency=/opt/rustwide/target/debug/build/logos-derive/e280e33e190ea44d/out -L dependency=/opt/rustwide/target/debug/build/miette-derive/f10ccbe194b3f8c5/out -L dependency=/opt/rustwide/target/debug/build/prost-derive/d7679a4540fa9c5c/out -L dependency=/opt/rustwide/target/debug/build/prost/f800affad8839b7e/out -L dependency=/opt/rustwide/target/debug/build/unicode-width/168b7a7320442a06/out --extern logos=/opt/rustwide/target/debug/build/logos/5e59a1430c75052e/out/liblogos-5e59a1430c75052e.rmeta --extern miette=/opt/rustwide/target/debug/build/miette/a5b05d35322952c5/out/libmiette-a5b05d35322952c5.rmeta --extern once_cell=/opt/rustwide/target/debug/build/once_cell/7e292f508267fd7a/out/libonce_cell-7e292f508267fd7a.rmeta --extern prost=/opt/rustwide/target/debug/build/prost/f800affad8839b7e/out/libprost-f800affad8839b7e.rmeta --extern prost_types=/opt/rustwide/target/debug/build/prost-types/891d461e4c5abcdf/out/libprost_types-891d461e4c5abcdf.rmeta --cap-lints allow --cap-lints=forbid -Znext-solver=coherence --force-warn=unused_crate_dependencies` (signal: 9, SIGKILL: kill)
[INFO] [stderr] error: could not compile `tk-encode` (lib)
[INFO] [stderr] 
[INFO] [stderr] Caused by:
[INFO] [stderr]   process didn't exit successfully: `/opt/rustwide/rustup-home/toolchains/3154cc1a3e6424e44f438a95007d043ed5ceaaf6/bin/rustc --crate-name tk_encode --edition=2024 /opt/rustwide/cargo-home/git/checkouts/tokenizers-1acc7cb673143792/e35dc99/tokenizers/tk-encode/src/lib.rs --error-format=json --json=diagnostic-rendered-ansi,artifacts,future-incompat,unused-externs-silent --crate-type lib --emit=dep-info,metadata -C embed-bitcode=no -C debuginfo=2 --cfg 'feature="default"' --cfg 'feature="indicatif"' --cfg 'feature="progressbar"' --check-cfg 'cfg(docsrs,test)' --check-cfg 'cfg(feature, values("bench-baseline", "default", "fancy-regex", "hf-hub", "http", "indicatif", "progressbar", "rustls-tls", "unstable_wasm"))' -C metadata=3122a94dd4f4786c -C extra-filename=-2a34877a0786aef2 --out-dir /opt/rustwide/target/debug/build/tk-encode/2a34877a0786aef2/out -L dependency=/opt/rustwide/target/debug/build/ahash/f5daf82815104275/out -L dependency=/opt/rustwide/target/debug/build/aho-corasick/38f7c458e3d22093/out -L dependency=/opt/rustwide/target/debug/build/allocator-api2/320a7223f6faf4b8/out -L dependency=/opt/rustwide/target/debug/build/arbitrary-chunks/b5c97729b2cdd87c/out -L dependency=/opt/rustwide/target/debug/build/atomsplit/63c863418e18accd/out -L dependency=/opt/rustwide/target/debug/build/base64/903209484930998f/out -L dependency=/opt/rustwide/target/debug/build/bitflags/cac3c35dac4bb677/out -L dependency=/opt/rustwide/target/debug/build/bitvec/b1a6f00d78e5ace8/out -L dependency=/opt/rustwide/target/debug/build/byteorder/1faabe2fe6089cfe/out -L dependency=/opt/rustwide/target/debug/build/castaway/286eb4eec33bad8a/out -L dependency=/opt/rustwide/target/debug/build/cfg-if/455a21b2886a1534/out -L dependency=/opt/rustwide/target/debug/build/chacha20/13dc367f11a45c0a/out -L dependency=/opt/rustwide/target/debug/build/colored/3dfcffb4be2df86c/out -L dependency=/opt/rustwide/target/debug/build/console/162cc359221395f4/out -L dependency=/opt/rustwide/target/debug/build/cpufeatures/1dc4fc21797f1e07/out -L dependency=/opt/rustwide/target/debug/build/critical-section/eccb42b79f92499e/out -L dependency=/opt/rustwide/target/debug/build/crossbeam-deque/10030ecdaf6ba5af/out -L dependency=/opt/rustwide/target/debug/build/crossbeam-epoch/c2c92f0c3476f76e/out -L dependency=/opt/rustwide/target/debug/build/crossbeam-utils/37dca2c2174e5380/out -L dependency=/opt/rustwide/target/debug/build/derive_builder_macro/1b7182d2e138cadb/out -L dependency=/opt/rustwide/target/debug/build/either/40ac410d495b0848/out -L dependency=/opt/rustwide/target/debug/build/equivalent/53277b141c879f87/out -L dependency=/opt/rustwide/target/debug/build/fastrand/bcc29a0d1db74e44/out -L dependency=/opt/rustwide/target/debug/build/foldhash/090522e7774996d0/out -L dependency=/opt/rustwide/target/debug/build/funty/afe18b9c1a364713/out -L dependency=/opt/rustwide/target/debug/build/fxhash/580865dd606b99e7/out -L dependency=/opt/rustwide/target/debug/build/getrandom/03a25f2e8b038fc6/out -L dependency=/opt/rustwide/target/debug/build/getrandom/6126cedb6e9f09ea/out -L dependency=/opt/rustwide/target/debug/build/hashbrown/6c9ce06fb602899a/out -L dependency=/opt/rustwide/target/debug/build/itertools/1add6dd0b4619e94/out -L dependency=/opt/rustwide/target/debug/build/itertools/ae1848b050e64c93/out -L dependency=/opt/rustwide/target/debug/build/itoa/9757112bd9972718/out -L dependency=/opt/rustwide/target/debug/build/libc/6c469ea5525a8374/out -L dependency=/opt/rustwide/target/debug/build/linux-raw-sys/d7c2b8f3e85e9f02/out -L dependency=/opt/rustwide/target/debug/build/log/b577a85bc909ef1e/out -L dependency=/opt/rustwide/target/debug/build/macro_rules_attribute-proc_macro/e11e14b7c2e8f018/out -L dependency=/opt/rustwide/target/debug/build/mem_dbg-derive/25e277bbe89f1c87/out -L dependency=/opt/rustwide/target/debug/build/mem_dbg/2bd133cd40fc4d37/out -L dependency=/opt/rustwide/target/debug/build/memchr/1dee75255e878028/out -L dependency=/opt/rustwide/target/debug/build/minimal-lexical/a8b06c322f46c594/out -L dependency=/opt/rustwide/target/debug/build/monostate-impl/3a01151868f6c6fa/out -L dependency=/opt/rustwide/target/debug/build/nom/6a54d706dcf571bb/out -L dependency=/opt/rustwide/target/debug/build/once_cell/bbdcd2724293c2eb/out -L dependency=/opt/rustwide/target/debug/build/partition/39651b1efeb465b4/out -L dependency=/opt/rustwide/target/debug/build/pastey/8c239f599fd61641/out -L dependency=/opt/rustwide/target/debug/build/portable-atomic/c1a0eb69b7663f09/out -L dependency=/opt/rustwide/target/debug/build/ppv-lite86/cd8cf2ed5d5384bf/out -L dependency=/opt/rustwide/target/debug/build/prefetch-index/b9b999811624bf58/out -L dependency=/opt/rustwide/target/debug/build/radium/9ca7325be4e4a02a/out -L dependency=/opt/rustwide/target/debug/build/rand/c2deef7e109b2db1/out -L dependency=/opt/rustwide/target/debug/build/rand_chacha/4dd844308b8cc5d3/out -L dependency=/opt/rustwide/target/debug/build/rand_chacha/7a6c9f1cd867265c/out -L dependency=/opt/rustwide/target/debug/build/rand_core/790bef9d05f5e688/out -L dependency=/opt/rustwide/target/debug/build/rand_core/8951c0c4903cadf5/out -L dependency=/opt/rustwide/target/debug/build/rayon-core/031c899edfaeedde/out -L dependency=/opt/rustwide/target/debug/build/rayon/818ac70123aaada7/out -L dependency=/opt/rustwide/target/debug/build/rdst/d400f0d93563f14b/out -L dependency=/opt/rustwide/target/debug/build/regex-automata/c3697dc178f9e64b/out -L dependency=/opt/rustwide/target/debug/build/regex-syntax/8191e3a61fa341b7/out -L dependency=/opt/rustwide/target/debug/build/rustc-std-workspace-alloc/9a7a3269af0a0e02/out -L dependency=/opt/rustwide/target/debug/build/rustix/03916c2fa9a4160c/out -L dependency=/opt/rustwide/target/debug/build/rustversion/6a05414b448f1068/out -L dependency=/opt/rustwide/target/debug/build/ryu/659b25542bb7dde0/out -L dependency=/opt/rustwide/target/debug/build/serde/535daea469ca5a0d/out -L dependency=/opt/rustwide/target/debug/build/serde_core/ae61b85b9f07edfc/out -L dependency=/opt/rustwide/target/debug/build/serde_derive/17bba8048bf40c89/out -L dependency=/opt/rustwide/target/debug/build/smallvec/2642dccadf3d8629/out -L dependency=/opt/rustwide/target/debug/build/static_assertions/ccbe326b41a234c7/out -L dependency=/opt/rustwide/target/debug/build/tap/3e66966ee826b1a4/out -L dependency=/opt/rustwide/target/debug/build/tempfile/95fab834f467f45a/out -L dependency=/opt/rustwide/target/debug/build/thiserror-impl/0b468b015dda32df/out -L dependency=/opt/rustwide/target/debug/build/tinyvec/f4137735912fdf1d/out -L dependency=/opt/rustwide/target/debug/build/tinyvec_macros/124a72ced85adfc8/out -L dependency=/opt/rustwide/target/debug/build/unicode-segmentation/0dcd97b7d4f408c1/out -L dependency=/opt/rustwide/target/debug/build/unicode-width/d240299c8c3a1bab/out -L dependency=/opt/rustwide/target/debug/build/unit-prefix/6a099b5433ac48a9/out -L dependency=/opt/rustwide/target/debug/build/wyz/76895a3b0c18a9ee/out -L dependency=/opt/rustwide/target/debug/build/xxhash-rust/02a8f0469b555b11/out -L dependency=/opt/rustwide/target/debug/build/zerocopy/4f4850014b727ff4/out -L dependency=/opt/rustwide/target/debug/build/zmij/7db290db90de1c50/out --extern ahash=/opt/rustwide/target/debug/build/ahash/f5daf82815104275/out/libahash-f5daf82815104275.rmeta --extern atomsplit=/opt/rustwide/target/debug/build/atomsplit/63c863418e18accd/out/libatomsplit-63c863418e18accd.rmeta --extern bitsplit=/opt/rustwide/target/debug/build/bitsplit/bac01f3c08349d66/out/libbitsplit-bac01f3c08349d66.rmeta --extern compact_str=/opt/rustwide/target/debug/build/compact_str/b72ba605738df453/out/libcompact_str-b72ba605738df453.rmeta --extern daachorse=/opt/rustwide/target/debug/build/daachorse/a0ab59a8d61cab35/out/libdaachorse-a0ab59a8d61cab35.rmeta --extern dary_heap=/opt/rustwide/target/debug/build/dary_heap/1771e55d76e6e435/out/libdary_heap-1771e55d76e6e435.rmeta --extern derive_builder=/opt/rustwide/target/debug/build/derive_builder/15430ed137b9f5a3/out/libderive_builder-15430ed137b9f5a3.rmeta --extern getrandom=/opt/rustwide/target/debug/build/getrandom/6126cedb6e9f09ea/out/libgetrandom-6126cedb6e9f09ea.rmeta --extern indicatif=/opt/rustwide/target/debug/build/indicatif/dec485d93951a5fa/out/libindicatif-dec485d93951a5fa.rmeta --extern itertools=/opt/rustwide/target/debug/build/itertools/1add6dd0b4619e94/out/libitertools-1add6dd0b4619e94.rmeta --extern libc=/opt/rustwide/target/debug/build/libc/6c469ea5525a8374/out/liblibc-6c469ea5525a8374.rmeta --extern log=/opt/rustwide/target/debug/build/log/b577a85bc909ef1e/out/liblog-b577a85bc909ef1e.rmeta --extern macro_rules_attribute=/opt/rustwide/target/debug/build/macro_rules_attribute/e685d3c6c72efb10/out/libmacro_rules_attribute-e685d3c6c72efb10.rmeta --extern memchr=/opt/rustwide/target/debug/build/memchr/1dee75255e878028/out/libmemchr-1dee75255e878028.rmeta --extern monostate=/opt/rustwide/target/debug/build/monostate/07f4b0c168b20369/out/libmonostate-07f4b0c168b20369.rmeta --extern paste=/opt/rustwide/target/debug/build/paste/ed0d01cb7994f7d7/out/libpaste-ed0d01cb7994f7d7.so --extern ptr_hash=/opt/rustwide/target/debug/build/ptr_hash/4701e343280fce94/out/libptr_hash-4701e343280fce94.rmeta --extern rand=/opt/rustwide/target/debug/build/rand/c23614734c23a590/out/librand-c23614734c23a590.rmeta --extern rayon=/opt/rustwide/target/debug/build/rayon/818ac70123aaada7/out/librayon-818ac70123aaada7.rmeta --extern rayon_cond=/opt/rustwide/target/debug/build/rayon-cond/6ac083878729ecf8/out/librayon_cond-6ac083878729ecf8.rmeta --extern regex=/opt/rustwide/target/debug/build/regex/f2ff3bc3c4cc7e87/out/libregex-f2ff3bc3c4cc7e87.rmeta --extern serde=/opt/rustwide/target/debug/build/serde/535daea469ca5a0d/out/libserde-535daea469ca5a0d.rmeta --extern serde_json=/opt/rustwide/target/debug/build/serde_json/b5b03ca6df1faa66/out/libserde_json-b5b03ca6df1faa66.rmeta --extern spm_precompiled=/opt/rustwide/target/debug/build/spm_precompiled/9a7056e3a6663470/out/libspm_precompiled-9a7056e3a6663470.rmeta --extern thiserror=/opt/rustwide/target/debug/build/thiserror/77f3c1bed1afbdcf/out/libthiserror-77f3c1bed1afbdcf.rmeta --extern unicode_normalization=/opt/rustwide/target/debug/build/unicode-normalization/ede61dcecbbca09e/out/libunicode_normalization-ede61dcecbbca09e.rmeta --extern unicode_normalization_alignments=/opt/rustwide/target/debug/build/unicode-normalization-alignments/0481a2ca073e4987/out/libunicode_normalization_alignments-0481a2ca073e4987.rmeta --extern unicode_segmentation=/opt/rustwide/target/debug/build/unicode-segmentation/0dcd97b7d4f408c1/out/libunicode_segmentation-0dcd97b7d4f408c1.rmeta --extern unicode_categories=/opt/rustwide/target/debug/build/unicode_categories/14a092ec7bb6316c/out/libunicode_categories-14a092ec7bb6316c.rmeta --extern yada=/opt/rustwide/target/debug/build/yada/1b0f894a22bcfe5d/out/libyada-1b0f894a22bcfe5d.rmeta --cap-lints allow --cap-lints=forbid -Znext-solver=coherence --force-warn=unused_crate_dependencies` (signal: 9, SIGKILL: kill)
[INFO] [stderr] error: could not compile `wordchipper` (lib)
[INFO] [stderr] 
[INFO] [stderr] Caused by:
[INFO] [stderr]   process didn't exit successfully: `/opt/rustwide/rustup-home/toolchains/3154cc1a3e6424e44f438a95007d043ed5ceaaf6/bin/rustc --crate-name wordchipper --edition=2024 /opt/rustwide/cargo-home/registry/src/index.crates.io-1949cf8c6b5b557f/wordchipper-0.9.2/src/lib.rs --error-format=json --json=diagnostic-rendered-ansi,artifacts,future-incompat,unused-externs-silent --crate-type lib --emit=dep-info,metadata -C embed-bitcode=no -C debuginfo=2 --cfg 'feature="fast-hash"' --cfg 'feature="std"' --check-cfg 'cfg(docsrs,test)' --check-cfg 'cfg(feature, values("client", "concurrent", "datagym", "default", "default-tls", "download", "fast-hash", "huggingface", "parallel", "rustls-tls", "std", "testing", "tracing"))' -C metadata=81347eb17893fe94 -C extra-filename=-7507a5e0b3c13eee --out-dir /opt/rustwide/target/debug/build/wordchipper/7507a5e0b3c13eee/out -L dependency=/opt/rustwide/target/debug/build/aho-corasick/38f7c458e3d22093/out -L dependency=/opt/rustwide/target/debug/build/allocator-api2/320a7223f6faf4b8/out -L dependency=/opt/rustwide/target/debug/build/bit-set/e854a7c9db7d611a/out -L dependency=/opt/rustwide/target/debug/build/bit-vec/1dde7c03acdc71f1/out -L dependency=/opt/rustwide/target/debug/build/critical-section/eccb42b79f92499e/out -L dependency=/opt/rustwide/target/debug/build/equivalent/53277b141c879f87/out -L dependency=/opt/rustwide/target/debug/build/foldhash/090522e7774996d0/out -L dependency=/opt/rustwide/target/debug/build/lock_api/497c3c4b546acad3/out -L dependency=/opt/rustwide/target/debug/build/logos-derive/2b537c2ced2809bd/out -L dependency=/opt/rustwide/target/debug/build/memchr/1dee75255e878028/out -L dependency=/opt/rustwide/target/debug/build/portable-atomic/c1a0eb69b7663f09/out -L dependency=/opt/rustwide/target/debug/build/regex-automata/c3697dc178f9e64b/out -L dependency=/opt/rustwide/target/debug/build/regex-syntax/8191e3a61fa341b7/out -L dependency=/opt/rustwide/target/debug/build/rustc-std-workspace-alloc/9a7a3269af0a0e02/out -L dependency=/opt/rustwide/target/debug/build/scopeguard/2eedc5e742d791e6/out -L dependency=/opt/rustwide/target/debug/build/strum_macros/2be6d2bdf5df5264/out -L dependency=/opt/rustwide/target/debug/build/thiserror-impl/0b468b015dda32df/out --extern aho_corasick=/opt/rustwide/target/debug/build/aho-corasick/38f7c458e3d22093/out/libaho_corasick-38f7c458e3d22093.rmeta --extern base64=/opt/rustwide/target/debug/build/base64/1197ac9fab90ee7e/out/libbase64-1197ac9fab90ee7e.rmeta --extern cfg_if=/opt/rustwide/target/debug/build/cfg-if/455a21b2886a1534/out/libcfg_if-455a21b2886a1534.rmeta --extern document_features=/opt/rustwide/target/debug/build/document-features/b652fc2819e80e17/out/libdocument_features-b652fc2819e80e17.so --extern fancy_regex=/opt/rustwide/target/debug/build/fancy-regex/4bf5ad9ba0e3c9c7/out/libfancy_regex-4bf5ad9ba0e3c9c7.rmeta --extern foldhash=/opt/rustwide/target/debug/build/foldhash/090522e7774996d0/out/libfoldhash-090522e7774996d0.rmeta --extern hashbrown=/opt/rustwide/target/debug/build/hashbrown/6c9ce06fb602899a/out/libhashbrown-6c9ce06fb602899a.rmeta --extern indoc=/opt/rustwide/target/debug/build/indoc/f644ae72af11c0f9/out/libindoc-f644ae72af11c0f9.so --extern inventory=/opt/rustwide/target/debug/build/inventory/8af1617fcb5c2197/out/libinventory-8af1617fcb5c2197.rmeta --extern log=/opt/rustwide/target/debug/build/log/b577a85bc909ef1e/out/liblog-b577a85bc909ef1e.rmeta --extern logos=/opt/rustwide/target/debug/build/logos/e9b7c370ba01fd5f/out/liblogos-e9b7c370ba01fd5f.rmeta --extern num_traits=/opt/rustwide/target/debug/build/num-traits/4e10b25fab58b252/out/libnum_traits-4e10b25fab58b252.rmeta --extern once_cell=/opt/rustwide/target/debug/build/once_cell/bbdcd2724293c2eb/out/libonce_cell-bbdcd2724293c2eb.rmeta --extern regex=/opt/rustwide/target/debug/build/regex/f2ff3bc3c4cc7e87/out/libregex-f2ff3bc3c4cc7e87.rmeta --extern regex_automata=/opt/rustwide/target/debug/build/regex-automata/c3697dc178f9e64b/out/libregex_automata-c3697dc178f9e64b.rmeta --extern ringbuffer=/opt/rustwide/target/debug/build/ringbuffer/96bf916d601711c3/out/libringbuffer-96bf916d601711c3.rmeta --extern spin=/opt/rustwide/target/debug/build/spin/43bea0ac9e83fb05/out/libspin-43bea0ac9e83fb05.rmeta --extern strum=/opt/rustwide/target/debug/build/strum/5ee40ef6e9320e7c/out/libstrum-5ee40ef6e9320e7c.rmeta --extern thiserror=/opt/rustwide/target/debug/build/thiserror/77f3c1bed1afbdcf/out/libthiserror-77f3c1bed1afbdcf.rmeta --extern unicode_general_category=/opt/rustwide/target/debug/build/unicode-general-category/abde4c654a098e73/out/libunicode_general_category-abde4c654a098e73.rmeta --cap-lints allow --cap-lints=forbid -Znext-solver=coherence --force-warn=unused_crate_dependencies` (signal: 9, SIGKILL: kill)
[INFO] [stderr] error: could not compile `icu_properties` (lib)
[INFO] [stderr] 
[INFO] [stderr] Caused by:
[INFO] [stderr]   process didn't exit successfully: `/opt/rustwide/rustup-home/toolchains/3154cc1a3e6424e44f438a95007d043ed5ceaaf6/bin/rustc --crate-name icu_properties --edition=2021 /opt/rustwide/cargo-home/registry/src/index.crates.io-1949cf8c6b5b557f/icu_properties-1.5.1/src/lib.rs --error-format=json --json=diagnostic-rendered-ansi,artifacts,future-incompat,unused-externs-silent --crate-type lib --emit=dep-info,metadata -C embed-bitcode=no -C debuginfo=2 --cfg 'feature="compiled_data"' --check-cfg 'cfg(docsrs,test)' --check-cfg 'cfg(feature, values("bidi", "compiled_data", "datagen", "default", "serde", "std"))' -C metadata=e1491e5deea74fcf -C extra-filename=-5abfd74e865f4270 --out-dir /opt/rustwide/target/debug/build/icu_properties/5abfd74e865f4270/out -L dependency=/opt/rustwide/target/debug/build/displaydoc/bd94240314050a6e/out -L dependency=/opt/rustwide/target/debug/build/icu_locid/5123b8d6c73ec52f/out -L dependency=/opt/rustwide/target/debug/build/icu_locid_transform_data/e169224d0dd25426/out -L dependency=/opt/rustwide/target/debug/build/icu_provider/7bf1fcc2f2fe2657/out -L dependency=/opt/rustwide/target/debug/build/icu_provider_macros/92e6dc9751ee9091/out -L dependency=/opt/rustwide/target/debug/build/litemap/f4a1e4594c4d24a1/out -L dependency=/opt/rustwide/target/debug/build/stable_deref_trait/0cabe2dfd5e41ec5/out -L dependency=/opt/rustwide/target/debug/build/tinystr/1afea7c63020d5ba/out -L dependency=/opt/rustwide/target/debug/build/writeable/029530d590248c79/out -L dependency=/opt/rustwide/target/debug/build/yoke-derive/1c5b5e0dce6de53f/out -L dependency=/opt/rustwide/target/debug/build/yoke/67a27cf50016e312/out -L dependency=/opt/rustwide/target/debug/build/zerofrom-derive/4d70ba0cb5f5b711/out -L dependency=/opt/rustwide/target/debug/build/zerofrom/631389b64f3b9c5e/out -L dependency=/opt/rustwide/target/debug/build/zerovec-derive/afc4aa0c9b5e6018/out -L dependency=/opt/rustwide/target/debug/build/zerovec/8fcea55a64bc79ee/out --extern displaydoc=/opt/rustwide/target/debug/build/displaydoc/bd94240314050a6e/out/libdisplaydoc-bd94240314050a6e.so --extern icu_collections=/opt/rustwide/target/debug/build/icu_collections/bbaafa0495c0a3cd/out/libicu_collections-bbaafa0495c0a3cd.rmeta --extern icu_locid_transform=/opt/rustwide/target/debug/build/icu_locid_transform/c41e349bb937b34f/out/libicu_locid_transform-c41e349bb937b34f.rmeta --extern icu_properties_data=/opt/rustwide/target/debug/build/icu_properties_data/72b26f83ab4acfa6/out/libicu_properties_data-72b26f83ab4acfa6.rmeta --extern icu_provider=/opt/rustwide/target/debug/build/icu_provider/7bf1fcc2f2fe2657/out/libicu_provider-7bf1fcc2f2fe2657.rmeta --extern tinystr=/opt/rustwide/target/debug/build/tinystr/1afea7c63020d5ba/out/libtinystr-1afea7c63020d5ba.rmeta --extern zerovec=/opt/rustwide/target/debug/build/zerovec/8fcea55a64bc79ee/out/libzerovec-8fcea55a64bc79ee.rmeta --cap-lints allow --cap-lints=forbid -Znext-solver=coherence --force-warn=unused_crate_dependencies` (signal: 9, SIGKILL: kill)
[INFO] [stderr] error: failed to run custom build command for `sentencepiece-sys v0.14.0`
[INFO] [stderr] note: To improve backtraces for build dependencies, set the CARGO_PROFILE_DEV_BUILD_OVERRIDE_DEBUG=true environment variable to enable debug information generation.
[INFO] [stderr] 
[INFO] [stderr] Caused by:
[INFO] [stderr]   process didn't exit successfully: `/opt/rustwide/target/debug/build/sentencepiece-sys/6e111bc2f35170f1/out/build_script_build` (exit status: 101)
[INFO] [stderr]   --- stdout
[INFO] [stderr]   cargo:rerun-if-env-changed=CC_x86_64-unknown-linux-gnu
[INFO] [stderr]   CC_x86_64-unknown-linux-gnu = None
[INFO] [stderr]   cargo:rerun-if-env-changed=CC_x86_64_unknown_linux_gnu
[INFO] [stderr]   CC_x86_64_unknown_linux_gnu = None
[INFO] [stderr]   cargo:rerun-if-env-changed=HOST_CC
[INFO] [stderr]   HOST_CC = None
[INFO] [stderr]   cargo:rerun-if-env-changed=CC
[INFO] [stderr]   CC = None
[INFO] [stderr]   cargo:rerun-if-env-changed=CC_ENABLE_DEBUG_OUTPUT
[INFO] [stderr]   cargo:rerun-if-env-changed=CRATE_CC_NO_DEFAULTS
[INFO] [stderr]   CRATE_CC_NO_DEFAULTS = None
[INFO] [stderr]   cargo:rerun-if-env-changed=CFLAGS
[INFO] [stderr]   CFLAGS = None
[INFO] [stderr]   cargo:rerun-if-env-changed=HOST_CFLAGS
[INFO] [stderr]   HOST_CFLAGS = None
[INFO] [stderr]   cargo:rerun-if-env-changed=CFLAGS_x86_64_unknown_linux_gnu
[INFO] [stderr]   CFLAGS_x86_64_unknown_linux_gnu = None
[INFO] [stderr]   cargo:rerun-if-env-changed=CFLAGS_x86_64-unknown-linux-gnu
[INFO] [stderr]   CFLAGS_x86_64-unknown-linux-gnu = None
[INFO] [stderr]   CMAKE_TOOLCHAIN_FILE_x86_64-unknown-linux-gnu = None
[INFO] [stderr]   CMAKE_TOOLCHAIN_FILE_x86_64_unknown_linux_gnu = None
[INFO] [stderr]   HOST_CMAKE_TOOLCHAIN_FILE = None
[INFO] [stderr]   CMAKE_TOOLCHAIN_FILE = None
[INFO] [stderr]   CMAKE_GENERATOR_x86_64-unknown-linux-gnu = None
[INFO] [stderr]   CMAKE_GENERATOR_x86_64_unknown_linux_gnu = None
[INFO] [stderr]   HOST_CMAKE_GENERATOR = None
[INFO] [stderr]   CMAKE_GENERATOR = None
[INFO] [stderr]   CMAKE_PREFIX_PATH_x86_64-unknown-linux-gnu = None
[INFO] [stderr]   CMAKE_PREFIX_PATH_x86_64_unknown_linux_gnu = None
[INFO] [stderr]   HOST_CMAKE_PREFIX_PATH = None
[INFO] [stderr]   CMAKE_PREFIX_PATH = None
[INFO] [stderr]   CMAKE_x86_64-unknown-linux-gnu = None
[INFO] [stderr]   CMAKE_x86_64_unknown_linux_gnu = None
[INFO] [stderr]   HOST_CMAKE = None
[INFO] [stderr]   CMAKE = None
[INFO] [stderr]   -- VERSION: 0.2.1
[INFO] [stderr]   -- The C compiler identification is GNU 15.2.0
[INFO] [stderr]   -- The CXX compiler identification is GNU 15.2.0
[INFO] [stderr]   -- Detecting C compiler ABI info
[INFO] [stderr]   -- Detecting C compiler ABI info - done
[INFO] [stderr]   -- Check for working C compiler: /usr/bin/cc - skipped
[INFO] [stderr]   -- Detecting C compile features
[INFO] [stderr]   -- Detecting C compile features - done
[INFO] [stderr]   -- Detecting CXX compiler ABI info
[INFO] [stderr]   -- Detecting CXX compiler ABI info - done
[INFO] [stderr]   -- Check for working CXX compiler: /usr/bin/c++ - skipped
[INFO] [stderr]   -- Detecting CXX compile features
[INFO] [stderr]   -- Detecting CXX compile features - done
[INFO] [stderr]   -- Performing Test CMAKE_HAVE_LIBC_PTHREAD
[INFO] [stderr]   -- Performing Test CMAKE_HAVE_LIBC_PTHREAD - Success
[INFO] [stderr]   -- Found Threads: TRUE
[INFO] [stderr]   -- Not Found TCMalloc: TCMALLOC_LIB-NOTFOUND
[INFO] [stderr]   -- Configuring done (6.0s)
[INFO] [stderr]   -- Generating done (0.5s)
[INFO] [stderr]   -- Build files have been written to: /opt/rustwide/target/debug/build/sentencepiece-sys/106be6614b7d59bd/out/build
[INFO] [stderr]   [  0%] Building CXX object src/CMakeFiles/sentencepiece.dir/__/third_party/protobuf-lite/arena.cc.o
[INFO] [stderr]   [  1%] Building CXX object src/CMakeFiles/sentencepiece.dir/__/third_party/protobuf-lite/arenastring.cc.o
[INFO] [stderr]   [  2%] Building CXX object src/CMakeFiles/sentencepiece.dir/__/third_party/protobuf-lite/bytestream.cc.o
[INFO] [stderr]   [  3%] Building CXX object src/CMakeFiles/sentencepiece.dir/__/third_party/protobuf-lite/coded_stream.cc.o
[INFO] [stderr]   [  4%] Building CXX object src/CMakeFiles/sentencepiece-static.dir/__/third_party/protobuf-lite/arena.cc.o
[INFO] [stderr]   [  5%] Building CXX object src/CMakeFiles/sentencepiece_train-static.dir/builder.cc.o
[INFO] [stderr]   [  6%] Building CXX object src/CMakeFiles/sentencepiece.dir/__/third_party/protobuf-lite/common.cc.o
[INFO] [stderr]   [  7%] Building CXX object src/CMakeFiles/sentencepiece-static.dir/__/third_party/protobuf-lite/arenastring.cc.o
[INFO] [stderr]   [  8%] Building CXX object src/CMakeFiles/sentencepiece.dir/__/third_party/protobuf-lite/extension_set.cc.o
[INFO] [stderr]   [  9%] Building CXX object src/CMakeFiles/sentencepiece_train-static.dir/unicode_script.cc.o
[INFO] [stderr]   [ 10%] Building CXX object src/CMakeFiles/sentencepiece.dir/__/third_party/protobuf-lite/generated_enum_util.cc.o
[INFO] [stderr]   [ 11%] Building CXX object src/CMakeFiles/sentencepiece-static.dir/__/third_party/protobuf-lite/bytestream.cc.o
[INFO] [stderr]   [ 12%] Building CXX object src/CMakeFiles/sentencepiece_train-static.dir/trainer_factory.cc.o
[INFO] [stderr]   [ 13%] Building CXX object src/CMakeFiles/sentencepiece_train-static.dir/trainer_interface.cc.o
[INFO] [stderr]   [ 14%] Building CXX object src/CMakeFiles/sentencepiece.dir/__/third_party/protobuf-lite/generated_message_table_driven_lite.cc.o
[INFO] [stderr]   [ 15%] Building CXX object src/CMakeFiles/sentencepiece-static.dir/__/third_party/protobuf-lite/coded_stream.cc.o
[INFO] [stderr]   [ 15%] Building CXX object src/CMakeFiles/sentencepiece_train-static.dir/unigram_model_trainer.cc.o
[INFO] [stderr]   [ 15%] Building CXX object src/CMakeFiles/sentencepiece.dir/__/third_party/protobuf-lite/generated_message_util.cc.o
[INFO] [stderr]   [ 16%] Building CXX object src/CMakeFiles/sentencepiece_train-static.dir/word_model_trainer.cc.o
[INFO] [stderr]   [ 17%] Building CXX object src/CMakeFiles/sentencepiece_train-static.dir/char_model_trainer.cc.o
[INFO] [stderr]   [ 18%] Building CXX object src/CMakeFiles/sentencepiece-static.dir/__/third_party/protobuf-lite/common.cc.o
[INFO] [stderr]   [ 19%] Building CXX object src/CMakeFiles/sentencepiece.dir/__/third_party/protobuf-lite/implicit_weak_message.cc.o
[INFO] [stderr]   [ 20%] Building CXX object src/CMakeFiles/sentencepiece.dir/__/third_party/protobuf-lite/int128.cc.o
[INFO] [stderr]   [ 21%] Building CXX object src/CMakeFiles/sentencepiece-static.dir/__/third_party/protobuf-lite/extension_set.cc.o
[INFO] [stderr]   [ 22%] Building CXX object src/CMakeFiles/sentencepiece-static.dir/__/third_party/protobuf-lite/generated_enum_util.cc.o
[INFO] [stderr]   [ 22%] Building CXX object src/CMakeFiles/sentencepiece-static.dir/__/third_party/protobuf-lite/generated_message_table_driven_lite.cc.o
[INFO] [stderr]   [ 25%] Building CXX object src/CMakeFiles/sentencepiece-static.dir/__/third_party/protobuf-lite/implicit_weak_message.cc.o
[INFO] [stderr]   [ 25%] Building CXX object src/CMakeFiles/sentencepiece-static.dir/__/third_party/protobuf-lite/generated_message_util.cc.o
[INFO] [stderr]   [ 25%] Building CXX object src/CMakeFiles/sentencepiece-static.dir/__/third_party/protobuf-lite/int128.cc.o
[INFO] [stderr]   [ 28%] Building CXX object src/CMakeFiles/sentencepiece-static.dir/__/third_party/protobuf-lite/message_lite.cc.o
[INFO] [stderr]   [ 28%] Building CXX object src/CMakeFiles/sentencepiece-static.dir/__/third_party/protobuf-lite/io_win32.cc.o
[INFO] [stderr]   [ 28%] Building CXX object src/CMakeFiles/sentencepiece-static.dir/__/third_party/protobuf-lite/parse_context.cc.o
[INFO] [stderr]   [ 29%] Building CXX object src/CMakeFiles/sentencepiece-static.dir/__/third_party/protobuf-lite/repeated_field.cc.o
[INFO] [stderr]   [ 30%] Building CXX object src/CMakeFiles/sentencepiece-static.dir/__/third_party/protobuf-lite/status.cc.o
[INFO] [stderr]   [ 30%] Building CXX object src/CMakeFiles/sentencepiece-static.dir/__/third_party/protobuf-lite/statusor.cc.o
[INFO] [stderr]   [ 31%] Building CXX object src/CMakeFiles/sentencepiece-static.dir/__/third_party/protobuf-lite/stringpiece.cc.o
[INFO] [stderr]   [ 32%] Building CXX object src/CMakeFiles/sentencepiece-static.dir/__/third_party/protobuf-lite/stringprintf.cc.o
[INFO] [stderr]   [ 34%] Building CXX object src/CMakeFiles/sentencepiece-static.dir/__/third_party/protobuf-lite/structurally_valid.cc.o
[INFO] [stderr]   [ 35%] Building CXX object src/CMakeFiles/sentencepiece-static.dir/__/third_party/protobuf-lite/strutil.cc.o
[INFO] [stderr]   [ 34%] Building CXX object src/CMakeFiles/sentencepiece-static.dir/__/third_party/protobuf-lite/time.cc.o
[INFO] [stderr]   [ 36%] Building CXX object src/CMakeFiles/sentencepiece-static.dir/__/third_party/protobuf-lite/wire_format_lite.cc.o
[INFO] [stderr]   [ 37%] Building CXX object src/CMakeFiles/sentencepiece-static.dir/__/third_party/protobuf-lite/zero_copy_stream.cc.o
[INFO] [stderr]   [ 37%] Building CXX object src/CMakeFiles/sentencepiece-static.dir/__/third_party/protobuf-lite/zero_copy_stream_impl.cc.o
[INFO] [stderr]   [ 38%] Building CXX object src/CMakeFiles/sentencepiece-static.dir/__/third_party/protobuf-lite/zero_copy_stream_impl_lite.cc.o
[INFO] [stderr] 
[INFO] [stderr]   --- stderr
[INFO] [stderr]   running: cd "/opt/rustwide/target/debug/build/sentencepiece-sys/106be6614b7d59bd/out/build" && CMAKE_PREFIX_PATH="" LC_ALL="C" "cmake" "/opt/rustwide/cargo-home/registry/src/index.crates.io-1949cf8c6b5b557f/sentencepiece-sys-0.14.0/source" "-B" "/opt/rustwide/target/debug/build/sentencepiece-sys/106be6614b7d59bd/out/build" "-DCMAKE_POLICY_VERSION_MINIMUM=3.10" "-DCMAKE_INSTALL_PREFIX=/opt/rustwide/target/debug/build/sentencepiece-sys/106be6614b7d59bd/out" "-DCMAKE_C_FLAGS= -ffunction-sections -fdata-sections -fPIC -m64 -w" "-DCMAKE_C_COMPILER=/usr/bin/cc" "-DCMAKE_CXX_FLAGS= -ffunction-sections -fdata-sections -fPIC -m64 -w" "-DCMAKE_CXX_COMPILER=/usr/bin/c++" "-DCMAKE_ASM_FLAGS= -ffunction-sections -fdata-sections -fPIC -m64 -w" "-DCMAKE_ASM_COMPILER=/usr/bin/cc" "-DCMAKE_BUILD_TYPE=Debug"
[INFO] [stderr]   CMake Warning:
[INFO] [stderr]     Manually-specified variables were not used by the project:
[INFO] [stderr] 
[INFO] [stderr]       CMAKE_ASM_COMPILER
[INFO] [stderr]       CMAKE_ASM_FLAGS
[INFO] [stderr] 
[INFO] [stderr] 
[INFO] [stderr]   running: cd "/opt/rustwide/target/debug/build/sentencepiece-sys/106be6614b7d59bd/out/build" && LC_ALL="C" MAKEFLAGS="-j --jobserver-fds=4,5 --jobserver-auth=4,5" "cmake" "--build" "/opt/rustwide/target/debug/build/sentencepiece-sys/106be6614b7d59bd/out/build" "--target" "install" "--config" "Debug"
[INFO] [stderr]   c++: fatal error: Killed signal terminated program cc1plus
[INFO] [stderr]   compilation terminated.
[INFO] [stderr]   gmake[2]: *** [src/CMakeFiles/sentencepiece_train-static.dir/build.make:79: src/CMakeFiles/sentencepiece_train-static.dir/builder.cc.o] Error 1
[INFO] [stderr]   gmake[2]: *** Waiting for unfinished jobs....
[INFO] [stderr]   c++: fatal error: Killed signal terminated program cc1plus
[INFO] [stderr]   compilation terminated.
[INFO] [stderr]   gmake[2]: *** [src/CMakeFiles/sentencepiece_train-static.dir/build.make:93: src/CMakeFiles/sentencepiece_train-static.dir/unicode_script.cc.o] Error 1
[INFO] [stderr]   c++: fatal error: Killed signal terminated program cc1plus
[INFO] [stderr]   compilation terminated.
[INFO] [stderr]   gmake[2]: *** [src/CMakeFiles/sentencepiece.dir/build.make:149: src/CMakeFiles/sentencepiece.dir/__/third_party/protobuf-lite/extension_set.cc.o] Error 1
[INFO] [stderr]   gmake[2]: *** Waiting for unfinished jobs....
[INFO] [stderr]   c++: fatal error: Killed signal terminated program cc1plus
[INFO] [stderr]   compilation terminated.
[INFO] [stderr]   gmake[2]: *** [src/CMakeFiles/sentencepiece_train-static.dir/build.make:107: src/CMakeFiles/sentencepiece_train-static.dir/trainer_factory.cc.o] Error 1
[INFO] [stderr]   c++: fatal error: Killed signal terminated program cc1plus
[INFO] [stderr]   compilation terminated.
[INFO] [stderr]   gmake[2]: *** [src/CMakeFiles/sentencepiece.dir/build.make:177: src/CMakeFiles/sentencepiece.dir/__/third_party/protobuf-lite/generated_message_table_driven_lite.cc.o] Error 1
[INFO] [stderr]   c++: fatal error: Killed signal terminated program cc1plus
[INFO] [stderr]   compilation terminated.
[INFO] [stderr]   gmake[2]: *** [src/CMakeFiles/sentencepiece_train-static.dir/build.make:121: src/CMakeFiles/sentencepiece_train-static.dir/trainer_interface.cc.o] Error 1
[INFO] [stderr]   c++: fatal error: Killed signal terminated program cc1plus
[INFO] [stderr]   compilation terminated.
[INFO] [stderr]   gmake[2]: *** [src/CMakeFiles/sentencepiece_train-static.dir/build.make:163: src/CMakeFiles/sentencepiece_train-static.dir/char_model_trainer.cc.o] Error 1
[INFO] [stderr]   c++: fatal error: Killed signal terminated program cc1plus
[INFO] [stderr]   compilation terminated.
[INFO] [stderr]   gmake[2]: *** [src/CMakeFiles/sentencepiece.dir/build.make:191: src/CMakeFiles/sentencepiece.dir/__/third_party/protobuf-lite/generated_message_util.cc.o] Error 1
[INFO] [stderr]   gmake[1]: *** [CMakeFiles/Makefile2:153: src/CMakeFiles/sentencepiece.dir/all] Error 2
[INFO] [stderr]   gmake[1]: *** Waiting for unfinished jobs....
[INFO] [stderr]   c++: fatal error: Killed signal terminated program cc1plus
[INFO] [stderr]   compilation terminated.
[INFO] [stderr]   gmake[2]: *** [src/CMakeFiles/sentencepiece_train-static.dir/build.make:149: src/CMakeFiles/sentencepiece_train-static.dir/word_model_trainer.cc.o] Error 1
[INFO] [stderr]   c++: fatal error: Killed signal terminated program cc1plus
[INFO] [stderr]   compilation terminated.
[INFO] [stderr]   gmake[2]: *** [src/CMakeFiles/sentencepiece_train-static.dir/build.make:135: src/CMakeFiles/sentencepiece_train-static.dir/unigram_model_trainer.cc.o] Error 1
[INFO] [stderr]   gmake[1]: *** [CMakeFiles/Makefile2:249: src/CMakeFiles/sentencepiece_train-static.dir/all] Error 2
[INFO] [stderr]   c++: fatal error: Killed signal terminated program cc1plus
[INFO] [stderr]   compilation terminated.
[INFO] [stderr]   gmake[2]: *** [src/CMakeFiles/sentencepiece-static.dir/build.make:149: src/CMakeFiles/sentencepiece-static.dir/__/third_party/protobuf-lite/extension_set.cc.o] Error 1
[INFO] [stderr]   gmake[2]: *** Waiting for unfinished jobs....
[INFO] [stderr]   c++: fatal error: Killed signal terminated program cc1plus
[INFO] [stderr]   compilation terminated.
[INFO] [stderr]   gmake[2]: *** [src/CMakeFiles/sentencepiece-static.dir/build.make:177: src/CMakeFiles/sentencepiece-static.dir/__/third_party/protobuf-lite/generated_message_table_driven_lite.cc.o] Error 1
[INFO] [stderr]   gmake[1]: *** [CMakeFiles/Makefile2:217: src/CMakeFiles/sentencepiece-static.dir/all] Error 2
[INFO] [stderr]   gmake: *** [Makefile:156: all] Error 2
[INFO] [stderr] 
[INFO] [stderr]   thread 'main' (1281) panicked at /opt/rustwide/cargo-home/registry/src/index.crates.io-1949cf8c6b5b557f/cmake-0.1.58/src/lib.rs:1132:5:
[INFO] [stderr] 
[INFO] [stderr]   command did not execute successfully, got: exit status: 2
[INFO] [stderr] 
[INFO] [stderr]   build script failed, must exit now
[INFO] [stderr]   stack backtrace:
[INFO] [stderr]      0:     0x637b5a471881 - std[3164a59e47d3bde]::backtrace_rs::backtrace::libunwind::trace
[INFO] [stderr]                                  at /rustc/3154cc1a3e6424e44f438a95007d043ed5ceaaf6/library/std/src/../../backtrace/src/backtrace/libunwind.rs:117:9
[INFO] [stderr]      1:     0x637b5a471881 - std[3164a59e47d3bde]::backtrace_rs::backtrace::trace_unsynchronized::<std[3164a59e47d3bde]::sys::backtrace::_print_fmt::{closure#1}>
[INFO] [stderr]                                  at /rustc/3154cc1a3e6424e44f438a95007d043ed5ceaaf6/library/std/src/../../backtrace/src/backtrace/mod.rs:66:14
[INFO] [stderr]      2:     0x637b5a471881 - std[3164a59e47d3bde]::sys::backtrace::_print_fmt
[INFO] [stderr]                                  at /rustc/3154cc1a3e6424e44f438a95007d043ed5ceaaf6/library/std/src/sys/backtrace.rs:74:9
[INFO] [stderr]      3:     0x637b5a471881 - <<std[3164a59e47d3bde]::sys::backtrace::BacktraceLock>::print::DisplayBacktrace as core[934024a1e6126fb4]::fmt::Display>::fmt
[INFO] [stderr]                                  at /rustc/3154cc1a3e6424e44f438a95007d043ed5ceaaf6/library/std/src/sys/backtrace.rs:44:26
[INFO] [stderr]      4:     0x637b5a48752a - <core[934024a1e6126fb4]::fmt::rt::Argument>::fmt
[INFO] [stderr]                                  at /rustc/3154cc1a3e6424e44f438a95007d043ed5ceaaf6/library/core/src/fmt/rt.rs:152:76
[INFO] [stderr]      5:     0x637b5a48752a - core[934024a1e6126fb4]::fmt::write
[INFO] [stderr]      6:     0x637b5a477fac - core[934024a1e6126fb4]::io::write::default_write_fmt::<std[3164a59e47d3bde]::sys::stdio::unix::Stderr>
[INFO] [stderr]                                  at /rustc/3154cc1a3e6424e44f438a95007d043ed5ceaaf6/library/core/src/io/write.rs:402:11
[INFO] [stderr]      7:     0x637b5a477fac - <std[3164a59e47d3bde]::sys::stdio::unix::Stderr as core[934024a1e6126fb4]::io::write::Write>::write_fmt
[INFO] [stderr]                                  at /rustc/3154cc1a3e6424e44f438a95007d043ed5ceaaf6/library/core/src/io/write.rs:335:13
[INFO] [stderr]      8:     0x637b5a44a946 - <std[3164a59e47d3bde]::sys::backtrace::BacktraceLock>::print
[INFO] [stderr]                                  at /rustc/3154cc1a3e6424e44f438a95007d043ed5ceaaf6/library/std/src/sys/backtrace.rs:47:9
[INFO] [stderr]      9:     0x637b5a44a946 - std[3164a59e47d3bde]::panicking::default_hook::{closure#0}
[INFO] [stderr]                                  at /rustc/3154cc1a3e6424e44f438a95007d043ed5ceaaf6/library/std/src/panicking.rs:289:27
[INFO] [stderr]     10:     0x637b5a468961 - std[3164a59e47d3bde]::panicking::default_hook
[INFO] [stderr]                                  at /rustc/3154cc1a3e6424e44f438a95007d043ed5ceaaf6/library/std/src/panicking.rs:316:9
[INFO] [stderr]     11:     0x637b5a468b1b - std[3164a59e47d3bde]::panicking::panic_with_hook
[INFO] [stderr]                                  at /rustc/3154cc1a3e6424e44f438a95007d043ed5ceaaf6/library/std/src/panicking.rs:811:13
[INFO] [stderr]     12:     0x637b5a44a9f2 - std[3164a59e47d3bde]::panicking::panic_handler::{closure#0}
[INFO] [stderr]                                  at /rustc/3154cc1a3e6424e44f438a95007d043ed5ceaaf6/library/std/src/panicking.rs:685:13
[INFO] [stderr]     13:     0x637b5a443579 - std[3164a59e47d3bde]::sys::backtrace::__rust_end_short_backtrace::<std[3164a59e47d3bde]::panicking::panic_handler::{closure#0}, !>
[INFO] [stderr]                                  at /rustc/3154cc1a3e6424e44f438a95007d043ed5ceaaf6/library/std/src/sys/backtrace.rs:182:18
[INFO] [stderr]     14:     0x637b5a44b6dd - __rustc[2e7b49d4226056d3]::rust_begin_unwind
[INFO] [stderr]                                  at /rustc/3154cc1a3e6424e44f438a95007d043ed5ceaaf6/library/std/src/panicking.rs:676:5
[INFO] [stderr]     15:     0x637b5a487d1c - core[934024a1e6126fb4]::panicking::panic_fmt
[INFO] [stderr]                                  at /rustc/3154cc1a3e6424e44f438a95007d043ed5ceaaf6/library/core/src/panicking.rs:80:14
[INFO] [stderr]     16:     0x637b5a3a2fb7 - cmake[2b3935d523a152bb]::fail
[INFO] [stderr]     17:     0x637b5a3a2c43 - cmake[2b3935d523a152bb]::run
[INFO] [stderr]     18:     0x637b5a3a8c25 - <cmake[2b3935d523a152bb]::Config>::build
[INFO] [stderr]     19:     0x637b5a375e4e - build_script_build[e96141f3e569c6f3]::build_sentencepiece
[INFO] [stderr]     20:     0x637b5a37652e - build_script_build[e96141f3e569c6f3]::main
[INFO] [stderr]     21:     0x637b5a376d93 - <fn() as core[934024a1e6126fb4]::ops::function::FnOnce<()>>::call_once
[INFO] [stderr]     22:     0x637b5a375a8e - std[3164a59e47d3bde]::sys::backtrace::__rust_begin_short_backtrace::<fn(), ()>
[INFO] [stderr]     23:     0x637b5a375a99 - std[3164a59e47d3bde]::rt::lang_start::<()>::{closure#0}
[INFO] [stderr]     24:     0x637b5a467c68 - <&dyn core[934024a1e6126fb4]::ops::function::Fn<(), Output = i32> + core[934024a1e6126fb4]::marker::Sync + core[934024a1e6126fb4]::panic::unwind_safe::RefUnwindSafe as core[934024a1e6126fb4]::ops::function::FnOnce<()>>::call_once
[INFO] [stderr]                                  at /rustc/3154cc1a3e6424e44f438a95007d043ed5ceaaf6/library/core/src/ops/function.rs:287:21
[INFO] [stderr]     25:     0x637b5a467c68 - std[3164a59e47d3bde]::panicking::catch_unwind::do_call::<&dyn core[934024a1e6126fb4]::ops::function::Fn<(), Output = i32> + core[934024a1e6126fb4]::marker::Sync + core[934024a1e6126fb4]::panic::unwind_safe::RefUnwindSafe, i32>
[INFO] [stderr]                                  at /rustc/3154cc1a3e6424e44f438a95007d043ed5ceaaf6/library/std/src/panicking.rs:573:43
[INFO] [stderr]     26:     0x637b5a467c68 - std[3164a59e47d3bde]::panicking::catch_unwind::<i32, &dyn core[934024a1e6126fb4]::ops::function::Fn<(), Output = i32> + core[934024a1e6126fb4]::marker::Sync + core[934024a1e6126fb4]::panic::unwind_safe::RefUnwindSafe>
[INFO] [stderr]                                  at /rustc/3154cc1a3e6424e44f438a95007d043ed5ceaaf6/library/std/src/panicking.rs:541:19
[INFO] [stderr]     27:     0x637b5a467c68 - std[3164a59e47d3bde]::panic::catch_unwind::<&dyn core[934024a1e6126fb4]::ops::function::Fn<(), Output = i32> + core[934024a1e6126fb4]::marker::Sync + core[934024a1e6126fb4]::panic::unwind_safe::RefUnwindSafe, i32>
[INFO] [stderr]                                  at /rustc/3154cc1a3e6424e44f438a95007d043ed5ceaaf6/library/std/src/panic.rs:359:14
[INFO] [stderr]     28:     0x637b5a467c68 - std[3164a59e47d3bde]::rt::lang_start_internal::{closure#0}
[INFO] [stderr]                                  at /rustc/3154cc1a3e6424e44f438a95007d043ed5ceaaf6/library/std/src/rt.rs:175:24
[INFO] [stderr]     29:     0x637b5a467c68 - std[3164a59e47d3bde]::panicking::catch_unwind::do_call::<std[3164a59e47d3bde]::rt::lang_start_internal::{closure#0}, isize>
[INFO] [stderr]                                  at /rustc/3154cc1a3e6424e44f438a95007d043ed5ceaaf6/library/std/src/panicking.rs:573:43
[INFO] [stderr]     30:     0x637b5a467c68 - std[3164a59e47d3bde]::panicking::catch_unwind::<isize, std[3164a59e47d3bde]::rt::lang_start_internal::{closure#0}>
[INFO] [stderr]                                  at /rustc/3154cc1a3e6424e44f438a95007d043ed5ceaaf6/library/std/src/panicking.rs:541:19
[INFO] [stderr]     31:     0x637b5a467c68 - std[3164a59e47d3bde]::panic::catch_unwind::<std[3164a59e47d3bde]::rt::lang_start_internal::{closure#0}, isize>
[INFO] [stderr]                                  at /rustc/3154cc1a3e6424e44f438a95007d043ed5ceaaf6/library/std/src/panic.rs:359:14
[INFO] [stderr]     32:     0x637b5a467c68 - std[3164a59e47d3bde]::rt::lang_start_internal
[INFO] [stderr]                                  at /rustc/3154cc1a3e6424e44f438a95007d043ed5ceaaf6/library/std/src/rt.rs:171:5
[INFO] [stderr]     33:     0x637b5a375a81 - std[3164a59e47d3bde]::rt::lang_start::<()>
[INFO] [stderr]     34:     0x637b5a376e05 - main
[INFO] [stderr]     35:     0x78ec6c72d601 - <unknown>
[INFO] [stderr]     36:     0x78ec6c72d718 - __libc_start_main
[INFO] [stderr]     37:     0x637b5a3747f5 - _start
[INFO] [stderr]     38:                0x0 - <unknown>
[INFO] running `Command { std: "docker" "inspect" "399cd523d4df2cf5a45db1e70bc3bf538f262228c6b6d2feedc0878778f02163", kill_on_drop: false }`
[INFO] running `Command { std: "docker" "rm" "-f" "399cd523d4df2cf5a45db1e70bc3bf538f262228c6b6d2feedc0878778f02163", kill_on_drop: false }`
[INFO] [stdout] 399cd523d4df2cf5a45db1e70bc3bf538f262228c6b6d2feedc0878778f02163
