[INFO] cloning repository https://github.com/NivredG/llm-ls
[INFO] running `Command { std: "git" "-c" "credential.helper=" "-c" "credential.helper=/workspace/cargo-home/bin/git-credential-null" "clone" "--bare" "https://github.com/NivredG/llm-ls" "/workspace/cache/git-repos/https%3A%2F%2Fgithub.com%2FNivredG%2Fllm-ls", kill_on_drop: false }`
[INFO] [stderr] Cloning into bare repository '/workspace/cache/git-repos/https%3A%2F%2Fgithub.com%2FNivredG%2Fllm-ls'...
[INFO] running `Command { std: "git" "rev-parse" "HEAD", kill_on_drop: false }`
[INFO] [stdout] 1c52b94f30fa8293741d8b68c7fa48074b7f6589
[INFO] checking NivredG/llm-ls against 3154cc1a3e6424e44f438a95007d043ed5ceaaf6+rustflags=-Znext-solver=coherence for pr-133502-30
[INFO] running `Command { std: "git" "clone" "/workspace/cache/git-repos/https%3A%2F%2Fgithub.com%2FNivredG%2Fllm-ls" "/workspace/builds/worker-6-tc1/source", kill_on_drop: false }`
[INFO] [stderr] Cloning into '/workspace/builds/worker-6-tc1/source'...
[INFO] [stderr] done.
[INFO] removed /workspace/builds/worker-6-tc1/source/.cargo/config.toml
[INFO] started tweaking git repo https://github.com/NivredG/llm-ls
[INFO] finished tweaking git repo https://github.com/NivredG/llm-ls
[INFO] tweaked toml for git repo https://github.com/NivredG/llm-ls written to /workspace/builds/worker-6-tc1/source/Cargo.toml
[INFO] validating manifest of git repo https://github.com/NivredG/llm-ls on toolchain 3154cc1a3e6424e44f438a95007d043ed5ceaaf6
[INFO] running `Command { std: CARGO_HOME="/workspace/cargo-home" RUSTUP_HOME="/workspace/rustup-home" "/workspace/cargo-home/bin/cargo" "+3154cc1a3e6424e44f438a95007d043ed5ceaaf6" "metadata" "--manifest-path" "Cargo.toml" "--no-deps", kill_on_drop: false }`
[INFO] crate git repo https://github.com/NivredG/llm-ls already has a lockfile, it will not be regenerated
[INFO] running `Command { std: CARGO_HOME="/workspace/cargo-home" RUSTUP_HOME="/workspace/rustup-home" "/workspace/cargo-home/bin/cargo" "+3154cc1a3e6424e44f438a95007d043ed5ceaaf6" "fetch" "--manifest-path" "Cargo.toml", kill_on_drop: false }`
[INFO] [stderr]     Updating crates.io index
[INFO] [stderr]  Downloading crates ...
[INFO] [stderr]   Downloaded serde_yaml v0.9.25
[INFO] [stderr]   Downloaded serde_json v1.0.105
[INFO] [stderr]   Downloaded str_indices v0.4.1
[INFO] [stderr]   Downloaded unsafe-libyaml v0.2.9
[INFO] [stderr]   Downloaded uuid v1.5.0
[INFO] [stderr]   Downloaded indexmap v2.0.1
[INFO] [stderr]   Downloaded ropey v1.6.0
[INFO] [stderr]   Downloaded base64 v0.21.3
[INFO] [stderr]   Downloaded lsp-types v0.94.1
[INFO] [stderr]   Downloaded serde_repr v0.1.16
[INFO] [stderr]   Downloaded home v0.5.5
[INFO] [stderr]   Downloaded clap v4.4.7
[INFO] [stderr]   Downloaded clap_builder v4.4.7
[INFO] [stderr]   Downloaded anstyle-parse v0.2.2
[INFO] [stderr]   Downloaded tree-sitter-lua v0.0.19
[INFO] [stderr]   Downloaded matchit v0.7.2
[INFO] [stderr]   Downloaded tree-sitter v0.20.10
[INFO] [stderr]   Downloaded rayon-cond v0.3.0
[INFO] [stderr]   Downloaded tree-sitter-r v0.19.5
[INFO] [stderr]   Downloaded tree-sitter-python v0.20.4
[INFO] [stderr]   Downloaded tree-sitter-html v0.20.0
[INFO] [stderr]   Downloaded tower-lsp-macros v0.9.0
[INFO] [stderr]   Downloaded monostate-impl v0.1.9
[INFO] [stderr]   Downloaded tree-sitter-json v0.20.1
[INFO] [stderr]   Downloaded tracing-appender v0.2.2
[INFO] [stderr]   Downloaded tree-sitter-rust v0.20.4
[INFO] [stderr]   Downloaded tree-sitter-md v0.1.5
[INFO] [stderr]   Downloaded tree-sitter-go v0.20.0
[INFO] [stderr]   Downloaded tower-lsp v0.20.0
[INFO] [stderr]   Downloaded auto_impl v1.1.0
[INFO] [stderr]   Downloaded derive_builder_macro v0.12.0
[INFO] [stderr]   Downloaded xflags v0.3.1
[INFO] [stderr]   Downloaded xflags-macros v0.3.1
[INFO] [stderr]   Downloaded write-json v0.1.2
[INFO] [stderr]   Downloaded monostate v0.1.9
[INFO] [stderr]   Downloaded macro_rules_attribute v0.2.0
[INFO] [stderr]   Downloaded derive_builder_core v0.12.0
[INFO] [stderr]   Downloaded xshell v0.2.5
[INFO] [stderr]   Downloaded tree-sitter-erlang v0.4.0
[INFO] [stderr]   Downloaded derive_builder v0.12.0
[INFO] [stderr]   Downloaded xshell-macros v0.2.5
[INFO] [stderr]   Downloaded tokenizers v0.15.1
[INFO] [stderr]   Downloaded onig v6.4.0
[INFO] [stderr]   Downloaded macro_rules_attribute-proc_macro v0.2.0
[INFO] [stderr]   Downloaded tree-sitter-java v0.20.2
[INFO] [stderr]   Downloaded tree-sitter-javascript v0.20.1
[INFO] [stderr]   Downloaded tree-sitter-ruby v0.20.0
[INFO] [stderr]   Downloaded tree-sitter-c v0.20.6
[INFO] [stderr]   Downloaded tree-sitter-bash v0.20.3
[INFO] [stderr]   Downloaded tree-sitter-typescript v0.20.3
[INFO] [stderr]   Downloaded tree-sitter-swift v0.4.0
[INFO] [stderr]   Downloaded tree-sitter-elixir v0.1.0
[INFO] [stderr]   Downloaded onig_sys v69.8.1
[INFO] [stderr]   Downloaded tree-sitter-c-sharp v0.20.0
[INFO] [stderr]   Downloaded tree-sitter-scala v0.20.2
[INFO] [stderr]   Downloaded tree-sitter-cpp v0.20.3
[INFO] [stderr]   Downloaded tree-sitter-kotlin v0.3.1
[INFO] [stderr]   Downloaded tree-sitter-objc v3.0.0
[INFO] running `Command { std: "docker" "create" "-v" "/var/lib/crater-agent-workspace/builds/worker-6-tc1/source:/opt/rustwide/workdir:ro,Z" "-v" "/var/lib/crater-agent-workspace/builds/worker-6-tc1/target:/opt/rustwide/target:rw,Z" "-v" "/var/lib/crater-agent-workspace/cargo-home:/opt/rustwide/cargo-home:ro,Z" "-v" "/var/lib/crater-agent-workspace/rustup-home:/opt/rustwide/rustup-home:ro,Z" "-m" "1610612736" "--network" "none" "ghcr.io/rust-lang/crates-build-env/linux@sha256:77db811e55d90add9212f6832c23229e3de5f1c1f9905e8cb07319ea15df73ac" "sleep" "infinity", kill_on_drop: false }`
[INFO] [stdout] 6bacd616e92a4fea07cf4fee45906538ae12e2e836c834047b418883a5447017
[INFO] running `Command { std: "docker" "start" "6bacd616e92a4fea07cf4fee45906538ae12e2e836c834047b418883a5447017", kill_on_drop: false }`
[INFO] running `Command { std: "docker" "inspect" "6bacd616e92a4fea07cf4fee45906538ae12e2e836c834047b418883a5447017", kill_on_drop: false }`
[INFO] running `Command { std: "docker" "exec" "-e" "SOURCE_DIR=/opt/rustwide/workdir" "-e" "CARGO_HOME=/opt/rustwide/cargo-home" "-e" "RUSTUP_HOME=/opt/rustwide/rustup-home" "-e" "CARGO_TARGET_DIR=/opt/rustwide/target" "-w" "/opt/rustwide/workdir" "--user" "0:0" "6bacd616e92a4fea07cf4fee45906538ae12e2e836c834047b418883a5447017" "/opt/rustwide/cargo-home/bin/cargo" "+3154cc1a3e6424e44f438a95007d043ed5ceaaf6" "metadata" "--no-deps" "--format-version=1", kill_on_drop: false }`
[INFO] running `Command { std: "docker" "inspect" "6bacd616e92a4fea07cf4fee45906538ae12e2e836c834047b418883a5447017", kill_on_drop: false }`
[INFO] running `Command { std: "docker" "exec" "-e" "SOURCE_DIR=/opt/rustwide/workdir" "-e" "CARGO_HOME=/opt/rustwide/cargo-home" "-e" "RUSTUP_HOME=/opt/rustwide/rustup-home" "-e" "CARGO_TARGET_DIR=/opt/rustwide/target" "-e" "CARGO_INCREMENTAL=0" "-e" "RUST_BACKTRACE=full" "-e" "RUSTFLAGS=--cap-lints=forbid -Znext-solver=coherence" "-e" "RUSTDOCFLAGS=--cap-lints=forbid" "-w" "/opt/rustwide/workdir" "--user" "0:0" "6bacd616e92a4fea07cf4fee45906538ae12e2e836c834047b418883a5447017" "/opt/rustwide/cargo-home/bin/cargo" "+3154cc1a3e6424e44f438a95007d043ed5ceaaf6" "check" "--frozen" "--all" "--all-targets" "--message-format=json", kill_on_drop: false }`
[INFO] [stderr]    Compiling libc v0.2.147
[INFO] [stderr]    Compiling proc-macro2 v1.0.66
[INFO] [stderr]    Compiling unicode-ident v1.0.11
[INFO] [stderr]     Checking memchr v2.6.3
[INFO] [stderr]     Checking once_cell v1.18.0
[INFO] [stderr]    Compiling pkg-config v0.3.27
[INFO] [stderr]     Checking regex-syntax v0.7.5
[INFO] [stderr]     Checking itoa v1.0.9
[INFO] [stderr]     Checking smallvec v1.11.0
[INFO] [stderr]     Checking pin-project-lite v0.2.13
[INFO] [stderr]    Compiling serde v1.0.188
[INFO] [stderr]     Checking log v0.4.20
[INFO] [stderr]    Compiling lock_api v0.4.10
[INFO] [stderr]    Compiling parking_lot_core v0.9.8
[INFO] [stderr]     Checking bytes v1.4.0
[INFO] [stderr]    Compiling futures-core v0.3.28
[INFO] [stderr]    Compiling slab v0.4.9
[INFO] [stderr]    Compiling futures-task v0.3.28
[INFO] [stderr]     Checking futures-sink v0.3.28
[INFO] [stderr]     Checking ryu v1.0.15
[INFO] [stderr]    Compiling futures-channel v0.3.28
[INFO] [stderr]    Compiling serde_json v1.0.105
[INFO] [stderr]     Checking futures-io v0.3.28
[INFO] [stderr]    Compiling futures-util v0.3.28
[INFO] [stderr]     Checking tracing-core v0.1.31
[INFO] [stderr]    Compiling typenum v1.17.0
[INFO] [stderr]    Compiling generic-array v0.14.7
[INFO] [stderr]     Checking percent-encoding v2.3.0
[INFO] [stderr]     Checking form_urlencoded v1.2.0
[INFO] [stderr]     Checking tinyvec v1.6.0
[INFO] [stderr]     Checking http v0.2.9
[INFO] [stderr]    Compiling indexmap v1.9.3
[INFO] [stderr]    Compiling syn v1.0.109
[INFO] [stderr]     Checking unicode-bidi v0.3.13
[INFO] [stderr]    Compiling crossbeam-utils v0.8.16
[INFO] [stderr]     Checking try-lock v0.2.4
[INFO] [stderr]     Checking want v0.3.1
[INFO] [stderr]     Checking subtle v2.5.0
[INFO] [stderr]     Checking untrusted v0.7.1
[INFO] [stderr]     Checking bitflags v2.4.1
[INFO] [stderr]     Checking spin v0.5.2
[INFO] [stderr]    Compiling memoffset v0.9.0
[INFO] [stderr]    Compiling rustversion v1.0.14
[INFO] [stderr]    Compiling openssl v0.10.57
[INFO] [stderr]     Checking aho-corasick v1.1.2
[INFO] [stderr]    Compiling crossbeam-epoch v0.9.15
[INFO] [stderr]     Checking cpufeatures v0.2.9
[INFO] [stderr]     Checking socket2 v0.5.3
[INFO] [stderr]     Checking signal-hook-registry v1.4.1
[INFO] [stderr]    Compiling quote v1.0.33
[INFO] [stderr]     Checking num_cpus v1.16.0
[INFO] [stderr]     Checking mio v0.8.8
[INFO] [stderr]     Checking getrandom v0.2.10
[INFO] [stderr]     Checking socket2 v0.4.9
[INFO] [stderr]     Checking unicode-normalization v0.1.22
[INFO] [stderr]     Checking parking_lot v0.12.1
[INFO] [stderr]    Compiling rustls v0.21.7
[INFO] [stderr]    Compiling native-tls v0.2.11
[INFO] [stderr]     Checking time-core v0.1.2
[INFO] [stderr]    Compiling jobserver v0.1.27
[INFO] [stderr]    Compiling syn v2.0.31
[INFO] [stderr]    Compiling async-trait v0.1.73
[INFO] [stderr]     Checking time v0.3.36
[INFO] [stderr]     Checking rand_core v0.6.4
[INFO] [stderr]     Checking http-body v0.4.5
[INFO] [stderr]     Checking tower-layer v0.3.2
[INFO] [stderr]     Checking regex-syntax v0.6.29
[INFO] [stderr]     Checking utf8parse v0.2.1
[INFO] [stderr]     Checking hashbrown v0.14.0
[INFO] [stderr]     Checking rand_chacha v0.3.1
[INFO] [stderr]    Compiling cc v1.0.83
[INFO] [stderr]    Compiling zstd-safe v5.0.2+zstd.1.5.2
[INFO] [stderr]     Checking anstyle-parse v0.2.2
[INFO] [stderr]     Checking colorchoice v1.0.0
[INFO] [stderr]    Compiling rayon-core v1.12.0
[INFO] [stderr]     Checking idna v0.4.0
[INFO] [stderr]     Checking anstyle v1.0.4
[INFO] [stderr]     Checking base64ct v1.6.0
[INFO] [stderr]     Checking rand v0.8.5
[INFO] [stderr]     Checking anstyle-query v1.0.0
[INFO] [stderr]     Checking miniz_oxide v0.7.1
[INFO] [stderr]     Checking crossbeam-deque v0.8.3
[INFO] [stderr]     Checking password-hash v0.4.2
[INFO] [stderr]     Checking anstream v0.6.4
[INFO] [stderr]     Checking sharded-slab v0.1.4
[INFO] [stderr]     Checking tracing-log v0.1.3
[INFO] [stderr]     Checking thread_local v1.1.7
[INFO] [stderr]     Checking clap_lex v0.6.0
[INFO] [stderr]     Checking base64 v0.21.3
[INFO] [stderr]    Compiling anyhow v1.0.75
[INFO] [stderr]     Checking either v1.9.0
[INFO] [stderr]    Compiling paste v1.0.14
[INFO] [stderr]     Checking clap_builder v4.4.7
[INFO] [stderr]    Compiling axum-core v0.3.4
[INFO] [stderr]     Checking regex-automata v0.3.8
[INFO] [stderr]    Compiling proc-macro-error-attr v1.0.4
[INFO] [stderr]     Checking flate2 v1.0.27
[INFO] [stderr]     Checking crypto-common v0.1.6
[INFO] [stderr]     Checking block-buffer v0.10.4
[INFO] [stderr]     Checking inout v0.1.3
[INFO] [stderr]     Checking digest v0.10.7
[INFO] [stderr]     Checking encoding_rs v0.8.33
[INFO] [stderr]    Compiling thiserror v1.0.50
[INFO] [stderr]     Checking rustls-pemfile v1.0.3
[INFO] [stderr]     Checking cipher v0.4.4
[INFO] [stderr]    Compiling rustix v0.38.13
[INFO] [stderr]     Checking str_indices v0.4.1
[INFO] [stderr]     Checking sha2 v0.10.8
[INFO] [stderr]     Checking hmac v0.12.1
[INFO] [stderr]     Checking sha1 v0.10.6
[INFO] [stderr]    Compiling esaxx-rs v0.1.10
[INFO] [stderr]     Checking ipnet v2.8.0
[INFO] [stderr]     Checking webpki-roots v0.25.2
[INFO] [stderr]     Checking pbkdf2 v0.11.0
[INFO] [stderr]    Compiling tree-sitter v0.20.10
[INFO] [stderr]    Compiling ring v0.16.20
[INFO] [stderr]    Compiling openssl-sys v0.9.93
[INFO] [stderr]    Compiling zstd-sys v2.0.9+zstd.1.5.5
[INFO] [stderr]    Compiling bzip2-sys v0.1.11+1.0.8
[INFO] [stderr]    Compiling onig_sys v69.8.1
[INFO] [stderr]     Checking aes v0.8.3
[INFO] [stderr]     Checking rayon v1.8.0
[INFO] [stderr]    Compiling tree-sitter-ruby v0.20.0
[INFO] [stderr]    Compiling tree-sitter-javascript v0.20.1
[INFO] [stderr]    Compiling tree-sitter-c v0.20.6
[INFO] [stderr]     Checking bzip2 v0.4.4
[INFO] [stderr]    Compiling tree-sitter-swift v0.4.0
[INFO] [stderr]    Compiling tree-sitter-lua v0.0.19
[INFO] [stderr]    Compiling tree-sitter-elixir v0.1.0
[INFO] [stderr]    Compiling tree-sitter-python v0.20.4
[INFO] [stderr]    Compiling tree-sitter-html v0.20.0
[INFO] [stderr]    Compiling tree-sitter-rust v0.20.4
[INFO] [stderr]    Compiling tree-sitter-json v0.20.1
[INFO] [stderr]    Compiling tree-sitter-c-sharp v0.20.0
[INFO] [stderr]    Compiling tree-sitter-typescript v0.20.3
[INFO] [stderr]    Compiling tree-sitter-md v0.1.5
[INFO] [stderr]    Compiling tree-sitter-erlang v0.4.0
[INFO] [stderr]    Compiling tree-sitter-r v0.19.5
[INFO] [stderr]    Compiling tree-sitter-java v0.20.2
[INFO] [stderr]    Compiling tree-sitter-bash v0.20.3
[INFO] [stderr]    Compiling tree-sitter-scala v0.20.2
[INFO] [stderr]    Compiling tree-sitter-kotlin v0.3.1
[INFO] [stderr]    Compiling tree-sitter-cpp v0.20.3
[INFO] [stderr]    Compiling tree-sitter-objc v3.0.0
[INFO] [stderr]    Compiling tree-sitter-go v0.20.0
[INFO] [stderr]     Checking nom v7.1.3
[INFO] [stderr]     Checking ropey v1.6.0
[INFO] [stderr]     Checking regex-automata v0.1.10
[INFO] [stderr]     Checking itertools v0.11.0
[INFO] [stderr]    Compiling axum v0.6.20
[INFO] [stderr]     Checking home v0.5.5
[INFO] [stderr]     Checking unicode-segmentation v1.10.1
[INFO] [stderr]     Checking linux-raw-sys v0.4.10
[INFO] [stderr]    Compiling macro_rules_attribute-proc_macro v0.2.0
[INFO] [stderr]     Checking indexmap v2.0.1
[INFO] [stderr]     Checking macro_rules_attribute v0.2.0
[INFO] [stderr]     Checking regex v1.9.5
[INFO] [stderr]     Checking matchers v0.1.0
[INFO] [stderr]     Checking rayon-cond v0.3.0
[INFO] [stderr]    Compiling darling_core v0.14.4
[INFO] [stderr]    Compiling proc-macro-error v1.0.4
[INFO] [stderr]     Checking rustls-webpki v0.101.4
[INFO] [stderr]    Compiling serde_derive v1.0.188
[INFO] [stderr]    Compiling tokio-macros v2.1.0
[INFO] [stderr]    Compiling tracing-attributes v0.1.26
[INFO] [stderr]    Compiling futures-macro v0.3.28
[INFO] [stderr]     Checking tokio v1.32.0
[INFO] [stderr] error: could not compile `syn` (lib)
[INFO] [stderr] 
[INFO] [stderr] Caused by:
[INFO] [stderr]   process didn't exit successfully: `/opt/rustwide/rustup-home/toolchains/3154cc1a3e6424e44f438a95007d043ed5ceaaf6/bin/rustc --crate-name syn --edition=2018 /opt/rustwide/cargo-home/registry/src/index.crates.io-1949cf8c6b5b557f/syn-1.0.109/src/lib.rs --error-format=json --json=diagnostic-rendered-ansi,artifacts,future-incompat,unused-externs-silent --crate-type lib --emit=dep-info,metadata,link -Z embed-metadata=no -C embed-bitcode=no --cfg 'feature="clone-impls"' --cfg 'feature="default"' --cfg 'feature="derive"' --cfg 'feature="extra-traits"' --cfg 'feature="full"' --cfg 'feature="parsing"' --cfg 'feature="printing"' --cfg 'feature="proc-macro"' --cfg 'feature="quote"' --cfg 'feature="visit"' --cfg 'feature="visit-mut"' --check-cfg 'cfg(docsrs,test)' --check-cfg 'cfg(feature, values("clone-impls", "default", "derive", "extra-traits", "fold", "full", "parsing", "printing", "proc-macro", "quote", "test", "visit", "visit-mut"))' -C metadata=2d48f0bcf9712a0a -C extra-filename=-70a97719c362ed52 --out-dir /opt/rustwide/target/debug/build/syn/70a97719c362ed52/out -L dependency=/opt/rustwide/target/debug/build/proc-macro2/1b3a2667362acec2/out -L dependency=/opt/rustwide/target/debug/build/unicode-ident/81a998907af5eb60/out --extern proc_macro2=/opt/rustwide/target/debug/build/proc-macro2/1b3a2667362acec2/out/libproc_macro2-1b3a2667362acec2.rmeta --extern quote=/opt/rustwide/target/debug/build/quote/395b94f8fcc010a1/out/libquote-395b94f8fcc010a1.rmeta --extern unicode_ident=/opt/rustwide/target/debug/build/unicode-ident/81a998907af5eb60/out/libunicode_ident-81a998907af5eb60.rmeta --cap-lints allow --cap-lints=forbid -Znext-solver=coherence --force-warn=unused_crate_dependencies` (signal: 9, SIGKILL: kill)
[INFO] [stderr] warning: build failed, waiting for other jobs to finish...
[INFO] [stderr] warning: tree-sitter-objc@3.0.0: cc: fatal error: Killed signal terminated program cc1
[INFO] [stderr] warning: tree-sitter-objc@3.0.0: compilation terminated.
[INFO] [stderr] error: failed to run custom build command for `tree-sitter-objc v3.0.0`
[INFO] [stderr] note: To improve backtraces for build dependencies, set the CARGO_PROFILE_DEV_BUILD_OVERRIDE_DEBUG=true environment variable to enable debug information generation.
[INFO] [stderr] 
[INFO] [stderr] Caused by:
[INFO] [stderr]   process didn't exit successfully: `/opt/rustwide/target/debug/build/tree-sitter-objc/a328b89c1234273c/out/build_script_build` (exit status: 1)
[INFO] [stderr]   --- stdout
[INFO] [stderr]   TARGET = Some("x86_64-unknown-linux-gnu")
[INFO] [stderr]   OPT_LEVEL = Some("0")
[INFO] [stderr]   HOST = Some("x86_64-unknown-linux-gnu")
[INFO] [stderr]   cargo:rerun-if-env-changed=CC_x86_64-unknown-linux-gnu
[INFO] [stderr]   CC_x86_64-unknown-linux-gnu = None
[INFO] [stderr]   cargo:rerun-if-env-changed=CC_x86_64_unknown_linux_gnu
[INFO] [stderr]   CC_x86_64_unknown_linux_gnu = None
[INFO] [stderr]   cargo:rerun-if-env-changed=HOST_CC
[INFO] [stderr]   HOST_CC = None
[INFO] [stderr]   cargo:rerun-if-env-changed=CC
[INFO] [stderr]   CC = None
[INFO] [stderr]   cargo:rerun-if-env-changed=CRATE_CC_NO_DEFAULTS
[INFO] [stderr]   CRATE_CC_NO_DEFAULTS = None
[INFO] [stderr]   DEBUG = Some("true")
[INFO] [stderr]   CARGO_CFG_TARGET_FEATURE = Some("fxsr,sse,sse2,x87")
[INFO] [stderr]   cargo:rerun-if-env-changed=CFLAGS_x86_64-unknown-linux-gnu
[INFO] [stderr]   CFLAGS_x86_64-unknown-linux-gnu = None
[INFO] [stderr]   cargo:rerun-if-env-changed=CFLAGS_x86_64_unknown_linux_gnu
[INFO] [stderr]   CFLAGS_x86_64_unknown_linux_gnu = None
[INFO] [stderr]   cargo:rerun-if-env-changed=HOST_CFLAGS
[INFO] [stderr]   HOST_CFLAGS = None
[INFO] [stderr]   cargo:rerun-if-env-changed=CFLAGS
[INFO] [stderr]   CFLAGS = None
[INFO] [stderr]   cargo:rerun-if-env-changed=CC_x86_64-unknown-linux-gnu
[INFO] [stderr]   CC_x86_64-unknown-linux-gnu = None
[INFO] [stderr]   cargo:rerun-if-env-changed=CC_x86_64_unknown_linux_gnu
[INFO] [stderr]   CC_x86_64_unknown_linux_gnu = None
[INFO] [stderr]   cargo:rerun-if-env-changed=HOST_CC
[INFO] [stderr]   HOST_CC = None
[INFO] [stderr]   cargo:rerun-if-env-changed=CC
[INFO] [stderr]   CC = None
[INFO] [stderr]   cargo:rerun-if-env-changed=CRATE_CC_NO_DEFAULTS
[INFO] [stderr]   CRATE_CC_NO_DEFAULTS = None
[INFO] [stderr]   CARGO_CFG_TARGET_FEATURE = Some("fxsr,sse,sse2,x87")
[INFO] [stderr]   cargo:rerun-if-env-changed=CFLAGS_x86_64-unknown-linux-gnu
[INFO] [stderr]   CFLAGS_x86_64-unknown-linux-gnu = None
[INFO] [stderr]   cargo:rerun-if-env-changed=CFLAGS_x86_64_unknown_linux_gnu
[INFO] [stderr]   CFLAGS_x86_64_unknown_linux_gnu = None
[INFO] [stderr]   cargo:rerun-if-env-changed=HOST_CFLAGS
[INFO] [stderr]   HOST_CFLAGS = None
[INFO] [stderr]   cargo:rerun-if-env-changed=CFLAGS
[INFO] [stderr]   CFLAGS = None
[INFO] [stderr]   cargo:rerun-if-env-changed=CC_x86_64-unknown-linux-gnu
[INFO] [stderr]   CC_x86_64-unknown-linux-gnu = None
[INFO] [stderr]   cargo:rerun-if-env-changed=CC_x86_64_unknown_linux_gnu
[INFO] [stderr]   CC_x86_64_unknown_linux_gnu = None
[INFO] [stderr]   cargo:rerun-if-env-changed=HOST_CC
[INFO] [stderr]   HOST_CC = None
[INFO] [stderr]   cargo:rerun-if-env-changed=CC
[INFO] [stderr]   CC = None
[INFO] [stderr]   cargo:rerun-if-env-changed=CRATE_CC_NO_DEFAULTS
[INFO] [stderr]   CRATE_CC_NO_DEFAULTS = None
[INFO] [stderr]   CARGO_CFG_TARGET_FEATURE = Some("fxsr,sse,sse2,x87")
[INFO] [stderr]   cargo:rerun-if-env-changed=CFLAGS_x86_64-unknown-linux-gnu
[INFO] [stderr]   CFLAGS_x86_64-unknown-linux-gnu = None
[INFO] [stderr]   cargo:rerun-if-env-changed=CFLAGS_x86_64_unknown_linux_gnu
[INFO] [stderr]   CFLAGS_x86_64_unknown_linux_gnu = None
[INFO] [stderr]   cargo:rerun-if-env-changed=HOST_CFLAGS
[INFO] [stderr]   HOST_CFLAGS = None
[INFO] [stderr]   cargo:rerun-if-env-changed=CFLAGS
[INFO] [stderr]   CFLAGS = None
[INFO] [stderr]   cargo:rerun-if-env-changed=CC_x86_64-unknown-linux-gnu
[INFO] [stderr]   CC_x86_64-unknown-linux-gnu = None
[INFO] [stderr]   cargo:rerun-if-env-changed=CC_x86_64_unknown_linux_gnu
[INFO] [stderr]   CC_x86_64_unknown_linux_gnu = None
[INFO] [stderr]   cargo:rerun-if-env-changed=HOST_CC
[INFO] [stderr]   HOST_CC = None
[INFO] [stderr]   cargo:rerun-if-env-changed=CC
[INFO] [stderr]   CC = None
[INFO] [stderr]   cargo:rerun-if-env-changed=CRATE_CC_NO_DEFAULTS
[INFO] [stderr]   CRATE_CC_NO_DEFAULTS = None
[INFO] [stderr]   CARGO_CFG_TARGET_FEATURE = Some("fxsr,sse,sse2,x87")
[INFO] [stderr]   cargo:rerun-if-env-changed=CFLAGS_x86_64-unknown-linux-gnu
[INFO] [stderr]   CFLAGS_x86_64-unknown-linux-gnu = None
[INFO] [stderr]   cargo:rerun-if-env-changed=CFLAGS_x86_64_unknown_linux_gnu
[INFO] [stderr]   CFLAGS_x86_64_unknown_linux_gnu = None
[INFO] [stderr]   cargo:rerun-if-env-changed=HOST_CFLAGS
[INFO] [stderr]   HOST_CFLAGS = None
[INFO] [stderr]   cargo:rerun-if-env-changed=CFLAGS
[INFO] [stderr]   CFLAGS = None
[INFO] [stderr]   running: "cc" "-O0" "-ffunction-sections" "-fdata-sections" "-fPIC" "-gdwarf-4" "-fno-omit-frame-pointer" "-m64" "-I" "src" "-Wall" "-Wextra" "-Wno-unused-parameter" "-Wno-unused-but-set-variable" "-Wno-trigraphs" "-o" "/opt/rustwide/target/debug/build/tree-sitter-objc/c8da5f31afc9a1c5/out/src/parser.o" "-c" "src/parser.c"
[INFO] [stderr]   exit status: 1
[INFO] [stderr]   cargo:warning=cc: fatal error: Killed signal terminated program cc1
[INFO] [stderr] 
[INFO] [stderr]   cargo:warning=compilation terminated.
[INFO] [stderr] 
[INFO] [stderr] 
[INFO] [stderr]   --- stderr
[INFO] [stderr] 
[INFO] [stderr] 
[INFO] [stderr]   error occurred: Command "cc" "-O0" "-ffunction-sections" "-fdata-sections" "-fPIC" "-gdwarf-4" "-fno-omit-frame-pointer" "-m64" "-I" "src" "-Wall" "-Wextra" "-Wno-unused-parameter" "-Wno-unused-but-set-variable" "-Wno-trigraphs" "-o" "/opt/rustwide/target/debug/build/tree-sitter-objc/c8da5f31afc9a1c5/out/src/parser.o" "-c" "src/parser.c" with args "cc" did not execute successfully (status code exit status: 1).
[INFO] [stderr] 
[INFO] [stderr] 
[INFO] [stderr] error: could not compile `serde_derive` (lib)
[INFO] [stderr] 
[INFO] [stderr] Caused by:
[INFO] [stderr]   process didn't exit successfully: `/opt/rustwide/rustup-home/toolchains/3154cc1a3e6424e44f438a95007d043ed5ceaaf6/bin/rustc --crate-name serde_derive --edition=2015 /opt/rustwide/cargo-home/registry/src/index.crates.io-1949cf8c6b5b557f/serde_derive-1.0.188/src/lib.rs --error-format=json --json=diagnostic-rendered-ansi,artifacts,future-incompat,unused-externs-silent --crate-type proc-macro --emit=dep-info,link -C prefer-dynamic -C embed-bitcode=no --cfg 'feature="default"' --check-cfg 'cfg(docsrs,test)' --check-cfg 'cfg(feature, values("default", "deserialize_in_place"))' -C metadata=0b96a8666439c22d -C extra-filename=-430c4e3c298a9997 --out-dir /opt/rustwide/target/debug/build/serde_derive/430c4e3c298a9997/out -L dependency=/opt/rustwide/target/debug/build/proc-macro2/1b3a2667362acec2/out -L dependency=/opt/rustwide/target/debug/build/quote/395b94f8fcc010a1/out -L dependency=/opt/rustwide/target/debug/build/unicode-ident/81a998907af5eb60/out --extern proc_macro2=/opt/rustwide/target/debug/build/proc-macro2/1b3a2667362acec2/out/libproc_macro2-1b3a2667362acec2.rlib --extern proc_macro2=/opt/rustwide/target/debug/build/proc-macro2/1b3a2667362acec2/out/libproc_macro2-1b3a2667362acec2.rmeta --extern quote=/opt/rustwide/target/debug/build/quote/395b94f8fcc010a1/out/libquote-395b94f8fcc010a1.rlib --extern quote=/opt/rustwide/target/debug/build/quote/395b94f8fcc010a1/out/libquote-395b94f8fcc010a1.rmeta --extern syn=/opt/rustwide/target/debug/build/syn/1ca5dbf5629815a9/out/libsyn-1ca5dbf5629815a9.rlib --extern syn=/opt/rustwide/target/debug/build/syn/1ca5dbf5629815a9/out/libsyn-1ca5dbf5629815a9.rmeta --extern proc_macro --cap-lints allow --cap-lints=forbid -Znext-solver=coherence --force-warn=unused_crate_dependencies` (signal: 9, SIGKILL: kill)
[INFO] [stderr] warning: tree-sitter-scala@0.20.2: src/scanner.c: In function 'tree_sitter_scala_external_scanner_scan':
[INFO] [stderr] warning: tree-sitter-scala@0.20.2: src/scanner.c:136:22: warning: suggest parentheses around '&&' within '||' [-Wparentheses]
[INFO] [stderr] warning: tree-sitter-scala@0.20.2:   136 |         (prev != -1) &&
[INFO] [stderr] warning: tree-sitter-scala@0.20.2:       |         ~~~~~~~~~~~~~^~
[INFO] [stderr] warning: tree-sitter-scala@0.20.2:   137 |         lexer->lookahead == ')' ||
[INFO] [stderr] warning: tree-sitter-scala@0.20.2:       |         ~~~~~~~~~~~~~~~~~~~~~~~
[INFO] [stderr] warning: tree-sitter-scala@0.20.2: src/scanner.c:195:35: warning: comparison of integer expressions of different signedness: 'uint32_t' {aka 'unsigned int'} and 'int' [-Wsign-compare]
[INFO] [stderr] warning: tree-sitter-scala@0.20.2:   195 |       || lexer->get_column(lexer) == stack->last_column)) {
[INFO] [stderr] warning: tree-sitter-scala@0.20.2:       |                                   ^~
[INFO] [stderr] warning: tree-sitter-scala@0.20.2: cc: fatal error: Killed signal terminated program cc1
[INFO] [stderr] warning: tree-sitter-scala@0.20.2: compilation terminated.
[INFO] [stderr] warning: tree-sitter-scala@0.20.2: ToolExecError: Command "cc" "-O0" "-ffunction-sections" "-fdata-sections" "-fPIC" "-gdwarf-4" "-fno-omit-frame-pointer" "-m64" "-I" "src" "-Wall" "-Wextra" "-Wno-unused-parameter" "-Wno-unused-but-set-variable" "-Wno-trigraphs" "-o" "/opt/rustwide/target/debug/build/tree-sitter-scala/47aadca62c277ace/out/src/parser.o" "-c" "src/parser.c" with args "cc" did not execute successfully (status code exit status: 1).
[INFO] [stderr] error: failed to run custom build command for `tree-sitter-scala v0.20.2`
[INFO] [stderr] note: To improve backtraces for build dependencies, set the CARGO_PROFILE_DEV_BUILD_OVERRIDE_DEBUG=true environment variable to enable debug information generation.
[INFO] [stderr] 
[INFO] [stderr] Caused by:
[INFO] [stderr]   process didn't exit successfully: `/opt/rustwide/target/debug/build/tree-sitter-scala/d4fa76ce8bc7ef65/out/build_script_build` (exit status: 1)
[INFO] [stderr]   --- stdout
[INFO] [stderr]   TARGET = Some("x86_64-unknown-linux-gnu")
[INFO] [stderr]   OPT_LEVEL = Some("0")
[INFO] [stderr]   HOST = Some("x86_64-unknown-linux-gnu")
[INFO] [stderr]   cargo:rerun-if-env-changed=CC_x86_64-unknown-linux-gnu
[INFO] [stderr]   CC_x86_64-unknown-linux-gnu = None
[INFO] [stderr]   cargo:rerun-if-env-changed=CC_x86_64_unknown_linux_gnu
[INFO] [stderr]   CC_x86_64_unknown_linux_gnu = None
[INFO] [stderr]   cargo:rerun-if-env-changed=HOST_CC
[INFO] [stderr]   HOST_CC = None
[INFO] [stderr]   cargo:rerun-if-env-changed=CC
[INFO] [stderr]   CC = None
[INFO] [stderr]   cargo:rerun-if-env-changed=CRATE_CC_NO_DEFAULTS
[INFO] [stderr]   CRATE_CC_NO_DEFAULTS = None
[INFO] [stderr]   DEBUG = Some("true")
[INFO] [stderr]   CARGO_CFG_TARGET_FEATURE = Some("fxsr,sse,sse2,x87")
[INFO] [stderr]   cargo:rerun-if-env-changed=CFLAGS_x86_64-unknown-linux-gnu
[INFO] [stderr]   CFLAGS_x86_64-unknown-linux-gnu = None
[INFO] [stderr]   cargo:rerun-if-env-changed=CFLAGS_x86_64_unknown_linux_gnu
[INFO] [stderr]   CFLAGS_x86_64_unknown_linux_gnu = None
[INFO] [stderr]   cargo:rerun-if-env-changed=HOST_CFLAGS
[INFO] [stderr]   HOST_CFLAGS = None
[INFO] [stderr]   cargo:rerun-if-env-changed=CFLAGS
[INFO] [stderr]   CFLAGS = None
[INFO] [stderr]   cargo:rerun-if-env-changed=CC_x86_64-unknown-linux-gnu
[INFO] [stderr]   CC_x86_64-unknown-linux-gnu = None
[INFO] [stderr]   cargo:rerun-if-env-changed=CC_x86_64_unknown_linux_gnu
[INFO] [stderr]   CC_x86_64_unknown_linux_gnu = None
[INFO] [stderr]   cargo:rerun-if-env-changed=HOST_CC
[INFO] [stderr]   HOST_CC = None
[INFO] [stderr]   cargo:rerun-if-env-changed=CC
[INFO] [stderr]   CC = None
[INFO] [stderr]   cargo:rerun-if-env-changed=CRATE_CC_NO_DEFAULTS
[INFO] [stderr]   CRATE_CC_NO_DEFAULTS = None
[INFO] [stderr]   CARGO_CFG_TARGET_FEATURE = Some("fxsr,sse,sse2,x87")
[INFO] [stderr]   cargo:rerun-if-env-changed=CFLAGS_x86_64-unknown-linux-gnu
[INFO] [stderr]   CFLAGS_x86_64-unknown-linux-gnu = None
[INFO] [stderr]   cargo:rerun-if-env-changed=CFLAGS_x86_64_unknown_linux_gnu
[INFO] [stderr]   CFLAGS_x86_64_unknown_linux_gnu = None
[INFO] [stderr]   cargo:rerun-if-env-changed=HOST_CFLAGS
[INFO] [stderr]   HOST_CFLAGS = None
[INFO] [stderr]   cargo:rerun-if-env-changed=CFLAGS
[INFO] [stderr]   CFLAGS = None
[INFO] [stderr]   cargo:rerun-if-env-changed=CC_x86_64-unknown-linux-gnu
[INFO] [stderr]   CC_x86_64-unknown-linux-gnu = None
[INFO] [stderr]   cargo:rerun-if-env-changed=CC_x86_64_unknown_linux_gnu
[INFO] [stderr]   CC_x86_64_unknown_linux_gnu = None
[INFO] [stderr]   cargo:rerun-if-env-changed=HOST_CC
[INFO] [stderr]   HOST_CC = None
[INFO] [stderr]   cargo:rerun-if-env-changed=CC
[INFO] [stderr]   CC = None
[INFO] [stderr]   cargo:rerun-if-env-changed=CRATE_CC_NO_DEFAULTS
[INFO] [stderr]   CRATE_CC_NO_DEFAULTS = None
[INFO] [stderr]   CARGO_CFG_TARGET_FEATURE = Some("fxsr,sse,sse2,x87")
[INFO] [stderr]   cargo:rerun-if-env-changed=CFLAGS_x86_64-unknown-linux-gnu
[INFO] [stderr]   CFLAGS_x86_64-unknown-linux-gnu = None
[INFO] [stderr]   cargo:rerun-if-env-changed=CFLAGS_x86_64_unknown_linux_gnu
[INFO] [stderr]   CFLAGS_x86_64_unknown_linux_gnu = None
[INFO] [stderr]   cargo:rerun-if-env-changed=HOST_CFLAGS
[INFO] [stderr]   HOST_CFLAGS = None
[INFO] [stderr]   cargo:rerun-if-env-changed=CFLAGS
[INFO] [stderr]   CFLAGS = None
[INFO] [stderr]   cargo:rerun-if-env-changed=CC_x86_64-unknown-linux-gnu
[INFO] [stderr]   CC_x86_64-unknown-linux-gnu = None
[INFO] [stderr]   cargo:rerun-if-env-changed=CC_x86_64_unknown_linux_gnu
[INFO] [stderr]   CC_x86_64_unknown_linux_gnu = None
[INFO] [stderr]   cargo:rerun-if-env-changed=HOST_CC
[INFO] [stderr]   HOST_CC = None
[INFO] [stderr]   cargo:rerun-if-env-changed=CC
[INFO] [stderr]   CC = None
[INFO] [stderr]   cargo:rerun-if-env-changed=CRATE_CC_NO_DEFAULTS
[INFO] [stderr]   CRATE_CC_NO_DEFAULTS = None
[INFO] [stderr]   CARGO_CFG_TARGET_FEATURE = Some("fxsr,sse,sse2,x87")
[INFO] [stderr]   cargo:rerun-if-env-changed=CFLAGS_x86_64-unknown-linux-gnu
[INFO] [stderr]   CFLAGS_x86_64-unknown-linux-gnu = None
[INFO] [stderr]   cargo:rerun-if-env-changed=CFLAGS_x86_64_unknown_linux_gnu
[INFO] [stderr]   CFLAGS_x86_64_unknown_linux_gnu = None
[INFO] [stderr]   cargo:rerun-if-env-changed=HOST_CFLAGS
[INFO] [stderr]   HOST_CFLAGS = None
[INFO] [stderr]   cargo:rerun-if-env-changed=CFLAGS
[INFO] [stderr]   CFLAGS = None
[INFO] [stderr]   running: "cc" "-O0" "-ffunction-sections" "-fdata-sections" "-fPIC" "-gdwarf-4" "-fno-omit-frame-pointer" "-m64" "-I" "src" "-Wall" "-Wextra" "-Wno-unused-parameter" "-Wno-unused-but-set-variable" "-Wno-trigraphs" "-o" "/opt/rustwide/target/debug/build/tree-sitter-scala/47aadca62c277ace/out/src/parser.o" "-c" "src/parser.c"
[INFO] [stderr]   running: "cc" "-O0" "-ffunction-sections" "-fdata-sections" "-fPIC" "-gdwarf-4" "-fno-omit-frame-pointer" "-m64" "-I" "src" "-Wall" "-Wextra" "-Wno-unused-parameter" "-Wno-unused-but-set-variable" "-Wno-trigraphs" "-o" "/opt/rustwide/target/debug/build/tree-sitter-scala/47aadca62c277ace/out/src/scanner.o" "-c" "src/scanner.c"
[INFO] [stderr]   cargo:warning=src/scanner.c: In function 'tree_sitter_scala_external_scanner_scan':
[INFO] [stderr] 
[INFO] [stderr]   cargo:warning=src/scanner.c:136:22: warning: suggest parentheses around '&&' within '||' [-Wparentheses]
[INFO] [stderr] 
[INFO] [stderr]   cargo:warning=  136 |         (prev != -1) &&
[INFO] [stderr] 
[INFO] [stderr]   cargo:warning=      |         ~~~~~~~~~~~~~^~
[INFO] [stderr] 
[INFO] [stderr]   cargo:warning=  137 |         lexer->lookahead == ')' ||
[INFO] [stderr] 
[INFO] [stderr]   cargo:warning=      |         ~~~~~~~~~~~~~~~~~~~~~~~
[INFO] [stderr] 
[INFO] [stderr]   cargo:warning=src/scanner.c:195:35: warning: comparison of integer expressions of different signedness: 'uint32_t' {aka 'unsigned int'} and 'int' [-Wsign-compare]
[INFO] [stderr] 
[INFO] [stderr]   cargo:warning=  195 |       || lexer->get_column(lexer) == stack->last_column)) {
[INFO] [stderr] 
[INFO] [stderr]   cargo:warning=      |                                   ^~
[INFO] [stderr] 
[INFO] [stderr]   cargo:warning=cc: fatal error: Killed signal terminated program cc1
[INFO] [stderr] 
[INFO] [stderr]   cargo:warning=compilation terminated.
[INFO] [stderr] 
[INFO] [stderr]   exit status: 0
[INFO] [stderr]   exit status: 1
[INFO] [stderr]   cargo:warning=ToolExecError: Command "cc" "-O0" "-ffunction-sections" "-fdata-sections" "-fPIC" "-gdwarf-4" "-fno-omit-frame-pointer" "-m64" "-I" "src" "-Wall" "-Wextra" "-Wno-unused-parameter" "-Wno-unused-but-set-variable" "-Wno-trigraphs" "-o" "/opt/rustwide/target/debug/build/tree-sitter-scala/47aadca62c277ace/out/src/parser.o" "-c" "src/parser.c" with args "cc" did not execute successfully (status code exit status: 1).
[INFO] [stderr] 
[INFO] [stderr]   --- stderr
[INFO] [stderr] 
[INFO] [stderr] 
[INFO] [stderr]   error occurred: Command "cc" "-O0" "-ffunction-sections" "-fdata-sections" "-fPIC" "-gdwarf-4" "-fno-omit-frame-pointer" "-m64" "-I" "src" "-Wall" "-Wextra" "-Wno-unused-parameter" "-Wno-unused-but-set-variable" "-Wno-trigraphs" "-o" "/opt/rustwide/target/debug/build/tree-sitter-scala/47aadca62c277ace/out/src/parser.o" "-c" "src/parser.c" with args "cc" did not execute successfully (status code exit status: 1).
[INFO] [stderr] 
[INFO] [stderr] 
[INFO] [stderr] warning: onig_sys@69.8.1: oniguruma/src/regparse.c: In function 'onig_st_init_strend_table_with_size':
[INFO] [stderr] warning: onig_sys@69.8.1: oniguruma/src/regparse.c:588:5: error: initialization of 'int (*)(void)' from incompatible pointer type 'int (*)(st_str_end_key *, st_str_end_key *)' [-Wincompatible-pointer-types]
[INFO] [stderr] warning: onig_sys@69.8.1:   588 |     str_end_cmp,
[INFO] [stderr] warning: onig_sys@69.8.1:       |     ^~~~~~~~~~~
[INFO] [stderr] warning: onig_sys@69.8.1: oniguruma/src/regparse.c:588:5: note: (near initialization for 'hashType.compare')
[INFO] [stderr] warning: onig_sys@69.8.1: oniguruma/src/regparse.c:550:1: note: 'str_end_cmp' declared here
[INFO] [stderr] warning: onig_sys@69.8.1:   550 | str_end_cmp(st_str_end_key* x, st_str_end_key* y)
[INFO] [stderr] warning: onig_sys@69.8.1:       | ^~~~~~~~~~~
[INFO] [stderr] warning: onig_sys@69.8.1: oniguruma/src/regparse.c:589:5: error: initialization of 'int (*)(void)' from incompatible pointer type 'int (*)(st_str_end_key *)' [-Wincompatible-pointer-types]
[INFO] [stderr] warning: onig_sys@69.8.1:   589 |     str_end_hash,
[INFO] [stderr] warning: onig_sys@69.8.1:       |     ^~~~~~~~~~~~
[INFO] [stderr] warning: onig_sys@69.8.1: oniguruma/src/regparse.c:589:5: note: (near initialization for 'hashType.hash')
[INFO] [stderr] warning: onig_sys@69.8.1: oniguruma/src/regparse.c:571:1: note: 'str_end_hash' declared here
[INFO] [stderr] warning: onig_sys@69.8.1:   571 | str_end_hash(st_str_end_key* x)
[INFO] [stderr] warning: onig_sys@69.8.1:       | ^~~~~~~~~~~~
[INFO] [stderr] warning: onig_sys@69.8.1: oniguruma/src/regparse.c: In function 'onig_st_init_callout_name_table_with_size':
[INFO] [stderr] warning: onig_sys@69.8.1: oniguruma/src/regparse.c:678:5: error: initialization of 'int (*)(void)' from incompatible pointer type 'int (*)(st_callout_name_key *, st_callout_name_key *)' [-Wincompatible-pointer-types]
[INFO] [stderr] warning: onig_sys@69.8.1:   678 |     callout_name_table_cmp,
[INFO] [stderr] warning: onig_sys@69.8.1:       |     ^~~~~~~~~~~~~~~~~~~~~~
[INFO] [stderr] warning: onig_sys@69.8.1: oniguruma/src/regparse.c:678:5: note: (near initialization for 'hashType.compare')
[INFO] [stderr] warning: onig_sys@69.8.1: oniguruma/src/regparse.c:637:1: note: 'callout_name_table_cmp' declared here
[INFO] [stderr] warning: onig_sys@69.8.1:   637 | callout_name_table_cmp(st_callout_name_key* x, st_callout_name_key* y)
[INFO] [stderr] warning: onig_sys@69.8.1:       | ^~~~~~~~~~~~~~~~~~~~~~
[INFO] [stderr] warning: onig_sys@69.8.1: oniguruma/src/regparse.c:679:5: error: initialization of 'int (*)(void)' from incompatible pointer type 'int (*)(st_callout_name_key *)' [-Wincompatible-pointer-types]
[INFO] [stderr] warning: onig_sys@69.8.1:   679 |     callout_name_table_hash,
[INFO] [stderr] warning: onig_sys@69.8.1:       |     ^~~~~~~~~~~~~~~~~~~~~~~
[INFO] [stderr] warning: onig_sys@69.8.1: oniguruma/src/regparse.c:679:5: note: (near initialization for 'hashType.hash')
[INFO] [stderr] warning: onig_sys@69.8.1: oniguruma/src/regparse.c:660:1: note: 'callout_name_table_hash' declared here
[INFO] [stderr] warning: onig_sys@69.8.1:   660 | callout_name_table_hash(st_callout_name_key* x)
[INFO] [stderr] warning: onig_sys@69.8.1:       | ^~~~~~~~~~~~~~~~~~~~~~~
[INFO] [stderr] warning: onig_sys@69.8.1: oniguruma/src/regparse.c: In function 'names_clear':
[INFO] [stderr] warning: onig_sys@69.8.1: oniguruma/src/regparse.c:804:24: error: passing argument 2 of 'onig_st_foreach' from incompatible pointer type [-Wincompatible-pointer-types]
[INFO] [stderr] warning: onig_sys@69.8.1:   804 |     onig_st_foreach(t, i_free_name_entry, 0);
[INFO] [stderr] warning: onig_sys@69.8.1:       |                        ^~~~~~~~~~~~~~~~~
[INFO] [stderr] warning: onig_sys@69.8.1:       |                        |
[INFO] [stderr] warning: onig_sys@69.8.1:       |                        int (*)(OnigUChar *, NameEntry *, void *) {aka int (*)(unsigned char *, NameEntry *, void *)}
[INFO] [stderr] warning: onig_sys@69.8.1: In file included from oniguruma/src/regparse.c:37:
[INFO] [stderr] warning: onig_sys@69.8.1: oniguruma/src/st.h:55:31: note: expected 'int (*)(void)' but argument is of type 'int (*)(OnigUChar *, NameEntry *, void *)' {aka 'int (*)(unsigned char *, NameEntry *, void *)'}
[INFO] [stderr] warning: onig_sys@69.8.1:    55 | int st_foreach _((st_table *, int (*)(ANYARGS), st_data_t));
[INFO] [stderr] warning: onig_sys@69.8.1:       |                               ^~~~~~~~~~~~~~~~
[INFO] [stderr] warning: onig_sys@69.8.1: oniguruma/src/st.h:35:18: note: in definition of macro '_'
[INFO] [stderr] warning: onig_sys@69.8.1:    35 | # define _(args) args
[INFO] [stderr] warning: onig_sys@69.8.1:       |                  ^~~~
[INFO] [stderr] warning: onig_sys@69.8.1: oniguruma/src/regparse.c:789:1: note: 'i_free_name_entry' declared here
[INFO] [stderr] warning: onig_sys@69.8.1:   789 | i_free_name_entry(UChar* key, NameEntry* e, void* arg ARG_UNUSED)
[INFO] [stderr] warning: onig_sys@69.8.1:       | ^~~~~~~~~~~~~~~~~
[INFO] [stderr] warning: onig_sys@69.8.1: oniguruma/src/regparse.c: In function 'onig_foreach_name':
[INFO] [stderr] warning: onig_sys@69.8.1: oniguruma/src/regparse.c:873:24: error: passing argument 2 of 'onig_st_foreach' from incompatible pointer type [-Wincompatible-pointer-types]
[INFO] [stderr] warning: onig_sys@69.8.1:   873 |     onig_st_foreach(t, i_names, (HashDataType )&narg);
[INFO] [stderr] warning: onig_sys@69.8.1:       |                        ^~~~~~~
[INFO] [stderr] warning: onig_sys@69.8.1:       |                        |
[INFO] [stderr] warning: onig_sys@69.8.1:       |                        int (*)(OnigUChar *, NameEntry *, INamesArg *) {aka int (*)(unsigned char *, NameEntry *, INamesArg *)}
[INFO] [stderr] warning: onig_sys@69.8.1: oniguruma/src/st.h:55:31: note: expected 'int (*)(void)' but argument is of type 'int (*)(OnigUChar *, NameEntry *, INamesArg *)' {aka 'int (*)(unsigned char *, NameEntry *, INamesArg *)'}
[INFO] [stderr] warning: onig_sys@69.8.1:    55 | int st_foreach _((st_table *, int (*)(ANYARGS), st_data_t));
[INFO] [stderr] warning: onig_sys@69.8.1:       |                               ^~~~~~~~~~~~~~~~
[INFO] [stderr] warning: onig_sys@69.8.1: oniguruma/src/st.h:35:18: note: in definition of macro '_'
[INFO] [stderr] warning: onig_sys@69.8.1:    35 | # define _(args) args
[INFO] [stderr] warning: onig_sys@69.8.1:       |                  ^~~~
[INFO] [stderr] warning: onig_sys@69.8.1: oniguruma/src/regparse.c:846:1: note: 'i_names' declared here
[INFO] [stderr] warning: onig_sys@69.8.1:   846 | i_names(UChar* key ARG_UNUSED, NameEntry* e, INamesArg* arg)
[INFO] [stderr] warning: onig_sys@69.8.1:       | ^~~~~~~
[INFO] [stderr] warning: onig_sys@69.8.1: oniguruma/src/regparse.c: In function 'onig_renumber_name_table':
[INFO] [stderr] warning: onig_sys@69.8.1: oniguruma/src/regparse.c:901:24: error: passing argument 2 of 'onig_st_foreach' from incompatible pointer type [-Wincompatible-pointer-types]
[INFO] [stderr] warning: onig_sys@69.8.1:   901 |     onig_st_foreach(t, i_renumber_name, (HashDataType )map);
[INFO] [stderr] warning: onig_sys@69.8.1:       |                        ^~~~~~~~~~~~~~~
[INFO] [stderr] warning: onig_sys@69.8.1:       |                        |
[INFO] [stderr] warning: onig_sys@69.8.1:       |                        int (*)(OnigUChar *, NameEntry *, GroupNumMap *) {aka int (*)(unsigned char *, NameEntry *, GroupNumMap *)}
[INFO] [stderr] warning: onig_sys@69.8.1: oniguruma/src/st.h:55:31: note: expected 'int (*)(void)' but argument is of type 'int (*)(OnigUChar *, NameEntry *, GroupNumMap *)' {aka 'int (*)(unsigned char *, NameEntry *, GroupNumMap *)'}
[INFO] [stderr] warning: onig_sys@69.8.1:    55 | int st_foreach _((st_table *, int (*)(ANYARGS), st_data_t));
[INFO] [stderr] warning: onig_sys@69.8.1:       |                               ^~~~~~~~~~~~~~~~
[INFO] [stderr] warning: onig_sys@69.8.1: oniguruma/src/st.h:35:18: note: in definition of macro '_'
[INFO] [stderr] warning: onig_sys@69.8.1:    35 | # define _(args) args
[INFO] [stderr] warning: onig_sys@69.8.1:       |                  ^~~~
[INFO] [stderr] warning: onig_sys@69.8.1: oniguruma/src/regparse.c:879:1: note: 'i_renumber_name' declared here
[INFO] [stderr] warning: onig_sys@69.8.1:   879 | i_renumber_name(UChar* key ARG_UNUSED, NameEntry* e, GroupNumMap* map)
[INFO] [stderr] warning: onig_sys@69.8.1:       | ^~~~~~~~~~~~~~~
[INFO] [stderr] warning: onig_sys@69.8.1: oniguruma/src/regparse.c: In function 'callout_name_table_clear':
[INFO] [stderr] warning: onig_sys@69.8.1: oniguruma/src/regparse.c:1386:24: error: passing argument 2 of 'onig_st_foreach' from incompatible pointer type [-Wincompatible-pointer-types]
[INFO] [stderr] warning: onig_sys@69.8.1:  1386 |     onig_st_foreach(t, i_free_callout_name_entry, 0);
[INFO] [stderr] warning: onig_sys@69.8.1:       |                        ^~~~~~~~~~~~~~~~~~~~~~~~~
[INFO] [stderr] warning: onig_sys@69.8.1:       |                        |
[INFO] [stderr] warning: onig_sys@69.8.1:       |                        int (*)(st_callout_name_key *, CalloutNameEntry *, void *)
[INFO] [stderr] warning: onig_sys@69.8.1: oniguruma/src/st.h:55:31: note: expected 'int (*)(void)' but argument is of type 'int (*)(st_callout_name_key *, CalloutNameEntry *, void *)'
[INFO] [stderr] warning: onig_sys@69.8.1:    55 | int st_foreach _((st_table *, int (*)(ANYARGS), st_data_t));
[INFO] [stderr] warning: onig_sys@69.8.1:       |                               ^~~~~~~~~~~~~~~~
[INFO] [stderr] warning: onig_sys@69.8.1: oniguruma/src/st.h:35:18: note: in definition of macro '_'
[INFO] [stderr] warning: onig_sys@69.8.1:    35 | # define _(args) args
[INFO] [stderr] warning: onig_sys@69.8.1:       |                  ^~~~
[INFO] [stderr] warning: onig_sys@69.8.1: oniguruma/src/regparse.c:1370:1: note: 'i_free_callout_name_entry' declared here
[INFO] [stderr] warning: onig_sys@69.8.1:  1370 | i_free_callout_name_entry(st_callout_name_key* key, CalloutNameEntry* e,
[INFO] [stderr] warning: onig_sys@69.8.1:       | ^~~~~~~~~~~~~~~~~~~~~~~~~
[INFO] [stderr] warning: onig_sys@69.8.1: oniguruma/src/regparse.c: In function 'setup_ext_callout_list_values':
[INFO] [stderr] warning: onig_sys@69.8.1: oniguruma/src/regparse.c:1884:56: error: passing argument 2 of 'onig_st_foreach' from incompatible pointer type [-Wincompatible-pointer-types]
[INFO] [stderr] warning: onig_sys@69.8.1:  1884 |     onig_st_foreach((CalloutTagTable *)ext->tag_table, i_callout_callout_list_set,
[INFO] [stderr] warning: onig_sys@69.8.1:       |                                                        ^~~~~~~~~~~~~~~~~~~~~~~~~~
[INFO] [stderr] warning: onig_sys@69.8.1:       |                                                        |
[INFO] [stderr] warning: onig_sys@69.8.1:       |                                                        int (*)(OnigUChar *, CalloutTagVal,  void *) {aka int (*)(unsigned char *, long int,  void *)}
[INFO] [stderr] warning: onig_sys@69.8.1: oniguruma/src/st.h:55:31: note: expected 'int (*)(void)' but argument is of type 'int (*)(OnigUChar *, CalloutTagVal,  void *)' {aka 'int (*)(unsigned char *, long int,  void *)'}
[INFO] [stderr] warning: onig_sys@69.8.1:    55 | int st_foreach _((st_table *, int (*)(ANYARGS), st_data_t));
[INFO] [stderr] warning: onig_sys@69.8.1:       |                               ^~~~~~~~~~~~~~~~
[INFO] [stderr] warning: onig_sys@69.8.1: oniguruma/src/st.h:35:18: note: in definition of macro '_'
[INFO] [stderr] warning: onig_sys@69.8.1:    35 | # define _(args) args
[INFO] [stderr] warning: onig_sys@69.8.1:       |                  ^~~~
[INFO] [stderr] warning: onig_sys@69.8.1: oniguruma/src/regparse.c:1866:1: note: 'i_callout_callout_list_set' declared here
[INFO] [stderr] warning: onig_sys@69.8.1:  1866 | i_callout_callout_list_set(UChar* key, CalloutTagVal e, void* arg)
[INFO] [stderr] warning: onig_sys@69.8.1:       | ^~~~~~~~~~~~~~~~~~~~~~~~~~
[INFO] [stderr] warning: onig_sys@69.8.1: oniguruma/src/regparse.c: In function 'callout_tag_table_clear':
[INFO] [stderr] warning: onig_sys@69.8.1: oniguruma/src/regparse.c:1932:24: error: passing argument 2 of 'onig_st_foreach' from incompatible pointer type [-Wincompatible-pointer-types]
[INFO] [stderr] warning: onig_sys@69.8.1:  1932 |     onig_st_foreach(t, i_free_callout_tag_entry, 0);
[INFO] [stderr] warning: onig_sys@69.8.1:       |                        ^~~~~~~~~~~~~~~~~~~~~~~~
[INFO] [stderr] warning: onig_sys@69.8.1:       |                        |
[INFO] [stderr] warning: onig_sys@69.8.1:       |                        int (*)(OnigUChar *, CalloutTagVal,  void *) {aka int (*)(unsigned char *, long int,  void *)}
[INFO] [stderr] warning: onig_sys@69.8.1: oniguruma/src/st.h:55:31: note: expected 'int (*)(void)' but argument is of type 'int (*)(OnigUChar *, CalloutTagVal,  void *)' {aka 'int (*)(unsigned char *, long int,  void *)'}
[INFO] [stderr] warning: onig_sys@69.8.1:    55 | int st_foreach _((st_table *, int (*)(ANYARGS), st_data_t));
[INFO] [stderr] warning: onig_sys@69.8.1:       |                               ^~~~~~~~~~~~~~~~
[INFO] [stderr] warning: onig_sys@69.8.1: oniguruma/src/st.h:35:18: note: in definition of macro '_'
[INFO] [stderr] warning: onig_sys@69.8.1:    35 | # define _(args) args
[INFO] [stderr] warning: onig_sys@69.8.1:       |                  ^~~~
[INFO] [stderr] warning: onig_sys@69.8.1: oniguruma/src/regparse.c:1922:1: note: 'i_free_callout_tag_entry' declared here
[INFO] [stderr] warning: onig_sys@69.8.1:  1922 | i_free_callout_tag_entry(UChar* key, CalloutTagVal e, void* arg ARG_UNUSED)
[INFO] [stderr] warning: onig_sys@69.8.1:       | ^~~~~~~~~~~~~~~~~~~~~~~~
[INFO] [stderr] warning: onig_sys@69.8.1: ToolExecError: Command "cc" "-O0" "-ffunction-sections" "-fdata-sections" "-fPIC" "-gdwarf-4" "-fno-omit-frame-pointer" "-m64" "-I" "/opt/rustwide/target/debug/build/onig_sys/f86b29269b897965/out" "-I" "oniguruma/src" "-DHAVE_UNISTD_H=1" "-DHAVE_SYS_TYPES_H=1" "-DHAVE_SYS_TIME_H=1" "-o" "/opt/rustwide/target/debug/build/onig_sys/f86b29269b897965/out/oniguruma/src/regparse.o" "-c" "oniguruma/src/regparse.c" with args "cc" did not execute successfully (status code exit status: 1).running: "cc" "-O0" "-ffunction-sections" "-fdata-sections" "-fPIC" "-gdwarf-4" "-fno-omit-frame-pointer" "-m64" "-I" "/opt/rustwide/target/debug/build/onig_sys/f86b29269b897965/out" "-I" "oniguruma/src" "-DHAVE_UNISTD_H=1" "-DHAVE_SYS_TYPES_H=1" "-DHAVE_SYS_TIME_H=1" "-o" "/opt/rustwide/target/debug/build/onig_sys/f86b29269b897965/out/oniguruma/src/regext.o" "-c" "oniguruma/src/regext.c"
[INFO] [stderr] warning: onig_sys@69.8.1: oniguruma/src/st.c:38:5: error: initialization of 'int (*)(void)' from incompatible pointer type 'int (*)(long int,  long int)' [-Wincompatible-pointer-types]
[INFO] [stderr] warning: onig_sys@69.8.1:    38 |     numcmp,
[INFO] [stderr] warning: onig_sys@69.8.1:       |     ^~~~~~
[INFO] [stderr] warning: onig_sys@69.8.1: oniguruma/src/st.c:38:5: note: (near initialization for 'type_numhash.compare')
[INFO] [stderr] warning: onig_sys@69.8.1: oniguruma/src/st.c:35:12: note: 'numcmp' declared here
[INFO] [stderr] warning: onig_sys@69.8.1:    35 | static int numcmp(long, long);
[INFO] [stderr] warning: onig_sys@69.8.1:       |            ^~~~~~
[INFO] [stderr] warning: onig_sys@69.8.1: oniguruma/src/st.c:39:5: error: initialization of 'int (*)(void)' from incompatible pointer type 'int (*)(long int)' [-Wincompatible-pointer-types]
[INFO] [stderr] warning: onig_sys@69.8.1:    39 |     numhash,
[INFO] [stderr] warning: onig_sys@69.8.1:       |     ^~~~~~~
[INFO] [stderr] warning: onig_sys@69.8.1: oniguruma/src/st.c:39:5: note: (near initialization for 'type_numhash.hash')
[INFO] [stderr] warning: onig_sys@69.8.1: oniguruma/src/st.c:36:12: note: 'numhash' declared here
[INFO] [stderr] warning: onig_sys@69.8.1:    36 | static int numhash(long);
[INFO] [stderr] warning: onig_sys@69.8.1:       |            ^~~~~~~
[INFO] [stderr] warning: onig_sys@69.8.1: oniguruma/src/st.c:45:5: error: initialization of 'int (*)(void)' from incompatible pointer type 'int (*)(const char *, const char *)' [-Wincompatible-pointer-types]
[INFO] [stderr] warning: onig_sys@69.8.1:    45 |     strcmp,
[INFO] [stderr] warning: onig_sys@69.8.1:       |     ^~~~~~
[INFO] [stderr] warning: onig_sys@69.8.1: oniguruma/src/st.c:45:5: note: (near initialization for 'type_strhash.compare')
[INFO] [stderr] warning: onig_sys@69.8.1: In file included from oniguruma/src/regint.h:111,
[INFO] [stderr] warning: onig_sys@69.8.1:                  from oniguruma/src/st.c:9:
[INFO] [stderr] warning: onig_sys@69.8.1: /usr/include/string.h:171:12: note: 'strcmp' declared here
[INFO] [stderr] warning: onig_sys@69.8.1:   171 | extern int strcmp (const char *__s1, const char *__s2)
[INFO] [stderr] warning: onig_sys@69.8.1:       |            ^~~~~~
[INFO] [stderr] warning: onig_sys@69.8.1: oniguruma/src/st.c:46:5: error: initialization of 'int (*)(void)' from incompatible pointer type 'int (*)(const char *)' [-Wincompatible-pointer-types]
[INFO] [stderr] warning: onig_sys@69.8.1:    46 |     strhash,
[INFO] [stderr] warning: onig_sys@69.8.1:       |     ^~~~~~~
[INFO] [stderr] warning: onig_sys@69.8.1: oniguruma/src/st.c:46:5: note: (near initialization for 'type_strhash.hash')
[INFO] [stderr] warning: onig_sys@69.8.1: oniguruma/src/st.c:43:12: note: 'strhash' declared here
[INFO] [stderr] warning: onig_sys@69.8.1:    43 | static int strhash(const char *);
[INFO] [stderr] warning: onig_sys@69.8.1:       |            ^~~~~~~
[INFO] [stderr] warning: onig_sys@69.8.1: oniguruma/src/st.c: In function 'new_size':
[INFO] [stderr] warning: onig_sys@69.8.1: oniguruma/src/st.c:101:1: warning: old-style function definition [-Wold-style-definition]
[INFO] [stderr] warning: onig_sys@69.8.1:   101 | new_size(size)
[INFO] [stderr] warning: onig_sys@69.8.1:       | ^~~~~~~~
[INFO] [stderr] warning: onig_sys@69.8.1: oniguruma/src/st.c: In function 'onig_st_init_table_with_size':
[INFO] [stderr] warning: onig_sys@69.8.1: oniguruma/src/regint.h:220:37: warning: old-style function definition [-Wold-style-definition]
[INFO] [stderr] warning: onig_sys@69.8.1:   220 | #define st_init_table_with_size     onig_st_init_table_with_size
[INFO] [stderr] warning: onig_sys@69.8.1:       |                                     ^~~~~~~~~~~~~~~~~~~~~~~~~~~~
[INFO] [stderr] warning: onig_sys@69.8.1: oniguruma/src/st.c:140:1: note: in expansion of macro 'st_init_table_with_size'
[INFO] [stderr] warning: onig_sys@69.8.1:   140 | st_init_table_with_size(type, size)
[INFO] [stderr] warning: onig_sys@69.8.1:       | ^~~~~~~~~~~~~~~~~~~~~~~
[INFO] [stderr] warning: onig_sys@69.8.1: oniguruma/src/st.c: In function 'onig_st_init_table':
[INFO] [stderr] warning: onig_sys@69.8.1: oniguruma/src/regint.h:219:37: warning: old-style function definition [-Wold-style-definition]
[INFO] [stderr] warning: onig_sys@69.8.1:   219 | #define st_init_table               onig_st_init_table
[INFO] [stderr] warning: onig_sys@69.8.1:       |                                     ^~~~~~~~~~~~~~~~~~
[INFO] [stderr] warning: onig_sys@69.8.1: oniguruma/src/st.c:172:1: note: in expansion of macro 'st_init_table'
[INFO] [stderr] warning: onig_sys@69.8.1:   172 | st_init_table(type)
[INFO] [stderr] warning: onig_sys@69.8.1:       | ^~~~~~~~~~~~~
[INFO] [stderr] warning: onig_sys@69.8.1: oniguruma/src/st.c: In function 'onig_st_init_numtable_with_size':
[INFO] [stderr] warning: onig_sys@69.8.1: oniguruma/src/regint.h:222:37: warning: old-style function definition [-Wold-style-definition]
[INFO] [stderr] warning: onig_sys@69.8.1:   222 | #define st_init_numtable_with_size  onig_st_init_numtable_with_size
[INFO] [stderr] warning: onig_sys@69.8.1:       |                                     ^~~~~~~~~~~~~~~~~~~~~~~~~~~~~~~
[INFO] [stderr] warning: onig_sys@69.8.1: oniguruma/src/st.c:185:1: note: in expansion of macro 'st_init_numtable_with_size'
[INFO] [stderr] warning: onig_sys@69.8.1:   185 | st_init_numtable_with_size(size)
[INFO] [stderr] warning: onig_sys@69.8.1:       | ^~~~~~~~~~~~~~~~~~~~~~~~~~
[INFO] [stderr] warning: onig_sys@69.8.1: oniguruma/src/st.c: In function 'onig_st_init_strtable_with_size':
[INFO] [stderr] warning: onig_sys@69.8.1: oniguruma/src/regint.h:224:37: warning: old-style function definition [-Wold-style-definition]
[INFO] [stderr] warning: onig_sys@69.8.1:   224 | #define st_init_strtable_with_size  onig_st_init_strtable_with_size
[INFO] [stderr] warning: onig_sys@69.8.1:       |                                     ^~~~~~~~~~~~~~~~~~~~~~~~~~~~~~~
[INFO] [stderr] warning: onig_sys@69.8.1: oniguruma/src/st.c:198:1: note: in expansion of macro 'st_init_strtable_with_size'
[INFO] [stderr] warning: onig_sys@69.8.1:   198 | st_init_strtable_with_size(size)
[INFO] [stderr] warning: onig_sys@69.8.1:       | ^~~~~~~~~~~~~~~~~~~~~~~~~~
[INFO] [stderr] warning: onig_sys@69.8.1: oniguruma/src/st.c: In function 'onig_st_free_table':
[INFO] [stderr] warning: onig_sys@69.8.1: oniguruma/src/regint.h:231:37: warning: old-style function definition [-Wold-style-definition]
[INFO] [stderr] warning: onig_sys@69.8.1:   231 | #define st_free_table               onig_st_free_table
[INFO] [stderr] warning: onig_sys@69.8.1:       |                                     ^~~~~~~~~~~~~~~~~~
[INFO] [stderr] warning: onig_sys@69.8.1: oniguruma/src/st.c:205:1: note: in expansion of macro 'st_free_table'
[INFO] [stderr] warning: onig_sys@69.8.1:   205 | st_free_table(table)
[INFO] [stderr] warning: onig_sys@69.8.1:       | ^~~~~~~~~~~~~
[INFO] [stderr] warning: onig_sys@69.8.1: oniguruma/src/st.c: In function 'onig_st_lookup':
[INFO] [stderr] warning: onig_sys@69.8.1: oniguruma/src/regint.h:228:37: warning: old-style function definition [-Wold-style-definition]
[INFO] [stderr] warning: onig_sys@69.8.1:   228 | #define st_lookup                   onig_st_lookup
[INFO] [stderr] warning: onig_sys@69.8.1:       |                                     ^~~~~~~~~~~~~~
[INFO] [stderr] warning: onig_sys@69.8.1: oniguruma/src/st.c:245:1: note: in expansion of macro 'st_lookup'
[INFO] [stderr] warning: onig_sys@69.8.1:   245 | st_lookup(table, key, value)
[INFO] [stderr] warning: onig_sys@69.8.1:       | ^~~~~~~~~
[INFO] [stderr] warning: onig_sys@69.8.1: oniguruma/src/st.c:56:43: error: too many arguments to function 'table->type->hash'; expected 0, have 1
[INFO] [stderr] warning: onig_sys@69.8.1:    56 | #define do_hash(key,table) (unsigned int)(*(table)->type->hash)((key))
[INFO] [stderr] warning: onig_sys@69.8.1:       |                                          ~^~~~~~~~~~~~~~~~~~~~~ ~~~~~
[INFO] [stderr] warning: onig_sys@69.8.1: oniguruma/src/st.c:253:14: note: in expansion of macro 'do_hash'
[INFO] [stderr] warning: onig_sys@69.8.1:   253 |   hash_val = do_hash(key, table);
[INFO] [stderr] warning: onig_sys@69.8.1:       |              ^~~~~~~
[INFO] [stderr] warning: onig_sys@69.8.1: In file included from oniguruma/src/st.c:10:
[INFO] [stderr] warning: onig_sys@69.8.1: oniguruma/src/st.h:20:11: note: declared here
[INFO] [stderr] warning: onig_sys@69.8.1:    20 |     int (*hash)();
[INFO] [stderr] warning: onig_sys@69.8.1:       |           ^~~~
[INFO] [stderr] warning: onig_sys@69.8.1: oniguruma/src/st.c:54:40: error: too many arguments to function 'table->type->compare'; expected 0, have 2
[INFO] [stderr] warning: onig_sys@69.8.1:    54 | #define EQUAL(table,x,y) ((x)==(y) || (*table->type->compare)((x),(y)) == 0)
[INFO] [stderr] warning: onig_sys@69.8.1:       |                                       ~^~~~~~~~~~~~~~~~~~~~~~ ~~~
[INFO] [stderr] warning: onig_sys@69.8.1: oniguruma/src/st.c:224:45: note: in expansion of macro 'EQUAL'
[INFO] [stderr] warning: onig_sys@69.8.1:   224 | ((ptr) != 0 && (ptr->hash != (hash_val) || !EQUAL((table), (key), (ptr)->key)))
[INFO] [stderr] warning: onig_sys@69.8.1:       |                                             ^~~~~
[INFO] [stderr] warning: onig_sys@69.8.1: oniguruma/src/st.c:235:9: note: in expansion of macro 'PTR_NOT_EQUAL'
[INFO] [stderr] warning: onig_sys@69.8.1:   235 |     if (PTR_NOT_EQUAL(table, ptr, hash_val, key)) {\
[INFO] [stderr] warning: onig_sys@69.8.1:       |         ^~~~~~~~~~~~~
[INFO] [stderr] warning: onig_sys@69.8.1: oniguruma/src/st.c:254:3: note: in expansion of macro 'FIND_ENTRY'
[INFO] [stderr] warning: onig_sys@69.8.1:   254 |   FIND_ENTRY(table, ptr, hash_val, bin_pos);
[INFO] [stderr] warning: onig_sys@69.8.1:       |   ^~~~~~~~~~
[INFO] [stderr] warning: onig_sys@69.8.1: oniguruma/src/st.h:19:11: note: declared here
[INFO] [stderr] warning: onig_sys@69.8.1:    19 |     int (*compare)();
[INFO] [stderr] warning: onig_sys@69.8.1:       |           ^~~~~~~
[INFO] [stderr] warning: onig_sys@69.8.1: oniguruma/src/st.c:54:40: error: too many arguments to function 'table->type->compare'; expected 0, have 2
[INFO] [stderr] warning: onig_sys@69.8.1:    54 | #define EQUAL(table,x,y) ((x)==(y) || (*table->type->compare)((x),(y)) == 0)
[INFO] [stderr] warning: onig_sys@69.8.1:       |                                       ~^~~~~~~~~~~~~~~~~~~~~~ ~~~
[INFO] [stderr] warning: onig_sys@69.8.1: oniguruma/src/st.c:224:45: note: in expansion of macro 'EQUAL'
[INFO] [stderr] warning: onig_sys@69.8.1:   224 | ((ptr) != 0 && (ptr->hash != (hash_val) || !EQUAL((table), (key), (ptr)->key)))
[INFO] [stderr] warning: onig_sys@69.8.1:       |                                             ^~~~~
[INFO] [stderr] warning: onig_sys@69.8.1: oniguruma/src/st.c:237:14: note: in expansion of macro 'PTR_NOT_EQUAL'
[INFO] [stderr] warning: onig_sys@69.8.1:   237 |       while (PTR_NOT_EQUAL(table, ptr->next, hash_val, key)) {\
[INFO] [stderr] warning: onig_sys@69.8.1:       |              ^~~~~~~~~~~~~
[INFO] [stderr] warning: onig_sys@69.8.1: oniguruma/src/st.c:254:3: note: in expansion of macro 'FIND_ENTRY'
[INFO] [stderr] warning: onig_sys@69.8.1:   254 |   FIND_ENTRY(table, ptr, hash_val, bin_pos);
[INFO] [stderr] warning: onig_sys@69.8.1:       |   ^~~~~~~~~~
[INFO] [stderr] warning: onig_sys@69.8.1: oniguruma/src/st.h:19:11: note: declared here
[INFO] [stderr] warning: onig_sys@69.8.1:    19 |     int (*compare)();
[INFO] [stderr] warning: onig_sys@69.8.1:       |           ^~~~~~~
[INFO] [stderr] warning: onig_sys@69.8.1: oniguruma/src/st.c: In function 'onig_st_insert':
[INFO] [stderr] warning: onig_sys@69.8.1: oniguruma/src/regint.h:227:37: warning: old-style function definition [-Wold-style-definition]
[INFO] [stderr] warning: onig_sys@69.8.1:   227 | #define st_insert                   onig_st_insert
[INFO] [stderr] warning: onig_sys@69.8.1:       |                                     ^~~~~~~~~~~~~~
[INFO] [stderr] warning: onig_sys@69.8.1: oniguruma/src/st.c:283:1: note: in expansion of macro 'st_insert'
[INFO] [stderr] warning: onig_sys@69.8.1:   283 | st_insert(table, key, value)
[INFO] [stderr] warning: onig_sys@69.8.1:       | ^~~~~~~~~
[INFO] [stderr] warning: onig_sys@69.8.1: oniguruma/src/st.c:56:43: error: too many arguments to function 'table->type->hash'; expected 0, have 1
[INFO] [stderr] warning: onig_sys@69.8.1:    56 | #define do_hash(key,table) (unsigned int)(*(table)->type->hash)((key))
[INFO] [stderr] warning: onig_sys@69.8.1:       |                                          ~^~~~~~~~~~~~~~~~~~~~~ ~~~~~
[INFO] [stderr] warning: onig_sys@69.8.1: oniguruma/src/st.c:291:14: note: in expansion of macro 'do_hash'
[INFO] [stderr] warning: onig_sys@69.8.1:   291 |   hash_val = do_hash(key, table);
[INFO] [stderr] warning: onig_sys@69.8.1:       |              ^~~~~~~
[INFO] [stderr] warning: onig_sys@69.8.1: oniguruma/src/st.h:20:11: note: declared here
[INFO] [stderr] warning: onig_sys@69.8.1:    20 |     int (*hash)();
[INFO] [stderr] warning: onig_sys@69.8.1:       |           ^~~~
[INFO] [stderr] warning: onig_sys@69.8.1: oniguruma/src/st.c:54:40: error: too many arguments to function 'table->type->compare'; expected 0, have 2
[INFO] [stderr] warning: onig_sys@69.8.1:    54 | #define EQUAL(table,x,y) ((x)==(y) || (*table->type->compare)((x),(y)) == 0)
[INFO] [stderr] warning: onig_sys@69.8.1:       |                                       ~^~~~~~~~~~~~~~~~~~~~~~ ~~~
[INFO] [stderr] warning: onig_sys@69.8.1: oniguruma/src/st.c:224:45: note: in expansion of macro 'EQUAL'
[INFO] [stderr] warning: onig_sys@69.8.1:   224 | ((ptr) != 0 && (ptr->hash != (hash_val) || !EQUAL((table), (key), (ptr)->key)))
[INFO] [stderr] warning: onig_sys@69.8.1:       |                                             ^~~~~
[INFO] [stderr] warning: onig_sys@69.8.1: oniguruma/src/st.c:235:9: note: in expansion of macro 'PTR_NOT_EQUAL'
[INFO] [stderr] warning: onig_sys@69.8.1:   235 |     if (PTR_NOT_EQUAL(table, ptr, hash_val, key)) {\
[INFO] [stderr] warning: onig_sys@69.8.1:       |         ^~~~~~~~~~~~~
[INFO] [stderr] warning: onig_sys@69.8.1: oniguruma/src/st.c:292:3: note: in expansion of macro 'FIND_ENTRY'
[INFO] [stderr] warning: onig_sys@69.8.1:   292 |   FIND_ENTRY(table, ptr, hash_val, bin_pos);
[INFO] [stderr] warning: onig_sys@69.8.1:       |   ^~~~~~~~~~
[INFO] [stderr] warning: onig_sys@69.8.1: oniguruma/src/st.h:19:11: note: declared here
[INFO] [stderr] warning: onig_sys@69.8.1:    19 |     int (*compare)();
[INFO] [stderr] warning: onig_sys@69.8.1:       |           ^~~~~~~
[INFO] [stderr] warning: onig_sys@69.8.1: oniguruma/src/st.c:54:40: error: too many arguments to function 'table->type->compare'; expected 0, have 2
[INFO] [stderr] warning: onig_sys@69.8.1:    54 | #define EQUAL(table,x,y) ((x)==(y) || (*table->type->compare)((x),(y)) == 0)
[INFO] [stderr] warning: onig_sys@69.8.1:       |                                       ~^~~~~~~~~~~~~~~~~~~~~~ ~~~
[INFO] [stderr] warning: onig_sys@69.8.1: oniguruma/src/st.c:224:45: note: in expansion of macro 'EQUAL'
[INFO] [stderr] warning: onig_sys@69.8.1:   224 | ((ptr) != 0 && (ptr->hash != (hash_val) || !EQUAL((table), (key), (ptr)->key)))
[INFO] [stderr] warning: onig_sys@69.8.1:       |                                             ^~~~~
[INFO] [stderr] warning: onig_sys@69.8.1: oniguruma/src/st.c:237:14: note: in expansion of macro 'PTR_NOT_EQUAL'
[INFO] [stderr] warning: onig_sys@69.8.1:   237 |       while (PTR_NOT_EQUAL(table, ptr->next, hash_val, key)) {\
[INFO] [stderr] warning: onig_sys@69.8.1:       |              ^~~~~~~~~~~~~
[INFO] [stderr] warning: onig_sys@69.8.1: oniguruma/src/st.c:292:3: note: in expansion of macro 'FIND_ENTRY'
[INFO] [stderr] warning: onig_sys@69.8.1:   292 |   FIND_ENTRY(table, ptr, hash_val, bin_pos);
[INFO] [stderr] warning: onig_sys@69.8.1:       |   ^~~~~~~~~~
[INFO] [stderr] warning: onig_sys@69.8.1: oniguruma/src/st.h:19:11: note: declared here
[INFO] [stderr] warning: onig_sys@69.8.1:    19 |     int (*compare)();
[INFO] [stderr] warning: onig_sys@69.8.1:       |           ^~~~~~~
[INFO] [stderr] warning: onig_sys@69.8.1: oniguruma/src/st.c: In function 'onig_st_add_direct':
[INFO] [stderr] warning: onig_sys@69.8.1: oniguruma/src/regint.h:230:37: warning: old-style function definition [-Wold-style-definition]
[INFO] [stderr] warning: onig_sys@69.8.1:   230 | #define st_add_direct               onig_st_add_direct
[INFO] [stderr] warning: onig_sys@69.8.1:       |                                     ^~~~~~~~~~~~~~~~~~
[INFO] [stderr] warning: onig_sys@69.8.1: oniguruma/src/st.c:305:1: note: in expansion of macro 'st_add_direct'
[INFO] [stderr] warning: onig_sys@69.8.1:   305 | st_add_direct(table, key, value)
[INFO] [stderr] warning: onig_sys@69.8.1:       | ^~~~~~~~~~~~~
[INFO] [stderr] warning: onig_sys@69.8.1: oniguruma/src/st.c:56:43: error: too many arguments to function 'table->type->hash'; expected 0, have 1
[INFO] [stderr] warning: onig_sys@69.8.1:    56 | #define do_hash(key,table) (unsigned int)(*(table)->type->hash)((key))
[INFO] [stderr] warning: onig_sys@69.8.1:       |                                          ~^~~~~~~~~~~~~~~~~~~~~ ~~~~~
[INFO] [stderr] warning: onig_sys@69.8.1: oniguruma/src/st.c:312:14: note: in expansion of macro 'do_hash'
[INFO] [stderr] warning: onig_sys@69.8.1:   312 |   hash_val = do_hash(key, table);
[INFO] [stderr] warning: onig_sys@69.8.1:       |              ^~~~~~~
[INFO] [stderr] warning: onig_sys@69.8.1: oniguruma/src/st.h:20:11: note: declared here
[INFO] [stderr] warning: onig_sys@69.8.1:    20 |     int (*hash)();
[INFO] [stderr] warning: onig_sys@69.8.1:       |           ^~~~
[INFO] [stderr] warning: onig_sys@69.8.1: oniguruma/src/st.c: In function 'rehash':
[INFO] [stderr] warning: onig_sys@69.8.1: oniguruma/src/st.c:318:1: warning: old-style function definition [-Wold-style-definition]
[INFO] [stderr] warning: onig_sys@69.8.1:   318 | rehash(table)
[INFO] [stderr] warning: onig_sys@69.8.1:       | ^~~~~~
[INFO] [stderr] warning: onig_sys@69.8.1: oniguruma/src/st.c: In function 'onig_st_copy':
[INFO] [stderr] warning: onig_sys@69.8.1: oniguruma/src/regint.h:233:37: warning: old-style function definition [-Wold-style-definition]
[INFO] [stderr] warning: onig_sys@69.8.1:   233 | #define st_copy                     onig_st_copy
[INFO] [stderr] warning: onig_sys@69.8.1:       |                                     ^~~~~~~~~~~~
[INFO] [stderr] warning: onig_sys@69.8.1: oniguruma/src/st.c:350:1: note: in expansion of macro 'st_copy'
[INFO] [stderr] warning: onig_sys@69.8.1:   350 | st_copy(old_table)
[INFO] [stderr] warning: onig_sys@69.8.1:       | ^~~~~~~
[INFO] [stderr] warning: onig_sys@69.8.1: oniguruma/src/st.c: In function 'onig_st_delete':
[INFO] [stderr] warning: onig_sys@69.8.1: oniguruma/src/regint.h:225:37: warning: old-style function definition [-Wold-style-definition]
[INFO] [stderr] warning: onig_sys@69.8.1:   225 | #define st_delete                   onig_st_delete
[INFO] [stderr] warning: onig_sys@69.8.1:       |                                     ^~~~~~~~~~~~~~
[INFO] [stderr] warning: onig_sys@69.8.1: oniguruma/src/st.c:391:1: note: in expansion of macro 'st_delete'
[INFO] [stderr] warning: onig_sys@69.8.1:   391 | st_delete(table, key, value)
[INFO] [stderr] warning: onig_sys@69.8.1:       | ^~~~~~~~~
[INFO] [stderr] warning: onig_sys@69.8.1: oniguruma/src/st.c:56:43: error: too many arguments to function 'table->type->hash'; expected 0, have 1
[INFO] [stderr] warning: onig_sys@69.8.1:    56 | #define do_hash(key,table) (unsigned int)(*(table)->type->hash)((key))
[INFO] [stderr] warning: onig_sys@69.8.1:       |                                          ~^~~~~~~~~~~~~~~~~~~~~ ~~~~~
[INFO] [stderr] warning: onig_sys@69.8.1: oniguruma/src/st.c:57:33: note: in expansion of macro 'do_hash'
[INFO] [stderr] warning: onig_sys@69.8.1:    57 | #define do_hash_bin(key,table) (do_hash(key, table)%(table)->num_bins)
[INFO] [stderr] warning: onig_sys@69.8.1:       |                                 ^~~~~~~
[INFO] [stderr] warning: onig_sys@69.8.1: oniguruma/src/st.c:400:14: note: in expansion of macro 'do_hash_bin'
[INFO] [stderr] warning: onig_sys@69.8.1:   400 |   hash_val = do_hash_bin(*key, table);
[INFO] [stderr] warning: onig_sys@69.8.1:       |              ^~~~~~~~~~~
[INFO] [stderr] warning: onig_sys@69.8.1: oniguruma/src/st.h:20:11: note: declared here
[INFO] [stderr] warning: onig_sys@69.8.1:    20 |     int (*hash)();
[INFO] [stderr] warning: onig_sys@69.8.1:       |           ^~~~
[INFO] [stderr] warning: onig_sys@69.8.1: oniguruma/src/st.c:54:40: error: too many arguments to function 'table->type->compare'; expected 0, have 2
[INFO] [stderr] warning: onig_sys@69.8.1:    54 | #define EQUAL(table,x,y) ((x)==(y) || (*table->type->compare)((x),(y)) == 0)
[INFO] [stderr] warning: onig_sys@69.8.1:       |                                       ~^~~~~~~~~~~~~~~~~~~~~~ ~~~
[INFO] [stderr] warning: onig_sys@69.8.1: oniguruma/src/st.c:408:7: note: in expansion of macro 'EQUAL'
[INFO] [stderr] warning: onig_sys@69.8.1:   408 |   if (EQUAL(table, *key, ptr->key)) {
[INFO] [stderr] warning: onig_sys@69.8.1:       |       ^~~~~
[INFO] [stderr] warning: onig_sys@69.8.1: oniguruma/src/st.h:19:11: note: declared here
[INFO] [stderr] warning: onig_sys@69.8.1:    19 |     int (*compare)();
[INFO] [stderr] warning: onig_sys@69.8.1:       |           ^~~~~~~
[INFO] [stderr] warning: onig_sys@69.8.1: oniguruma/src/st.c:54:40: error: too many arguments to function 'table->type->compare'; expected 0, have 2
[INFO] [stderr] warning: onig_sys@69.8.1:    54 | #define EQUAL(table,x,y) ((x)==(y) || (*table->type->compare)((x),(y)) == 0)
[INFO] [stderr] warning: onig_sys@69.8.1:       |                                       ~^~~~~~~~~~~~~~~~~~~~~~ ~~~
[INFO] [stderr] warning: onig_sys@69.8.1: oniguruma/src/st.c:418:9: note: in expansion of macro 'EQUAL'
[INFO] [stderr] warning: onig_sys@69.8.1:   418 |     if (EQUAL(table, ptr->next->key, *key)) {
[INFO] [stderr] warning: onig_sys@69.8.1:       |         ^~~~~
[INFO] [stderr] warning: onig_sys@69.8.1: oniguruma/src/st.h:19:11: note: declared here
[INFO] [stderr] warning: onig_sys@69.8.1:    19 |     int (*compare)();
[INFO] [stderr] warning: onig_sys@69.8.1:       |           ^~~~~~~
[INFO] [stderr] warning: onig_sys@69.8.1: oniguruma/src/st.c: In function 'onig_st_delete_safe':
[INFO] [stderr] warning: onig_sys@69.8.1: oniguruma/src/regint.h:226:37: warning: old-style function definition [-Wold-style-definition]
[INFO] [stderr] warning: onig_sys@69.8.1:   226 | #define st_delete_safe              onig_st_delete_safe
[INFO] [stderr] warning: onig_sys@69.8.1:       |                                     ^~~~~~~~~~~~~~~~~~~
[INFO] [stderr] warning: onig_sys@69.8.1: oniguruma/src/st.c:433:1: note: in expansion of macro 'st_delete_safe'
[INFO] [stderr] warning: onig_sys@69.8.1:   433 | st_delete_safe(table, key, value, never)
[INFO] [stderr] warning: onig_sys@69.8.1:       | ^~~~~~~~~~~~~~
[INFO] [stderr] warning: onig_sys@69.8.1: oniguruma/src/st.c:56:43: error: too many arguments to function 'table->type->hash'; expected 0, have 1
[INFO] [stderr] warning: onig_sys@69.8.1:    56 | #define do_hash(key,table) (unsigned int)(*(table)->type->hash)((key))
[INFO] [stderr] warning: onig_sys@69.8.1:       |                                          ~^~~~~~~~~~~~~~~~~~~~~ ~~~~~
[INFO] [stderr] warning: onig_sys@69.8.1: oniguruma/src/st.c:57:33: note: in expansion of macro 'do_hash'
[INFO] [stderr] warning: onig_sys@69.8.1:    57 | #define do_hash_bin(key,table) (do_hash(key, table)%(table)->num_bins)
[INFO] [stderr] warning: onig_sys@69.8.1:       |                                 ^~~~~~~
[INFO] [stderr] warning: onig_sys@69.8.1: oniguruma/src/st.c:442:14: note: in expansion of macro 'do_hash_bin'
[INFO] [stderr] warning: onig_sys@69.8.1:   442 |   hash_val = do_hash_bin(*key, table);
[INFO] [stderr] warning: onig_sys@69.8.1:       |              ^~~~~~~~~~~
[INFO] [stderr] warning: onig_sys@69.8.1: oniguruma/src/st.h:20:11: note: declared here
[INFO] [stderr] warning: onig_sys@69.8.1:    20 |     int (*hash)();
[INFO] [stderr] warning: onig_sys@69.8.1:       |           ^~~~
[INFO] [stderr] warning: onig_sys@69.8.1: oniguruma/src/st.c:54:40: error: too many arguments to function 'table->type->compare'; expected 0, have 2
[INFO] [stderr] warning: onig_sys@69.8.1:    54 | #define EQUAL(table,x,y) ((x)==(y) || (*table->type->compare)((x),(y)) == 0)
[INFO] [stderr] warning: onig_sys@69.8.1:       |                                       ~^~~~~~~~~~~~~~~~~~~~~~ ~~~
[INFO] [stderr] warning: onig_sys@69.8.1: oniguruma/src/st.c:451:32: note: in expansion of macro 'EQUAL'
[INFO] [stderr] warning: onig_sys@69.8.1:   451 |     if ((ptr->key != never) && EQUAL(table, ptr->key, *key)) {
[INFO] [stderr] warning: onig_sys@69.8.1:       |                                ^~~~~
[INFO] [stderr] warning: onig_sys@69.8.1: oniguruma/src/st.h:19:11: note: declared here
[INFO] [stderr] warning: onig_sys@69.8.1:    19 |     int (*compare)();
[INFO] [stderr] warning: onig_sys@69.8.1:       |           ^~~~~~~
[INFO] [stderr] warning: onig_sys@69.8.1: oniguruma/src/st.c: In function 'onig_st_cleanup_safe':
[INFO] [stderr] warning: onig_sys@69.8.1: oniguruma/src/regint.h:232:37: warning: old-style function definition [-Wold-style-definition]
[INFO] [stderr] warning: onig_sys@69.8.1:   232 | #define st_cleanup_safe             onig_st_cleanup_safe
[INFO] [stderr] warning: onig_sys@69.8.1:       |                                     ^~~~~~~~~~~~~~~~~~~~
[INFO] [stderr] warning: onig_sys@69.8.1: oniguruma/src/st.c:477:1: note: in expansion of macro 'st_cleanup_safe'
[INFO] [stderr] warning: onig_sys@69.8.1:   477 | st_cleanup_safe(table, never)
[INFO] [stderr] warning: onig_sys@69.8.1:       | ^~~~~~~~~~~~~~~
[INFO] [stderr] warning: onig_sys@69.8.1: oniguruma/src/st.c:483:21: error: passing argument 2 of 'onig_st_foreach' from incompatible pointer type [-Wincompatible-pointer-types]
[INFO] [stderr] warning: onig_sys@69.8.1:   483 |   st_foreach(table, delete_never, never);
[INFO] [stderr] warning: onig_sys@69.8.1:       |                     ^~~~~~~~~~~~
[INFO] [stderr] warning: onig_sys@69.8.1:       |                     |
[INFO] [stderr] warning: onig_sys@69.8.1:       |                     int (*)(st_data_t,  st_data_t,  st_data_t) {aka int (*)(long unsigned int,  long unsigned int,  long unsigned int)}
[INFO] [stderr] warning: onig_sys@69.8.1: oniguruma/src/st.h:55:31: note: expected 'int (*)(void)' but argument is of type 'int (*)(st_data_t,  st_data_t,  st_data_t)' {aka 'int (*)(long unsigned int,  long unsigned int,  long unsigned int)'}
[INFO] [stderr] warning: onig_sys@69.8.1:    55 | int st_foreach _((st_table *, int (*)(ANYARGS), st_data_t));
[INFO] [stderr] warning: onig_sys@69.8.1:       |                               ^~~~~~~~~~~~~~~~
[INFO] [stderr] warning: onig_sys@69.8.1: oniguruma/src/st.h:35:18: note: in definition of macro '_'
[INFO] [stderr] warning: onig_sys@69.8.1:    35 | # define _(args) args
[INFO] [stderr] warning: onig_sys@69.8.1:       |                  ^~~~
[INFO] [stderr] warning: onig_sys@69.8.1: oniguruma/src/st.c:465:1: note: 'delete_never' declared here
[INFO] [stderr] warning: onig_sys@69.8.1:   465 | delete_never(st_data_t key __attribute__ ((unused)), st_data_t value,
[INFO] [stderr] warning: onig_sys@69.8.1:       | ^~~~~~~~~~~~
[INFO] [stderr] warning: onig_sys@69.8.1: oniguruma/src/st.c: In function 'onig_st_foreach':
[INFO] [stderr] warning: onig_sys@69.8.1: oniguruma/src/regint.h:229:37: warning: old-style function definition [-Wold-style-definition]
[INFO] [stderr] warning: onig_sys@69.8.1:   229 | #define st_foreach                  onig_st_foreach
[INFO] [stderr] warning: onig_sys@69.8.1:       |                                     ^~~~~~~~~~~~~~~
[INFO] [stderr] warning: onig_sys@69.8.1: oniguruma/src/st.c:488:1: note: in expansion of macro 'st_foreach'
[INFO] [stderr] warning: onig_sys@69.8.1:   488 | st_foreach(table, func, arg)
[INFO] [stderr] warning: onig_sys@69.8.1:       | ^~~~~~~~~~
[INFO] [stderr] warning: onig_sys@69.8.1: oniguruma/src/st.c:500:23: error: too many arguments to function 'func'; expected 0, have 3
[INFO] [stderr] warning: onig_sys@69.8.1:   500 |             retval = (*func)(ptr->key, ptr->record, arg);
[INFO] [stderr] warning: onig_sys@69.8.1:       |                      ~^~~~~~ ~~~~~~~~
[INFO] [stderr] warning: onig_sys@69.8.1: oniguruma/src/st.c: In function 'strhash':
[INFO] [stderr] warning: onig_sys@69.8.1: oniguruma/src/st.c:538:1: warning: old-style function definition [-Wold-style-definition]
[INFO] [stderr] warning: onig_sys@69.8.1:   538 | strhash(string)
[INFO] [stderr] warning: onig_sys@69.8.1:       | ^~~~~~~
[INFO] [stderr] warning: onig_sys@69.8.1: oniguruma/src/st.c: In function 'numcmp':
[INFO] [stderr] warning: onig_sys@69.8.1: oniguruma/src/st.c:577:1: warning: old-style function definition [-Wold-style-definition]
[INFO] [stderr] warning: onig_sys@69.8.1:   577 | numcmp(x, y)
[INFO] [stderr] warning: onig_sys@69.8.1:       | ^~~~~~
[INFO] [stderr] warning: onig_sys@69.8.1: oniguruma/src/st.c: In function 'numhash':
[INFO] [stderr] warning: onig_sys@69.8.1: oniguruma/src/st.c:584:1: warning: old-style function definition [-Wold-style-definition]
[INFO] [stderr] warning: onig_sys@69.8.1:   584 | numhash(n)
[INFO] [stderr] warning: onig_sys@69.8.1:       | ^~~~~~~
[INFO] [stderr] warning: onig_sys@69.8.1: ToolExecError: Command "cc" "-O0" "-ffunction-sections" "-fdata-sections" "-fPIC" "-gdwarf-4" "-fno-omit-frame-pointer" "-m64" "-I" "/opt/rustwide/target/debug/build/onig_sys/f86b29269b897965/out" "-I" "oniguruma/src" "-DHAVE_UNISTD_H=1" "-DHAVE_SYS_TYPES_H=1" "-DHAVE_SYS_TIME_H=1" "-o" "/opt/rustwide/target/debug/build/onig_sys/f86b29269b897965/out/oniguruma/src/st.o" "-c" "oniguruma/src/st.c" with args "cc" did not execute successfully (status code exit status: 1).running: "cc" "-O0" "-ffunction-sections" "-fdata-sections" "-fPIC" "-gdwarf-4" "-fno-omit-frame-pointer" "-m64" "-I" "/opt/rustwide/target/debug/build/onig_sys/f86b29269b897965/out" "-I" "oniguruma/src" "-DHAVE_UNISTD_H=1" "-DHAVE_SYS_TYPES_H=1" "-DHAVE_SYS_TIME_H=1" "-o" "/opt/rustwide/target/debug/build/onig_sys/f86b29269b897965/out/oniguruma/src/ascii.o" "-c" "oniguruma/src/ascii.c"
[INFO] [stderr] error: failed to run custom build command for `onig_sys v69.8.1`
[INFO] [stderr] note: To improve backtraces for build dependencies, set the CARGO_PROFILE_DEV_BUILD_OVERRIDE_DEBUG=true environment variable to enable debug information generation.
[INFO] [stderr] 
[INFO] [stderr] Caused by:
[INFO] [stderr]   process didn't exit successfully: `/opt/rustwide/target/debug/build/onig_sys/05b52d5075ce8bed/out/build_script_build` (exit status: 1)
[INFO] [stderr]   --- stdout
[INFO] [stderr]   cargo:rerun-if-env-changed=RUSTONIG_DYNAMIC_LIBONIG
[INFO] [stderr]   cargo:rerun-if-env-changed=RUSTONIG_STATIC_LIBONIG
[INFO] [stderr]   cargo:rerun-if-env-changed=RUSTONIG_SYSTEM_LIBONIG
[INFO] [stderr]   TARGET = Some("x86_64-unknown-linux-gnu")
[INFO] [stderr]   OPT_LEVEL = Some("0")
[INFO] [stderr]   HOST = Some("x86_64-unknown-linux-gnu")
[INFO] [stderr]   cargo:rerun-if-env-changed=CC_x86_64-unknown-linux-gnu
[INFO] [stderr]   CC_x86_64-unknown-linux-gnu = None
[INFO] [stderr]   cargo:rerun-if-env-changed=CC_x86_64_unknown_linux_gnu
[INFO] [stderr]   CC_x86_64_unknown_linux_gnu = None
[INFO] [stderr]   cargo:rerun-if-env-changed=HOST_CC
[INFO] [stderr]   HOST_CC = None
[INFO] [stderr]   cargo:rerun-if-env-changed=CC
[INFO] [stderr]   CC = None
[INFO] [stderr]   cargo:rerun-if-env-changed=CRATE_CC_NO_DEFAULTS
[INFO] [stderr]   CRATE_CC_NO_DEFAULTS = None
[INFO] [stderr]   DEBUG = Some("true")
[INFO] [stderr]   CARGO_CFG_TARGET_FEATURE = Some("fxsr,sse,sse2,x87")
[INFO] [stderr]   cargo:rerun-if-env-changed=CFLAGS_x86_64-unknown-linux-gnu
[INFO] [stderr]   CFLAGS_x86_64-unknown-linux-gnu = None
[INFO] [stderr]   cargo:rerun-if-env-changed=CFLAGS_x86_64_unknown_linux_gnu
[INFO] [stderr]   CFLAGS_x86_64_unknown_linux_gnu = None
[INFO] [stderr]   cargo:rerun-if-env-changed=HOST_CFLAGS
[INFO] [stderr]   HOST_CFLAGS = None
[INFO] [stderr]   cargo:rerun-if-env-changed=CFLAGS
[INFO] [stderr]   CFLAGS = None
[INFO] [stderr]   running: "cc" "-O0" "-ffunction-sections" "-fdata-sections" "-fPIC" "-gdwarf-4" "-fno-omit-frame-pointer" "-m64" "-I" "/opt/rustwide/target/debug/build/onig_sys/f86b29269b897965/out" "-I" "oniguruma/src" "-DHAVE_UNISTD_H=1" "-DHAVE_SYS_TYPES_H=1" "-DHAVE_SYS_TIME_H=1" "-o" "/opt/rustwide/target/debug/build/onig_sys/f86b29269b897965/out/oniguruma/src/regexec.o" "-c" "oniguruma/src/regexec.c"
[INFO] [stderr]   running: "cc" "-O0" "-ffunction-sections" "-fdata-sections" "-fPIC" "-gdwarf-4" "-fno-omit-frame-pointer" "-m64" "-I" "/opt/rustwide/target/debug/build/onig_sys/f86b29269b897965/out" "-I" "oniguruma/src" "-DHAVE_UNISTD_H=1" "-DHAVE_SYS_TYPES_H=1" "-DHAVE_SYS_TIME_H=1" "-o" "/opt/rustwide/target/debug/build/onig_sys/f86b29269b897965/out/oniguruma/src/regerror.o" "-c" "oniguruma/src/regerror.c"
[INFO] [stderr]   running: "cc" "-O0" "-ffunction-sections" "-fdata-sections" "-fPIC" "-gdwarf-4" "-fno-omit-frame-pointer" "-m64" "-I" "/opt/rustwide/target/debug/build/onig_sys/f86b29269b897965/out" "-I" "oniguruma/src" "-DHAVE_UNISTD_H=1" "-DHAVE_SYS_TYPES_H=1" "-DHAVE_SYS_TIME_H=1" "-o" "/opt/rustwide/target/debug/build/onig_sys/f86b29269b897965/out/oniguruma/src/regparse.o" "-c" "oniguruma/src/regparse.c"
[INFO] [stderr]   cargo:warning=oniguruma/src/regparse.c: In function 'onig_st_init_strend_table_with_size':
[INFO] [stderr] 
[INFO] [stderr]   cargo:warning=oniguruma/src/regparse.c:588:5: error: initialization of 'int (*)(void)' from incompatible pointer type 'int (*)(st_str_end_key *, st_str_end_key *)' [-Wincompatible-pointer-types]
[INFO] [stderr] 
[INFO] [stderr]   cargo:warning=  588 |     str_end_cmp,
[INFO] [stderr] 
[INFO] [stderr]   cargo:warning=      |     ^~~~~~~~~~~
[INFO] [stderr] 
[INFO] [stderr]   cargo:warning=oniguruma/src/regparse.c:588:5: note: (near initialization for 'hashType.compare')
[INFO] [stderr] 
[INFO] [stderr]   cargo:warning=oniguruma/src/regparse.c:550:1: note: 'str_end_cmp' declared here
[INFO] [stderr] 
[INFO] [stderr]   cargo:warning=  550 | str_end_cmp(st_str_end_key* x, st_str_end_key* y)
[INFO] [stderr] 
[INFO] [stderr]   cargo:warning=      | ^~~~~~~~~~~
[INFO] [stderr] 
[INFO] [stderr]   cargo:warning=oniguruma/src/regparse.c:589:5: error: initialization of 'int (*)(void)' from incompatible pointer type 'int (*)(st_str_end_key *)' [-Wincompatible-pointer-types]
[INFO] [stderr] 
[INFO] [stderr]   cargo:warning=  589 |     str_end_hash,
[INFO] [stderr] 
[INFO] [stderr]   cargo:warning=      |     ^~~~~~~~~~~~
[INFO] [stderr] 
[INFO] [stderr]   cargo:warning=oniguruma/src/regparse.c:589:5: note: (near initialization for 'hashType.hash')
[INFO] [stderr] 
[INFO] [stderr]   cargo:warning=oniguruma/src/regparse.c:571:1: note: 'str_end_hash' declared here
[INFO] [stderr] 
[INFO] [stderr]   cargo:warning=  571 | str_end_hash(st_str_end_key* x)
[INFO] [stderr] 
[INFO] [stderr]   cargo:warning=      | ^~~~~~~~~~~~
[INFO] [stderr] 
[INFO] [stderr]   cargo:warning=oniguruma/src/regparse.c: In function 'onig_st_init_callout_name_table_with_size':
[INFO] [stderr] 
[INFO] [stderr]   cargo:warning=oniguruma/src/regparse.c:678:5: error: initialization of 'int (*)(void)' from incompatible pointer type 'int (*)(st_callout_name_key *, st_callout_name_key *)' [-Wincompatible-pointer-types]
[INFO] [stderr] 
[INFO] [stderr]   cargo:warning=  678 |     callout_name_table_cmp,
[INFO] [stderr] 
[INFO] [stderr]   cargo:warning=      |     ^~~~~~~~~~~~~~~~~~~~~~
[INFO] [stderr] 
[INFO] [stderr]   cargo:warning=oniguruma/src/regparse.c:678:5: note: (near initialization for 'hashType.compare')
[INFO] [stderr] 
[INFO] [stderr]   cargo:warning=oniguruma/src/regparse.c:637:1: note: 'callout_name_table_cmp' declared here
[INFO] [stderr] 
[INFO] [stderr]   cargo:warning=  637 | callout_name_table_cmp(st_callout_name_key* x, st_callout_name_key* y)
[INFO] [stderr] 
[INFO] [stderr]   cargo:warning=      | ^~~~~~~~~~~~~~~~~~~~~~
[INFO] [stderr] 
[INFO] [stderr]   cargo:warning=oniguruma/src/regparse.c:679:5: error: initialization of 'int (*)(void)' from incompatible pointer type 'int (*)(st_callout_name_key *)' [-Wincompatible-pointer-types]
[INFO] [stderr] 
[INFO] [stderr]   cargo:warning=  679 |     callout_name_table_hash,
[INFO] [stderr] 
[INFO] [stderr]   cargo:warning=      |     ^~~~~~~~~~~~~~~~~~~~~~~
[INFO] [stderr] 
[INFO] [stderr]   cargo:warning=oniguruma/src/regparse.c:679:5: note: (near initialization for 'hashType.hash')
[INFO] [stderr] 
[INFO] [stderr]   cargo:warning=oniguruma/src/regparse.c:660:1: note: 'callout_name_table_hash' declared here
[INFO] [stderr] 
[INFO] [stderr]   cargo:warning=  660 | callout_name_table_hash(st_callout_name_key* x)
[INFO] [stderr] 
[INFO] [stderr]   cargo:warning=      | ^~~~~~~~~~~~~~~~~~~~~~~
[INFO] [stderr] 
[INFO] [stderr]   cargo:warning=oniguruma/src/regparse.c: In function 'names_clear':
[INFO] [stderr] 
[INFO] [stderr]   cargo:warning=oniguruma/src/regparse.c:804:24: error: passing argument 2 of 'onig_st_foreach' from incompatible pointer type [-Wincompatible-pointer-types]
[INFO] [stderr] 
[INFO] [stderr]   cargo:warning=  804 |     onig_st_foreach(t, i_free_name_entry, 0);
[INFO] [stderr] 
[INFO] [stderr]   cargo:warning=      |                        ^~~~~~~~~~~~~~~~~
[INFO] [stderr] 
[INFO] [stderr]   cargo:warning=      |                        |
[INFO] [stderr] 
[INFO] [stderr]   cargo:warning=      |                        int (*)(OnigUChar *, NameEntry *, void *) {aka int (*)(unsigned char *, NameEntry *, void *)}
[INFO] [stderr] 
[INFO] [stderr]   cargo:warning=In file included from oniguruma/src/regparse.c:37:
[INFO] [stderr] 
[INFO] [stderr]   cargo:warning=oniguruma/src/st.h:55:31: note: expected 'int (*)(void)' but argument is of type 'int (*)(OnigUChar *, NameEntry *, void *)' {aka 'int (*)(unsigned char *, NameEntry *, void *)'}
[INFO] [stderr] 
[INFO] [stderr]   cargo:warning=   55 | int st_foreach _((st_table *, int (*)(ANYARGS), st_data_t));
[INFO] [stderr] 
[INFO] [stderr]   cargo:warning=      |                               ^~~~~~~~~~~~~~~~
[INFO] [stderr] 
[INFO] [stderr]   cargo:warning=oniguruma/src/st.h:35:18: note: in definition of macro '_'
[INFO] [stderr] 
[INFO] [stderr]   cargo:warning=   35 | # define _(args) args
[INFO] [stderr] 
[INFO] [stderr]   cargo:warning=      |                  ^~~~
[INFO] [stderr] 
[INFO] [stderr]   cargo:warning=oniguruma/src/regparse.c:789:1: note: 'i_free_name_entry' declared here
[INFO] [stderr] 
[INFO] [stderr]   cargo:warning=  789 | i_free_name_entry(UChar* key, NameEntry* e, void* arg ARG_UNUSED)
[INFO] [stderr] 
[INFO] [stderr]   cargo:warning=      | ^~~~~~~~~~~~~~~~~
[INFO] [stderr] 
[INFO] [stderr]   cargo:warning=oniguruma/src/regparse.c: In function 'onig_foreach_name':
[INFO] [stderr] 
[INFO] [stderr]   cargo:warning=oniguruma/src/regparse.c:873:24: error: passing argument 2 of 'onig_st_foreach' from incompatible pointer type [-Wincompatible-pointer-types]
[INFO] [stderr] 
[INFO] [stderr]   cargo:warning=  873 |     onig_st_foreach(t, i_names, (HashDataType )&narg);
[INFO] [stderr] 
[INFO] [stderr]   cargo:warning=      |                        ^~~~~~~
[INFO] [stderr] 
[INFO] [stderr]   cargo:warning=      |                        |
[INFO] [stderr] 
[INFO] [stderr]   cargo:warning=      |                        int (*)(OnigUChar *, NameEntry *, INamesArg *) {aka int (*)(unsigned char *, NameEntry *, INamesArg *)}
[INFO] [stderr] 
[INFO] [stderr]   cargo:warning=oniguruma/src/st.h:55:31: note: expected 'int (*)(void)' but argument is of type 'int (*)(OnigUChar *, NameEntry *, INamesArg *)' {aka 'int (*)(unsigned char *, NameEntry *, INamesArg *)'}
[INFO] [stderr] 
[INFO] [stderr]   cargo:warning=   55 | int st_foreach _((st_table *, int (*)(ANYARGS), st_data_t));
[INFO] [stderr] 
[INFO] [stderr]   cargo:warning=      |                               ^~~~~~~~~~~~~~~~
[INFO] [stderr] 
[INFO] [stderr]   cargo:warning=oniguruma/src/st.h:35:18: note: in definition of macro '_'
[INFO] [stderr] 
[INFO] [stderr]   cargo:warning=   35 | # define _(args) args
[INFO] [stderr] 
[INFO] [stderr]   cargo:warning=      |                  ^~~~
[INFO] [stderr] 
[INFO] [stderr]   cargo:warning=oniguruma/src/regparse.c:846:1: note: 'i_names' declared here
[INFO] [stderr] 
[INFO] [stderr]   cargo:warning=  846 | i_names(UChar* key ARG_UNUSED, NameEntry* e, INamesArg* arg)
[INFO] [stderr] 
[INFO] [stderr]   cargo:warning=      | ^~~~~~~
[INFO] [stderr] 
[INFO] [stderr]   cargo:warning=oniguruma/src/regparse.c: In function 'onig_renumber_name_table':
[INFO] [stderr] 
[INFO] [stderr]   cargo:warning=oniguruma/src/regparse.c:901:24: error: passing argument 2 of 'onig_st_foreach' from incompatible pointer type [-Wincompatible-pointer-types]
[INFO] [stderr] 
[INFO] [stderr]   cargo:warning=  901 |     onig_st_foreach(t, i_renumber_name, (HashDataType )map);
[INFO] [stderr] 
[INFO] [stderr]   cargo:warning=      |                        ^~~~~~~~~~~~~~~
[INFO] [stderr] 
[INFO] [stderr]   cargo:warning=      |                        |
[INFO] [stderr] 
[INFO] [stderr]   cargo:warning=      |                        int (*)(OnigUChar *, NameEntry *, GroupNumMap *) {aka int (*)(unsigned char *, NameEntry *, GroupNumMap *)}
[INFO] [stderr] 
[INFO] [stderr]   cargo:warning=oniguruma/src/st.h:55:31: note: expected 'int (*)(void)' but argument is of type 'int (*)(OnigUChar *, NameEntry *, GroupNumMap *)' {aka 'int (*)(unsigned char *, NameEntry *, GroupNumMap *)'}
[INFO] [stderr] 
[INFO] [stderr]   cargo:warning=   55 | int st_foreach _((st_table *, int (*)(ANYARGS), st_data_t));
[INFO] [stderr] 
[INFO] [stderr]   cargo:warning=      |                               ^~~~~~~~~~~~~~~~
[INFO] [stderr] 
[INFO] [stderr]   cargo:warning=oniguruma/src/st.h:35:18: note: in definition of macro '_'
[INFO] [stderr] 
[INFO] [stderr]   cargo:warning=   35 | # define _(args) args
[INFO] [stderr] 
[INFO] [stderr]   cargo:warning=      |                  ^~~~
[INFO] [stderr] 
[INFO] [stderr]   cargo:warning=oniguruma/src/regparse.c:879:1: note: 'i_renumber_name' declared here
[INFO] [stderr] 
[INFO] [stderr]   cargo:warning=  879 | i_renumber_name(UChar* key ARG_UNUSED, NameEntry* e, GroupNumMap* map)
[INFO] [stderr] 
[INFO] [stderr]   cargo:warning=      | ^~~~~~~~~~~~~~~
[INFO] [stderr] 
[INFO] [stderr]   cargo:warning=oniguruma/src/regparse.c: In function 'callout_name_table_clear':
[INFO] [stderr] 
[INFO] [stderr]   cargo:warning=oniguruma/src/regparse.c:1386:24: error: passing argument 2 of 'onig_st_foreach' from incompatible pointer type [-Wincompatible-pointer-types]
[INFO] [stderr] 
[INFO] [stderr]   cargo:warning= 1386 |     onig_st_foreach(t, i_free_callout_name_entry, 0);
[INFO] [stderr] 
[INFO] [stderr]   cargo:warning=      |                        ^~~~~~~~~~~~~~~~~~~~~~~~~
[INFO] [stderr] 
[INFO] [stderr]   cargo:warning=      |                        |
[INFO] [stderr] 
[INFO] [stderr]   cargo:warning=      |                        int (*)(st_callout_name_key *, CalloutNameEntry *, void *)
[INFO] [stderr] 
[INFO] [stderr]   cargo:warning=oniguruma/src/st.h:55:31: note: expected 'int (*)(void)' but argument is of type 'int (*)(st_callout_name_key *, CalloutNameEntry *, void *)'
[INFO] [stderr] 
[INFO] [stderr]   cargo:warning=   55 | int st_foreach _((st_table *, int (*)(ANYARGS), st_data_t));
[INFO] [stderr] 
[INFO] [stderr]   cargo:warning=      |                               ^~~~~~~~~~~~~~~~
[INFO] [stderr] 
[INFO] [stderr]   cargo:warning=oniguruma/src/st.h:35:18: note: in definition of macro '_'
[INFO] [stderr] 
[INFO] [stderr]   cargo:warning=   35 | # define _(args) args
[INFO] [stderr] 
[INFO] [stderr]   cargo:warning=      |                  ^~~~
[INFO] [stderr] 
[INFO] [stderr]   cargo:warning=oniguruma/src/regparse.c:1370:1: note: 'i_free_callout_name_entry' declared here
[INFO] [stderr] 
[INFO] [stderr]   cargo:warning= 1370 | i_free_callout_name_entry(st_callout_name_key* key, CalloutNameEntry* e,
[INFO] [stderr] 
[INFO] [stderr]   cargo:warning=      | ^~~~~~~~~~~~~~~~~~~~~~~~~
[INFO] [stderr] 
[INFO] [stderr]   cargo:warning=oniguruma/src/regparse.c: In function 'setup_ext_callout_list_values':
[INFO] [stderr] 
[INFO] [stderr]   cargo:warning=oniguruma/src/regparse.c:1884:56: error: passing argument 2 of 'onig_st_foreach' from incompatible pointer type [-Wincompatible-pointer-types]
[INFO] [stderr] 
[INFO] [stderr]   cargo:warning= 1884 |     onig_st_foreach((CalloutTagTable *)ext->tag_table, i_callout_callout_list_set,
[INFO] [stderr] 
[INFO] [stderr]   cargo:warning=      |                                                        ^~~~~~~~~~~~~~~~~~~~~~~~~~
[INFO] [stderr] 
[INFO] [stderr]   cargo:warning=      |                                                        |
[INFO] [stderr] 
[INFO] [stderr]   cargo:warning=      |                                                        int (*)(OnigUChar *, CalloutTagVal,  void *) {aka int (*)(unsigned char *, long int,  void *)}
[INFO] [stderr] 
[INFO] [stderr]   cargo:warning=oniguruma/src/st.h:55:31: note: expected 'int (*)(void)' but argument is of type 'int (*)(OnigUChar *, CalloutTagVal,  void *)' {aka 'int (*)(unsigned char *, long int,  void *)'}
[INFO] [stderr] 
[INFO] [stderr]   cargo:warning=   55 | int st_foreach _((st_table *, int (*)(ANYARGS), st_data_t));
[INFO] [stderr] 
[INFO] [stderr]   cargo:warning=      |                               ^~~~~~~~~~~~~~~~
[INFO] [stderr] 
[INFO] [stderr]   cargo:warning=oniguruma/src/st.h:35:18: note: in definition of macro '_'
[INFO] [stderr] 
[INFO] [stderr]   cargo:warning=   35 | # define _(args) args
[INFO] [stderr] 
[INFO] [stderr]   cargo:warning=      |                  ^~~~
[INFO] [stderr] 
[INFO] [stderr]   cargo:warning=oniguruma/src/regparse.c:1866:1: note: 'i_callout_callout_list_set' declared here
[INFO] [stderr] 
[INFO] [stderr]   cargo:warning= 1866 | i_callout_callout_list_set(UChar* key, CalloutTagVal e, void* arg)
[INFO] [stderr] 
[INFO] [stderr]   cargo:warning=      | ^~~~~~~~~~~~~~~~~~~~~~~~~~
[INFO] [stderr] 
[INFO] [stderr]   cargo:warning=oniguruma/src/regparse.c: In function 'callout_tag_table_clear':
[INFO] [stderr] 
[INFO] [stderr]   cargo:warning=oniguruma/src/regparse.c:1932:24: error: passing argument 2 of 'onig_st_foreach' from incompatible pointer type [-Wincompatible-pointer-types]
[INFO] [stderr] 
[INFO] [stderr]   cargo:warning= 1932 |     onig_st_foreach(t, i_free_callout_tag_entry, 0);
[INFO] [stderr] 
[INFO] [stderr]   cargo:warning=      |                        ^~~~~~~~~~~~~~~~~~~~~~~~
[INFO] [stderr] 
[INFO] [stderr]   cargo:warning=      |                        |
[INFO] [stderr] 
[INFO] [stderr]   cargo:warning=      |                        int (*)(OnigUChar *, CalloutTagVal,  void *) {aka int (*)(unsigned char *, long int,  void *)}
[INFO] [stderr] 
[INFO] [stderr]   cargo:warning=oniguruma/src/st.h:55:31: note: expected 'int (*)(void)' but argument is of type 'int (*)(OnigUChar *, CalloutTagVal,  void *)' {aka 'int (*)(unsigned char *, long int,  void *)'}
[INFO] [stderr] 
[INFO] [stderr]   cargo:warning=   55 | int st_foreach _((st_table *, int (*)(ANYARGS), st_data_t));
[INFO] [stderr] 
[INFO] [stderr]   cargo:warning=      |                               ^~~~~~~~~~~~~~~~
[INFO] [stderr] 
[INFO] [stderr]   cargo:warning=oniguruma/src/st.h:35:18: note: in definition of macro '_'
[INFO] [stderr] 
[INFO] [stderr]   cargo:warning=   35 | # define _(args) args
[INFO] [stderr] 
[INFO] [stderr]   cargo:warning=      |                  ^~~~
[INFO] [stderr] 
[INFO] [stderr]   cargo:warning=oniguruma/src/regparse.c:1922:1: note: 'i_free_callout_tag_entry' declared here
[INFO] [stderr] 
[INFO] [stderr]   cargo:warning= 1922 | i_free_callout_tag_entry(UChar* key, CalloutTagVal e, void* arg ARG_UNUSED)
[INFO] [stderr] 
[INFO] [stderr]   cargo:warning=      | ^~~~~~~~~~~~~~~~~~~~~~~~
[INFO] [stderr] 
[INFO] [stderr]   exit status: 0
[INFO] [stderr]   exit status: 0
[INFO] [stderr]   exit status: 1
[INFO] [stderr]   cargo:warning=ToolExecError: Command "cc" "-O0" "-ffunction-sections" "-fdata-sections" "-fPIC" "-gdwarf-4" "-fno-omit-frame-pointer" "-m64" "-I" "/opt/rustwide/target/debug/build/onig_sys/f86b29269b897965/out" "-I" "oniguruma/src" "-DHAVE_UNISTD_H=1" "-DHAVE_SYS_TYPES_H=1" "-DHAVE_SYS_TIME_H=1" "-o" "/opt/rustwide/target/debug/build/onig_sys/f86b29269b897965/out/oniguruma/src/regparse.o" "-c" "oniguruma/src/regparse.c" with args "cc" did not execute successfully (status code exit status: 1).running: "cc" "-O0" "-ffunction-sections" "-fdata-sections" "-fPIC" "-gdwarf-4" "-fno-omit-frame-pointer" "-m64" "-I" "/opt/rustwide/target/debug/build/onig_sys/f86b29269b897965/out" "-I" "oniguruma/src" "-DHAVE_UNISTD_H=1" "-DHAVE_SYS_TYPES_H=1" "-DHAVE_SYS_TIME_H=1" "-o" "/opt/rustwide/target/debug/build/onig_sys/f86b29269b897965/out/oniguruma/src/regext.o" "-c" "oniguruma/src/regext.c"
[INFO] [stderr]   running: "cc" "-O0" "-ffunction-sections" "-fdata-sections" "-fPIC" "-gdwarf-4" "-fno-omit-frame-pointer" "-m64" "-I" "/opt/rustwide/target/debug/build/onig_sys/f86b29269b897965/out" "-I" "oniguruma/src" "-DHAVE_UNISTD_H=1" "-DHAVE_SYS_TYPES_H=1" "-DHAVE_SYS_TIME_H=1" "-o" "/opt/rustwide/target/debug/build/onig_sys/f86b29269b897965/out/oniguruma/src/regcomp.o" "-c" "oniguruma/src/regcomp.c"
[INFO] [stderr]   running: "cc" "-O0" "-ffunction-sections" "-fdata-sections" "-fPIC" "-gdwarf-4" "-fno-omit-frame-pointer" "-m64" "-I" "/opt/rustwide/target/debug/build/onig_sys/f86b29269b897965/out" "-I" "oniguruma/src" "-DHAVE_UNISTD_H=1" "-DHAVE_SYS_TYPES_H=1" "-DHAVE_SYS_TIME_H=1" "-o" "/opt/rustwide/target/debug/build/onig_sys/f86b29269b897965/out/oniguruma/src/reggnu.o" "-c" "oniguruma/src/reggnu.c"
[INFO] [stderr]   running: "cc" "-O0" "-ffunction-sections" "-fdata-sections" "-fPIC" "-gdwarf-4" "-fno-omit-frame-pointer" "-m64" "-I" "/opt/rustwide/target/debug/build/onig_sys/f86b29269b897965/out" "-I" "oniguruma/src" "-DHAVE_UNISTD_H=1" "-DHAVE_SYS_TYPES_H=1" "-DHAVE_SYS_TIME_H=1" "-o" "/opt/rustwide/target/debug/build/onig_sys/f86b29269b897965/out/oniguruma/src/regenc.o" "-c" "oniguruma/src/regenc.c"
[INFO] [stderr]   running: "cc" "-O0" "-ffunction-sections" "-fdata-sections" "-fPIC" "-gdwarf-4" "-fno-omit-frame-pointer" "-m64" "-I" "/opt/rustwide/target/debug/build/onig_sys/f86b29269b897965/out" "-I" "oniguruma/src" "-DHAVE_UNISTD_H=1" "-DHAVE_SYS_TYPES_H=1" "-DHAVE_SYS_TIME_H=1" "-o" "/opt/rustwide/target/debug/build/onig_sys/f86b29269b897965/out/oniguruma/src/regsyntax.o" "-c" "oniguruma/src/regsyntax.c"
[INFO] [stderr]   running: "cc" "-O0" "-ffunction-sections" "-fdata-sections" "-fPIC" "-gdwarf-4" "-fno-omit-frame-pointer" "-m64" "-I" "/opt/rustwide/target/debug/build/onig_sys/f86b29269b897965/out" "-I" "oniguruma/src" "-DHAVE_UNISTD_H=1" "-DHAVE_SYS_TYPES_H=1" "-DHAVE_SYS_TIME_H=1" "-o" "/opt/rustwide/target/debug/build/onig_sys/f86b29269b897965/out/oniguruma/src/regtrav.o" "-c" "oniguruma/src/regtrav.c"
[INFO] [stderr]   running: "cc" "-O0" "-ffunction-sections" "-fdata-sections" "-fPIC" "-gdwarf-4" "-fno-omit-frame-pointer" "-m64" "-I" "/opt/rustwide/target/debug/build/onig_sys/f86b29269b897965/out" "-I" "oniguruma/src" "-DHAVE_UNISTD_H=1" "-DHAVE_SYS_TYPES_H=1" "-DHAVE_SYS_TIME_H=1" "-o" "/opt/rustwide/target/debug/build/onig_sys/f86b29269b897965/out/oniguruma/src/regversion.o" "-c" "oniguruma/src/regversion.c"
[INFO] [stderr]   running: "cc" "-O0" "-ffunction-sections" "-fdata-sections" "-fPIC" "-gdwarf-4" "-fno-omit-frame-pointer" "-m64" "-I" "/opt/rustwide/target/debug/build/onig_sys/f86b29269b897965/out" "-I" "oniguruma/src" "-DHAVE_UNISTD_H=1" "-DHAVE_SYS_TYPES_H=1" "-DHAVE_SYS_TIME_H=1" "-o" "/opt/rustwide/target/debug/build/onig_sys/f86b29269b897965/out/oniguruma/src/st.o" "-c" "oniguruma/src/st.c"
[INFO] [stderr]   running: "cc" "-O0" "-ffunction-sections" "-fdata-sections" "-fPIC" "-gdwarf-4" "-fno-omit-frame-pointer" "-m64" "-I" "/opt/rustwide/target/debug/build/onig_sys/f86b29269b897965/out" "-I" "oniguruma/src" "-DHAVE_UNISTD_H=1" "-DHAVE_SYS_TYPES_H=1" "-DHAVE_SYS_TIME_H=1" "-o" "/opt/rustwide/target/debug/build/onig_sys/f86b29269b897965/out/oniguruma/src/onig_init.o" "-c" "oniguruma/src/onig_init.c"
[INFO] [stderr]   running: "cc" "-O0" "-ffunction-sections" "-fdata-sections" "-fPIC" "-gdwarf-4" "-fno-omit-frame-pointer" "-m64" "-I" "/opt/rustwide/target/debug/build/onig_sys/f86b29269b897965/out" "-I" "oniguruma/src" "-DHAVE_UNISTD_H=1" "-DHAVE_SYS_TYPES_H=1" "-DHAVE_SYS_TIME_H=1" "-o" "/opt/rustwide/target/debug/build/onig_sys/f86b29269b897965/out/oniguruma/src/unicode.o" "-c" "oniguruma/src/unicode.c"
[INFO] [stderr]   cargo:warning=oniguruma/src/st.c:38:5: error: initialization of 'int (*)(void)' from incompatible pointer type 'int (*)(long int,  long int)' [-Wincompatible-pointer-types]
[INFO] [stderr] 
[INFO] [stderr]   cargo:warning=   38 |     numcmp,
[INFO] [stderr] 
[INFO] [stderr]   cargo:warning=      |     ^~~~~~
[INFO] [stderr] 
[INFO] [stderr]   cargo:warning=oniguruma/src/st.c:38:5: note: (near initialization for 'type_numhash.compare')
[INFO] [stderr] 
[INFO] [stderr]   cargo:warning=oniguruma/src/st.c:35:12: note: 'numcmp' declared here
[INFO] [stderr] 
[INFO] [stderr]   cargo:warning=   35 | static int numcmp(long, long);
[INFO] [stderr] 
[INFO] [stderr]   cargo:warning=      |            ^~~~~~
[INFO] [stderr] 
[INFO] [stderr]   cargo:warning=oniguruma/src/st.c:39:5: error: initialization of 'int (*)(void)' from incompatible pointer type 'int (*)(long int)' [-Wincompatible-pointer-types]
[INFO] [stderr] 
[INFO] [stderr]   cargo:warning=   39 |     numhash,
[INFO] [stderr] 
[INFO] [stderr]   cargo:warning=      |     ^~~~~~~
[INFO] [stderr] 
[INFO] [stderr]   cargo:warning=oniguruma/src/st.c:39:5: note: (near initialization for 'type_numhash.hash')
[INFO] [stderr] 
[INFO] [stderr]   cargo:warning=oniguruma/src/st.c:36:12: note: 'numhash' declared here
[INFO] [stderr] 
[INFO] [stderr]   cargo:warning=   36 | static int numhash(long);
[INFO] [stderr] 
[INFO] [stderr]   cargo:warning=      |            ^~~~~~~
[INFO] [stderr] 
[INFO] [stderr]   cargo:warning=oniguruma/src/st.c:45:5: error: initialization of 'int (*)(void)' from incompatible pointer type 'int (*)(const char *, const char *)' [-Wincompatible-pointer-types]
[INFO] [stderr] 
[INFO] [stderr]   cargo:warning=   45 |     strcmp,
[INFO] [stderr] 
[INFO] [stderr]   cargo:warning=      |     ^~~~~~
[INFO] [stderr] 
[INFO] [stderr]   cargo:warning=oniguruma/src/st.c:45:5: note: (near initialization for 'type_strhash.compare')
[INFO] [stderr] 
[INFO] [stderr]   cargo:warning=In file included from oniguruma/src/regint.h:111,
[INFO] [stderr] 
[INFO] [stderr]   cargo:warning=                 from oniguruma/src/st.c:9:
[INFO] [stderr] 
[INFO] [stderr]   cargo:warning=/usr/include/string.h:171:12: note: 'strcmp' declared here
[INFO] [stderr] 
[INFO] [stderr]   cargo:warning=  171 | extern int strcmp (const char *__s1, const char *__s2)
[INFO] [stderr] 
[INFO] [stderr]   cargo:warning=      |            ^~~~~~
[INFO] [stderr] 
[INFO] [stderr]   cargo:warning=oniguruma/src/st.c:46:5: error: initialization of 'int (*)(void)' from incompatible pointer type 'int (*)(const char *)' [-Wincompatible-pointer-types]
[INFO] [stderr] 
[INFO] [stderr]   cargo:warning=   46 |     strhash,
[INFO] [stderr] 
[INFO] [stderr]   cargo:warning=      |     ^~~~~~~
[INFO] [stderr] 
[INFO] [stderr]   cargo:warning=oniguruma/src/st.c:46:5: note: (near initialization for 'type_strhash.hash')
[INFO] [stderr] 
[INFO] [stderr]   cargo:warning=oniguruma/src/st.c:43:12: note: 'strhash' declared here
[INFO] [stderr] 
[INFO] [stderr]   cargo:warning=   43 | static int strhash(const char *);
[INFO] [stderr] 
[INFO] [stderr]   cargo:warning=      |            ^~~~~~~
[INFO] [stderr] 
[INFO] [stderr]   cargo:warning=oniguruma/src/st.c: In function 'new_size':
[INFO] [stderr] 
[INFO] [stderr]   cargo:warning=oniguruma/src/st.c:101:1: warning: old-style function definition [-Wold-style-definition]
[INFO] [stderr] 
[INFO] [stderr]   cargo:warning=  101 | new_size(size)
[INFO] [stderr] 
[INFO] [stderr]   cargo:warning=      | ^~~~~~~~
[INFO] [stderr] 
[INFO] [stderr]   cargo:warning=oniguruma/src/st.c: In function 'onig_st_init_table_with_size':
[INFO] [stderr] 
[INFO] [stderr]   cargo:warning=oniguruma/src/regint.h:220:37: warning: old-style function definition [-Wold-style-definition]
[INFO] [stderr] 
[INFO] [stderr]   cargo:warning=  220 | #define st_init_table_with_size     onig_st_init_table_with_size
[INFO] [stderr] 
[INFO] [stderr]   cargo:warning=      |                                     ^~~~~~~~~~~~~~~~~~~~~~~~~~~~
[INFO] [stderr] 
[INFO] [stderr]   cargo:warning=oniguruma/src/st.c:140:1: note: in expansion of macro 'st_init_table_with_size'
[INFO] [stderr] 
[INFO] [stderr]   cargo:warning=  140 | st_init_table_with_size(type, size)
[INFO] [stderr] 
[INFO] [stderr]   cargo:warning=      | ^~~~~~~~~~~~~~~~~~~~~~~
[INFO] [stderr] 
[INFO] [stderr]   cargo:warning=oniguruma/src/st.c: In function 'onig_st_init_table':
[INFO] [stderr] 
[INFO] [stderr]   cargo:warning=oniguruma/src/regint.h:219:37: warning: old-style function definition [-Wold-style-definition]
[INFO] [stderr] 
[INFO] [stderr]   cargo:warning=  219 | #define st_init_table               onig_st_init_table
[INFO] [stderr] 
[INFO] [stderr]   cargo:warning=      |                                     ^~~~~~~~~~~~~~~~~~
[INFO] [stderr] 
[INFO] [stderr]   cargo:warning=oniguruma/src/st.c:172:1: note: in expansion of macro 'st_init_table'
[INFO] [stderr] 
[INFO] [stderr]   cargo:warning=  172 | st_init_table(type)
[INFO] [stderr] 
[INFO] [stderr]   cargo:warning=      | ^~~~~~~~~~~~~
[INFO] [stderr] 
[INFO] [stderr]   cargo:warning=oniguruma/src/st.c: In function 'onig_st_init_numtable_with_size':
[INFO] [stderr] 
[INFO] [stderr]   cargo:warning=oniguruma/src/regint.h:222:37: warning: old-style function definition [-Wold-style-definition]
[INFO] [stderr] 
[INFO] [stderr]   cargo:warning=  222 | #define st_init_numtable_with_size  onig_st_init_numtable_with_size
[INFO] [stderr] 
[INFO] [stderr]   cargo:warning=      |                                     ^~~~~~~~~~~~~~~~~~~~~~~~~~~~~~~
[INFO] [stderr] 
[INFO] [stderr]   cargo:warning=oniguruma/src/st.c:185:1: note: in expansion of macro 'st_init_numtable_with_size'
[INFO] [stderr] 
[INFO] [stderr]   cargo:warning=  185 | st_init_numtable_with_size(size)
[INFO] [stderr] 
[INFO] [stderr]   cargo:warning=      | ^~~~~~~~~~~~~~~~~~~~~~~~~~
[INFO] [stderr] 
[INFO] [stderr]   cargo:warning=oniguruma/src/st.c: In function 'onig_st_init_strtable_with_size':
[INFO] [stderr] 
[INFO] [stderr]   cargo:warning=oniguruma/src/regint.h:224:37: warning: old-style function definition [-Wold-style-definition]
[INFO] [stderr] 
[INFO] [stderr]   cargo:warning=  224 | #define st_init_strtable_with_size  onig_st_init_strtable_with_size
[INFO] [stderr] 
[INFO] [stderr]   cargo:warning=      |                                     ^~~~~~~~~~~~~~~~~~~~~~~~~~~~~~~
[INFO] [stderr] 
[INFO] [stderr]   cargo:warning=oniguruma/src/st.c:198:1: note: in expansion of macro 'st_init_strtable_with_size'
[INFO] [stderr] 
[INFO] [stderr]   cargo:warning=  198 | st_init_strtable_with_size(size)
[INFO] [stderr] 
[INFO] [stderr]   cargo:warning=      | ^~~~~~~~~~~~~~~~~~~~~~~~~~
[INFO] [stderr] 
[INFO] [stderr]   cargo:warning=oniguruma/src/st.c: In function 'onig_st_free_table':
[INFO] [stderr] 
[INFO] [stderr]   cargo:warning=oniguruma/src/regint.h:231:37: warning: old-style function definition [-Wold-style-definition]
[INFO] [stderr] 
[INFO] [stderr]   cargo:warning=  231 | #define st_free_table               onig_st_free_table
[INFO] [stderr] 
[INFO] [stderr]   cargo:warning=      |                                     ^~~~~~~~~~~~~~~~~~
[INFO] [stderr] 
[INFO] [stderr]   cargo:warning=oniguruma/src/st.c:205:1: note: in expansion of macro 'st_free_table'
[INFO] [stderr] 
[INFO] [stderr]   cargo:warning=  205 | st_free_table(table)
[INFO] [stderr] 
[INFO] [stderr]   cargo:warning=      | ^~~~~~~~~~~~~
[INFO] [stderr] 
[INFO] [stderr]   cargo:warning=oniguruma/src/st.c: In function 'onig_st_lookup':
[INFO] [stderr] 
[INFO] [stderr]   cargo:warning=oniguruma/src/regint.h:228:37: warning: old-style function definition [-Wold-style-definition]
[INFO] [stderr] 
[INFO] [stderr]   cargo:warning=  228 | #define st_lookup                   onig_st_lookup
[INFO] [stderr] 
[INFO] [stderr]   cargo:warning=      |                                     ^~~~~~~~~~~~~~
[INFO] [stderr] 
[INFO] [stderr]   cargo:warning=oniguruma/src/st.c:245:1: note: in expansion of macro 'st_lookup'
[INFO] [stderr] 
[INFO] [stderr]   cargo:warning=  245 | st_lookup(table, key, value)
[INFO] [stderr] 
[INFO] [stderr]   cargo:warning=      | ^~~~~~~~~
[INFO] [stderr] 
[INFO] [stderr]   cargo:warning=oniguruma/src/st.c:56:43: error: too many arguments to function 'table->type->hash'; expected 0, have 1
[INFO] [stderr] 
[INFO] [stderr]   cargo:warning=   56 | #define do_hash(key,table) (unsigned int)(*(table)->type->hash)((key))
[INFO] [stderr] 
[INFO] [stderr]   cargo:warning=      |                                          ~^~~~~~~~~~~~~~~~~~~~~ ~~~~~
[INFO] [stderr] 
[INFO] [stderr]   cargo:warning=oniguruma/src/st.c:253:14: note: in expansion of macro 'do_hash'
[INFO] [stderr] 
[INFO] [stderr]   cargo:warning=  253 |   hash_val = do_hash(key, table);
[INFO] [stderr] 
[INFO] [stderr]   cargo:warning=      |              ^~~~~~~
[INFO] [stderr] 
[INFO] [stderr]   cargo:warning=In file included from oniguruma/src/st.c:10:
[INFO] [stderr] 
[INFO] [stderr]   cargo:warning=oniguruma/src/st.h:20:11: note: declared here
[INFO] [stderr] 
[INFO] [stderr]   cargo:warning=   20 |     int (*hash)();
[INFO] [stderr] 
[INFO] [stderr]   cargo:warning=      |           ^~~~
[INFO] [stderr] 
[INFO] [stderr]   cargo:warning=oniguruma/src/st.c:54:40: error: too many arguments to function 'table->type->compare'; expected 0, have 2
[INFO] [stderr] 
[INFO] [stderr]   cargo:warning=   54 | #define EQUAL(table,x,y) ((x)==(y) || (*table->type->compare)((x),(y)) == 0)
[INFO] [stderr] 
[INFO] [stderr]   cargo:warning=      |                                       ~^~~~~~~~~~~~~~~~~~~~~~ ~~~
[INFO] [stderr] 
[INFO] [stderr]   cargo:warning=oniguruma/src/st.c:224:45: note: in expansion of macro 'EQUAL'
[INFO] [stderr] 
[INFO] [stderr]   cargo:warning=  224 | ((ptr) != 0 && (ptr->hash != (hash_val) || !EQUAL((table), (key), (ptr)->key)))
[INFO] [stderr] 
[INFO] [stderr]   cargo:warning=      |                                             ^~~~~
[INFO] [stderr] 
[INFO] [stderr]   cargo:warning=oniguruma/src/st.c:235:9: note: in expansion of macro 'PTR_NOT_EQUAL'
[INFO] [stderr] 
[INFO] [stderr]   cargo:warning=  235 |     if (PTR_NOT_EQUAL(table, ptr, hash_val, key)) {\
[INFO] [stderr] 
[INFO] [stderr]   cargo:warning=      |         ^~~~~~~~~~~~~
[INFO] [stderr] 
[INFO] [stderr]   cargo:warning=oniguruma/src/st.c:254:3: note: in expansion of macro 'FIND_ENTRY'
[INFO] [stderr] 
[INFO] [stderr]   cargo:warning=  254 |   FIND_ENTRY(table, ptr, hash_val, bin_pos);
[INFO] [stderr] 
[INFO] [stderr]   cargo:warning=      |   ^~~~~~~~~~
[INFO] [stderr] 
[INFO] [stderr]   cargo:warning=oniguruma/src/st.h:19:11: note: declared here
[INFO] [stderr] 
[INFO] [stderr]   cargo:warning=   19 |     int (*compare)();
[INFO] [stderr] 
[INFO] [stderr]   cargo:warning=      |           ^~~~~~~
[INFO] [stderr] 
[INFO] [stderr]   cargo:warning=oniguruma/src/st.c:54:40: error: too many arguments to function 'table->type->compare'; expected 0, have 2
[INFO] [stderr] 
[INFO] [stderr]   cargo:warning=   54 | #define EQUAL(table,x,y) ((x)==(y) || (*table->type->compare)((x),(y)) == 0)
[INFO] [stderr] 
[INFO] [stderr]   cargo:warning=      |                                       ~^~~~~~~~~~~~~~~~~~~~~~ ~~~
[INFO] [stderr] 
[INFO] [stderr]   cargo:warning=oniguruma/src/st.c:224:45: note: in expansion of macro 'EQUAL'
[INFO] [stderr] 
[INFO] [stderr]   cargo:warning=  224 | ((ptr) != 0 && (ptr->hash != (hash_val) || !EQUAL((table), (key), (ptr)->key)))
[INFO] [stderr] 
[INFO] [stderr]   cargo:warning=      |                                             ^~~~~
[INFO] [stderr] 
[INFO] [stderr]   cargo:warning=oniguruma/src/st.c:237:14: note: in expansion of macro 'PTR_NOT_EQUAL'
[INFO] [stderr] 
[INFO] [stderr]   cargo:warning=  237 |       while (PTR_NOT_EQUAL(table, ptr->next, hash_val, key)) {\
[INFO] [stderr] 
[INFO] [stderr]   cargo:warning=      |              ^~~~~~~~~~~~~
[INFO] [stderr] 
[INFO] [stderr]   cargo:warning=oniguruma/src/st.c:254:3: note: in expansion of macro 'FIND_ENTRY'
[INFO] [stderr] 
[INFO] [stderr]   cargo:warning=  254 |   FIND_ENTRY(table, ptr, hash_val, bin_pos);
[INFO] [stderr] 
[INFO] [stderr]   cargo:warning=      |   ^~~~~~~~~~
[INFO] [stderr] 
[INFO] [stderr]   cargo:warning=oniguruma/src/st.h:19:11: note: declared here
[INFO] [stderr] 
[INFO] [stderr]   cargo:warning=   19 |     int (*compare)();
[INFO] [stderr] 
[INFO] [stderr]   cargo:warning=      |           ^~~~~~~
[INFO] [stderr] 
[INFO] [stderr]   cargo:warning=oniguruma/src/st.c: In function 'onig_st_insert':
[INFO] [stderr] 
[INFO] [stderr]   cargo:warning=oniguruma/src/regint.h:227:37: warning: old-style function definition [-Wold-style-definition]
[INFO] [stderr] 
[INFO] [stderr]   cargo:warning=  227 | #define st_insert                   onig_st_insert
[INFO] [stderr] 
[INFO] [stderr]   cargo:warning=      |                                     ^~~~~~~~~~~~~~
[INFO] [stderr] 
[INFO] [stderr]   cargo:warning=oniguruma/src/st.c:283:1: note: in expansion of macro 'st_insert'
[INFO] [stderr] 
[INFO] [stderr]   cargo:warning=  283 | st_insert(table, key, value)
[INFO] [stderr] 
[INFO] [stderr]   cargo:warning=      | ^~~~~~~~~
[INFO] [stderr] 
[INFO] [stderr]   cargo:warning=oniguruma/src/st.c:56:43: error: too many arguments to function 'table->type->hash'; expected 0, have 1
[INFO] [stderr] 
[INFO] [stderr]   cargo:warning=   56 | #define do_hash(key,table) (unsigned int)(*(table)->type->hash)((key))
[INFO] [stderr] 
[INFO] [stderr]   cargo:warning=      |                                          ~^~~~~~~~~~~~~~~~~~~~~ ~~~~~
[INFO] [stderr] 
[INFO] [stderr]   cargo:warning=oniguruma/src/st.c:291:14: note: in expansion of macro 'do_hash'
[INFO] [stderr] 
[INFO] [stderr]   cargo:warning=  291 |   hash_val = do_hash(key, table);
[INFO] [stderr] 
[INFO] [stderr]   cargo:warning=      |              ^~~~~~~
[INFO] [stderr] 
[INFO] [stderr]   cargo:warning=oniguruma/src/st.h:20:11: note: declared here
[INFO] [stderr] 
[INFO] [stderr]   cargo:warning=   20 |     int (*hash)();
[INFO] [stderr] 
[INFO] [stderr]   cargo:warning=      |           ^~~~
[INFO] [stderr] 
[INFO] [stderr]   cargo:warning=oniguruma/src/st.c:54:40: error: too many arguments to function 'table->type->compare'; expected 0, have 2
[INFO] [stderr] 
[INFO] [stderr]   cargo:warning=   54 | #define EQUAL(table,x,y) ((x)==(y) || (*table->type->compare)((x),(y)) == 0)
[INFO] [stderr] 
[INFO] [stderr]   cargo:warning=      |                                       ~^~~~~~~~~~~~~~~~~~~~~~ ~~~
[INFO] [stderr] 
[INFO] [stderr]   cargo:warning=oniguruma/src/st.c:224:45: note: in expansion of macro 'EQUAL'
[INFO] [stderr] 
[INFO] [stderr]   cargo:warning=  224 | ((ptr) != 0 && (ptr->hash != (hash_val) || !EQUAL((table), (key), (ptr)->key)))
[INFO] [stderr] 
[INFO] [stderr]   cargo:warning=      |                                             ^~~~~
[INFO] [stderr] 
[INFO] [stderr]   cargo:warning=oniguruma/src/st.c:235:9: note: in expansion of macro 'PTR_NOT_EQUAL'
[INFO] [stderr] 
[INFO] [stderr]   cargo:warning=  235 |     if (PTR_NOT_EQUAL(table, ptr, hash_val, key)) {\
[INFO] [stderr] 
[INFO] [stderr]   cargo:warning=      |         ^~~~~~~~~~~~~
[INFO] [stderr] 
[INFO] [stderr]   cargo:warning=oniguruma/src/st.c:292:3: note: in expansion of macro 'FIND_ENTRY'
[INFO] [stderr] 
[INFO] [stderr]   cargo:warning=  292 |   FIND_ENTRY(table, ptr, hash_val, bin_pos);
[INFO] [stderr] 
[INFO] [stderr]   cargo:warning=      |   ^~~~~~~~~~
[INFO] [stderr] 
[INFO] [stderr]   cargo:warning=oniguruma/src/st.h:19:11: note: declared here
[INFO] [stderr] 
[INFO] [stderr]   cargo:warning=   19 |     int (*compare)();
[INFO] [stderr] 
[INFO] [stderr]   cargo:warning=      |           ^~~~~~~
[INFO] [stderr] 
[INFO] [stderr]   cargo:warning=oniguruma/src/st.c:54:40: error: too many arguments to function 'table->type->compare'; expected 0, have 2
[INFO] [stderr] 
[INFO] [stderr]   cargo:warning=   54 | #define EQUAL(table,x,y) ((x)==(y) || (*table->type->compare)((x),(y)) == 0)
[INFO] [stderr] 
[INFO] [stderr]   cargo:warning=      |                                       ~^~~~~~~~~~~~~~~~~~~~~~ ~~~
[INFO] [stderr] 
[INFO] [stderr]   cargo:warning=oniguruma/src/st.c:224:45: note: in expansion of macro 'EQUAL'
[INFO] [stderr] 
[INFO] [stderr]   cargo:warning=  224 | ((ptr) != 0 && (ptr->hash != (hash_val) || !EQUAL((table), (key), (ptr)->key)))
[INFO] [stderr] 
[INFO] [stderr]   cargo:warning=      |                                             ^~~~~
[INFO] [stderr] 
[INFO] [stderr]   cargo:warning=oniguruma/src/st.c:237:14: note: in expansion of macro 'PTR_NOT_EQUAL'
[INFO] [stderr] 
[INFO] [stderr]   cargo:warning=  237 |       while (PTR_NOT_EQUAL(table, ptr->next, hash_val, key)) {\
[INFO] [stderr] 
[INFO] [stderr]   cargo:warning=      |              ^~~~~~~~~~~~~
[INFO] [stderr] 
[INFO] [stderr]   cargo:warning=oniguruma/src/st.c:292:3: note: in expansion of macro 'FIND_ENTRY'
[INFO] [stderr] 
[INFO] [stderr]   cargo:warning=  292 |   FIND_ENTRY(table, ptr, hash_val, bin_pos);
[INFO] [stderr] 
[INFO] [stderr]   cargo:warning=      |   ^~~~~~~~~~
[INFO] [stderr] 
[INFO] [stderr]   cargo:warning=oniguruma/src/st.h:19:11: note: declared here
[INFO] [stderr] 
[INFO] [stderr]   cargo:warning=   19 |     int (*compare)();
[INFO] [stderr] 
[INFO] [stderr]   cargo:warning=      |           ^~~~~~~
[INFO] [stderr] 
[INFO] [stderr]   cargo:warning=oniguruma/src/st.c: In function 'onig_st_add_direct':
[INFO] [stderr] 
[INFO] [stderr]   cargo:warning=oniguruma/src/regint.h:230:37: warning: old-style function definition [-Wold-style-definition]
[INFO] [stderr] 
[INFO] [stderr]   cargo:warning=  230 | #define st_add_direct               onig_st_add_direct
[INFO] [stderr] 
[INFO] [stderr]   cargo:warning=      |                                     ^~~~~~~~~~~~~~~~~~
[INFO] [stderr] 
[INFO] [stderr]   cargo:warning=oniguruma/src/st.c:305:1: note: in expansion of macro 'st_add_direct'
[INFO] [stderr] 
[INFO] [stderr]   cargo:warning=  305 | st_add_direct(table, key, value)
[INFO] [stderr] 
[INFO] [stderr]   cargo:warning=      | ^~~~~~~~~~~~~
[INFO] [stderr] 
[INFO] [stderr]   cargo:warning=oniguruma/src/st.c:56:43: error: too many arguments to function 'table->type->hash'; expected 0, have 1
[INFO] [stderr] 
[INFO] [stderr]   cargo:warning=   56 | #define do_hash(key,table) (unsigned int)(*(table)->type->hash)((key))
[INFO] [stderr] 
[INFO] [stderr]   cargo:warning=      |                                          ~^~~~~~~~~~~~~~~~~~~~~ ~~~~~
[INFO] [stderr] 
[INFO] [stderr]   cargo:warning=oniguruma/src/st.c:312:14: note: in expansion of macro 'do_hash'
[INFO] [stderr] 
[INFO] [stderr]   cargo:warning=  312 |   hash_val = do_hash(key, table);
[INFO] [stderr] 
[INFO] [stderr]   cargo:warning=      |              ^~~~~~~
[INFO] [stderr] 
[INFO] [stderr]   cargo:warning=oniguruma/src/st.h:20:11: note: declared here
[INFO] [stderr] 
[INFO] [stderr]   cargo:warning=   20 |     int (*hash)();
[INFO] [stderr] 
[INFO] [stderr]   cargo:warning=      |           ^~~~
[INFO] [stderr] 
[INFO] [stderr]   cargo:warning=oniguruma/src/st.c: In function 'rehash':
[INFO] [stderr] 
[INFO] [stderr]   cargo:warning=oniguruma/src/st.c:318:1: warning: old-style function definition [-Wold-style-definition]
[INFO] [stderr] 
[INFO] [stderr]   cargo:warning=  318 | rehash(table)
[INFO] [stderr] 
[INFO] [stderr]   cargo:warning=      | ^~~~~~
[INFO] [stderr] 
[INFO] [stderr]   cargo:warning=oniguruma/src/st.c: In function 'onig_st_copy':
[INFO] [stderr] 
[INFO] [stderr]   cargo:warning=oniguruma/src/regint.h:233:37: warning: old-style function definition [-Wold-style-definition]
[INFO] [stderr] 
[INFO] [stderr]   cargo:warning=  233 | #define st_copy                     onig_st_copy
[INFO] [stderr] 
[INFO] [stderr]   cargo:warning=      |                                     ^~~~~~~~~~~~
[INFO] [stderr] 
[INFO] [stderr]   cargo:warning=oniguruma/src/st.c:350:1: note: in expansion of macro 'st_copy'
[INFO] [stderr] 
[INFO] [stderr]   cargo:warning=  350 | st_copy(old_table)
[INFO] [stderr] 
[INFO] [stderr]   cargo:warning=      | ^~~~~~~
[INFO] [stderr] 
[INFO] [stderr]   cargo:warning=oniguruma/src/st.c: In function 'onig_st_delete':
[INFO] [stderr] 
[INFO] [stderr]   cargo:warning=oniguruma/src/regint.h:225:37: warning: old-style function definition [-Wold-style-definition]
[INFO] [stderr] 
[INFO] [stderr]   cargo:warning=  225 | #define st_delete                   onig_st_delete
[INFO] [stderr] 
[INFO] [stderr]   cargo:warning=      |                                     ^~~~~~~~~~~~~~
[INFO] [stderr] 
[INFO] [stderr]   cargo:warning=oniguruma/src/st.c:391:1: note: in expansion of macro 'st_delete'
[INFO] [stderr] 
[INFO] [stderr]   cargo:warning=  391 | st_delete(table, key, value)
[INFO] [stderr] 
[INFO] [stderr]   cargo:warning=      | ^~~~~~~~~
[INFO] [stderr] 
[INFO] [stderr]   cargo:warning=oniguruma/src/st.c:56:43: error: too many arguments to function 'table->type->hash'; expected 0, have 1
[INFO] [stderr] 
[INFO] [stderr]   cargo:warning=   56 | #define do_hash(key,table) (unsigned int)(*(table)->type->hash)((key))
[INFO] [stderr] 
[INFO] [stderr]   cargo:warning=      |                                          ~^~~~~~~~~~~~~~~~~~~~~ ~~~~~
[INFO] [stderr] 
[INFO] [stderr]   cargo:warning=oniguruma/src/st.c:57:33: note: in expansion of macro 'do_hash'
[INFO] [stderr] 
[INFO] [stderr]   cargo:warning=   57 | #define do_hash_bin(key,table) (do_hash(key, table)%(table)->num_bins)
[INFO] [stderr] 
[INFO] [stderr]   cargo:warning=      |                                 ^~~~~~~
[INFO] [stderr] 
[INFO] [stderr]   cargo:warning=oniguruma/src/st.c:400:14: note: in expansion of macro 'do_hash_bin'
[INFO] [stderr] 
[INFO] [stderr]   cargo:warning=  400 |   hash_val = do_hash_bin(*key, table);
[INFO] [stderr] 
[INFO] [stderr]   cargo:warning=      |              ^~~~~~~~~~~
[INFO] [stderr] 
[INFO] [stderr]   cargo:warning=oniguruma/src/st.h:20:11: note: declared here
[INFO] [stderr] 
[INFO] [stderr]   cargo:warning=   20 |     int (*hash)();
[INFO] [stderr] 
[INFO] [stderr]   cargo:warning=      |           ^~~~
[INFO] [stderr] 
[INFO] [stderr]   cargo:warning=oniguruma/src/st.c:54:40: error: too many arguments to function 'table->type->compare'; expected 0, have 2
[INFO] [stderr] 
[INFO] [stderr]   cargo:warning=   54 | #define EQUAL(table,x,y) ((x)==(y) || (*table->type->compare)((x),(y)) == 0)
[INFO] [stderr] 
[INFO] [stderr]   cargo:warning=      |                                       ~^~~~~~~~~~~~~~~~~~~~~~ ~~~
[INFO] [stderr] 
[INFO] [stderr]   cargo:warning=oniguruma/src/st.c:408:7: note: in expansion of macro 'EQUAL'
[INFO] [stderr] 
[INFO] [stderr]   cargo:warning=  408 |   if (EQUAL(table, *key, ptr->key)) {
[INFO] [stderr] 
[INFO] [stderr]   cargo:warning=      |       ^~~~~
[INFO] [stderr] 
[INFO] [stderr]   cargo:warning=oniguruma/src/st.h:19:11: note: declared here
[INFO] [stderr] 
[INFO] [stderr]   cargo:warning=   19 |     int (*compare)();
[INFO] [stderr] 
[INFO] [stderr]   cargo:warning=      |           ^~~~~~~
[INFO] [stderr] 
[INFO] [stderr]   cargo:warning=oniguruma/src/st.c:54:40: error: too many arguments to function 'table->type->compare'; expected 0, have 2
[INFO] [stderr] 
[INFO] [stderr]   cargo:warning=   54 | #define EQUAL(table,x,y) ((x)==(y) || (*table->type->compare)((x),(y)) == 0)
[INFO] [stderr] 
[INFO] [stderr]   cargo:warning=      |                                       ~^~~~~~~~~~~~~~~~~~~~~~ ~~~
[INFO] [stderr] 
[INFO] [stderr]   cargo:warning=oniguruma/src/st.c:418:9: note: in expansion of macro 'EQUAL'
[INFO] [stderr] 
[INFO] [stderr]   cargo:warning=  418 |     if (EQUAL(table, ptr->next->key, *key)) {
[INFO] [stderr] 
[INFO] [stderr]   cargo:warning=      |         ^~~~~
[INFO] [stderr] 
[INFO] [stderr]   cargo:warning=oniguruma/src/st.h:19:11: note: declared here
[INFO] [stderr] 
[INFO] [stderr]   cargo:warning=   19 |     int (*compare)();
[INFO] [stderr] 
[INFO] [stderr]   cargo:warning=      |           ^~~~~~~
[INFO] [stderr] 
[INFO] [stderr]   cargo:warning=oniguruma/src/st.c: In function 'onig_st_delete_safe':
[INFO] [stderr] 
[INFO] [stderr]   cargo:warning=oniguruma/src/regint.h:226:37: warning: old-style function definition [-Wold-style-definition]
[INFO] [stderr] 
[INFO] [stderr]   cargo:warning=  226 | #define st_delete_safe              onig_st_delete_safe
[INFO] [stderr] 
[INFO] [stderr]   cargo:warning=      |                                     ^~~~~~~~~~~~~~~~~~~
[INFO] [stderr] 
[INFO] [stderr]   cargo:warning=oniguruma/src/st.c:433:1: note: in expansion of macro 'st_delete_safe'
[INFO] [stderr] 
[INFO] [stderr]   cargo:warning=  433 | st_delete_safe(table, key, value, never)
[INFO] [stderr] 
[INFO] [stderr]   cargo:warning=      | ^~~~~~~~~~~~~~
[INFO] [stderr] 
[INFO] [stderr]   cargo:warning=oniguruma/src/st.c:56:43: error: too many arguments to function 'table->type->hash'; expected 0, have 1
[INFO] [stderr] 
[INFO] [stderr]   cargo:warning=   56 | #define do_hash(key,table) (unsigned int)(*(table)->type->hash)((key))
[INFO] [stderr] 
[INFO] [stderr]   cargo:warning=      |                                          ~^~~~~~~~~~~~~~~~~~~~~ ~~~~~
[INFO] [stderr] 
[INFO] [stderr]   cargo:warning=oniguruma/src/st.c:57:33: note: in expansion of macro 'do_hash'
[INFO] [stderr] 
[INFO] [stderr]   cargo:warning=   57 | #define do_hash_bin(key,table) (do_hash(key, table)%(table)->num_bins)
[INFO] [stderr] 
[INFO] [stderr]   cargo:warning=      |                                 ^~~~~~~
[INFO] [stderr] 
[INFO] [stderr]   cargo:warning=oniguruma/src/st.c:442:14: note: in expansion of macro 'do_hash_bin'
[INFO] [stderr] 
[INFO] [stderr]   cargo:warning=  442 |   hash_val = do_hash_bin(*key, table);
[INFO] [stderr] 
[INFO] [stderr]   cargo:warning=      |              ^~~~~~~~~~~
[INFO] [stderr] 
[INFO] [stderr]   cargo:warning=oniguruma/src/st.h:20:11: note: declared here
[INFO] [stderr] 
[INFO] [stderr]   cargo:warning=   20 |     int (*hash)();
[INFO] [stderr] 
[INFO] [stderr]   cargo:warning=      |           ^~~~
[INFO] [stderr] 
[INFO] [stderr]   cargo:warning=oniguruma/src/st.c:54:40: error: too many arguments to function 'table->type->compare'; expected 0, have 2
[INFO] [stderr] 
[INFO] [stderr]   cargo:warning=   54 | #define EQUAL(table,x,y) ((x)==(y) || (*table->type->compare)((x),(y)) == 0)
[INFO] [stderr] 
[INFO] [stderr]   cargo:warning=      |                                       ~^~~~~~~~~~~~~~~~~~~~~~ ~~~
[INFO] [stderr] 
[INFO] [stderr]   cargo:warning=oniguruma/src/st.c:451:32: note: in expansion of macro 'EQUAL'
[INFO] [stderr] 
[INFO] [stderr]   cargo:warning=  451 |     if ((ptr->key != never) && EQUAL(table, ptr->key, *key)) {
[INFO] [stderr] 
[INFO] [stderr]   cargo:warning=      |                                ^~~~~
[INFO] [stderr] 
[INFO] [stderr]   cargo:warning=oniguruma/src/st.h:19:11: note: declared here
[INFO] [stderr] 
[INFO] [stderr]   cargo:warning=   19 |     int (*compare)();
[INFO] [stderr] 
[INFO] [stderr]   cargo:warning=      |           ^~~~~~~
[INFO] [stderr] 
[INFO] [stderr]   cargo:warning=oniguruma/src/st.c: In function 'onig_st_cleanup_safe':
[INFO] [stderr] 
[INFO] [stderr]   cargo:warning=oniguruma/src/regint.h:232:37: warning: old-style function definition [-Wold-style-definition]
[INFO] [stderr] 
[INFO] [stderr]   cargo:warning=  232 | #define st_cleanup_safe             onig_st_cleanup_safe
[INFO] [stderr] 
[INFO] [stderr]   cargo:warning=      |                                     ^~~~~~~~~~~~~~~~~~~~
[INFO] [stderr] 
[INFO] [stderr]   cargo:warning=oniguruma/src/st.c:477:1: note: in expansion of macro 'st_cleanup_safe'
[INFO] [stderr] 
[INFO] [stderr]   cargo:warning=  477 | st_cleanup_safe(table, never)
[INFO] [stderr] 
[INFO] [stderr]   cargo:warning=      | ^~~~~~~~~~~~~~~
[INFO] [stderr] 
[INFO] [stderr]   cargo:warning=oniguruma/src/st.c:483:21: error: passing argument 2 of 'onig_st_foreach' from incompatible pointer type [-Wincompatible-pointer-types]
[INFO] [stderr] 
[INFO] [stderr]   cargo:warning=  483 |   st_foreach(table, delete_never, never);
[INFO] [stderr] 
[INFO] [stderr]   cargo:warning=      |                     ^~~~~~~~~~~~
[INFO] [stderr] 
[INFO] [stderr]   cargo:warning=      |                     |
[INFO] [stderr] 
[INFO] [stderr]   cargo:warning=      |                     int (*)(st_data_t,  st_data_t,  st_data_t) {aka int (*)(long unsigned int,  long unsigned int,  long unsigned int)}
[INFO] [stderr] 
[INFO] [stderr]   cargo:warning=oniguruma/src/st.h:55:31: note: expected 'int (*)(void)' but argument is of type 'int (*)(st_data_t,  st_data_t,  st_data_t)' {aka 'int (*)(long unsigned int,  long unsigned int,  long unsigned int)'}
[INFO] [stderr] 
[INFO] [stderr]   cargo:warning=   55 | int st_foreach _((st_table *, int (*)(ANYARGS), st_data_t));
[INFO] [stderr] 
[INFO] [stderr]   cargo:warning=      |                               ^~~~~~~~~~~~~~~~
[INFO] [stderr] 
[INFO] [stderr]   cargo:warning=oniguruma/src/st.h:35:18: note: in definition of macro '_'
[INFO] [stderr] 
[INFO] [stderr]   cargo:warning=   35 | # define _(args) args
[INFO] [stderr] 
[INFO] [stderr]   cargo:warning=      |                  ^~~~
[INFO] [stderr] 
[INFO] [stderr]   cargo:warning=oniguruma/src/st.c:465:1: note: 'delete_never' declared here
[INFO] [stderr] 
[INFO] [stderr]   cargo:warning=  465 | delete_never(st_data_t key __attribute__ ((unused)), st_data_t value,
[INFO] [stderr] 
[INFO] [stderr]   cargo:warning=      | ^~~~~~~~~~~~
[INFO] [stderr] 
[INFO] [stderr]   cargo:warning=oniguruma/src/st.c: In function 'onig_st_foreach':
[INFO] [stderr] 
[INFO] [stderr]   cargo:warning=oniguruma/src/regint.h:229:37: warning: old-style function definition [-Wold-style-definition]
[INFO] [stderr] 
[INFO] [stderr]   cargo:warning=  229 | #define st_foreach                  onig_st_foreach
[INFO] [stderr] 
[INFO] [stderr]   cargo:warning=      |                                     ^~~~~~~~~~~~~~~
[INFO] [stderr] 
[INFO] [stderr]   cargo:warning=oniguruma/src/st.c:488:1: note: in expansion of macro 'st_foreach'
[INFO] [stderr] 
[INFO] [stderr]   cargo:warning=  488 | st_foreach(table, func, arg)
[INFO] [stderr] 
[INFO] [stderr]   cargo:warning=      | ^~~~~~~~~~
[INFO] [stderr] 
[INFO] [stderr]   cargo:warning=oniguruma/src/st.c:500:23: error: too many arguments to function 'func'; expected 0, have 3
[INFO] [stderr] 
[INFO] [stderr]   cargo:warning=  500 |             retval = (*func)(ptr->key, ptr->record, arg);
[INFO] [stderr] 
[INFO] [stderr]   cargo:warning=      |                      ~^~~~~~ ~~~~~~~~
[INFO] [stderr] 
[INFO] [stderr]   cargo:warning=oniguruma/src/st.c: In function 'strhash':
[INFO] [stderr] 
[INFO] [stderr]   cargo:warning=oniguruma/src/st.c:538:1: warning: old-style function definition [-Wold-style-definition]
[INFO] [stderr] 
[INFO] [stderr]   cargo:warning=  538 | strhash(string)
[INFO] [stderr] 
[INFO] [stderr]   cargo:warning=      | ^~~~~~~
[INFO] [stderr] 
[INFO] [stderr]   cargo:warning=oniguruma/src/st.c: In function 'numcmp':
[INFO] [stderr] 
[INFO] [stderr]   cargo:warning=oniguruma/src/st.c:577:1: warning: old-style function definition [-Wold-style-definition]
[INFO] [stderr] 
[INFO] [stderr]   cargo:warning=  577 | numcmp(x, y)
[INFO] [stderr] 
[INFO] [stderr]   cargo:warning=      | ^~~~~~
[INFO] [stderr] 
[INFO] [stderr]   cargo:warning=oniguruma/src/st.c: In function 'numhash':
[INFO] [stderr] 
[INFO] [stderr]   cargo:warning=oniguruma/src/st.c:584:1: warning: old-style function definition [-Wold-style-definition]
[INFO] [stderr] 
[INFO] [stderr]   cargo:warning=  584 | numhash(n)
[INFO] [stderr] 
[INFO] [stderr]   cargo:warning=      | ^~~~~~~
[INFO] [stderr] 
[INFO] [stderr] 
[INFO] [stderr]   exit status: 0
[INFO] [stderr]   exit status: 0
[INFO] [stderr]   exit status: 0
[INFO] [stderr]   exit status: 0
[INFO] [stderr]   exit status: 0
[INFO] [stderr]   exit status: 0
[INFO] [stderr]   exit status: 0
[INFO] [stderr]   exit status: 0
[INFO] [stderr]   exit status: 1
[INFO] [stderr]   cargo:warning=ToolExecError: Command "cc" "-O0" "-ffunction-sections" "-fdata-sections" "-fPIC" "-gdwarf-4" "-fno-omit-frame-pointer" "-m64" "-I" "/opt/rustwide/target/debug/build/onig_sys/f86b29269b897965/out" "-I" "oniguruma/src" "-DHAVE_UNISTD_H=1" "-DHAVE_SYS_TYPES_H=1" "-DHAVE_SYS_TIME_H=1" "-o" "/opt/rustwide/target/debug/build/onig_sys/f86b29269b897965/out/oniguruma/src/st.o" "-c" "oniguruma/src/st.c" with args "cc" did not execute successfully (status code exit status: 1).running: "cc" "-O0" "-ffunction-sections" "-fdata-sections" "-fPIC" "-gdwarf-4" "-fno-omit-frame-pointer" "-m64" "-I" "/opt/rustwide/target/debug/build/onig_sys/f86b29269b897965/out" "-I" "oniguruma/src" "-DHAVE_UNISTD_H=1" "-DHAVE_SYS_TYPES_H=1" "-DHAVE_SYS_TIME_H=1" "-o" "/opt/rustwide/target/debug/build/onig_sys/f86b29269b897965/out/oniguruma/src/ascii.o" "-c" "oniguruma/src/ascii.c"
[INFO] [stderr]   running: "cc" "-O0" "-ffunction-sections" "-fdata-sections" "-fPIC" "-gdwarf-4" "-fno-omit-frame-pointer" "-m64" "-I" "/opt/rustwide/target/debug/build/onig_sys/f86b29269b897965/out" "-I" "oniguruma/src" "-DHAVE_UNISTD_H=1" "-DHAVE_SYS_TYPES_H=1" "-DHAVE_SYS_TIME_H=1" "-o" "/opt/rustwide/target/debug/build/onig_sys/f86b29269b897965/out/oniguruma/src/utf8.o" "-c" "oniguruma/src/utf8.c"
[INFO] [stderr]   running: "cc" "-O0" "-ffunction-sections" "-fdata-sections" "-fPIC" "-gdwarf-4" "-fno-omit-frame-pointer" "-m64" "-I" "/opt/rustwide/target/debug/build/onig_sys/f86b29269b897965/out" "-I" "oniguruma/src" "-DHAVE_UNISTD_H=1" "-DHAVE_SYS_TYPES_H=1" "-DHAVE_SYS_TIME_H=1" "-o" "/opt/rustwide/target/debug/build/onig_sys/f86b29269b897965/out/oniguruma/src/utf16_be.o" "-c" "oniguruma/src/utf16_be.c"
[INFO] [stderr]   running: "cc" "-O0" "-ffunction-sections" "-fdata-sections" "-fPIC" "-gdwarf-4" "-fno-omit-frame-pointer" "-m64" "-I" "/opt/rustwide/target/debug/build/onig_sys/f86b29269b897965/out" "-I" "oniguruma/src" "-DHAVE_UNISTD_H=1" "-DHAVE_SYS_TYPES_H=1" "-DHAVE_SYS_TIME_H=1" "-o" "/opt/rustwide/target/debug/build/onig_sys/f86b29269b897965/out/oniguruma/src/utf16_le.o" "-c" "oniguruma/src/utf16_le.c"
[INFO] [stderr]   running: "cc" "-O0" "-ffunction-sections" "-fdata-sections" "-fPIC" "-gdwarf-4" "-fno-omit-frame-pointer" "-m64" "-I" "/opt/rustwide/target/debug/build/onig_sys/f86b29269b897965/out" "-I" "oniguruma/src" "-DHAVE_UNISTD_H=1" "-DHAVE_SYS_TYPES_H=1" "-DHAVE_SYS_TIME_H=1" "-o" "/opt/rustwide/target/debug/build/onig_sys/f86b29269b897965/out/oniguruma/src/utf32_be.o" "-c" "oniguruma/src/utf32_be.c"
[INFO] [stderr]   running: "cc" "-O0" "-ffunction-sections" "-fdata-sections" "-fPIC" "-gdwarf-4" "-fno-omit-frame-pointer" "-m64" "-I" "/opt/rustwide/target/debug/build/onig_sys/f86b29269b897965/out" "-I" "oniguruma/src" "-DHAVE_UNISTD_H=1" "-DHAVE_SYS_TYPES_H=1" "-DHAVE_SYS_TIME_H=1" "-o" "/opt/rustwide/target/debug/build/onig_sys/f86b29269b897965/out/oniguruma/src/utf32_le.o" "-c" "oniguruma/src/utf32_le.c"
[INFO] [stderr]   running: "cc" "-O0" "-ffunction-sections" "-fdata-sections" "-fPIC" "-gdwarf-4" "-fno-omit-frame-pointer" "-m64" "-I" "/opt/rustwide/target/debug/build/onig_sys/f86b29269b897965/out" "-I" "oniguruma/src" "-DHAVE_UNISTD_H=1" "-DHAVE_SYS_TYPES_H=1" "-DHAVE_SYS_TIME_H=1" "-o" "/opt/rustwide/target/debug/build/onig_sys/f86b29269b897965/out/oniguruma/src/euc_jp.o" "-c" "oniguruma/src/euc_jp.c"
[INFO] [stderr]   running: "cc" "-O0" "-ffunction-sections" "-fdata-sections" "-fPIC" "-gdwarf-4" "-fno-omit-frame-pointer" "-m64" "-I" "/opt/rustwide/target/debug/build/onig_sys/f86b29269b897965/out" "-I" "oniguruma/src" "-DHAVE_UNISTD_H=1" "-DHAVE_SYS_TYPES_H=1" "-DHAVE_SYS_TIME_H=1" "-o" "/opt/rustwide/target/debug/build/onig_sys/f86b29269b897965/out/oniguruma/src/sjis.o" "-c" "oniguruma/src/sjis.c"
[INFO] [stderr] 
[INFO] [stderr]   exit status: 0
[INFO] [stderr]   exit status: 0
[INFO] [stderr]   exit status: 0
[INFO] [stderr]   exit status: 0
[INFO] [stderr]   exit status: 0
[INFO] [stderr]   exit status: 0
[INFO] [stderr]   exit status: 0
[INFO] [stderr]   exit status: 0
[INFO] [stderr]   running: "cc" "-O0" "-ffunction-sections" "-fdata-sections" "-fPIC" "-gdwarf-4" "-fno-omit-frame-pointer" "-m64" "-I" "/opt/rustwide/target/debug/build/onig_sys/f86b29269b897965/out" "-I" "oniguruma/src" "-DHAVE_UNISTD_H=1" "-DHAVE_SYS_TYPES_H=1" "-DHAVE_SYS_TIME_H=1" "-o" "/opt/rustwide/target/debug/build/onig_sys/f86b29269b897965/out/oniguruma/src/iso8859_1.o" "-c" "oniguruma/src/iso8859_1.c"
[INFO] [stderr]   running: "cc" "-O0" "-ffunction-sections" "-fdata-sections" "-fPIC" "-gdwarf-4" "-fno-omit-frame-pointer" "-m64" "-I" "/opt/rustwide/target/debug/build/onig_sys/f86b29269b897965/out" "-I" "oniguruma/src" "-DHAVE_UNISTD_H=1" "-DHAVE_SYS_TYPES_H=1" "-DHAVE_SYS_TIME_H=1" "-o" "/opt/rustwide/target/debug/build/onig_sys/f86b29269b897965/out/oniguruma/src/iso8859_2.o" "-c" "oniguruma/src/iso8859_2.c"
[INFO] [stderr]   running: "cc" "-O0" "-ffunction-sections" "-fdata-sections" "-fPIC" "-gdwarf-4" "-fno-omit-frame-pointer" "-m64" "-I" "/opt/rustwide/target/debug/build/onig_sys/f86b29269b897965/out" "-I" "oniguruma/src" "-DHAVE_UNISTD_H=1" "-DHAVE_SYS_TYPES_H=1" "-DHAVE_SYS_TIME_H=1" "-o" "/opt/rustwide/target/debug/build/onig_sys/f86b29269b897965/out/oniguruma/src/iso8859_3.o" "-c" "oniguruma/src/iso8859_3.c"
[INFO] [stderr]   running: "cc" "-O0" "-ffunction-sections" "-fdata-sections" "-fPIC" "-gdwarf-4" "-fno-omit-frame-pointer" "-m64" "-I" "/opt/rustwide/target/debug/build/onig_sys/f86b29269b897965/out" "-I" "oniguruma/src" "-DHAVE_UNISTD_H=1" "-DHAVE_SYS_TYPES_H=1" "-DHAVE_SYS_TIME_H=1" "-o" "/opt/rustwide/target/debug/build/onig_sys/f86b29269b897965/out/oniguruma/src/iso8859_4.o" "-c" "oniguruma/src/iso8859_4.c"
[INFO] [stderr]   running: "cc" "-O0" "-ffunction-sections" "-fdata-sections" "-fPIC" "-gdwarf-4" "-fno-omit-frame-pointer" "-m64" "-I" "/opt/rustwide/target/debug/build/onig_sys/f86b29269b897965/out" "-I" "oniguruma/src" "-DHAVE_UNISTD_H=1" "-DHAVE_SYS_TYPES_H=1" "-DHAVE_SYS_TIME_H=1" "-o" "/opt/rustwide/target/debug/build/onig_sys/f86b29269b897965/out/oniguruma/src/iso8859_5.o" "-c" "oniguruma/src/iso8859_5.c"
[INFO] [stderr]   running: "cc" "-O0" "-ffunction-sections" "-fdata-sections" "-fPIC" "-gdwarf-4" "-fno-omit-frame-pointer" "-m64" "-I" "/opt/rustwide/target/debug/build/onig_sys/f86b29269b897965/out" "-I" "oniguruma/src" "-DHAVE_UNISTD_H=1" "-DHAVE_SYS_TYPES_H=1" "-DHAVE_SYS_TIME_H=1" "-o" "/opt/rustwide/target/debug/build/onig_sys/f86b29269b897965/out/oniguruma/src/iso8859_6.o" "-c" "oniguruma/src/iso8859_6.c"
[INFO] [stderr]   running: "cc" "-O0" "-ffunction-sections" "-fdata-sections" "-fPIC" "-gdwarf-4" "-fno-omit-frame-pointer" "-m64" "-I" "/opt/rustwide/target/debug/build/onig_sys/f86b29269b897965/out" "-I" "oniguruma/src" "-DHAVE_UNISTD_H=1" "-DHAVE_SYS_TYPES_H=1" "-DHAVE_SYS_TIME_H=1" "-o" "/opt/rustwide/target/debug/build/onig_sys/f86b29269b897965/out/oniguruma/src/iso8859_7.o" "-c" "oniguruma/src/iso8859_7.c"
[INFO] [stderr]   running: "cc" "-O0" "-ffunction-sections" "-fdata-sections" "-fPIC" "-gdwarf-4" "-fno-omit-frame-pointer" "-m64" "-I" "/opt/rustwide/target/debug/build/onig_sys/f86b29269b897965/out" "-I" "oniguruma/src" "-DHAVE_UNISTD_H=1" "-DHAVE_SYS_TYPES_H=1" "-DHAVE_SYS_TIME_H=1" "-o" "/opt/rustwide/target/debug/build/onig_sys/f86b29269b897965/out/oniguruma/src/iso8859_8.o" "-c" "oniguruma/src/iso8859_8.c"
[INFO] [stderr]   running: "cc" "-O0" "-ffunction-sections" "-fdata-sections" "-fPIC" "-gdwarf-4" "-fno-omit-frame-pointer" "-m64" "-I" "/opt/rustwide/target/debug/build/onig_sys/f86b29269b897965/out" "-I" "oniguruma/src" "-DHAVE_UNISTD_H=1" "-DHAVE_SYS_TYPES_H=1" "-DHAVE_SYS_TIME_H=1" "-o" "/opt/rustwide/target/debug/build/onig_sys/f86b29269b897965/out/oniguruma/src/iso8859_9.o" "-c" "oniguruma/src/iso8859_9.c"
[INFO] [stderr]   exit status: 0
[INFO] [stderr]   exit status: 0
[INFO] [stderr]   exit status: 0
[INFO] [stderr]   exit status: 0
[INFO] [stderr]   exit status: 0
[INFO] [stderr]   exit status: 0
[INFO] [stderr]   exit status: 0
[INFO] [stderr]   exit status: 0
[INFO] [stderr]   running: "cc" "-O0" "-ffunction-sections" "-fdata-sections" "-fPIC" "-gdwarf-4" "-fno-omit-frame-pointer" "-m64" "-I" "/opt/rustwide/target/debug/build/onig_sys/f86b29269b897965/out" "-I" "oniguruma/src" "-DHAVE_UNISTD_H=1" "-DHAVE_SYS_TYPES_H=1" "-DHAVE_SYS_TIME_H=1" "-o" "/opt/rustwide/target/debug/build/onig_sys/f86b29269b897965/out/oniguruma/src/iso8859_10.o" "-c" "oniguruma/src/iso8859_10.c"
[INFO] [stderr]   running: "cc" "-O0" "-ffunction-sections" "-fdata-sections" "-fPIC" "-gdwarf-4" "-fno-omit-frame-pointer" "-m64" "-I" "/opt/rustwide/target/debug/build/onig_sys/f86b29269b897965/out" "-I" "oniguruma/src" "-DHAVE_UNISTD_H=1" "-DHAVE_SYS_TYPES_H=1" "-DHAVE_SYS_TIME_H=1" "-o" "/opt/rustwide/target/debug/build/onig_sys/f86b29269b897965/out/oniguruma/src/iso8859_11.o" "-c" "oniguruma/src/iso8859_11.c"
[INFO] [stderr]   running: "cc" "-O0" "-ffunction-sections" "-fdata-sections" "-fPIC" "-gdwarf-4" "-fno-omit-frame-pointer" "-m64" "-I" "/opt/rustwide/target/debug/build/onig_sys/f86b29269b897965/out" "-I" "oniguruma/src" "-DHAVE_UNISTD_H=1" "-DHAVE_SYS_TYPES_H=1" "-DHAVE_SYS_TIME_H=1" "-o" "/opt/rustwide/target/debug/build/onig_sys/f86b29269b897965/out/oniguruma/src/iso8859_13.o" "-c" "oniguruma/src/iso8859_13.c"
[INFO] [stderr]   running: "cc" "-O0" "-ffunction-sections" "-fdata-sections" "-fPIC" "-gdwarf-4" "-fno-omit-frame-pointer" "-m64" "-I" "/opt/rustwide/target/debug/build/onig_sys/f86b29269b897965/out" "-I" "oniguruma/src" "-DHAVE_UNISTD_H=1" "-DHAVE_SYS_TYPES_H=1" "-DHAVE_SYS_TIME_H=1" "-o" "/opt/rustwide/target/debug/build/onig_sys/f86b29269b897965/out/oniguruma/src/iso8859_14.o" "-c" "oniguruma/src/iso8859_14.c"
[INFO] [stderr]   running: "cc" "-O0" "-ffunction-sections" "-fdata-sections" "-fPIC" "-gdwarf-4" "-fno-omit-frame-pointer" "-m64" "-I" "/opt/rustwide/target/debug/build/onig_sys/f86b29269b897965/out" "-I" "oniguruma/src" "-DHAVE_UNISTD_H=1" "-DHAVE_SYS_TYPES_H=1" "-DHAVE_SYS_TIME_H=1" "-o" "/opt/rustwide/target/debug/build/onig_sys/f86b29269b897965/out/oniguruma/src/iso8859_15.o" "-c" "oniguruma/src/iso8859_15.c"
[INFO] [stderr]   running: "cc" "-O0" "-ffunction-sections" "-fdata-sections" "-fPIC" "-gdwarf-4" "-fno-omit-frame-pointer" "-m64" "-I" "/opt/rustwide/target/debug/build/onig_sys/f86b29269b897965/out" "-I" "oniguruma/src" "-DHAVE_UNISTD_H=1" "-DHAVE_SYS_TYPES_H=1" "-DHAVE_SYS_TIME_H=1" "-o" "/opt/rustwide/target/debug/build/onig_sys/f86b29269b897965/out/oniguruma/src/iso8859_16.o" "-c" "oniguruma/src/iso8859_16.c"
[INFO] [stderr]   running: "cc" "-O0" "-ffunction-sections" "-fdata-sections" "-fPIC" "-gdwarf-4" "-fno-omit-frame-pointer" "-m64" "-I" "/opt/rustwide/target/debug/build/onig_sys/f86b29269b897965/out" "-I" "oniguruma/src" "-DHAVE_UNISTD_H=1" "-DHAVE_SYS_TYPES_H=1" "-DHAVE_SYS_TIME_H=1" "-o" "/opt/rustwide/target/debug/build/onig_sys/f86b29269b897965/out/oniguruma/src/euc_tw.o" "-c" "oniguruma/src/euc_tw.c"
[INFO] [stderr]   exit status: 0
[INFO] [stderr]   exit status: 0
[INFO] [stderr]   exit status: 0
[INFO] [stderr]   exit status: 0
[INFO] [stderr]   exit status: 0
[INFO] [stderr]   exit status: 0
[INFO] [stderr]   exit status: 0
[INFO] [stderr]   exit status: 0
[INFO] [stderr]   running: "cc" "-O0" "-ffunction-sections" "-fdata-sections" "-fPIC" "-gdwarf-4" "-fno-omit-frame-pointer" "-m64" "-I" "/opt/rustwide/target/debug/build/onig_sys/f86b29269b897965/out" "-I" "oniguruma/src" "-DHAVE_UNISTD_H=1" "-DHAVE_SYS_TYPES_H=1" "-DHAVE_SYS_TIME_H=1" "-o" "/opt/rustwide/target/debug/build/onig_sys/f86b29269b897965/out/oniguruma/src/euc_kr.o" "-c" "oniguruma/src/euc_kr.c"
[INFO] [stderr]   running: "cc" "-O0" "-ffunction-sections" "-fdata-sections" "-fPIC" "-gdwarf-4" "-fno-omit-frame-pointer" "-m64" "-I" "/opt/rustwide/target/debug/build/onig_sys/f86b29269b897965/out" "-I" "oniguruma/src" "-DHAVE_UNISTD_H=1" "-DHAVE_SYS_TYPES_H=1" "-DHAVE_SYS_TIME_H=1" "-o" "/opt/rustwide/target/debug/build/onig_sys/f86b29269b897965/out/oniguruma/src/big5.o" "-c" "oniguruma/src/big5.c"
[INFO] [stderr]   running: "cc" "-O0" "-ffunction-sections" "-fdata-sections" "-fPIC" "-gdwarf-4" "-fno-omit-frame-pointer" "-m64" "-I" "/opt/rustwide/target/debug/build/onig_sys/f86b29269b897965/out" "-I" "oniguruma/src" "-DHAVE_UNISTD_H=1" "-DHAVE_SYS_TYPES_H=1" "-DHAVE_SYS_TIME_H=1" "-o" "/opt/rustwide/target/debug/build/onig_sys/f86b29269b897965/out/oniguruma/src/gb18030.o" "-c" "oniguruma/src/gb18030.c"
[INFO] [stderr]   running: "cc" "-O0" "-ffunction-sections" "-fdata-sections" "-fPIC" "-gdwarf-4" "-fno-omit-frame-pointer" "-m64" "-I" "/opt/rustwide/target/debug/build/onig_sys/f86b29269b897965/out" "-I" "oniguruma/src" "-DHAVE_UNISTD_H=1" "-DHAVE_SYS_TYPES_H=1" "-DHAVE_SYS_TIME_H=1" "-o" "/opt/rustwide/target/debug/build/onig_sys/f86b29269b897965/out/oniguruma/src/koi8_r.o" "-c" "oniguruma/src/koi8_r.c"
[INFO] [stderr]   running: "cc" "-O0" "-ffunction-sections" "-fdata-sections" "-fPIC" "-gdwarf-4" "-fno-omit-frame-pointer" "-m64" "-I" "/opt/rustwide/target/debug/build/onig_sys/f86b29269b897965/out" "-I" "oniguruma/src" "-DHAVE_UNISTD_H=1" "-DHAVE_SYS_TYPES_H=1" "-DHAVE_SYS_TIME_H=1" "-o" "/opt/rustwide/target/debug/build/onig_sys/f86b29269b897965/out/oniguruma/src/cp1251.o" "-c" "oniguruma/src/cp1251.c"
[INFO] [stderr]   running: "cc" "-O0" "-ffunction-sections" "-fdata-sections" "-fPIC" "-gdwarf-4" "-fno-omit-frame-pointer" "-m64" "-I" "/opt/rustwide/target/debug/build/onig_sys/f86b29269b897965/out" "-I" "oniguruma/src" "-DHAVE_UNISTD_H=1" "-DHAVE_SYS_TYPES_H=1" "-DHAVE_SYS_TIME_H=1" "-o" "/opt/rustwide/target/debug/build/onig_sys/f86b29269b897965/out/oniguruma/src/euc_jp_prop.o" "-c" "oniguruma/src/euc_jp_prop.c"
[INFO] [stderr]   running: "cc" "-O0" "-ffunction-sections" "-fdata-sections" "-fPIC" "-gdwarf-4" "-fno-omit-frame-pointer" "-m64" "-I" "/opt/rustwide/target/debug/build/onig_sys/f86b29269b897965/out" "-I" "oniguruma/src" "-DHAVE_UNISTD_H=1" "-DHAVE_SYS_TYPES_H=1" "-DHAVE_SYS_TIME_H=1" "-o" "/opt/rustwide/target/debug/build/onig_sys/f86b29269b897965/out/oniguruma/src/sjis_prop.o" "-c" "oniguruma/src/sjis_prop.c"
[INFO] [stderr]   running: "cc" "-O0" "-ffunction-sections" "-fdata-sections" "-fPIC" "-gdwarf-4" "-fno-omit-frame-pointer" "-m64" "-I" "/opt/rustwide/target/debug/build/onig_sys/f86b29269b897965/out" "-I" "oniguruma/src" "-DHAVE_UNISTD_H=1" "-DHAVE_SYS_TYPES_H=1" "-DHAVE_SYS_TIME_H=1" "-o" "/opt/rustwide/target/debug/build/onig_sys/f86b29269b897965/out/oniguruma/src/unicode_unfold_key.o" "-c" "oniguruma/src/unicode_unfold_key.c"
[INFO] [stderr]   running: "cc" "-O0" "-ffunction-sections" "-fdata-sections" "-fPIC" "-gdwarf-4" "-fno-omit-frame-pointer" "-m64" "-I" "/opt/rustwide/target/debug/build/onig_sys/f86b29269b897965/out" "-I" "oniguruma/src" "-DHAVE_UNISTD_H=1" "-DHAVE_SYS_TYPES_H=1" "-DHAVE_SYS_TIME_H=1" "-o" "/opt/rustwide/target/debug/build/onig_sys/f86b29269b897965/out/oniguruma/src/unicode_fold1_key.o" "-c" "oniguruma/src/unicode_fold1_key.c"
[INFO] [stderr]   running: "cc" "-O0" "-ffunction-sections" "-fdata-sections" "-fPIC" "-gdwarf-4" "-fno-omit-frame-pointer" "-m64" "-I" "/opt/rustwide/target/debug/build/onig_sys/f86b29269b897965/out" "-I" "oniguruma/src" "-DHAVE_UNISTD_H=1" "-DHAVE_SYS_TYPES_H=1" "-DHAVE_SYS_TIME_H=1" "-o" "/opt/rustwide/target/debug/build/onig_sys/f86b29269b897965/out/oniguruma/src/unicode_fold2_key.o" "-c" "oniguruma/src/unicode_fold2_key.c"
[INFO] [stderr]   running: "cc" "-O0" "-ffunction-sections" "-fdata-sections" "-fPIC" "-gdwarf-4" "-fno-omit-frame-pointer" "-m64" "-I" "/opt/rustwide/target/debug/build/onig_sys/f86b29269b897965/out" "-I" "oniguruma/src" "-DHAVE_UNISTD_H=1" "-DHAVE_SYS_TYPES_H=1" "-DHAVE_SYS_TIME_H=1" "-o" "/opt/rustwide/target/debug/build/onig_sys/f86b29269b897965/out/oniguruma/src/unicode_fold3_key.o" "-c" "oniguruma/src/unicode_fold3_key.c"
[INFO] [stderr]   exit status: 0
[INFO] [stderr]   exit status: 0
[INFO] [stderr]   exit status: 0
[INFO] [stderr]   exit status: 0
[INFO] [stderr]   exit status: 0
[INFO] [stderr]   exit status: 0
[INFO] [stderr]   exit status: 0
[INFO] [stderr]   exit status: 0
[INFO] [stderr]   exit status: 0
[INFO] [stderr]   exit status: 0
[INFO] [stderr]   exit status: 0
[INFO] [stderr]   exit status: 0
[INFO] [stderr] 
[INFO] [stderr]   --- stderr
[INFO] [stderr] 
[INFO] [stderr] 
[INFO] [stderr]   error occurred: Command "cc" "-O0" "-ffunction-sections" "-fdata-sections" "-fPIC" "-gdwarf-4" "-fno-omit-frame-pointer" "-m64" "-I" "/opt/rustwide/target/debug/build/onig_sys/f86b29269b897965/out" "-I" "oniguruma/src" "-DHAVE_UNISTD_H=1" "-DHAVE_SYS_TYPES_H=1" "-DHAVE_SYS_TIME_H=1" "-o" "/opt/rustwide/target/debug/build/onig_sys/f86b29269b897965/out/oniguruma/src/st.o" "-c" "oniguruma/src/st.c" with args "cc" did not execute successfully (status code exit status: 1).
[INFO] [stderr] 
[INFO] [stderr] 
[INFO] running `Command { std: "docker" "inspect" "6bacd616e92a4fea07cf4fee45906538ae12e2e836c834047b418883a5447017", kill_on_drop: false }`
[INFO] running `Command { std: "docker" "rm" "-f" "6bacd616e92a4fea07cf4fee45906538ae12e2e836c834047b418883a5447017", kill_on_drop: false }`
[INFO] [stdout] 6bacd616e92a4fea07cf4fee45906538ae12e2e836c834047b418883a5447017
