[INFO] cloning repository https://github.com/NicolasBeatum/BrowserHop
[INFO] running `Command { std: "git" "-c" "credential.helper=" "-c" "credential.helper=/workspace/cargo-home/bin/git-credential-null" "clone" "--bare" "https://github.com/NicolasBeatum/BrowserHop" "/workspace/cache/git-repos/https%3A%2F%2Fgithub.com%2FNicolasBeatum%2FBrowserHop", kill_on_drop: false }`
[INFO] [stderr] Cloning into bare repository '/workspace/cache/git-repos/https%3A%2F%2Fgithub.com%2FNicolasBeatum%2FBrowserHop'...
[INFO] running `Command { std: "git" "rev-parse" "HEAD", kill_on_drop: false }`
[INFO] [stdout] 51e63ea3a79580ae426f1d7eaf0ad258492fef60
[INFO] checking NicolasBeatum/BrowserHop against 3154cc1a3e6424e44f438a95007d043ed5ceaaf6 for pr-133502-30
[INFO] running `Command { std: "git" "clone" "/workspace/cache/git-repos/https%3A%2F%2Fgithub.com%2FNicolasBeatum%2FBrowserHop" "/workspace/builds/worker-7-tc2/source", kill_on_drop: false }`
[INFO] [stderr] Cloning into '/workspace/builds/worker-7-tc2/source'...
[INFO] [stderr] done.
[INFO] started tweaking git repo https://github.com/NicolasBeatum/BrowserHop
[INFO] finished tweaking git repo https://github.com/NicolasBeatum/BrowserHop
[INFO] tweaked toml for git repo https://github.com/NicolasBeatum/BrowserHop written to /workspace/builds/worker-7-tc2/source/Cargo.toml
[INFO] validating manifest of git repo https://github.com/NicolasBeatum/BrowserHop on toolchain 3154cc1a3e6424e44f438a95007d043ed5ceaaf6
[INFO] running `Command { std: CARGO_HOME="/workspace/cargo-home" RUSTUP_HOME="/workspace/rustup-home" "/workspace/cargo-home/bin/cargo" "+3154cc1a3e6424e44f438a95007d043ed5ceaaf6" "metadata" "--manifest-path" "Cargo.toml" "--no-deps", kill_on_drop: false }`
[INFO] crate git repo https://github.com/NicolasBeatum/BrowserHop already has a lockfile, it will not be regenerated
[INFO] running `Command { std: CARGO_HOME="/workspace/cargo-home" RUSTUP_HOME="/workspace/rustup-home" "/workspace/cargo-home/bin/cargo" "+3154cc1a3e6424e44f438a95007d043ed5ceaaf6" "fetch" "--manifest-path" "Cargo.toml", kill_on_drop: false }`
[INFO] running `Command { std: "docker" "create" "-v" "/var/lib/crater-agent-workspace/builds/worker-7-tc2/source:/opt/rustwide/workdir:ro,Z" "-v" "/var/lib/crater-agent-workspace/builds/worker-7-tc2/target:/opt/rustwide/target:rw,Z" "-v" "/var/lib/crater-agent-workspace/cargo-home:/opt/rustwide/cargo-home:ro,Z" "-v" "/var/lib/crater-agent-workspace/rustup-home:/opt/rustwide/rustup-home:ro,Z" "-m" "1610612736" "--network" "none" "ghcr.io/rust-lang/crates-build-env/linux@sha256:77db811e55d90add9212f6832c23229e3de5f1c1f9905e8cb07319ea15df73ac" "sleep" "infinity", kill_on_drop: false }`
[INFO] [stdout] c4738f44ef35a4584307ffa2a865835d3ce90bc1a429824b56111f7e074891a8
[INFO] running `Command { std: "docker" "start" "c4738f44ef35a4584307ffa2a865835d3ce90bc1a429824b56111f7e074891a8", kill_on_drop: false }`
[INFO] running `Command { std: "docker" "inspect" "c4738f44ef35a4584307ffa2a865835d3ce90bc1a429824b56111f7e074891a8", kill_on_drop: false }`
[INFO] running `Command { std: "docker" "exec" "-e" "SOURCE_DIR=/opt/rustwide/workdir" "-e" "CARGO_HOME=/opt/rustwide/cargo-home" "-e" "RUSTUP_HOME=/opt/rustwide/rustup-home" "-e" "CARGO_TARGET_DIR=/opt/rustwide/target" "-w" "/opt/rustwide/workdir" "--user" "0:0" "c4738f44ef35a4584307ffa2a865835d3ce90bc1a429824b56111f7e074891a8" "/opt/rustwide/cargo-home/bin/cargo" "+3154cc1a3e6424e44f438a95007d043ed5ceaaf6" "metadata" "--no-deps" "--format-version=1", kill_on_drop: false }`
[INFO] running `Command { std: "docker" "inspect" "c4738f44ef35a4584307ffa2a865835d3ce90bc1a429824b56111f7e074891a8", kill_on_drop: false }`
[INFO] running `Command { std: "docker" "exec" "-e" "SOURCE_DIR=/opt/rustwide/workdir" "-e" "CARGO_HOME=/opt/rustwide/cargo-home" "-e" "RUSTUP_HOME=/opt/rustwide/rustup-home" "-e" "CARGO_TARGET_DIR=/opt/rustwide/target" "-e" "CARGO_INCREMENTAL=0" "-e" "RUST_BACKTRACE=full" "-e" "RUSTFLAGS=--cap-lints=forbid" "-e" "RUSTDOCFLAGS=--cap-lints=forbid" "-w" "/opt/rustwide/workdir" "--user" "0:0" "c4738f44ef35a4584307ffa2a865835d3ce90bc1a429824b56111f7e074891a8" "/opt/rustwide/cargo-home/bin/cargo" "+3154cc1a3e6424e44f438a95007d043ed5ceaaf6" "check" "--frozen" "--all" "--all-targets" "--message-format=json", kill_on_drop: false }`
[INFO] [stderr]    Compiling libsqlite3-sys v0.30.1
[INFO] [stderr]     Checking rand_core v0.6.4
[INFO] [stderr]     Checking getrandom v0.4.3
[INFO] [stderr]     Checking either v1.18.0
[INFO] [stderr]     Checking inout v0.1.4
[INFO] [stderr]    Compiling syn v2.0.119
[INFO] [stderr]     Checking hashbrown v0.14.5
[INFO] [stderr]    Compiling syn v3.0.4
[INFO] [stderr]     Checking console v0.15.11
[INFO] [stderr]     Checking shell-words v1.1.1
[INFO] [stderr]     Checking smallvec v1.15.2
[INFO] [stderr]     Checking tempfile v3.27.0
[INFO] [stderr]     Checking crypto-common v0.1.7
[INFO] [stderr]     Checking rand_chacha v0.3.1
[INFO] [stderr]     Checking universal-hash v0.5.1
[INFO] [stderr]     Checking cipher v0.4.4
[INFO] [stderr]     Checking aead v0.5.2
[INFO] [stderr]     Checking rayon v1.12.0
[INFO] [stderr]     Checking polyval v0.6.2
[INFO] [stderr]     Checking rand v0.8.8
[INFO] [stderr]     Checking ctr v0.9.2
[INFO] [stderr]     Checking aes v0.8.4
[INFO] [stderr]     Checking ghash v0.5.1
[INFO] [stderr]     Checking aes-gcm v0.10.3
[INFO] [stderr]     Checking hashlink v0.9.1
[INFO] [stderr]    Compiling thiserror-impl v1.0.69
[INFO] [stderr]    Compiling serde_derive v1.0.229
[INFO] [stderr]     Checking sysinfo v0.33.1
[INFO] [stderr]     Checking thiserror v1.0.69
[INFO] [stderr]     Checking dialoguer v0.11.0
[INFO] [stderr]     Checking serde v1.0.229
[INFO] [stderr]     Checking rusqlite v0.32.1
[INFO] [stderr]     Checking browserhop v0.1.0 (/opt/rustwide/workdir)
[INFO] [stdout] error: BrowserHop currently supports Windows only.
[INFO] [stdout]  --> src/main.rs:4:1
[INFO] [stdout]   |
[INFO] [stdout] 4 | compile_error!("BrowserHop currently supports Windows only.");
[INFO] [stdout]   | ^^^^^^^^^^^^^^^^^^^^^^^^^^^^^^^^^^^^^^^^^^^^^^^^^^^^^^^^^^^^^
[INFO] [stdout] 
[INFO] [stdout] 
[INFO] [stdout] error: BrowserHop currently supports Windows only.
[INFO] [stdout]  --> src/main.rs:4:1
[INFO] [stdout]   |
[INFO] [stdout] 4 | compile_error!("BrowserHop currently supports Windows only.");
[INFO] [stdout]   | ^^^^^^^^^^^^^^^^^^^^^^^^^^^^^^^^^^^^^^^^^^^^^^^^^^^^^^^^^^^^^
[INFO] [stdout] 
[INFO] [stdout] 
[INFO] [stdout] error[E0433]: cannot find `windows` in `os`
[INFO] [stdout]   --> src/main.rs:18:14
[INFO] [stdout]    |
[INFO] [stdout] 18 | use std::os::windows::fs::MetadataExt;
[INFO] [stdout]    |              ^^^^^^^ could not find `windows` in `os`
[INFO] [stdout]    |
[INFO] [stdout] note: found an item that was configured out
[INFO] [stdout]   --> /rustc/3154cc1a3e6424e44f438a95007d043ed5ceaaf6/library/std/src/os/mod.rs:62:4
[INFO] [stdout]    |
[INFO] [stdout]    = note: the item is gated behind the `windows` feature
[INFO] [stdout] 
[INFO] [stdout] 
[INFO] [stdout] error[E0433]: cannot find `windows` in `os`
[INFO] [stdout]   --> src/main.rs:18:14
[INFO] [stdout]    |
[INFO] [stdout] 18 | use std::os::windows::fs::MetadataExt;
[INFO] [stdout]    |              ^^^^^^^ could not find `windows` in `os`
[INFO] [stdout]    |
[INFO] [stdout] note: found an item that was configured out
[INFO] [stdout]   --> /rustc/3154cc1a3e6424e44f438a95007d043ed5ceaaf6/library/std/src/os/mod.rs:62:4
[INFO] [stdout]    |
[INFO] [stdout]    = note: the item is gated behind the `windows` feature
[INFO] [stdout] 
[INFO] [stdout] 
[INFO] [stdout] error[E0599]: no method named `file_attributes` found for struct `Metadata` in the current scope
[INFO] [stdout]     --> src/main.rs:1274:48
[INFO] [stdout]      |
[INFO] [stdout] 1274 |             && fs::symlink_metadata(&current)?.file_attributes() & FILE_ATTRIBUTE_REPARSE_POINT != 0
[INFO] [stdout]      |                                                ^^^^^^^^^^^^^^^
[INFO] [stdout]      |
[INFO] [stdout] help: there is a method `file_type` with a similar name
[INFO] [stdout]      |
[INFO] [stdout] 1274 -             && fs::symlink_metadata(&current)?.file_attributes() & FILE_ATTRIBUTE_REPARSE_POINT != 0
[INFO] [stdout] 1274 +             && fs::symlink_metadata(&current)?.file_type() & FILE_ATTRIBUTE_REPARSE_POINT != 0
[INFO] [stdout]      |
[INFO] [stdout] 
[INFO] [stdout] 
[INFO] [stdout] error[E0599]: no method named `file_attributes` found for struct `Metadata` in the current scope
[INFO] [stdout]     --> src/main.rs:1274:48
[INFO] [stdout]      |
[INFO] [stdout] 1274 |             && fs::symlink_metadata(&current)?.file_attributes() & FILE_ATTRIBUTE_REPARSE_POINT != 0
[INFO] [stdout]      |                                                ^^^^^^^^^^^^^^^
[INFO] [stdout]      |
[INFO] [stdout] help: there is a method `file_type` with a similar name
[INFO] [stdout]      |
[INFO] [stdout] 1274 -             && fs::symlink_metadata(&current)?.file_attributes() & FILE_ATTRIBUTE_REPARSE_POINT != 0
[INFO] [stdout] 1274 +             && fs::symlink_metadata(&current)?.file_type() & FILE_ATTRIBUTE_REPARSE_POINT != 0
[INFO] [stdout]      |
[INFO] [stdout] 
[INFO] [stdout] 
[INFO] [stdout] Some errors have detailed explanations: E0433, E0599.
[INFO] [stdout] 
[INFO] [stdout] For more information about an error, try `rustc --explain E0433`.
[INFO] [stdout] 
[INFO] [stderr] error: could not compile `browserhop` (bin "browserhop") due to 3 previous errors
[INFO] [stderr] warning: build failed, waiting for other jobs to finish...
[INFO] [stdout] Some errors have detailed explanations: E0433, E0599.
[INFO] [stdout] 
[INFO] [stdout] For more information about an error, try `rustc --explain E0433`.
[INFO] [stdout] 
[INFO] [stderr] error: could not compile `browserhop` (bin "browserhop" test) due to 3 previous errors
[INFO] running `Command { std: "docker" "inspect" "c4738f44ef35a4584307ffa2a865835d3ce90bc1a429824b56111f7e074891a8", kill_on_drop: false }`
[INFO] running `Command { std: "docker" "rm" "-f" "c4738f44ef35a4584307ffa2a865835d3ce90bc1a429824b56111f7e074891a8", kill_on_drop: false }`
[INFO] [stdout] c4738f44ef35a4584307ffa2a865835d3ce90bc1a429824b56111f7e074891a8
