[INFO] cloning repository https://github.com/NickAcPT/usercamera-pose
[INFO] running `Command { std: "git" "-c" "credential.helper=" "-c" "credential.helper=/workspace/cargo-home/bin/git-credential-null" "clone" "--bare" "https://github.com/NickAcPT/usercamera-pose" "/workspace/cache/git-repos/https%3A%2F%2Fgithub.com%2FNickAcPT%2Fusercamera-pose", kill_on_drop: false }`
[INFO] [stderr] Cloning into bare repository '/workspace/cache/git-repos/https%3A%2F%2Fgithub.com%2FNickAcPT%2Fusercamera-pose'...
[INFO] running `Command { std: "git" "rev-parse" "HEAD", kill_on_drop: false }`
[INFO] [stdout] 1e50cd56bdd9c7b6a68388e92f7992e0891f7d79
[INFO] checking NickAcPT/usercamera-pose against 3154cc1a3e6424e44f438a95007d043ed5ceaaf6+rustflags=-Znext-solver=coherence for pr-133502-30
[INFO] running `Command { std: "git" "clone" "/workspace/cache/git-repos/https%3A%2F%2Fgithub.com%2FNickAcPT%2Fusercamera-pose" "/workspace/builds/worker-4-tc1/source", kill_on_drop: false }`
[INFO] [stderr] Cloning into '/workspace/builds/worker-4-tc1/source'...
[INFO] [stderr] done.
[INFO] started tweaking git repo https://github.com/NickAcPT/usercamera-pose
[INFO] finished tweaking git repo https://github.com/NickAcPT/usercamera-pose
[INFO] tweaked toml for git repo https://github.com/NickAcPT/usercamera-pose written to /workspace/builds/worker-4-tc1/source/Cargo.toml
[INFO] validating manifest of git repo https://github.com/NickAcPT/usercamera-pose on toolchain 3154cc1a3e6424e44f438a95007d043ed5ceaaf6
[INFO] running `Command { std: CARGO_HOME="/workspace/cargo-home" RUSTUP_HOME="/workspace/rustup-home" "/workspace/cargo-home/bin/cargo" "+3154cc1a3e6424e44f438a95007d043ed5ceaaf6" "metadata" "--manifest-path" "Cargo.toml" "--no-deps", kill_on_drop: false }`
[INFO] crate git repo https://github.com/NickAcPT/usercamera-pose already has a lockfile, it will not be regenerated
[INFO] running `Command { std: CARGO_HOME="/workspace/cargo-home" RUSTUP_HOME="/workspace/rustup-home" "/workspace/cargo-home/bin/cargo" "+3154cc1a3e6424e44f438a95007d043ed5ceaaf6" "fetch" "--manifest-path" "Cargo.toml", kill_on_drop: false }`
[INFO] [stderr]     Updating crates.io index
[INFO] [stderr]     Blocking waiting for file lock on package cache
[INFO] [stderr]  Downloading crates ...
[INFO] [stderr]   Downloaded if-addrs v0.14.0
[INFO] [stderr]   Downloaded rosc v0.11.4
[INFO] [stderr]   Downloaded vrchat_osc v2.2.0
[INFO] [stderr]   Downloaded cxxbridge-flags v1.0.202
[INFO] [stderr]   Downloaded cxxbridge-macro v1.0.202
[INFO] [stderr]   Downloaded cxxbridge-cmd v1.0.202
[INFO] [stderr]   Downloaded cxx-build v1.0.202
[INFO] [stderr]   Downloaded spout-rs v0.2.0
[INFO] [stderr]   Downloaded cxx v1.0.202
[INFO] running `Command { std: "docker" "create" "-v" "/var/lib/crater-agent-workspace/builds/worker-4-tc1/source:/opt/rustwide/workdir:ro,Z" "-v" "/var/lib/crater-agent-workspace/builds/worker-4-tc1/target:/opt/rustwide/target:rw,Z" "-v" "/var/lib/crater-agent-workspace/cargo-home:/opt/rustwide/cargo-home:ro,Z" "-v" "/var/lib/crater-agent-workspace/rustup-home:/opt/rustwide/rustup-home:ro,Z" "-m" "1610612736" "--network" "none" "ghcr.io/rust-lang/crates-build-env/linux@sha256:77db811e55d90add9212f6832c23229e3de5f1c1f9905e8cb07319ea15df73ac" "sleep" "infinity", kill_on_drop: false }`
[INFO] [stdout] b9bd2144d08fc7ad416cc45288421df56a805199cf1ce2e587458f5d89c23846
[INFO] running `Command { std: "docker" "start" "b9bd2144d08fc7ad416cc45288421df56a805199cf1ce2e587458f5d89c23846", kill_on_drop: false }`
[INFO] running `Command { std: "docker" "inspect" "b9bd2144d08fc7ad416cc45288421df56a805199cf1ce2e587458f5d89c23846", kill_on_drop: false }`
[INFO] running `Command { std: "docker" "exec" "-e" "SOURCE_DIR=/opt/rustwide/workdir" "-e" "CARGO_HOME=/opt/rustwide/cargo-home" "-e" "RUSTUP_HOME=/opt/rustwide/rustup-home" "-e" "CARGO_TARGET_DIR=/opt/rustwide/target" "-w" "/opt/rustwide/workdir" "--user" "0:0" "b9bd2144d08fc7ad416cc45288421df56a805199cf1ce2e587458f5d89c23846" "/opt/rustwide/cargo-home/bin/cargo" "+3154cc1a3e6424e44f438a95007d043ed5ceaaf6" "metadata" "--no-deps" "--format-version=1", kill_on_drop: false }`
[INFO] running `Command { std: "docker" "inspect" "b9bd2144d08fc7ad416cc45288421df56a805199cf1ce2e587458f5d89c23846", kill_on_drop: false }`
[INFO] running `Command { std: "docker" "exec" "-e" "SOURCE_DIR=/opt/rustwide/workdir" "-e" "CARGO_HOME=/opt/rustwide/cargo-home" "-e" "RUSTUP_HOME=/opt/rustwide/rustup-home" "-e" "CARGO_TARGET_DIR=/opt/rustwide/target" "-e" "CARGO_INCREMENTAL=0" "-e" "RUST_BACKTRACE=full" "-e" "RUSTFLAGS=--cap-lints=forbid -Znext-solver=coherence" "-e" "RUSTDOCFLAGS=--cap-lints=forbid" "-w" "/opt/rustwide/workdir" "--user" "0:0" "b9bd2144d08fc7ad416cc45288421df56a805199cf1ce2e587458f5d89c23846" "/opt/rustwide/cargo-home/bin/cargo" "+3154cc1a3e6424e44f438a95007d043ed5ceaaf6" "check" "--frozen" "--all" "--all-targets" "--message-format=json", kill_on_drop: false }`
[INFO] [stderr]    Compiling quote v1.0.47
[INFO] [stderr]     Checking futures-sink v0.3.34
[INFO] [stderr]    Compiling portable-atomic v1.15.0
[INFO] [stderr]    Compiling indexmap v2.14.2
[INFO] [stderr]    Compiling litemap v0.8.3
[INFO] [stderr]     Checking parking_lot_core v0.9.12
[INFO] [stderr]    Compiling writeable v0.6.4
[INFO] [stderr]     Checking mio v1.2.3
[INFO] [stderr]     Checking futures-io v0.3.34
[INFO] [stderr]     Checking windows-link v0.2.1
[INFO] [stderr]    Compiling aho-corasick v1.1.5
[INFO] [stderr]    Compiling link-cplusplus v1.0.12
[INFO] [stderr]    Compiling icu_properties_data v2.3.0
[INFO] [stderr]    Compiling icu_normalizer_data v2.3.0
[INFO] [stderr]    Compiling scratch v1.0.9
[INFO] [stderr]    Compiling smallvec v1.16.1
[INFO] [stderr]    Compiling serde v1.0.229
[INFO] [stderr]     Checking futures-channel v0.3.34
[INFO] [stderr]    Compiling termcolor v1.4.1
[INFO] [stderr]    Compiling cxxbridge-flags v1.0.202
[INFO] [stderr]    Compiling cxx v1.0.202
[INFO] [stderr]     Checking sha1 v0.10.7
[INFO] [stderr]    Compiling codespan-reporting v0.13.1
[INFO] [stderr]     Checking windows-strings v0.5.1
[INFO] [stderr]     Checking windows-result v0.4.1
[INFO] [stderr]    Compiling crc32fast v1.5.1
[INFO] [stderr]    Compiling cpufeatures v0.3.1
[INFO] [stderr]     Checking parking_lot v0.12.5
[INFO] [stderr]    Compiling bumpalo v3.20.3
[INFO] [stderr]    Compiling simd-adler32 v0.3.10
[INFO] [stderr]    Compiling zlib-rs v0.6.7
[INFO] [stderr]     Checking serde_json v1.0.151
[INFO] [stderr]    Compiling sha2 v0.11.0
[INFO] [stderr]    Compiling syn v3.0.5
[INFO] [stderr]    Compiling syn v2.0.119
[INFO] [stderr]     Checking regex-automata v0.4.18
[INFO] [stderr]    Compiling mime_guess v2.0.5
[INFO] [stderr]     Checking serde_path_to_error v0.1.20
[INFO] [stderr]     Checking minimal-lexical v0.2.1
[INFO] [stderr]    Compiling zopfli v0.8.3
[INFO] [stderr]     Checking time v0.3.55
[INFO] [stderr]     Checking once_cell v1.21.4
[INFO] [stderr]     Checking nom v7.1.3
[INFO] [stderr]     Checking tracing-core v0.1.36
[INFO] [stderr]     Checking tracing v0.1.44
[INFO] [stderr]     Checking windows-threading v0.2.1
[INFO] [stderr]     Checking socket2 v0.5.10
[INFO] [stderr]     Checking foldhash v0.2.0
[INFO] [stderr]     Checking axum-core v0.5.6
[INFO] [stderr]     Checking jiff-core v0.1.1
[INFO] [stderr]     Checking rust-embed-utils v8.12.0
[INFO] [stderr]     Checking ipnet v2.12.2
[INFO] [stderr]     Checking bitflags v2.13.2
[INFO] [stderr]     Checking anstream v1.0.0
[INFO] [stderr]     Checking flate2 v1.1.10
[INFO] [stderr]     Checking miniz_oxide v0.8.9
[INFO] [stderr]     Checking fdeflate v0.3.7
[INFO] [stderr]     Checking if-addrs v0.14.0
[INFO] [stderr]    Compiling usercamera-pose v0.1.0 (/opt/rustwide/workdir)
[INFO] [stderr]     Checking jiff v0.2.37
[INFO] [stderr]     Checking wildmatch v2.6.1
[INFO] [stderr]     Checking tower-http v0.6.11
[INFO] [stderr]     Checking regex v1.13.1
[INFO] [stderr]     Checking png v0.18.1
[INFO] [stderr]     Checking env_filter v2.0.0
[INFO] [stderr]     Checking rosc v0.11.4
[INFO] [stderr]     Checking env_logger v0.11.11
[INFO] [stderr]    Compiling cxx-build v1.0.202
[INFO] [stderr]    Compiling synstructure v0.13.2
[INFO] [stderr]    Compiling zip v3.0.0
[INFO] [stderr]    Compiling zerovec-derive v0.11.6
[INFO] [stderr]    Compiling displaydoc v0.2.7
[INFO] [stderr]    Compiling tokio-macros v2.7.2
[INFO] [stderr]    Compiling futures-macro v0.3.34
[INFO] [stderr]    Compiling thiserror-impl v2.0.20
[INFO] [stderr]    Compiling serde_derive v1.0.229
[INFO] [stderr]    Compiling cxxbridge-macro v1.0.202
[INFO] [stderr]    Compiling async-trait v0.1.92
[INFO] [stderr]    Compiling windows-interface v0.59.3
[INFO] [stderr]    Compiling windows-implement v0.60.2
[INFO] [stderr]    Compiling rust-embed-impl v8.12.0
[INFO] [stderr]    Compiling utoipa-gen v5.5.0
[INFO] [stderr]    Compiling enum-as-inner v0.6.1
[INFO] [stderr]    Compiling zerofrom-derive v0.1.7
[INFO] [stderr]    Compiling yoke-derive v0.8.2
[INFO] [stderr]     Checking tokio v1.53.1
[INFO] [stderr]     Checking rust-embed v8.12.0
[INFO] [stderr]     Checking futures-util v0.3.34
[INFO] [stderr]     Checking windows-core v0.62.2
[INFO] [stderr]     Checking windows-collections v0.3.2
[INFO] [stderr]     Checking windows-numerics v0.3.1
[INFO] [stderr]     Checking windows-future v0.3.2
[INFO] [stderr]    Compiling zerofrom v0.1.8
[INFO] [stderr]     Checking thiserror v2.0.20
[INFO] [stderr]    Compiling yoke v0.8.3
[INFO] [stderr]     Checking tungstenite v0.29.0
[INFO] [stdout] error[E0425]: cannot find type `IMarshal` in module `windows_core::imp`
[INFO] [stdout]   --> /opt/rustwide/cargo-home/registry/src/index.crates.io-1949cf8c6b5b557f/windows-future-0.3.2/src/bindings.rs:87:51
[INFO] [stdout]    |
[INFO] [stdout] 87 |             } else if *iid == <windows_core::imp::IMarshal as windows_core::Interface>::IID {
[INFO] [stdout]    |                                                   ^^^^^^^^ not found in `windows_core::imp`
[INFO] [stdout] 
[INFO] [stdout] 
[INFO] [stdout] error[E0425]: cannot find function `marshaler` in module `windows_core::imp`
[INFO] [stdout]   --> /opt/rustwide/cargo-home/registry/src/index.crates.io-1949cf8c6b5b557f/windows-future-0.3.2/src/bindings.rs:89:43
[INFO] [stdout]    |
[INFO] [stdout] 89 |                 return windows_core::imp::marshaler(
[INFO] [stdout]    |                                           ^^^^^^^^^ not found in `windows_core::imp`
[INFO] [stdout] 
[INFO] [stdout] 
[INFO] [stdout] error[E0425]: cannot find type `IMarshal` in module `windows_core::imp`
[INFO] [stdout]    --> /opt/rustwide/cargo-home/registry/src/index.crates.io-1949cf8c6b5b557f/windows-future-0.3.2/src/bindings.rs:255:51
[INFO] [stdout]     |
[INFO] [stdout] 255 |             } else if *iid == <windows_core::imp::IMarshal as windows_core::Interface>::IID {
[INFO] [stdout]     |                                                   ^^^^^^^^ not found in `windows_core::imp`
[INFO] [stdout] 
[INFO] [stdout] 
[INFO] [stdout] error[E0425]: cannot find function `marshaler` in module `windows_core::imp`
[INFO] [stdout]    --> /opt/rustwide/cargo-home/registry/src/index.crates.io-1949cf8c6b5b557f/windows-future-0.3.2/src/bindings.rs:257:43
[INFO] [stdout]     |
[INFO] [stdout] 257 |                 return windows_core::imp::marshaler(
[INFO] [stdout]     |                                           ^^^^^^^^^ not found in `windows_core::imp`
[INFO] [stdout] 
[INFO] [stdout] 
[INFO] [stdout] error[E0425]: cannot find type `IMarshal` in module `windows_core::imp`
[INFO] [stdout]    --> /opt/rustwide/cargo-home/registry/src/index.crates.io-1949cf8c6b5b557f/windows-future-0.3.2/src/bindings.rs:422:364
[INFO] [stdout]     |
[INFO] [stdout] 422 | ... _ } else if * iid == < windows_core::imp::IMarshal as windows_core::Interface >::IID { ( * this ) . count . add_ref ( ) ; retur...
[INFO] [stdout]     |                                               ^^^^^^^^ not found in `windows_core::imp`
[INFO] [stdout] 
[INFO] [stdout] 
[INFO] [stdout] error[E0425]: cannot find function `marshaler` in module `windows_core::imp`
[INFO] [stdout]    --> /opt/rustwide/cargo-home/registry/src/index.crates.io-1949cf8c6b5b557f/windows-future-0.3.2/src/bindings.rs:422:470
[INFO] [stdout]     |
[INFO] [stdout] 422 | ... . add_ref ( ) ; return windows_core::imp::marshaler ( core::mem::transmute ( & mut ( * this ) . vtable as * mut _ as * mut core...
[INFO] [stdout]     |                                               ^^^^^^^^^ not found in `windows_core::imp`
[INFO] [stdout] 
[INFO] [stdout] 
[INFO] [stdout] error[E0425]: cannot find type `IMarshal` in module `windows_core::imp`
[INFO] [stdout]    --> /opt/rustwide/cargo-home/registry/src/index.crates.io-1949cf8c6b5b557f/windows-future-0.3.2/src/bindings.rs:572:51
[INFO] [stdout]     |
[INFO] [stdout] 572 |             } else if *iid == <windows_core::imp::IMarshal as windows_core::Interface>::IID {
[INFO] [stdout]     |                                                   ^^^^^^^^ not found in `windows_core::imp`
[INFO] [stdout] 
[INFO] [stdout] 
[INFO] [stdout] error[E0425]: cannot find function `marshaler` in module `windows_core::imp`
[INFO] [stdout]    --> /opt/rustwide/cargo-home/registry/src/index.crates.io-1949cf8c6b5b557f/windows-future-0.3.2/src/bindings.rs:574:43
[INFO] [stdout]     |
[INFO] [stdout] 574 |                 return windows_core::imp::marshaler(
[INFO] [stdout]     |                                           ^^^^^^^^^ not found in `windows_core::imp`
[INFO] [stdout] 
[INFO] [stdout] 
[INFO] [stdout] error[E0425]: cannot find type `IMarshal` in module `windows_core::imp`
[INFO] [stdout]    --> /opt/rustwide/cargo-home/registry/src/index.crates.io-1949cf8c6b5b557f/windows-future-0.3.2/src/bindings.rs:752:364
[INFO] [stdout]     |
[INFO] [stdout] 752 | ... _ } else if * iid == < windows_core::imp::IMarshal as windows_core::Interface >::IID { ( * this ) . count . add_ref ( ) ; retur...
[INFO] [stdout]     |                                               ^^^^^^^^ not found in `windows_core::imp`
[INFO] [stdout] 
[INFO] [stdout] 
[INFO] [stdout] error[E0425]: cannot find function `marshaler` in module `windows_core::imp`
[INFO] [stdout]    --> /opt/rustwide/cargo-home/registry/src/index.crates.io-1949cf8c6b5b557f/windows-future-0.3.2/src/bindings.rs:752:470
[INFO] [stdout]     |
[INFO] [stdout] 752 | ... . add_ref ( ) ; return windows_core::imp::marshaler ( core::mem::transmute ( & mut ( * this ) . vtable as * mut _ as * mut core...
[INFO] [stdout]     |                                               ^^^^^^^^^ not found in `windows_core::imp`
[INFO] [stdout] 
[INFO] [stdout] 
[INFO] [stdout] error[E0425]: cannot find type `IMarshal` in module `windows_core::imp`
[INFO] [stdout]    --> /opt/rustwide/cargo-home/registry/src/index.crates.io-1949cf8c6b5b557f/windows-future-0.3.2/src/bindings.rs:927:377
[INFO] [stdout]     |
[INFO] [stdout] 927 | ... _ } else if * iid == < windows_core::imp::IMarshal as windows_core::Interface >::IID { ( * this ) . count . add_ref ( ) ; retur...
[INFO] [stdout]     |                                               ^^^^^^^^ not found in `windows_core::imp`
[INFO] [stdout] 
[INFO] [stdout] 
[INFO] [stdout] error[E0425]: cannot find function `marshaler` in module `windows_core::imp`
[INFO] [stdout]    --> /opt/rustwide/cargo-home/registry/src/index.crates.io-1949cf8c6b5b557f/windows-future-0.3.2/src/bindings.rs:927:483
[INFO] [stdout]     |
[INFO] [stdout] 927 | ... . add_ref ( ) ; return windows_core::imp::marshaler ( core::mem::transmute ( & mut ( * this ) . vtable as * mut _ as * mut core...
[INFO] [stdout]     |                                               ^^^^^^^^^ not found in `windows_core::imp`
[INFO] [stdout] 
[INFO] [stdout] 
[INFO] [stdout] error[E0425]: cannot find function `submit` in crate `windows_threading`
[INFO] [stdout]    --> /opt/rustwide/cargo-home/registry/src/index.crates.io-1949cf8c6b5b557f/windows-future-0.3.2/src/async_spawn.rs:264:28
[INFO] [stdout]     |
[INFO] [stdout] 264 |         windows_threading::submit(move || {
[INFO] [stdout]     |                            ^^^^^^ not found in `windows_threading`
[INFO] [stdout] 
[INFO] [stdout] 
[INFO] [stdout] error[E0425]: cannot find function `submit` in crate `windows_threading`
[INFO] [stdout]    --> /opt/rustwide/cargo-home/registry/src/index.crates.io-1949cf8c6b5b557f/windows-future-0.3.2/src/async_spawn.rs:281:28
[INFO] [stdout]     |
[INFO] [stdout] 281 |         windows_threading::submit(move || {
[INFO] [stdout]     |                            ^^^^^^ not found in `windows_threading`
[INFO] [stdout] 
[INFO] [stdout] 
[INFO] [stdout] error[E0425]: cannot find function `submit` in crate `windows_threading`
[INFO] [stdout]    --> /opt/rustwide/cargo-home/registry/src/index.crates.io-1949cf8c6b5b557f/windows-future-0.3.2/src/async_spawn.rs:298:28
[INFO] [stdout]     |
[INFO] [stdout] 298 |         windows_threading::submit(move || {
[INFO] [stdout]     |                            ^^^^^^ not found in `windows_threading`
[INFO] [stdout] 
[INFO] [stdout] 
[INFO] [stdout] error[E0425]: cannot find function `submit` in crate `windows_threading`
[INFO] [stdout]    --> /opt/rustwide/cargo-home/registry/src/index.crates.io-1949cf8c6b5b557f/windows-future-0.3.2/src/async_spawn.rs:315:28
[INFO] [stdout]     |
[INFO] [stdout] 315 |         windows_threading::submit(move || {
[INFO] [stdout]     |                            ^^^^^^ not found in `windows_threading`
[INFO] [stdout] 
[INFO] [stdout] 
[INFO] [stderr]    Compiling zerovec v0.11.8
[INFO] [stderr]    Compiling zerotrie v0.2.5
[INFO] [stdout] For more information about this error, try `rustc --explain E0425`.
[INFO] [stdout] 
[INFO] [stderr] error: could not compile `windows-future` (lib) due to 16 previous errors
[INFO] [stderr] warning: build failed, waiting for other jobs to finish...
[INFO] running `Command { std: "docker" "inspect" "b9bd2144d08fc7ad416cc45288421df56a805199cf1ce2e587458f5d89c23846", kill_on_drop: false }`
[INFO] running `Command { std: "docker" "rm" "-f" "b9bd2144d08fc7ad416cc45288421df56a805199cf1ce2e587458f5d89c23846", kill_on_drop: false }`
[INFO] [stdout] b9bd2144d08fc7ad416cc45288421df56a805199cf1ce2e587458f5d89c23846
